This is the mail archive of the
gcc-testresults@gcc.gnu.org
mailing list for the GCC project.
Results for 7.0.1 20170314 (experimental) [master revision 3f82fe3:f36c32b:056fff248a00dafd0bdf1d75916b2c19a58a7b7f] (Cavium Inc. (Build 1251)) testsuite on aarch64-unknown-linux-gnu
- From: Jenkins <jenkins at cavium dot com>
- To: gcc-testresults at gcc dot gnu dot org
- Date: Tue, 14 Mar 2017 18:27:54 -0700
- Subject: Results for 7.0.1 20170314 (experimental) [master revision 3f82fe3:f36c32b:056fff248a00dafd0bdf1d75916b2c19a58a7b7f] (Cavium Inc. (Build 1251)) testsuite on aarch64-unknown-linux-gnu
- Authentication-results: sourceware.org; auth=none
LAST_UPDATED: Tue Mar 14 23:24:46 UTC 2017 (revision 3f82fe3:f36c32b:056fff248a00dafd0bdf1d75916b2c19a58a7b7f)
Native configuration is aarch64-unknown-linux-gnu
=== libatomic tests ===
Running target unix
=== libatomic Summary ===
# of expected passes 54
=== libffi tests ===
Running target unix
=== libffi Summary ===
# of expected passes 2214
=== libgo tests ===
Running target unix
=== libgo Summary ===
# of expected passes 145
/home/jenkins/workspace/BuildThunderX_native_gcc_upstream/objdir/./gcc/gccgo version 7.0.1 20170314 (experimental) [master revision 3f82fe3:f36c32b:056fff248a00dafd0bdf1d75916b2c19a58a7b7f] (Cavium Inc. (Build 1251))
=== libgomp tests ===
Running target unix
=== libgomp Summary ===
# of expected passes 5010
# of unsupported tests 380
=== libitm tests ===
Running target unix
=== libitm Summary ===
# of expected passes 42
# of expected failures 3
# of unsupported tests 1
=== libstdc++ tests ===
Running target unix
FAIL: 27_io/manipulators/extended/get_money/char/1.cc execution test
=== libstdc++ Summary ===
# of expected passes 11286
# of unexpected failures 1
# of expected failures 66
# of unsupported tests 556
=== gcc tests ===
Running target unix
FAIL: gcc.dg/tree-prof/pr66295.c compilation, -fprofile-generate -D_PROFILE_GENERATE
UNRESOLVED: gcc.dg/tree-prof/pr66295.c compilation, -fprofile-use -D_PROFILE_USE
UNRESOLVED: gcc.dg/tree-prof/pr66295.c execution, -fprofile-generate -D_PROFILE_GENERATE
UNRESOLVED: gcc.dg/tree-prof/pr66295.c execution, -fprofile-use -D_PROFILE_USE
WARNING: profopt.exp does not support dg-error
FAIL: c-c++-common/ubsan/overflow-mul-4.c -O1 output pattern test
FAIL: c-c++-common/ubsan/overflow-mul-4.c -O2 -flto -fuse-linker-plugin -fno-fat-lto-objects output pattern test
FAIL: gcc.target/aarch64/vect-abs-compile.c scan-assembler abs\\\\tv[0-9]+.16b
FAIL: gcc.target/aarch64/vect-abs-compile.c scan-assembler abs\\\\tv[0-9]+.8h
=== gcc Summary ===
# of expected passes 111866
# of unexpected failures 5
# of expected failures 316
# of unresolved testcases 3
# of unsupported tests 3144
/home/jenkins/workspace/BuildThunderX_native_gcc_upstream/objdir/gcc/xgcc version 7.0.1 20170314 (experimental) [master revision 3f82fe3:f36c32b:056fff248a00dafd0bdf1d75916b2c19a58a7b7f] (Cavium Inc. (Build 1251))
=== gfortran tests ===
Running target unix
=== gfortran Summary ===
# of expected passes 44128
# of expected failures 85
# of unsupported tests 68
/home/jenkins/workspace/BuildThunderX_native_gcc_upstream/objdir/gcc/testsuite/gfortran/../../gfortran version 7.0.1 20170314 (experimental) [master revision 3f82fe3:f36c32b:056fff248a00dafd0bdf1d75916b2c19a58a7b7f] (Cavium Inc. (Build 1251))
=== g++ tests ===
Running target unix
FAIL: c-c++-common/ubsan/overflow-mul-4.c -O0 output pattern test
=== g++ Summary ===
# of expected passes 107890
# of unexpected failures 1
# of expected failures 374
# of unsupported tests 4640
/home/jenkins/workspace/BuildThunderX_native_gcc_upstream/objdir/gcc/testsuite/g++/../../xg++ version 7.0.1 20170314 (experimental) [master revision 3f82fe3:f36c32b:056fff248a00dafd0bdf1d75916b2c19a58a7b7f] (Cavium Inc. (Build 1251))
=== go tests ===
Running target unix
FAIL: go.test/test/cmplxdivide.go
FAIL: go.test/test/ken/cplx2.go execution, -O2 -g
WARNING: program timed out.
=== go Summary ===
# of expected passes 7242
# of unexpected failures 2
# of expected failures 1
# of untested testcases 10
# of unsupported tests 3
/home/jenkins/workspace/BuildThunderX_native_gcc_upstream/objdir/gcc/testsuite/go/../../gccgo version 7.0.1 20170314 (experimental) [master revision 3f82fe3:f36c32b:056fff248a00dafd0bdf1d75916b2c19a58a7b7f] (Cavium Inc. (Build 1251))
Compiler version: 7.0.1 20170314 (experimental) [master revision 3f82fe3:f36c32b:056fff248a00dafd0bdf1d75916b2c19a58a7b7f] (Cavium Inc. (Build 1251))
Platform: aarch64-unknown-linux-gnu
configure flags: --prefix=/home/jenkins/workspace/BuildThunderX_native_gcc_upstream/objdir/../tools --enable-languages=c,c++,fortran,go --disable-werror --with-sysroot=/ --enable-plugins --enable-gnu-indirect-function --with-pkgversion='Cavium Inc. (Build 1251)'