This is the mail archive of the gcc-testresults@gcc.gnu.org mailing list for the GCC project.


Index Nav: [Date Index] [Subject Index] [Author Index] [Thread Index]
Message Nav: [Date Prev] [Date Next] [Thread Prev] [Thread Next]
Other format: [Raw text]

Results for 7.0.1 20170228 (experimental) [master revision e6b87ca:dbbfdd3:b49e8ef94f5634923192ca8541e7f2996241e98f] (Cavium Inc. (Build 1188)) testsuite on aarch64-unknown-linux-gnu


LAST_UPDATED: Tue Feb 28 16:23:12 UTC 2017 (revision e6b87ca:dbbfdd3:b49e8ef94f5634923192ca8541e7f2996241e98f)

Native configuration is aarch64-unknown-linux-gnu

		=== libatomic tests ===


Running target unix

		=== libatomic Summary ===

# of expected passes		54
		=== libffi tests ===


Running target unix

		=== libffi Summary ===

# of expected passes		2214
		=== libgo tests ===


Running target unix

		=== libgo Summary ===

# of expected passes		145
/home/jenkins/workspace/BuildThunderX_native_gcc_upstream/objdir/./gcc/gccgo version 7.0.1 20170228 (experimental) [master revision e6b87ca:dbbfdd3:b49e8ef94f5634923192ca8541e7f2996241e98f] (Cavium Inc. (Build 1188))

		=== libgomp tests ===


Running target unix

		=== libgomp Summary ===

# of expected passes		5008
# of unsupported tests		380
		=== libitm tests ===


Running target unix

		=== libitm Summary ===

# of expected passes		42
# of expected failures		3
# of unsupported tests		1
		=== libstdc++ tests ===


Running target unix
FAIL: 27_io/manipulators/extended/get_money/char/1.cc execution test

		=== libstdc++ Summary ===

# of expected passes		11270
# of unexpected failures	1
# of expected failures		66
# of unsupported tests		556
		=== gcc tests ===


Running target unix
XPASS: gcc.dg/attr-alloc_size-11.c missing range info for short (test for warnings, line 50)
XPASS: gcc.dg/attr-alloc_size-11.c missing range info for signed char (test for warnings, line 49)
FAIL: c-c++-common/ubsan/overflow-mul-4.c   -O3 -g  output pattern test
FAIL: gcc.target/aarch64/vect-abs-compile.c scan-assembler abs\\\\tv[0-9]+.16b
FAIL: gcc.target/aarch64/vect-abs-compile.c scan-assembler abs\\\\tv[0-9]+.8h

		=== gcc Summary ===

# of expected passes		111562
# of unexpected failures	3
# of unexpected successes	2
# of expected failures		316
# of unsupported tests		3130
/home/jenkins/workspace/BuildThunderX_native_gcc_upstream/objdir/gcc/xgcc  version 7.0.1 20170228 (experimental) [master revision e6b87ca:dbbfdd3:b49e8ef94f5634923192ca8541e7f2996241e98f] (Cavium Inc. (Build 1188)) 

		=== gfortran tests ===


Running target unix

		=== gfortran Summary ===

# of expected passes		43970
# of expected failures		85
# of unsupported tests		68
/home/jenkins/workspace/BuildThunderX_native_gcc_upstream/objdir/gcc/testsuite/gfortran/../../gfortran  version 7.0.1 20170228 (experimental) [master revision e6b87ca:dbbfdd3:b49e8ef94f5634923192ca8541e7f2996241e98f] (Cavium Inc. (Build 1188)) 

		=== g++ tests ===


Running target unix
FAIL: c-c++-common/ubsan/float-cast-overflow-1.c   -O2 -flto -fuse-linker-plugin -fno-fat-lto-objects  output pattern test
FAIL: c-c++-common/ubsan/float-cast-overflow-1.c   -Os  output pattern test
FAIL: c-c++-common/ubsan/overflow-mul-4.c   -O2 -flto -fno-use-linker-plugin -flto-partition=none  output pattern test

		=== g++ Summary ===

# of expected passes		107676
# of unexpected failures	3
# of expected failures		374
# of unsupported tests		4594
/home/jenkins/workspace/BuildThunderX_native_gcc_upstream/objdir/gcc/testsuite/g++/../../xg++  version 7.0.1 20170228 (experimental) [master revision e6b87ca:dbbfdd3:b49e8ef94f5634923192ca8541e7f2996241e98f] (Cavium Inc. (Build 1188)) 

		=== go tests ===


Running target unix
FAIL: go.test/test/ken/cplx2.go execution,  -O2 -g 

		=== go Summary ===

# of expected passes		7243
# of unexpected failures	1
# of expected failures		1
# of untested testcases		10
# of unsupported tests		3
/home/jenkins/workspace/BuildThunderX_native_gcc_upstream/objdir/gcc/testsuite/go/../../gccgo  version 7.0.1 20170228 (experimental) [master revision e6b87ca:dbbfdd3:b49e8ef94f5634923192ca8541e7f2996241e98f] (Cavium Inc. (Build 1188)) 


Compiler version: 7.0.1 20170228 (experimental) [master revision e6b87ca:dbbfdd3:b49e8ef94f5634923192ca8541e7f2996241e98f] (Cavium Inc. (Build 1188)) 
Platform: aarch64-unknown-linux-gnu
configure flags: --prefix=/home/jenkins/workspace/BuildThunderX_native_gcc_upstream/objdir/../tools --enable-languages=c,c++,fortran,go --disable-werror --with-sysroot=/ --enable-plugins --enable-gnu-indirect-function --with-pkgversion='Cavium Inc. (Build 1188)'


Index Nav: [Date Index] [Subject Index] [Author Index] [Thread Index]
Message Nav: [Date Prev] [Date Next] [Thread Prev] [Thread Next]