This is the mail archive of the
gcc-testresults@gcc.gnu.org
mailing list for the GCC project.
Results for 7.0.1 20170225 (experimental) (GCC) testsuite on x86_64-unknown-cygwin
- From: nightstrike at gcc16 dot fsffrance dot org
- To: gcc-testresults at gcc dot gnu dot org
- Date: Sun, 26 Feb 2017 04:34:59 +0100
- Subject: Results for 7.0.1 20170225 (experimental) (GCC) testsuite on x86_64-unknown-cygwin
- Authentication-results: sourceware.org; auth=none
Native configuration is x86_64-unknown-cygwin
=== g++ tests ===
Running target unix
FAIL: g++.dg/debug/const1.C -gstabs1 (test for excess errors)
FAIL: g++.dg/debug/const1.C -gstabs1 -O2 (test for excess errors)
FAIL: g++.dg/debug/const1.C -gstabs1 -O3 (test for excess errors)
FAIL: g++.dg/debug/const1.C -gstabs (test for excess errors)
FAIL: g++.dg/debug/const1.C -gstabs -O2 (test for excess errors)
FAIL: g++.dg/debug/const1.C -gstabs -O3 (test for excess errors)
FAIL: g++.dg/debug/const1.C -gstabs3 (test for excess errors)
FAIL: g++.dg/debug/const1.C -gstabs3 -O2 (test for excess errors)
FAIL: g++.dg/debug/const1.C -gstabs3 -O3 (test for excess errors)
FAIL: g++.dg/debug/const1.C -gstabs+1 (test for excess errors)
FAIL: g++.dg/debug/const1.C -gstabs+1 -O2 (test for excess errors)
FAIL: g++.dg/debug/const1.C -gstabs+1 -O3 (test for excess errors)
FAIL: g++.dg/debug/const1.C -gstabs+ (test for excess errors)
FAIL: g++.dg/debug/const1.C -gstabs+ -O2 (test for excess errors)
FAIL: g++.dg/debug/const1.C -gstabs+ -O3 (test for excess errors)
FAIL: g++.dg/debug/const1.C -gstabs+3 (test for excess errors)
FAIL: g++.dg/debug/const1.C -gstabs+3 -O2 (test for excess errors)
FAIL: g++.dg/debug/const1.C -gstabs+3 -O3 (test for excess errors)
FAIL: g++.dg/debug/debug4.C -gstabs1 (test for excess errors)
FAIL: g++.dg/debug/debug4.C -gstabs1 -O2 (test for excess errors)
FAIL: g++.dg/debug/debug4.C -gstabs1 -O3 (test for excess errors)
FAIL: g++.dg/debug/debug4.C -gstabs (test for excess errors)
FAIL: g++.dg/debug/debug4.C -gstabs -O2 (test for excess errors)
FAIL: g++.dg/debug/debug4.C -gstabs -O3 (test for excess errors)
FAIL: g++.dg/debug/debug4.C -gstabs3 (test for excess errors)
FAIL: g++.dg/debug/debug4.C -gstabs3 -O2 (test for excess errors)
FAIL: g++.dg/debug/debug4.C -gstabs3 -O3 (test for excess errors)
FAIL: g++.dg/debug/debug4.C -gstabs+1 (test for excess errors)
FAIL: g++.dg/debug/debug4.C -gstabs+1 -O2 (test for excess errors)
FAIL: g++.dg/debug/debug4.C -gstabs+1 -O3 (test for excess errors)
FAIL: g++.dg/debug/debug4.C -gstabs+ (test for excess errors)
FAIL: g++.dg/debug/debug4.C -gstabs+ -O2 (test for excess errors)
FAIL: g++.dg/debug/debug4.C -gstabs+ -O3 (test for excess errors)
FAIL: g++.dg/debug/debug4.C -gstabs+3 (test for excess errors)
FAIL: g++.dg/debug/debug4.C -gstabs+3 -O2 (test for excess errors)
FAIL: g++.dg/debug/debug4.C -gstabs+3 -O3 (test for excess errors)
FAIL: g++.dg/debug/pr27657.C -gstabs1 (test for excess errors)
FAIL: g++.dg/debug/pr27657.C -gstabs1 -O2 (test for excess errors)
FAIL: g++.dg/debug/pr27657.C -gstabs1 -O3 (test for excess errors)
FAIL: g++.dg/debug/pr27657.C -gstabs (test for excess errors)
FAIL: g++.dg/debug/pr27657.C -gstabs -O2 (test for excess errors)
FAIL: g++.dg/debug/pr27657.C -gstabs -O3 (test for excess errors)
FAIL: g++.dg/debug/pr27657.C -gstabs3 (test for excess errors)
FAIL: g++.dg/debug/pr27657.C -gstabs3 -O2 (test for excess errors)
FAIL: g++.dg/debug/pr27657.C -gstabs3 -O3 (test for excess errors)
FAIL: g++.dg/debug/pr27657.C -gstabs+1 (test for excess errors)
FAIL: g++.dg/debug/pr27657.C -gstabs+1 -O2 (test for excess errors)
FAIL: g++.dg/debug/pr27657.C -gstabs+1 -O3 (test for excess errors)
FAIL: g++.dg/debug/pr27657.C -gstabs+ (test for excess errors)
FAIL: g++.dg/debug/pr27657.C -gstabs+ -O2 (test for excess errors)
FAIL: g++.dg/debug/pr27657.C -gstabs+ -O3 (test for excess errors)
FAIL: g++.dg/debug/pr27657.C -gstabs+3 (test for excess errors)
FAIL: g++.dg/debug/pr27657.C -gstabs+3 -O2 (test for excess errors)
FAIL: g++.dg/debug/pr27657.C -gstabs+3 -O3 (test for excess errors)
FAIL: g++.dg/debug/pr44178.C -gcoff -O2 (test for excess errors)
FAIL: g++.dg/debug/pr44178.C -gcoff -O3 (test for excess errors)
FAIL: g++.dg/debug/pr44178.C -gcoff3 -O2 (test for excess errors)
FAIL: g++.dg/debug/pr44178.C -gcoff3 -O3 (test for excess errors)
FAIL: g++.dg/debug/trivial.C -gstabs1 (test for excess errors)
UNRESOLVED: g++.dg/debug/trivial.C -gstabs1 compilation failed to produce executable
FAIL: g++.dg/debug/trivial.C -gstabs1 -O2 (test for excess errors)
UNRESOLVED: g++.dg/debug/trivial.C -gstabs1 -O2 compilation failed to produce executable
FAIL: g++.dg/debug/trivial.C -gstabs1 -O3 (test for excess errors)
UNRESOLVED: g++.dg/debug/trivial.C -gstabs1 -O3 compilation failed to produce executable
FAIL: g++.dg/debug/trivial.C -gstabs (test for excess errors)
UNRESOLVED: g++.dg/debug/trivial.C -gstabs compilation failed to produce executable
FAIL: g++.dg/debug/trivial.C -gstabs -O2 (test for excess errors)
UNRESOLVED: g++.dg/debug/trivial.C -gstabs -O2 compilation failed to produce executable
FAIL: g++.dg/debug/trivial.C -gstabs -O3 (test for excess errors)
UNRESOLVED: g++.dg/debug/trivial.C -gstabs -O3 compilation failed to produce executable
FAIL: g++.dg/debug/trivial.C -gstabs3 (test for excess errors)
UNRESOLVED: g++.dg/debug/trivial.C -gstabs3 compilation failed to produce executable
FAIL: g++.dg/debug/trivial.C -gstabs3 -O2 (test for excess errors)
UNRESOLVED: g++.dg/debug/trivial.C -gstabs3 -O2 compilation failed to produce executable
FAIL: g++.dg/debug/trivial.C -gstabs3 -O3 (test for excess errors)
UNRESOLVED: g++.dg/debug/trivial.C -gstabs3 -O3 compilation failed to produce executable
FAIL: g++.dg/debug/trivial.C -gstabs+1 (test for excess errors)
UNRESOLVED: g++.dg/debug/trivial.C -gstabs+1 compilation failed to produce executable
FAIL: g++.dg/debug/trivial.C -gstabs+1 -O2 (test for excess errors)
UNRESOLVED: g++.dg/debug/trivial.C -gstabs+1 -O2 compilation failed to produce executable
FAIL: g++.dg/debug/trivial.C -gstabs+1 -O3 (test for excess errors)
UNRESOLVED: g++.dg/debug/trivial.C -gstabs+1 -O3 compilation failed to produce executable
FAIL: g++.dg/debug/trivial.C -gstabs+ (test for excess errors)
UNRESOLVED: g++.dg/debug/trivial.C -gstabs+ compilation failed to produce executable
FAIL: g++.dg/debug/trivial.C -gstabs+ -O2 (test for excess errors)
UNRESOLVED: g++.dg/debug/trivial.C -gstabs+ -O2 compilation failed to produce executable
FAIL: g++.dg/debug/trivial.C -gstabs+ -O3 (test for excess errors)
UNRESOLVED: g++.dg/debug/trivial.C -gstabs+ -O3 compilation failed to produce executable
FAIL: g++.dg/debug/trivial.C -gstabs+3 (test for excess errors)
UNRESOLVED: g++.dg/debug/trivial.C -gstabs+3 compilation failed to produce executable
FAIL: g++.dg/debug/trivial.C -gstabs+3 -O2 (test for excess errors)
UNRESOLVED: g++.dg/debug/trivial.C -gstabs+3 -O2 compilation failed to produce executable
FAIL: g++.dg/debug/trivial.C -gstabs+3 -O3 (test for excess errors)
UNRESOLVED: g++.dg/debug/trivial.C -gstabs+3 -O3 compilation failed to produce executable
FAIL: g++.dg/debug/dwarf2/nested-4.C -std=gnu++98 scan-assembler-times debug_types 2
FAIL: g++.dg/debug/dwarf2/nested-4.C -std=gnu++11 scan-assembler-times debug_types 2
FAIL: g++.dg/debug/dwarf2/nested-4.C -std=gnu++14 scan-assembler-times debug_types 2
FAIL: g++.dg/abi/anon2.C -std=c++11 scan-assembler .weak(_definition)?[ \\t]_?_ZN2N11D1C3fn1ENS0_1BE
FAIL: g++.dg/abi/anon2.C -std=c++11 scan-assembler .weak(_definition)?[ \\t]_?_ZN2N11D1C3fn2ES1_
FAIL: g++.dg/abi/anon2.C -std=c++11 scan-assembler .weak(_definition)?[ \\t]_?_ZN2N31D1CIiE3fn1ENS0_1BE
FAIL: g++.dg/abi/anon2.C -std=c++11 scan-assembler .weak(_definition)?[ \\t]_?_ZN2N31D1CIiE3fn2ES2_
FAIL: g++.dg/abi/anon2.C -std=c++14 scan-assembler .weak(_definition)?[ \\t]_?_ZN2N11D1C3fn1ENS0_1BE
FAIL: g++.dg/abi/anon2.C -std=c++14 scan-assembler .weak(_definition)?[ \\t]_?_ZN2N11D1C3fn2ES1_
FAIL: g++.dg/abi/anon2.C -std=c++14 scan-assembler .weak(_definition)?[ \\t]_?_ZN2N31D1CIiE3fn1ENS0_1BE
FAIL: g++.dg/abi/anon2.C -std=c++14 scan-assembler .weak(_definition)?[ \\t]_?_ZN2N31D1CIiE3fn2ES2_
FAIL: g++.dg/abi/anon3.C -std=c++98 scan-assembler .weak(_definition)?[ \\t]_?_ZN4Heya4blahEv
FAIL: g++.dg/abi/anon3.C -std=c++98 scan-assembler .weak(_definition)?[ \\t]_?_ZTI4Heya
FAIL: g++.dg/abi/anon3.C -std=c++98 scan-assembler .weak(_definition)?[ \\t]_?_ZTV4Heya
FAIL: g++.dg/abi/anon3.C -std=c++98 scan-assembler .weak(_definition)?[ \\t]_?_ZN4Heya1A1fEv
FAIL: g++.dg/abi/anon3.C -std=c++98 scan-assembler .weak(_definition)?[ \\t]_?_ZTIN4Heya1AE
FAIL: g++.dg/abi/anon3.C -std=c++98 scan-assembler .weak(_definition)?[ \\t]_?_ZTVN4Heya1AE
FAIL: g++.dg/abi/anon3.C -std=c++11 scan-assembler .weak(_definition)?[ \\t]_?_ZN4Heya4blahEv
FAIL: g++.dg/abi/anon3.C -std=c++11 scan-assembler .weak(_definition)?[ \\t]_?_ZTI4Heya
FAIL: g++.dg/abi/anon3.C -std=c++11 scan-assembler .weak(_definition)?[ \\t]_?_ZTV4Heya
FAIL: g++.dg/abi/anon3.C -std=c++11 scan-assembler .weak(_definition)?[ \\t]_?_ZN4Heya1A1fEv
FAIL: g++.dg/abi/anon3.C -std=c++11 scan-assembler .weak(_definition)?[ \\t]_?_ZTIN4Heya1AE
FAIL: g++.dg/abi/anon3.C -std=c++11 scan-assembler .weak(_definition)?[ \\t]_?_ZTVN4Heya1AE
FAIL: g++.dg/abi/anon3.C -std=c++14 scan-assembler .weak(_definition)?[ \\t]_?_ZN4Heya4blahEv
FAIL: g++.dg/abi/anon3.C -std=c++14 scan-assembler .weak(_definition)?[ \\t]_?_ZTI4Heya
FAIL: g++.dg/abi/anon3.C -std=c++14 scan-assembler .weak(_definition)?[ \\t]_?_ZTV4Heya
FAIL: g++.dg/abi/anon3.C -std=c++14 scan-assembler .weak(_definition)?[ \\t]_?_ZN4Heya1A1fEv
FAIL: g++.dg/abi/anon3.C -std=c++14 scan-assembler .weak(_definition)?[ \\t]_?_ZTIN4Heya1AE
FAIL: g++.dg/abi/anon3.C -std=c++14 scan-assembler .weak(_definition)?[ \\t]_?_ZTVN4Heya1AE
FAIL: g++.dg/abi/rtti1.C -std=c++98 scan-assembler-dem-not \\\\ntypeinfo for A[: \\\\t\\\\n]
FAIL: g++.dg/abi/rtti1.C -std=c++11 scan-assembler-dem-not \\\\ntypeinfo for A[: \\\\t\\\\n]
FAIL: g++.dg/abi/rtti1.C -std=c++14 scan-assembler-dem-not \\\\ntypeinfo for A[: \\\\t\\\\n]
FAIL: g++.dg/abi/thunk5.C -std=c++98 scan-assembler weak.*ZTv
FAIL: g++.dg/abi/thunk5.C -std=c++11 scan-assembler weak.*ZTv
FAIL: g++.dg/abi/thunk5.C -std=c++14 scan-assembler weak.*ZTv
FAIL: g++.dg/cpp0x/addressof2.C -std=c++11 (test for errors, line 23)
FAIL: g++.dg/cpp0x/addressof2.C -std=c++11 (test for excess errors)
FAIL: g++.dg/cpp0x/addressof2.C -std=c++14 (test for errors, line 23)
FAIL: g++.dg/cpp0x/addressof2.C -std=c++14 (test for excess errors)
FAIL: g++.dg/cpp0x/auto27.C -std=c++98 no type (test for errors, line 3)
FAIL: g++.dg/cpp0x/decltype31.C -std=c++11 (test for errors, line 11)
FAIL: g++.dg/cpp0x/decltype31.C -std=c++14 (test for errors, line 11)
FAIL: g++.dg/cpp0x/decltype50.C -std=c++11 (test for errors, line 7)
FAIL: g++.dg/cpp0x/decltype50.C -std=c++11 (test for errors, line 9)
FAIL: g++.dg/cpp0x/decltype50.C -std=c++11 (test for errors, line 12)
FAIL: g++.dg/cpp0x/decltype50.C -std=c++11 (test for errors, line 16)
FAIL: g++.dg/cpp0x/decltype50.C -std=c++11 (test for excess errors)
FAIL: g++.dg/cpp0x/decltype50.C -std=c++14 (test for errors, line 7)
FAIL: g++.dg/cpp0x/decltype50.C -std=c++14 (test for errors, line 9)
FAIL: g++.dg/cpp0x/decltype50.C -std=c++14 (test for errors, line 12)
FAIL: g++.dg/cpp0x/decltype50.C -std=c++14 (test for errors, line 16)
FAIL: g++.dg/cpp0x/decltype50.C -std=c++14 (test for excess errors)
FAIL: g++.dg/cpp0x/lambda/lambda-58566.C -std=c++11 (test for errors, line 8)
FAIL: g++.dg/cpp0x/lambda/lambda-58566.C -std=c++11 (test for excess errors)
FAIL: g++.dg/cpp0x/lambda/lambda-58566.C -std=c++14 (test for errors, line 8)
FAIL: g++.dg/cpp0x/lambda/lambda-58566.C -std=c++14 (test for excess errors)
FAIL: g++.dg/cpp0x/lambda/lambda-eh2.C -std=gnu++11 (test for excess errors)
UNRESOLVED: g++.dg/cpp0x/lambda/lambda-eh2.C -std=gnu++11 compilation failed to produce executable
FAIL: g++.dg/cpp0x/lambda/lambda-eh2.C -std=gnu++14 (test for excess errors)
UNRESOLVED: g++.dg/cpp0x/lambda/lambda-eh2.C -std=gnu++14 compilation failed to produce executable
FAIL: g++.dg/cpp0x/lambda/lambda-ice15.C -std=c++11 (test for errors, line 8)
FAIL: g++.dg/cpp0x/lambda/lambda-ice15.C -std=c++11 (test for excess errors)
FAIL: g++.dg/cpp0x/lambda/lambda-ice15.C -std=c++14 (test for errors, line 8)
FAIL: g++.dg/cpp0x/lambda/lambda-ice15.C -std=c++14 (test for excess errors)
FAIL: g++.dg/cpp0x/pr66130.C -std=c++11 (test for errors, line 11)
FAIL: g++.dg/cpp0x/pr66130.C -std=c++14 (test for errors, line 11)
FAIL: g++.dg/cpp0x/static_assert9.C -std=gnu++11 (test for errors, line 9)
FAIL: g++.dg/cpp0x/static_assert9.C -std=gnu++14 (test for errors, line 9)
FAIL: g++.dg/diagnostic/bitfld2.C -std=c++98 declaration (test for errors, line 6)
FAIL: g++.dg/diagnostic/bitfld2.C -std=c++11 declaration (test for errors, line 6)
FAIL: g++.dg/diagnostic/bitfld2.C -std=c++14 declaration (test for errors, line 6)
FAIL: g++.dg/eh/forced1.C -std=c++98 execution test
FAIL: g++.dg/eh/forced1.C -std=c++11 execution test
FAIL: g++.dg/eh/forced1.C -std=c++14 execution test
FAIL: g++.dg/expr/bound-mem-fun.C -std=c++98 (test for errors, line 16)
FAIL: g++.dg/expr/bound-mem-fun.C -std=c++98 (test for excess errors)
FAIL: g++.dg/expr/bound-mem-fun.C -std=c++11 (test for errors, line 16)
FAIL: g++.dg/expr/bound-mem-fun.C -std=c++11 (test for excess errors)
FAIL: g++.dg/expr/bound-mem-fun.C -std=c++14 (test for errors, line 16)
FAIL: g++.dg/expr/bound-mem-fun.C -std=c++14 (test for excess errors)
FAIL: g++.dg/expr/pmf-1.C -std=c++98 (test for warnings, line 10)
FAIL: g++.dg/expr/pmf-1.C -std=c++98 (test for errors, line 16)
FAIL: g++.dg/expr/pmf-1.C -std=c++98 (test for errors, line 17)
FAIL: g++.dg/expr/pmf-1.C -std=c++11 (test for warnings, line 10)
FAIL: g++.dg/expr/pmf-1.C -std=c++11 (test for errors, line 16)
FAIL: g++.dg/expr/pmf-1.C -std=c++11 (test for errors, line 17)
FAIL: g++.dg/expr/pmf-1.C -std=c++14 (test for warnings, line 10)
FAIL: g++.dg/expr/pmf-1.C -std=c++14 (test for errors, line 16)
FAIL: g++.dg/expr/pmf-1.C -std=c++14 (test for errors, line 17)
FAIL: g++.dg/expr/ptrmem5.C -std=c++98 (internal compiler error)
FAIL: g++.dg/expr/ptrmem5.C -std=c++98 (test for errors, line 7)
FAIL: g++.dg/expr/ptrmem5.C -std=c++98 (test for excess errors)
FAIL: g++.dg/expr/ptrmem5.C -std=c++11 (internal compiler error)
FAIL: g++.dg/expr/ptrmem5.C -std=c++11 (test for errors, line 7)
FAIL: g++.dg/expr/ptrmem5.C -std=c++11 (test for excess errors)
FAIL: g++.dg/expr/ptrmem5.C -std=c++14 (internal compiler error)
FAIL: g++.dg/expr/ptrmem5.C -std=c++14 (test for errors, line 7)
FAIL: g++.dg/expr/ptrmem5.C -std=c++14 (test for excess errors)
XPASS: g++.dg/ext/dllexport4.C -std=gnu++98 (test for excess errors)
XPASS: g++.dg/ext/dllexport4.C -std=gnu++11 (test for excess errors)
XPASS: g++.dg/ext/dllexport4.C -std=gnu++14 (test for excess errors)
FAIL: g++.dg/ext/uow-3.C -std=gnu++98 (test for errors, line 4)
FAIL: g++.dg/ext/uow-3.C -std=gnu++98 (test for errors, line 6)
FAIL: g++.dg/ext/uow-3.C -std=gnu++11 (test for errors, line 4)
FAIL: g++.dg/ext/uow-3.C -std=gnu++11 (test for errors, line 6)
FAIL: g++.dg/ext/uow-3.C -std=gnu++14 (test for errors, line 4)
FAIL: g++.dg/ext/uow-3.C -std=gnu++14 (test for errors, line 6)
FAIL: g++.dg/ext/uow-4.C -std=gnu++98 (test for errors, line 6)
FAIL: g++.dg/ext/uow-4.C -std=gnu++98 (test for errors, line 8)
FAIL: g++.dg/ext/uow-4.C -std=gnu++11 (test for errors, line 6)
FAIL: g++.dg/ext/uow-4.C -std=gnu++11 (test for errors, line 8)
FAIL: g++.dg/ext/uow-4.C -std=gnu++14 (test for errors, line 6)
FAIL: g++.dg/ext/uow-4.C -std=gnu++14 (test for errors, line 8)
FAIL: g++.dg/ipa/pr64146.C -std=gnu++98 scan-ipa-dump icf "Equal symbols: 1"
FAIL: g++.dg/ipa/pr64146.C -std=gnu++11 scan-ipa-dump icf "Equal symbols: 1"
FAIL: g++.dg/ipa/pr64146.C -std=gnu++14 scan-ipa-dump icf "Equal symbols: 1"
FAIL: g++.dg/ipa/pr67056.C scan-ipa-dump cp "Speculative outer type:struct CompositeClass"
FAIL: g++.dg/lookup/name-clash11.C -std=gnu++98 (test for warnings, line 16)
FAIL: g++.dg/lookup/name-clash11.C -std=gnu++98 (test for warnings, line 20)
FAIL: g++.dg/lookup/name-clash11.C -std=gnu++98 (test for warnings, line 28)
FAIL: g++.dg/lookup/name-clash11.C -std=gnu++98 (test for warnings, line 32)
FAIL: g++.dg/lookup/name-clash11.C -std=gnu++98 (test for warnings, line 43)
FAIL: g++.dg/lookup/name-clash11.C -std=gnu++98 (test for warnings, line 51)
FAIL: g++.dg/lookup/name-clash11.C -std=gnu++98 (test for warnings, line 61)
FAIL: g++.dg/lookup/name-clash11.C -std=gnu++98 (test for warnings, line 64)
FAIL: g++.dg/lookup/name-clash11.C -std=gnu++98 (test for warnings, line 74)
FAIL: g++.dg/lookup/name-clash11.C -std=gnu++98 (test for warnings, line 77)
FAIL: g++.dg/lookup/name-clash11.C -std=gnu++11 (test for warnings, line 16)
FAIL: g++.dg/lookup/name-clash11.C -std=gnu++11 (test for warnings, line 20)
FAIL: g++.dg/lookup/name-clash11.C -std=gnu++11 (test for warnings, line 28)
FAIL: g++.dg/lookup/name-clash11.C -std=gnu++11 (test for warnings, line 32)
FAIL: g++.dg/lookup/name-clash11.C -std=gnu++11 (test for warnings, line 43)
FAIL: g++.dg/lookup/name-clash11.C -std=gnu++11 (test for warnings, line 51)
FAIL: g++.dg/lookup/name-clash11.C -std=gnu++11 (test for warnings, line 61)
FAIL: g++.dg/lookup/name-clash11.C -std=gnu++11 (test for warnings, line 64)
FAIL: g++.dg/lookup/name-clash11.C -std=gnu++11 (test for warnings, line 74)
FAIL: g++.dg/lookup/name-clash11.C -std=gnu++11 (test for warnings, line 77)
FAIL: g++.dg/lookup/name-clash11.C -std=gnu++14 (test for warnings, line 16)
FAIL: g++.dg/lookup/name-clash11.C -std=gnu++14 (test for warnings, line 20)
FAIL: g++.dg/lookup/name-clash11.C -std=gnu++14 (test for warnings, line 28)
FAIL: g++.dg/lookup/name-clash11.C -std=gnu++14 (test for warnings, line 32)
FAIL: g++.dg/lookup/name-clash11.C -std=gnu++14 (test for warnings, line 43)
FAIL: g++.dg/lookup/name-clash11.C -std=gnu++14 (test for warnings, line 51)
FAIL: g++.dg/lookup/name-clash11.C -std=gnu++14 (test for warnings, line 61)
FAIL: g++.dg/lookup/name-clash11.C -std=gnu++14 (test for warnings, line 64)
FAIL: g++.dg/lookup/name-clash11.C -std=gnu++14 (test for warnings, line 74)
FAIL: g++.dg/lookup/name-clash11.C -std=gnu++14 (test for warnings, line 77)
FAIL: g++.dg/lookup/name-clash7.C -std=c++98 (test for errors, line 3)
FAIL: g++.dg/lookup/name-clash7.C -std=c++98 (test for errors, line 10)
FAIL: g++.dg/lookup/name-clash7.C -std=c++11 (test for errors, line 3)
FAIL: g++.dg/lookup/name-clash7.C -std=c++11 (test for errors, line 10)
FAIL: g++.dg/lookup/name-clash7.C -std=c++14 (test for errors, line 3)
FAIL: g++.dg/lookup/name-clash7.C -std=c++14 (test for errors, line 10)
FAIL: g++.dg/lookup/redecl1.C -std=c++98 (test for errors, line 3)
FAIL: g++.dg/lookup/redecl1.C -std=c++98 (test for errors, line 5)
FAIL: g++.dg/lookup/redecl1.C -std=c++11 (test for errors, line 3)
FAIL: g++.dg/lookup/redecl1.C -std=c++11 (test for errors, line 5)
FAIL: g++.dg/lookup/redecl1.C -std=c++14 (test for errors, line 3)
FAIL: g++.dg/lookup/redecl1.C -std=c++14 (test for errors, line 5)
FAIL: g++.dg/opt/devirt2.C -std=gnu++98 scan-assembler-times xyzzy 2
FAIL: g++.dg/opt/devirt2.C -std=gnu++11 scan-assembler-times xyzzy 2
FAIL: g++.dg/opt/devirt2.C -std=gnu++14 scan-assembler-times xyzzy 2
FAIL: g++.dg/other/error34.C -std=gnu++98 decl (test for errors, line 5)
FAIL: g++.dg/other/error34.C -std=gnu++11 decl (test for errors, line 5)
FAIL: g++.dg/other/error34.C -std=gnu++14 decl (test for errors, line 5)
FAIL: g++.dg/other/i386-9.C -std=gnu++98 (test for excess errors)
UNRESOLVED: g++.dg/other/i386-9.C -std=gnu++98 compilation failed to produce executable
FAIL: g++.dg/other/i386-9.C -std=gnu++11 (test for excess errors)
UNRESOLVED: g++.dg/other/i386-9.C -std=gnu++11 compilation failed to produce executable
FAIL: g++.dg/other/i386-9.C -std=gnu++14 (test for excess errors)
UNRESOLVED: g++.dg/other/i386-9.C -std=gnu++14 compilation failed to produce executable
FAIL: g++.dg/other/pr66130.C -std=c++98 (test for warnings, line 5)
FAIL: g++.dg/other/pr66130.C -std=c++98 (test for errors, line 9)
FAIL: g++.dg/other/pr66130.C -std=c++98 (test for excess errors)
FAIL: g++.dg/other/pr66130.C -std=c++11 (test for warnings, line 5)
FAIL: g++.dg/other/pr66130.C -std=c++11 (test for errors, line 9)
FAIL: g++.dg/other/pr66130.C -std=c++11 (test for excess errors)
FAIL: g++.dg/other/pr66130.C -std=c++14 (test for warnings, line 5)
FAIL: g++.dg/other/pr66130.C -std=c++14 (test for errors, line 9)
FAIL: g++.dg/other/pr66130.C -std=c++14 (test for excess errors)
FAIL: g++.dg/other/ptrmem8.C -std=c++98 (internal compiler error)
FAIL: g++.dg/other/ptrmem8.C -std=c++98 (test for errors, line 9)
FAIL: g++.dg/other/ptrmem8.C -std=c++98 (test for errors, line 15)
FAIL: g++.dg/other/ptrmem8.C -std=c++98 (test for excess errors)
FAIL: g++.dg/other/ptrmem8.C -std=c++11 (internal compiler error)
FAIL: g++.dg/other/ptrmem8.C -std=c++11 (test for errors, line 9)
FAIL: g++.dg/other/ptrmem8.C -std=c++11 (test for errors, line 15)
FAIL: g++.dg/other/ptrmem8.C -std=c++11 (test for excess errors)
FAIL: g++.dg/other/ptrmem8.C -std=c++14 (internal compiler error)
FAIL: g++.dg/other/ptrmem8.C -std=c++14 (test for errors, line 9)
FAIL: g++.dg/other/ptrmem8.C -std=c++14 (test for errors, line 15)
FAIL: g++.dg/other/ptrmem8.C -std=c++14 (test for excess errors)
FAIL: g++.dg/other/vararg-4.C -std=c++98 (test for excess errors)
FAIL: g++.dg/other/vararg-4.C -std=c++11 (test for excess errors)
FAIL: g++.dg/other/vararg-4.C -std=c++14 (test for excess errors)
FAIL: g++.dg/parse/dot1.C -std=c++98 (test for errors, line 4)
FAIL: g++.dg/parse/dot1.C -std=c++98 (test for excess errors)
FAIL: g++.dg/parse/dot1.C -std=c++11 (test for errors, line 4)
FAIL: g++.dg/parse/dot1.C -std=c++11 (test for excess errors)
FAIL: g++.dg/parse/dot1.C -std=c++14 (test for errors, line 4)
FAIL: g++.dg/parse/dot1.C -std=c++14 (test for excess errors)
FAIL: g++.dg/parse/error43.C -std=gnu++98 (test for excess errors)
FAIL: g++.dg/parse/error43.C -std=gnu++11 (test for excess errors)
FAIL: g++.dg/parse/error43.C -std=gnu++14 (test for excess errors)
FAIL: g++.dg/parse/error45.C -std=c++98 (test for errors, line 8)
FAIL: g++.dg/parse/error45.C -std=c++98 (test for excess errors)
FAIL: g++.dg/parse/error45.C -std=c++11 (test for errors, line 8)
FAIL: g++.dg/parse/error45.C -std=c++11 (test for excess errors)
FAIL: g++.dg/parse/error45.C -std=c++14 (test for errors, line 8)
FAIL: g++.dg/parse/error45.C -std=c++14 (test for excess errors)
FAIL: g++.dg/pr49718.C -std=gnu++98 scan-assembler-times __cyg_profile_func_enter 1
FAIL: g++.dg/pr49718.C -std=gnu++11 scan-assembler-times __cyg_profile_func_enter 1
FAIL: g++.dg/pr49718.C -std=gnu++14 scan-assembler-times __cyg_profile_func_enter 1
FAIL: g++.dg/rtti/typeid8.C -std=c++98 (test for errors, line 25)
FAIL: g++.dg/rtti/typeid8.C -std=c++11 (test for errors, line 25)
FAIL: g++.dg/rtti/typeid8.C -std=c++14 (test for errors, line 25)
FAIL: g++.dg/spellcheck-c++-11-keyword.C (test for bogus messages, line 14)
FAIL: g++.dg/spellcheck-c++-11-keyword.C (test for errors, line 14)
FAIL: g++.dg/stackprotectexplicit2.C -std=gnu++98 scan-assembler-times stack_chk_fail 2
FAIL: g++.dg/stackprotectexplicit2.C -std=gnu++11 scan-assembler-times stack_chk_fail 2
FAIL: g++.dg/stackprotectexplicit2.C -std=gnu++14 scan-assembler-times stack_chk_fail 2
FAIL: g++.dg/template/crash37.C -std=c++98 (test for errors, line 23)
FAIL: g++.dg/template/crash37.C -std=c++11 (test for errors, line 23)
FAIL: g++.dg/template/crash37.C -std=c++14 (test for errors, line 23)
FAIL: g++.dg/template/crash51.C -std=c++98 (test for errors, line 10)
FAIL: g++.dg/template/crash51.C -std=c++98 (test for excess errors)
FAIL: g++.dg/template/crash51.C -std=c++11 (test for errors, line 10)
FAIL: g++.dg/template/crash51.C -std=c++11 (test for excess errors)
FAIL: g++.dg/template/crash51.C -std=c++14 (test for errors, line 10)
FAIL: g++.dg/template/crash51.C -std=c++14 (test for excess errors)
FAIL: g++.dg/template/crash72.C -std=c++98 (test for errors, line 16)
FAIL: g++.dg/template/crash72.C -std=c++98 (test for excess errors)
FAIL: g++.dg/template/crash72.C -std=c++11 (test for errors, line 16)
FAIL: g++.dg/template/crash72.C -std=c++11 (test for excess errors)
FAIL: g++.dg/template/crash72.C -std=c++14 (test for errors, line 16)
FAIL: g++.dg/template/crash72.C -std=c++14 (test for excess errors)
FAIL: g++.dg/template/dependent-expr5.C -std=c++98 (test for warnings, line 9)
FAIL: g++.dg/template/dependent-expr5.C -std=c++98 (test for warnings, line 10)
FAIL: g++.dg/template/dependent-expr5.C -std=c++98 (test for errors, line 47)
FAIL: g++.dg/template/dependent-expr5.C -std=c++98 candidate note (test for warnings, line 47)
FAIL: g++.dg/template/dependent-expr5.C -std=c++98 (test for errors, line 63)
FAIL: g++.dg/template/dependent-expr5.C -std=c++98 candidate note (test for warnings, line 63)
FAIL: g++.dg/template/dependent-expr5.C -std=c++98 (test for errors, line 99)
FAIL: g++.dg/template/dependent-expr5.C -std=c++98 candidate note (test for warnings, line 99)
FAIL: g++.dg/template/dependent-expr5.C -std=c++98 (test for errors, line 115)
FAIL: g++.dg/template/dependent-expr5.C -std=c++98 candidate note (test for warnings, line 115)
FAIL: g++.dg/template/dependent-expr5.C -std=c++98 (test for excess errors)
FAIL: g++.dg/template/dependent-expr5.C -std=c++11 (test for warnings, line 9)
FAIL: g++.dg/template/dependent-expr5.C -std=c++11 (test for warnings, line 10)
FAIL: g++.dg/template/dependent-expr5.C -std=c++11 (test for errors, line 47)
FAIL: g++.dg/template/dependent-expr5.C -std=c++11 candidate note (test for warnings, line 47)
FAIL: g++.dg/template/dependent-expr5.C -std=c++11 (test for errors, line 63)
FAIL: g++.dg/template/dependent-expr5.C -std=c++11 candidate note (test for warnings, line 63)
FAIL: g++.dg/template/dependent-expr5.C -std=c++11 (test for errors, line 99)
FAIL: g++.dg/template/dependent-expr5.C -std=c++11 candidate note (test for warnings, line 99)
FAIL: g++.dg/template/dependent-expr5.C -std=c++11 (test for errors, line 115)
FAIL: g++.dg/template/dependent-expr5.C -std=c++11 candidate note (test for warnings, line 115)
FAIL: g++.dg/template/dependent-expr5.C -std=c++11 (test for excess errors)
FAIL: g++.dg/template/dependent-expr5.C -std=c++14 (test for warnings, line 9)
FAIL: g++.dg/template/dependent-expr5.C -std=c++14 (test for warnings, line 10)
FAIL: g++.dg/template/dependent-expr5.C -std=c++14 (test for errors, line 47)
FAIL: g++.dg/template/dependent-expr5.C -std=c++14 candidate note (test for warnings, line 47)
FAIL: g++.dg/template/dependent-expr5.C -std=c++14 (test for errors, line 63)
FAIL: g++.dg/template/dependent-expr5.C -std=c++14 candidate note (test for warnings, line 63)
FAIL: g++.dg/template/dependent-expr5.C -std=c++14 (test for errors, line 99)
FAIL: g++.dg/template/dependent-expr5.C -std=c++14 candidate note (test for warnings, line 99)
FAIL: g++.dg/template/dependent-expr5.C -std=c++14 (test for errors, line 115)
FAIL: g++.dg/template/dependent-expr5.C -std=c++14 candidate note (test for warnings, line 115)
FAIL: g++.dg/template/dependent-expr5.C -std=c++14 (test for excess errors)
FAIL: g++.dg/template/dtor6.C -std=c++98 (test for errors, line 8)
FAIL: g++.dg/template/dtor6.C -std=c++98 (test for errors, line 14)
FAIL: g++.dg/template/dtor6.C -std=c++98 (test for excess errors)
FAIL: g++.dg/template/dtor6.C -std=c++11 (test for errors, line 8)
FAIL: g++.dg/template/dtor6.C -std=c++11 (test for errors, line 14)
FAIL: g++.dg/template/dtor6.C -std=c++11 (test for excess errors)
FAIL: g++.dg/template/dtor6.C -std=c++14 (test for errors, line 8)
FAIL: g++.dg/template/dtor6.C -std=c++14 (test for errors, line 14)
FAIL: g++.dg/template/dtor6.C -std=c++14 (test for excess errors)
FAIL: g++.dg/template/overload6.C -std=c++98 (test for errors, line 16)
FAIL: g++.dg/template/overload6.C -std=c++98 (test for excess errors)
FAIL: g++.dg/template/overload6.C -std=c++11 (test for errors, line 16)
FAIL: g++.dg/template/overload6.C -std=c++11 (test for excess errors)
FAIL: g++.dg/template/overload6.C -std=c++14 (test for errors, line 16)
FAIL: g++.dg/template/overload6.C -std=c++14 (test for excess errors)
FAIL: g++.dg/template/pseudodtor3.C -std=c++98 (test for excess errors)
FAIL: g++.dg/template/pseudodtor3.C -std=c++11 (test for excess errors)
FAIL: g++.dg/template/pseudodtor3.C -std=c++14 (test for excess errors)
FAIL: g++.dg/template/ptrmem4.C -std=c++98 (test for errors, line 19)
FAIL: g++.dg/template/ptrmem4.C -std=c++98 (test for excess errors)
FAIL: g++.dg/template/ptrmem4.C -std=c++11 (test for errors, line 19)
FAIL: g++.dg/template/ptrmem4.C -std=c++11 (test for excess errors)
FAIL: g++.dg/template/ptrmem4.C -std=c++14 (test for errors, line 19)
FAIL: g++.dg/template/ptrmem4.C -std=c++14 (test for excess errors)
FAIL: g++.dg/warn/Wunused-parm-3.C -std=gnu++98 (test for excess errors)
FAIL: g++.dg/warn/Wunused-parm-3.C -std=gnu++11 (test for excess errors)
FAIL: g++.dg/warn/Wunused-parm-3.C -std=gnu++14 (test for excess errors)
FAIL: g++.dg/warn/changes-meaning.C -std=gnu++98 (test for warnings, line 4)
FAIL: g++.dg/warn/changes-meaning.C -std=gnu++98 (test for warnings, line 9)
FAIL: g++.dg/warn/changes-meaning.C -std=gnu++11 (test for warnings, line 4)
FAIL: g++.dg/warn/changes-meaning.C -std=gnu++11 (test for warnings, line 9)
FAIL: g++.dg/warn/changes-meaning.C -std=gnu++14 (test for warnings, line 4)
FAIL: g++.dg/warn/changes-meaning.C -std=gnu++14 (test for warnings, line 9)
FAIL: g++.dg/warn/pmf1.C -std=c++98 (test for errors, line 17)
FAIL: g++.dg/warn/pmf1.C -std=c++11 (test for errors, line 17)
FAIL: g++.dg/warn/pmf1.C -std=c++14 (test for errors, line 17)
FAIL: g++.dg/warn/weak1.C -std=c++98 (test for excess errors)
UNRESOLVED: g++.dg/warn/weak1.C -std=c++98 compilation failed to produce executable
FAIL: g++.dg/warn/weak1.C -std=c++11 (test for excess errors)
UNRESOLVED: g++.dg/warn/weak1.C -std=c++11 compilation failed to produce executable
FAIL: g++.dg/warn/weak1.C -std=c++14 (test for excess errors)
UNRESOLVED: g++.dg/warn/weak1.C -std=c++14 compilation failed to produce executable
FAIL: g++.dg/gcov/pr16855-priority.C -std=gnu++98 line 22: is #####:should be 1
FAIL: g++.dg/gcov/pr16855-priority.C -std=gnu++98 gcov: 1 failures in line counts, 0 in branch percentages, 0 in return percentages, 0 in intermediate format
FAIL: g++.dg/gcov/pr16855-priority.C -std=gnu++11 line 22: is #####:should be 1
FAIL: g++.dg/gcov/pr16855-priority.C -std=gnu++11 gcov: 1 failures in line counts, 0 in branch percentages, 0 in return percentages, 0 in intermediate format
FAIL: g++.dg/gcov/pr16855-priority.C -std=gnu++14 line 22: is #####:should be 1
FAIL: g++.dg/gcov/pr16855-priority.C -std=gnu++14 gcov: 1 failures in line counts, 0 in branch percentages, 0 in return percentages, 0 in intermediate format
FAIL: g++.dg/gcov/pr16855.C -std=gnu++98 line 21: is #####:should be 1
FAIL: g++.dg/gcov/pr16855.C -std=gnu++98 gcov: 1 failures in line counts, 0 in branch percentages, 0 in return percentages, 0 in intermediate format
FAIL: g++.dg/gcov/pr16855.C -std=gnu++11 line 21: is #####:should be 1
FAIL: g++.dg/gcov/pr16855.C -std=gnu++11 gcov: 1 failures in line counts, 0 in branch percentages, 0 in return percentages, 0 in intermediate format
FAIL: g++.dg/gcov/pr16855.C -std=gnu++14 line 21: is #####:should be 1
FAIL: g++.dg/gcov/pr16855.C -std=gnu++14 gcov: 1 failures in line counts, 0 in branch percentages, 0 in return percentages, 0 in intermediate format
FAIL: g++.dg/lto/pr64076 cp_lto_pr64076_0.o-cp_lto_pr64076_1.o link, -O0 -flto -flto-partition=1to1 -fno-use-linker-plugin
UNRESOLVED: g++.dg/lto/pr64076 cp_lto_pr64076_0.o-cp_lto_pr64076_1.o execute -O0 -flto -flto-partition=1to1 -fno-use-linker-plugin
FAIL: g++.dg/lto/pr65475c cp_lto_pr65475c_0.o-cp_lto_pr65475c_1.o link, -O2
UNRESOLVED: g++.dg/lto/pr65475c cp_lto_pr65475c_0.o-cp_lto_pr65475c_1.o execute -O2
FAIL: g++.dg/lto/pr65475c cp_lto_pr65475c_0.o-cp_lto_pr65475c_1.o link, -w
UNRESOLVED: g++.dg/lto/pr65475c cp_lto_pr65475c_0.o-cp_lto_pr65475c_1.o execute -w
FAIL: g++.dg/lto/pr69589 cp_lto_pr69589_0.o assemble, -rdynamic
FAIL: g++.dg/lto/pr69589 cp_lto_pr69589_1.o assemble, -rdynamic
UNRESOLVED: g++.dg/lto/pr69589 cp_lto_pr69589_0.o-cp_lto_pr69589_1.o link -rdynamic
UNRESOLVED: g++.dg/lto/pr69589 cp_lto_pr69589_0.o-cp_lto_pr69589_1.o execute -rdynamic
FAIL: g++.dg/tls/thread_local-order2.C -std=c++11 execution test
FAIL: g++.dg/tls/thread_local-order2.C -std=c++14 execution test
FAIL: g++.dg/tls/thread_local3.C -std=gnu++11 execution test
FAIL: g++.dg/tls/thread_local3.C -std=gnu++14 execution test
FAIL: g++.dg/tls/thread_local3g.C -std=gnu++11 execution test
FAIL: g++.dg/tls/thread_local3g.C -std=gnu++14 execution test
FAIL: g++.dg/tls/thread_local4.C -std=gnu++11 execution test
FAIL: g++.dg/tls/thread_local4.C -std=gnu++14 execution test
FAIL: g++.dg/tls/thread_local4g.C -std=gnu++11 execution test
FAIL: g++.dg/tls/thread_local4g.C -std=gnu++14 execution test
FAIL: g++.dg/tls/thread_local5.C -std=gnu++11 execution test
FAIL: g++.dg/tls/thread_local5.C -std=gnu++14 execution test
FAIL: g++.dg/tls/thread_local5g.C -std=gnu++11 execution test
FAIL: g++.dg/tls/thread_local5g.C -std=gnu++14 execution test
FAIL: g++.dg/torture/pr58252.C -O0 (test for warnings, line 17)
FAIL: g++.dg/torture/pr58252.C -O1 (test for warnings, line 17)
FAIL: g++.dg/torture/pr58252.C -O2 (test for warnings, line 17)
FAIL: g++.dg/torture/pr58252.C -O3 -fomit-frame-pointer -funroll-loops -fpeel-loops -ftracer -finline-functions (test for warnings, line 17)
FAIL: g++.dg/torture/pr58252.C -O3 -g (test for warnings, line 17)
FAIL: g++.dg/torture/pr58252.C -Os (test for warnings, line 17)
FAIL: g++.dg/torture/pr58252.C -O2 -flto -fno-use-linker-plugin -flto-partition=none (test for warnings, line 17)
FAIL: g++.dg/torture/pr58252.C -O2 -flto -fuse-linker-plugin -fno-fat-lto-objects (test for warnings, line 17)
FAIL: g++.dg/vect/pr68762-1.cc -std=c++98 execution test
FAIL: g++.dg/vect/pr68762-1.cc -std=c++11 execution test
FAIL: g++.dg/vect/pr68762-1.cc -std=c++14 execution test
FAIL: g++.old-deja/g++.benjamin/13908.C -std=c++98 (internal compiler error)
FAIL: g++.old-deja/g++.benjamin/13908.C -std=c++98 (test for errors, line 20)
FAIL: g++.old-deja/g++.benjamin/13908.C -std=c++98 (test for excess errors)
FAIL: g++.old-deja/g++.benjamin/13908.C -std=c++11 (internal compiler error)
FAIL: g++.old-deja/g++.benjamin/13908.C -std=c++11 (test for errors, line 20)
FAIL: g++.old-deja/g++.benjamin/13908.C -std=c++11 (test for excess errors)
FAIL: g++.old-deja/g++.benjamin/13908.C -std=c++14 (internal compiler error)
FAIL: g++.old-deja/g++.benjamin/13908.C -std=c++14 (test for errors, line 20)
FAIL: g++.old-deja/g++.benjamin/13908.C -std=c++14 (test for excess errors)
FAIL: g++.old-deja/g++.brendan/arm3.C -std=c++98 (test for errors, line 7)
FAIL: g++.old-deja/g++.brendan/arm3.C -std=c++11 (test for errors, line 7)
FAIL: g++.old-deja/g++.brendan/arm3.C -std=c++14 (test for errors, line 7)
FAIL: g++.old-deja/g++.brendan/prepost1.C -std=c++98 (test for errors, line 5)
FAIL: g++.old-deja/g++.brendan/prepost1.C -std=c++11 (test for errors, line 5)
FAIL: g++.old-deja/g++.brendan/prepost1.C -std=c++14 (test for errors, line 5)
FAIL: g++.old-deja/g++.brendan/prepost2.C -std=c++98 (test for errors, line 5)
FAIL: g++.old-deja/g++.brendan/prepost2.C -std=c++98 (test for errors, line 6)
FAIL: g++.old-deja/g++.brendan/prepost2.C -std=c++11 (test for errors, line 5)
FAIL: g++.old-deja/g++.brendan/prepost2.C -std=c++11 (test for errors, line 6)
FAIL: g++.old-deja/g++.brendan/prepost2.C -std=c++14 (test for errors, line 5)
FAIL: g++.old-deja/g++.brendan/prepost2.C -std=c++14 (test for errors, line 6)
FAIL: g++.old-deja/g++.bugs/900213_03.C -std=c++98 (test for errors, line 24)
FAIL: g++.old-deja/g++.bugs/900213_03.C -std=c++11 (test for errors, line 24)
FAIL: g++.old-deja/g++.bugs/900213_03.C -std=c++14 (test for errors, line 24)
FAIL: g++.old-deja/g++.jason/member.C -std=c++98 (test for errors, line 28)
FAIL: g++.old-deja/g++.jason/member.C -std=c++98 (test for errors, line 34)
FAIL: g++.old-deja/g++.jason/member.C -std=c++11 (test for errors, line 28)
FAIL: g++.old-deja/g++.jason/member.C -std=c++11 (test for errors, line 34)
FAIL: g++.old-deja/g++.jason/member.C -std=c++14 (test for errors, line 28)
FAIL: g++.old-deja/g++.jason/member.C -std=c++14 (test for errors, line 34)
FAIL: g++.old-deja/g++.jason/pmf2.C -std=c++98 (test for errors, line 12)
FAIL: g++.old-deja/g++.jason/pmf2.C -std=c++11 (test for errors, line 12)
FAIL: g++.old-deja/g++.jason/pmf2.C -std=c++14 (test for errors, line 12)
FAIL: g++.old-deja/g++.jason/pmf5.C -std=gnu++98 assuming (test for errors, line 18)
FAIL: g++.old-deja/g++.jason/pmf5.C -std=gnu++98 note (test for warnings, line 18)
FAIL: g++.old-deja/g++.jason/pmf5.C -std=gnu++11 assuming (test for errors, line 18)
FAIL: g++.old-deja/g++.jason/pmf5.C -std=gnu++11 note (test for warnings, line 18)
FAIL: g++.old-deja/g++.jason/pmf5.C -std=gnu++14 assuming (test for errors, line 18)
FAIL: g++.old-deja/g++.jason/pmf5.C -std=gnu++14 note (test for warnings, line 18)
FAIL: g++.old-deja/g++.jason/scoping8.C -std=c++98 (test for errors, line 4)
FAIL: g++.old-deja/g++.jason/scoping8.C -std=c++98 (test for errors, line 7)
FAIL: g++.old-deja/g++.jason/scoping8.C -std=c++11 (test for errors, line 4)
FAIL: g++.old-deja/g++.jason/scoping8.C -std=c++11 (test for errors, line 7)
FAIL: g++.old-deja/g++.jason/scoping8.C -std=c++14 (test for errors, line 4)
FAIL: g++.old-deja/g++.jason/scoping8.C -std=c++14 (test for errors, line 7)
FAIL: g++.old-deja/g++.jason/typeid1.C -std=c++98 (test for errors, line 11)
FAIL: g++.old-deja/g++.jason/typeid1.C -std=c++11 (test for errors, line 11)
FAIL: g++.old-deja/g++.jason/typeid1.C -std=c++14 (test for errors, line 11)
FAIL: g++.old-deja/g++.law/arm16.C -std=gnu++98 (test for errors, line 14)
FAIL: g++.old-deja/g++.law/arm16.C -std=gnu++11 (test for errors, line 14)
FAIL: g++.old-deja/g++.law/arm16.C -std=gnu++14 (test for errors, line 14)
FAIL: g++.old-deja/g++.law/nest1.C -std=c++98 (test for errors, line 9)
FAIL: g++.old-deja/g++.law/nest1.C -std=c++98 (test for errors, line 13)
FAIL: g++.old-deja/g++.law/nest1.C -std=c++11 (test for errors, line 9)
FAIL: g++.old-deja/g++.law/nest1.C -std=c++11 (test for errors, line 13)
FAIL: g++.old-deja/g++.law/nest1.C -std=c++14 (test for errors, line 9)
FAIL: g++.old-deja/g++.law/nest1.C -std=c++14 (test for errors, line 13)
FAIL: g++.old-deja/g++.law/operators9.C -std=c++98 (test for errors, line 12)
FAIL: g++.old-deja/g++.law/operators9.C -std=c++11 (test for errors, line 12)
FAIL: g++.old-deja/g++.law/operators9.C -std=c++14 (test for errors, line 12)
FAIL: g++.old-deja/g++.mike/net31.C -std=c++98 (test for errors, line 66)
FAIL: g++.old-deja/g++.mike/net31.C -std=c++11 (test for errors, line 66)
FAIL: g++.old-deja/g++.mike/net31.C -std=c++14 (test for errors, line 66)
FAIL: g++.old-deja/g++.mike/net36.C -std=c++98 (test for errors, line 18)
FAIL: g++.old-deja/g++.mike/net36.C -std=c++11 (test for errors, line 18)
FAIL: g++.old-deja/g++.mike/net36.C -std=c++14 (test for errors, line 18)
FAIL: g++.old-deja/g++.mike/p11110.C -std=c++98 (test for errors, line 20)
FAIL: g++.old-deja/g++.mike/p11110.C -std=c++98 (test for excess errors)
FAIL: g++.old-deja/g++.mike/p11110.C -std=c++11 (test for errors, line 20)
FAIL: g++.old-deja/g++.mike/p11110.C -std=c++11 (test for excess errors)
FAIL: g++.old-deja/g++.mike/p11110.C -std=c++14 (test for errors, line 20)
FAIL: g++.old-deja/g++.mike/p11110.C -std=c++14 (test for excess errors)
FAIL: g++.old-deja/g++.mike/p646.C -std=gnu++98 (test for warnings, line 135)
FAIL: g++.old-deja/g++.mike/p646.C -std=gnu++11 (test for warnings, line 135)
FAIL: g++.old-deja/g++.mike/p646.C -std=gnu++14 (test for warnings, line 135)
FAIL: g++.old-deja/g++.oliva/overload1.C -std=c++98 (test for errors, line 16)
FAIL: g++.old-deja/g++.oliva/overload1.C -std=c++98 note (test for warnings, line 16)
FAIL: g++.old-deja/g++.oliva/overload1.C -std=c++11 (test for errors, line 16)
FAIL: g++.old-deja/g++.oliva/overload1.C -std=c++11 note (test for warnings, line 16)
FAIL: g++.old-deja/g++.oliva/overload1.C -std=c++14 (test for errors, line 16)
FAIL: g++.old-deja/g++.oliva/overload1.C -std=c++14 note (test for warnings, line 16)
FAIL: g++.old-deja/g++.other/decl6.C -std=c++98 (test for errors, line 12)
FAIL: g++.old-deja/g++.other/decl6.C -std=c++11 (test for errors, line 12)
FAIL: g++.old-deja/g++.other/decl6.C -std=c++14 (test for errors, line 12)
FAIL: g++.old-deja/g++.other/pmf2.C -std=c++98 (test for errors, line 17)
FAIL: g++.old-deja/g++.other/pmf2.C -std=c++11 (test for errors, line 17)
FAIL: g++.old-deja/g++.other/pmf2.C -std=c++14 (test for errors, line 17)
FAIL: g++.old-deja/g++.other/pmf3.C -std=c++98 (test for errors, line 23)
FAIL: g++.old-deja/g++.other/pmf3.C -std=c++98 (test for errors, line 24)
FAIL: g++.old-deja/g++.other/pmf3.C -std=c++11 (test for errors, line 23)
FAIL: g++.old-deja/g++.other/pmf3.C -std=c++11 (test for errors, line 24)
FAIL: g++.old-deja/g++.other/pmf3.C -std=c++14 (test for errors, line 23)
FAIL: g++.old-deja/g++.other/pmf3.C -std=c++14 (test for errors, line 24)
FAIL: g++.old-deja/g++.other/pmf7.C -std=c++98 (test for errors, line 15)
FAIL: g++.old-deja/g++.other/pmf7.C -std=c++11 (test for errors, line 15)
FAIL: g++.old-deja/g++.other/pmf7.C -std=c++14 (test for errors, line 15)
FAIL: g++.old-deja/g++.other/ptrmem7.C -std=c++98 err (test for errors, line 23)
FAIL: g++.old-deja/g++.other/ptrmem7.C -std=c++98 note (test for warnings, line 23)
FAIL: g++.old-deja/g++.other/ptrmem7.C -std=c++98 err (test for errors, line 25)
FAIL: g++.old-deja/g++.other/ptrmem7.C -std=c++98 err (test for errors, line 26)
FAIL: g++.old-deja/g++.other/ptrmem7.C -std=c++98 (test for errors, line 34)
FAIL: g++.old-deja/g++.other/ptrmem7.C -std=c++98 (test for errors, line 35)
FAIL: g++.old-deja/g++.other/ptrmem7.C -std=c++98 (test for errors, line 36)
FAIL: g++.old-deja/g++.other/ptrmem7.C -std=c++98 (test for errors, line 38)
FAIL: g++.old-deja/g++.other/ptrmem7.C -std=c++98 (test for errors, line 39)
FAIL: g++.old-deja/g++.other/ptrmem7.C -std=c++11 err (test for errors, line 23)
FAIL: g++.old-deja/g++.other/ptrmem7.C -std=c++11 note (test for warnings, line 23)
FAIL: g++.old-deja/g++.other/ptrmem7.C -std=c++11 err (test for errors, line 25)
FAIL: g++.old-deja/g++.other/ptrmem7.C -std=c++11 err (test for errors, line 26)
FAIL: g++.old-deja/g++.other/ptrmem7.C -std=c++11 (test for errors, line 34)
FAIL: g++.old-deja/g++.other/ptrmem7.C -std=c++11 (test for errors, line 35)
FAIL: g++.old-deja/g++.other/ptrmem7.C -std=c++11 (test for errors, line 36)
FAIL: g++.old-deja/g++.other/ptrmem7.C -std=c++11 (test for errors, line 38)
FAIL: g++.old-deja/g++.other/ptrmem7.C -std=c++11 (test for errors, line 39)
FAIL: g++.old-deja/g++.other/ptrmem7.C -std=c++14 err (test for errors, line 23)
FAIL: g++.old-deja/g++.other/ptrmem7.C -std=c++14 note (test for warnings, line 23)
FAIL: g++.old-deja/g++.other/ptrmem7.C -std=c++14 err (test for errors, line 25)
FAIL: g++.old-deja/g++.other/ptrmem7.C -std=c++14 err (test for errors, line 26)
FAIL: g++.old-deja/g++.other/ptrmem7.C -std=c++14 (test for errors, line 34)
FAIL: g++.old-deja/g++.other/ptrmem7.C -std=c++14 (test for errors, line 35)
FAIL: g++.old-deja/g++.other/ptrmem7.C -std=c++14 (test for errors, line 36)
FAIL: g++.old-deja/g++.other/ptrmem7.C -std=c++14 (test for errors, line 38)
FAIL: g++.old-deja/g++.other/ptrmem7.C -std=c++14 (test for errors, line 39)
FAIL: g++.old-deja/g++.pt/ptrmem10.C -std=c++98 (test for excess errors)
FAIL: g++.old-deja/g++.pt/ptrmem10.C -std=c++11 (test for excess errors)
FAIL: g++.old-deja/g++.pt/ptrmem10.C -std=c++14 (test for excess errors)
FAIL: g++.old-deja/g++.robertl/eb131.C -std=c++98 (test for warnings, line 13)
FAIL: g++.old-deja/g++.robertl/eb131.C -std=c++98 (test for errors, line 18)
FAIL: g++.old-deja/g++.robertl/eb131.C -std=c++98 (test for errors, line 19)
FAIL: g++.old-deja/g++.robertl/eb131.C -std=c++11 (test for warnings, line 13)
FAIL: g++.old-deja/g++.robertl/eb131.C -std=c++11 (test for errors, line 18)
FAIL: g++.old-deja/g++.robertl/eb131.C -std=c++11 (test for errors, line 19)
FAIL: g++.old-deja/g++.robertl/eb131.C -std=c++14 (test for warnings, line 13)
FAIL: g++.old-deja/g++.robertl/eb131.C -std=c++14 (test for errors, line 18)
FAIL: g++.old-deja/g++.robertl/eb131.C -std=c++14 (test for errors, line 19)
FAIL: g++.old-deja/g++.robertl/eb8.C -std=c++98 (test for errors, line 5)
FAIL: g++.old-deja/g++.robertl/eb8.C -std=c++98 (test for errors, line 6)
FAIL: g++.old-deja/g++.robertl/eb8.C -std=c++11 (test for errors, line 5)
FAIL: g++.old-deja/g++.robertl/eb8.C -std=c++11 (test for errors, line 6)
FAIL: g++.old-deja/g++.robertl/eb8.C -std=c++14 (test for errors, line 5)
FAIL: g++.old-deja/g++.robertl/eb8.C -std=c++14 (test for errors, line 6)
=== g++ Summary ===
# of expected passes 102839
# of unexpected failures 559
# of unexpected successes 3
# of expected failures 369
# of unresolved testcases 31
# of unsupported tests 4357
/tmp/build/gcc/testsuite/g++/../../xg++ version 7.0.1 20170225 (experimental) (GCC)
=== gcc tests ===
Running target unix
FAIL: gcc.c-torture/compile/limits-exprparen.c -O0 (internal compiler error)
FAIL: gcc.c-torture/compile/limits-exprparen.c -O0 (test for excess errors)
FAIL: gcc.c-torture/compile/limits-exprparen.c -O1 (internal compiler error)
FAIL: gcc.c-torture/compile/limits-exprparen.c -O1 (test for excess errors)
FAIL: gcc.c-torture/compile/limits-exprparen.c -O2 (internal compiler error)
FAIL: gcc.c-torture/compile/limits-exprparen.c -O2 (test for excess errors)
FAIL: gcc.c-torture/compile/limits-exprparen.c -O3 -g (internal compiler error)
FAIL: gcc.c-torture/compile/limits-exprparen.c -O3 -g (test for excess errors)
FAIL: gcc.c-torture/compile/limits-exprparen.c -Os (internal compiler error)
FAIL: gcc.c-torture/compile/limits-exprparen.c -Os (test for excess errors)
FAIL: gcc.c-torture/compile/limits-exprparen.c -O2 -flto -fno-use-linker-plugin -flto-partition=none (internal compiler error)
FAIL: gcc.c-torture/compile/limits-exprparen.c -O2 -flto -fno-use-linker-plugin -flto-partition=none (test for excess errors)
FAIL: gcc.c-torture/compile/limits-exprparen.c -O2 -flto -fuse-linker-plugin -fno-fat-lto-objects (internal compiler error)
FAIL: gcc.c-torture/compile/limits-exprparen.c -O2 -flto -fuse-linker-plugin -fno-fat-lto-objects (test for excess errors)
FAIL: gcc.c-torture/execute/20000822-1.c -O0 execution test
FAIL: gcc.c-torture/execute/20000822-1.c -O1 execution test
FAIL: gcc.c-torture/execute/20000822-1.c -O2 execution test
FAIL: gcc.c-torture/execute/20000822-1.c -O3 -g execution test
FAIL: gcc.c-torture/execute/20000822-1.c -Os execution test
FAIL: gcc.c-torture/execute/20000822-1.c -O2 -flto -fno-use-linker-plugin -flto-partition=none execution test
FAIL: gcc.c-torture/execute/20000822-1.c -O2 -flto -fuse-linker-plugin -fno-fat-lto-objects execution test
FAIL: gcc.c-torture/execute/921215-1.c -O0 execution test
FAIL: gcc.c-torture/execute/931002-1.c -O0 execution test
FAIL: gcc.c-torture/execute/nestfunc-1.c -O0 execution test
FAIL: gcc.c-torture/execute/nestfunc-2.c -O0 execution test
FAIL: gcc.c-torture/execute/nestfunc-3.c -O0 execution test
FAIL: gcc.c-torture/execute/nestfunc-3.c -O1 execution test
FAIL: gcc.c-torture/execute/nestfunc-3.c -O2 execution test
FAIL: gcc.c-torture/execute/nestfunc-3.c -O3 -fomit-frame-pointer -funroll-loops -fpeel-loops -ftracer -finline-functions execution test
FAIL: gcc.c-torture/execute/nestfunc-3.c -O3 -g execution test
FAIL: gcc.c-torture/execute/nestfunc-3.c -Os execution test
FAIL: gcc.c-torture/execute/nestfunc-3.c -O2 -flto -fno-use-linker-plugin -flto-partition=none execution test
FAIL: gcc.c-torture/execute/nestfunc-3.c -O2 -flto -fuse-linker-plugin -fno-fat-lto-objects execution test
FAIL: gcc.c-torture/execute/nestfunc-5.c -O0 execution test
FAIL: gcc.c-torture/execute/nestfunc-5.c -O1 execution test
FAIL: gcc.c-torture/execute/nestfunc-5.c -O2 execution test
FAIL: gcc.c-torture/execute/nestfunc-5.c -O3 -g execution test
FAIL: gcc.c-torture/execute/nestfunc-5.c -Os execution test
FAIL: gcc.c-torture/execute/nestfunc-5.c -O2 -flto -fno-use-linker-plugin -flto-partition=none execution test
FAIL: gcc.c-torture/execute/nestfunc-5.c -O2 -flto -fuse-linker-plugin -fno-fat-lto-objects execution test
FAIL: gcc.c-torture/execute/nestfunc-6.c -O0 execution test
FAIL: gcc.c-torture/execute/nestfunc-6.c -O1 execution test
FAIL: gcc.c-torture/execute/nestfunc-6.c -O2 execution test
FAIL: gcc.c-torture/execute/nestfunc-6.c -O3 -g execution test
FAIL: gcc.c-torture/execute/nestfunc-6.c -Os execution test
FAIL: gcc.c-torture/execute/nestfunc-6.c -O2 -flto -fno-use-linker-plugin -flto-partition=none execution test
FAIL: gcc.c-torture/execute/nestfunc-6.c -O2 -flto -fuse-linker-plugin -fno-fat-lto-objects execution test
WARNING: program timed out.
FAIL: gcc.dg/atomic/c11-atomic-exec-5.c -O0 execution test
WARNING: program timed out.
FAIL: gcc.dg/atomic/c11-atomic-exec-5.c -O1 execution test
WARNING: program timed out.
FAIL: gcc.dg/atomic/c11-atomic-exec-5.c -O2 execution test
WARNING: program timed out.
FAIL: gcc.dg/atomic/c11-atomic-exec-5.c -O3 -fomit-frame-pointer -funroll-loops -fpeel-loops -ftracer -finline-functions execution test
WARNING: program timed out.
FAIL: gcc.dg/atomic/c11-atomic-exec-5.c -O3 -g execution test
WARNING: program timed out.
FAIL: gcc.dg/atomic/c11-atomic-exec-5.c -Os execution test
WARNING: program timed out.
FAIL: gcc.dg/atomic/c11-atomic-exec-5.c -O2 -flto -fno-use-linker-plugin -flto-partition=none execution test
WARNING: program timed out.
FAIL: gcc.dg/atomic/c11-atomic-exec-5.c -O2 -flto -fuse-linker-plugin -fno-fat-lto-objects execution test
FAIL: gcc.dg/compat/vector-1b c_compat_x_tst.o-c_compat_y_tst.o execute
FAIL: gcc.dg/compat/vector-2b c_compat_x_tst.o-c_compat_y_tst.o execute
FAIL: gcc.dg/cpp/pr71681-2.c (test for excess errors)
FAIL: gcc.dg/debug/20020220-1.c -gstabs1 (test for excess errors)
UNRESOLVED: gcc.dg/debug/20020220-1.c -gstabs1 compilation failed to produce executable
FAIL: gcc.dg/debug/20020220-1.c -gstabs1 -O (test for excess errors)
UNRESOLVED: gcc.dg/debug/20020220-1.c -gstabs1 -O compilation failed to produce executable
FAIL: gcc.dg/debug/20020220-1.c -gstabs1 -O3 (test for excess errors)
UNRESOLVED: gcc.dg/debug/20020220-1.c -gstabs1 -O3 compilation failed to produce executable
FAIL: gcc.dg/debug/20020220-1.c -gstabs (test for excess errors)
UNRESOLVED: gcc.dg/debug/20020220-1.c -gstabs compilation failed to produce executable
FAIL: gcc.dg/debug/20020220-1.c -gstabs -O (test for excess errors)
UNRESOLVED: gcc.dg/debug/20020220-1.c -gstabs -O compilation failed to produce executable
FAIL: gcc.dg/debug/20020220-1.c -gstabs -O3 (test for excess errors)
UNRESOLVED: gcc.dg/debug/20020220-1.c -gstabs -O3 compilation failed to produce executable
FAIL: gcc.dg/debug/20020220-1.c -gstabs3 (test for excess errors)
UNRESOLVED: gcc.dg/debug/20020220-1.c -gstabs3 compilation failed to produce executable
FAIL: gcc.dg/debug/20020220-1.c -gstabs3 -O (test for excess errors)
UNRESOLVED: gcc.dg/debug/20020220-1.c -gstabs3 -O compilation failed to produce executable
FAIL: gcc.dg/debug/20020220-1.c -gstabs3 -O3 (test for excess errors)
UNRESOLVED: gcc.dg/debug/20020220-1.c -gstabs3 -O3 compilation failed to produce executable
FAIL: gcc.dg/debug/20020220-1.c -gstabs+1 (test for excess errors)
UNRESOLVED: gcc.dg/debug/20020220-1.c -gstabs+1 compilation failed to produce executable
FAIL: gcc.dg/debug/20020220-1.c -gstabs+1 -O (test for excess errors)
UNRESOLVED: gcc.dg/debug/20020220-1.c -gstabs+1 -O compilation failed to produce executable
FAIL: gcc.dg/debug/20020220-1.c -gstabs+1 -O3 (test for excess errors)
UNRESOLVED: gcc.dg/debug/20020220-1.c -gstabs+1 -O3 compilation failed to produce executable
FAIL: gcc.dg/debug/20020220-1.c -gstabs+ (test for excess errors)
UNRESOLVED: gcc.dg/debug/20020220-1.c -gstabs+ compilation failed to produce executable
FAIL: gcc.dg/debug/20020220-1.c -gstabs+ -O (test for excess errors)
UNRESOLVED: gcc.dg/debug/20020220-1.c -gstabs+ -O compilation failed to produce executable
FAIL: gcc.dg/debug/20020220-1.c -gstabs+ -O3 (test for excess errors)
UNRESOLVED: gcc.dg/debug/20020220-1.c -gstabs+ -O3 compilation failed to produce executable
FAIL: gcc.dg/debug/20020220-1.c -gstabs+3 (test for excess errors)
UNRESOLVED: gcc.dg/debug/20020220-1.c -gstabs+3 compilation failed to produce executable
FAIL: gcc.dg/debug/20020220-1.c -gstabs+3 -O (test for excess errors)
UNRESOLVED: gcc.dg/debug/20020220-1.c -gstabs+3 -O compilation failed to produce executable
FAIL: gcc.dg/debug/20020220-1.c -gstabs+3 -O3 (test for excess errors)
UNRESOLVED: gcc.dg/debug/20020220-1.c -gstabs+3 -O3 compilation failed to produce executable
FAIL: gcc.dg/debug/20020327-1.c -gstabs1 (test for excess errors)
FAIL: gcc.dg/debug/20020327-1.c -gstabs1 -O (test for excess errors)
FAIL: gcc.dg/debug/20020327-1.c -gstabs1 -O3 (test for excess errors)
FAIL: gcc.dg/debug/20020327-1.c -gstabs (test for excess errors)
FAIL: gcc.dg/debug/20020327-1.c -gstabs -O (test for excess errors)
FAIL: gcc.dg/debug/20020327-1.c -gstabs -O3 (test for excess errors)
FAIL: gcc.dg/debug/20020327-1.c -gstabs3 (test for excess errors)
FAIL: gcc.dg/debug/20020327-1.c -gstabs3 -O (test for excess errors)
FAIL: gcc.dg/debug/20020327-1.c -gstabs3 -O3 (test for excess errors)
FAIL: gcc.dg/debug/20020327-1.c -gstabs+1 (test for excess errors)
FAIL: gcc.dg/debug/20020327-1.c -gstabs+1 -O (test for excess errors)
FAIL: gcc.dg/debug/20020327-1.c -gstabs+1 -O3 (test for excess errors)
FAIL: gcc.dg/debug/20020327-1.c -gstabs+ (test for excess errors)
FAIL: gcc.dg/debug/20020327-1.c -gstabs+ -O (test for excess errors)
FAIL: gcc.dg/debug/20020327-1.c -gstabs+ -O3 (test for excess errors)
FAIL: gcc.dg/debug/20020327-1.c -gstabs+3 (test for excess errors)
FAIL: gcc.dg/debug/20020327-1.c -gstabs+3 -O (test for excess errors)
FAIL: gcc.dg/debug/20020327-1.c -gstabs+3 -O3 (test for excess errors)
FAIL: gcc.dg/debug/20050907-1.c -gstabs1 (test for excess errors)
FAIL: gcc.dg/debug/20050907-1.c -gstabs1 -O (test for excess errors)
FAIL: gcc.dg/debug/20050907-1.c -gstabs1 -O3 (test for excess errors)
FAIL: gcc.dg/debug/20050907-1.c -gstabs (test for excess errors)
FAIL: gcc.dg/debug/20050907-1.c -gstabs -O (test for excess errors)
FAIL: gcc.dg/debug/20050907-1.c -gstabs -O3 (test for excess errors)
FAIL: gcc.dg/debug/20050907-1.c -gstabs3 (test for excess errors)
FAIL: gcc.dg/debug/20050907-1.c -gstabs3 -O (test for excess errors)
FAIL: gcc.dg/debug/20050907-1.c -gstabs3 -O3 (test for excess errors)
FAIL: gcc.dg/debug/20050907-1.c -gstabs+1 (test for excess errors)
FAIL: gcc.dg/debug/20050907-1.c -gstabs+1 -O (test for excess errors)
FAIL: gcc.dg/debug/20050907-1.c -gstabs+1 -O3 (test for excess errors)
FAIL: gcc.dg/debug/20050907-1.c -gstabs+ (test for excess errors)
FAIL: gcc.dg/debug/20050907-1.c -gstabs+ -O (test for excess errors)
FAIL: gcc.dg/debug/20050907-1.c -gstabs+ -O3 (test for excess errors)
FAIL: gcc.dg/debug/20050907-1.c -gstabs+3 (test for excess errors)
FAIL: gcc.dg/debug/20050907-1.c -gstabs+3 -O (test for excess errors)
FAIL: gcc.dg/debug/20050907-1.c -gstabs+3 -O3 (test for excess errors)
FAIL: gcc.dg/debug/pr29609-1.c -gstabs1 (test for excess errors)
UNRESOLVED: gcc.dg/debug/pr29609-1.c -gstabs1 compilation failed to produce executable
FAIL: gcc.dg/debug/pr29609-1.c -gstabs1 -O (test for excess errors)
UNRESOLVED: gcc.dg/debug/pr29609-1.c -gstabs1 -O compilation failed to produce executable
FAIL: gcc.dg/debug/pr29609-1.c -gstabs1 -O3 (test for excess errors)
UNRESOLVED: gcc.dg/debug/pr29609-1.c -gstabs1 -O3 compilation failed to produce executable
FAIL: gcc.dg/debug/pr29609-1.c -gstabs (test for excess errors)
UNRESOLVED: gcc.dg/debug/pr29609-1.c -gstabs compilation failed to produce executable
FAIL: gcc.dg/debug/pr29609-1.c -gstabs -O (test for excess errors)
UNRESOLVED: gcc.dg/debug/pr29609-1.c -gstabs -O compilation failed to produce executable
FAIL: gcc.dg/debug/pr29609-1.c -gstabs -O3 (test for excess errors)
UNRESOLVED: gcc.dg/debug/pr29609-1.c -gstabs -O3 compilation failed to produce executable
FAIL: gcc.dg/debug/pr29609-1.c -gstabs3 (test for excess errors)
UNRESOLVED: gcc.dg/debug/pr29609-1.c -gstabs3 compilation failed to produce executable
FAIL: gcc.dg/debug/pr29609-1.c -gstabs3 -O (test for excess errors)
UNRESOLVED: gcc.dg/debug/pr29609-1.c -gstabs3 -O compilation failed to produce executable
FAIL: gcc.dg/debug/pr29609-1.c -gstabs3 -O3 (test for excess errors)
UNRESOLVED: gcc.dg/debug/pr29609-1.c -gstabs3 -O3 compilation failed to produce executable
FAIL: gcc.dg/debug/pr29609-1.c -gstabs+1 (test for excess errors)
UNRESOLVED: gcc.dg/debug/pr29609-1.c -gstabs+1 compilation failed to produce executable
FAIL: gcc.dg/debug/pr29609-1.c -gstabs+1 -O (test for excess errors)
UNRESOLVED: gcc.dg/debug/pr29609-1.c -gstabs+1 -O compilation failed to produce executable
FAIL: gcc.dg/debug/pr29609-1.c -gstabs+1 -O3 (test for excess errors)
UNRESOLVED: gcc.dg/debug/pr29609-1.c -gstabs+1 -O3 compilation failed to produce executable
FAIL: gcc.dg/debug/pr29609-1.c -gstabs+ (test for excess errors)
UNRESOLVED: gcc.dg/debug/pr29609-1.c -gstabs+ compilation failed to produce executable
FAIL: gcc.dg/debug/pr29609-1.c -gstabs+ -O (test for excess errors)
UNRESOLVED: gcc.dg/debug/pr29609-1.c -gstabs+ -O compilation failed to produce executable
FAIL: gcc.dg/debug/pr29609-1.c -gstabs+ -O3 (test for excess errors)
UNRESOLVED: gcc.dg/debug/pr29609-1.c -gstabs+ -O3 compilation failed to produce executable
FAIL: gcc.dg/debug/pr29609-1.c -gstabs+3 (test for excess errors)
UNRESOLVED: gcc.dg/debug/pr29609-1.c -gstabs+3 compilation failed to produce executable
FAIL: gcc.dg/debug/pr29609-1.c -gstabs+3 -O (test for excess errors)
UNRESOLVED: gcc.dg/debug/pr29609-1.c -gstabs+3 -O compilation failed to produce executable
FAIL: gcc.dg/debug/pr29609-1.c -gstabs+3 -O3 (test for excess errors)
UNRESOLVED: gcc.dg/debug/pr29609-1.c -gstabs+3 -O3 compilation failed to produce executable
FAIL: gcc.dg/debug/pr29609-2.c -gstabs1 (test for excess errors)
UNRESOLVED: gcc.dg/debug/pr29609-2.c -gstabs1 compilation failed to produce executable
FAIL: gcc.dg/debug/pr29609-2.c -gstabs1 -O (test for excess errors)
UNRESOLVED: gcc.dg/debug/pr29609-2.c -gstabs1 -O compilation failed to produce executable
FAIL: gcc.dg/debug/pr29609-2.c -gstabs1 -O3 (test for excess errors)
UNRESOLVED: gcc.dg/debug/pr29609-2.c -gstabs1 -O3 compilation failed to produce executable
FAIL: gcc.dg/debug/pr29609-2.c -gstabs (test for excess errors)
UNRESOLVED: gcc.dg/debug/pr29609-2.c -gstabs compilation failed to produce executable
FAIL: gcc.dg/debug/pr29609-2.c -gstabs -O (test for excess errors)
UNRESOLVED: gcc.dg/debug/pr29609-2.c -gstabs -O compilation failed to produce executable
FAIL: gcc.dg/debug/pr29609-2.c -gstabs -O3 (test for excess errors)
UNRESOLVED: gcc.dg/debug/pr29609-2.c -gstabs -O3 compilation failed to produce executable
FAIL: gcc.dg/debug/pr29609-2.c -gstabs3 (test for excess errors)
UNRESOLVED: gcc.dg/debug/pr29609-2.c -gstabs3 compilation failed to produce executable
FAIL: gcc.dg/debug/pr29609-2.c -gstabs3 -O (test for excess errors)
UNRESOLVED: gcc.dg/debug/pr29609-2.c -gstabs3 -O compilation failed to produce executable
FAIL: gcc.dg/debug/pr29609-2.c -gstabs3 -O3 (test for excess errors)
UNRESOLVED: gcc.dg/debug/pr29609-2.c -gstabs3 -O3 compilation failed to produce executable
FAIL: gcc.dg/debug/pr29609-2.c -gstabs+1 (test for excess errors)
UNRESOLVED: gcc.dg/debug/pr29609-2.c -gstabs+1 compilation failed to produce executable
FAIL: gcc.dg/debug/pr29609-2.c -gstabs+1 -O (test for excess errors)
UNRESOLVED: gcc.dg/debug/pr29609-2.c -gstabs+1 -O compilation failed to produce executable
FAIL: gcc.dg/debug/pr29609-2.c -gstabs+1 -O3 (test for excess errors)
UNRESOLVED: gcc.dg/debug/pr29609-2.c -gstabs+1 -O3 compilation failed to produce executable
FAIL: gcc.dg/debug/pr29609-2.c -gstabs+ (test for excess errors)
UNRESOLVED: gcc.dg/debug/pr29609-2.c -gstabs+ compilation failed to produce executable
FAIL: gcc.dg/debug/pr29609-2.c -gstabs+ -O (test for excess errors)
UNRESOLVED: gcc.dg/debug/pr29609-2.c -gstabs+ -O compilation failed to produce executable
FAIL: gcc.dg/debug/pr29609-2.c -gstabs+ -O3 (test for excess errors)
UNRESOLVED: gcc.dg/debug/pr29609-2.c -gstabs+ -O3 compilation failed to produce executable
FAIL: gcc.dg/debug/pr29609-2.c -gstabs+3 (test for excess errors)
UNRESOLVED: gcc.dg/debug/pr29609-2.c -gstabs+3 compilation failed to produce executable
FAIL: gcc.dg/debug/pr29609-2.c -gstabs+3 -O (test for excess errors)
UNRESOLVED: gcc.dg/debug/pr29609-2.c -gstabs+3 -O compilation failed to produce executable
FAIL: gcc.dg/debug/pr29609-2.c -gstabs+3 -O3 (test for excess errors)
UNRESOLVED: gcc.dg/debug/pr29609-2.c -gstabs+3 -O3 compilation failed to produce executable
FAIL: gcc.dg/debug/pr36690-1.c -gstabs1 (test for excess errors)
UNRESOLVED: gcc.dg/debug/pr36690-1.c -gstabs1 compilation failed to produce executable
FAIL: gcc.dg/debug/pr36690-1.c -gstabs1 -O (test for excess errors)
UNRESOLVED: gcc.dg/debug/pr36690-1.c -gstabs1 -O compilation failed to produce executable
FAIL: gcc.dg/debug/pr36690-1.c -gstabs1 -O3 (test for excess errors)
UNRESOLVED: gcc.dg/debug/pr36690-1.c -gstabs1 -O3 compilation failed to produce executable
FAIL: gcc.dg/debug/pr36690-1.c -gstabs (test for excess errors)
UNRESOLVED: gcc.dg/debug/pr36690-1.c -gstabs compilation failed to produce executable
FAIL: gcc.dg/debug/pr36690-1.c -gstabs -O (test for excess errors)
UNRESOLVED: gcc.dg/debug/pr36690-1.c -gstabs -O compilation failed to produce executable
FAIL: gcc.dg/debug/pr36690-1.c -gstabs -O3 (test for excess errors)
UNRESOLVED: gcc.dg/debug/pr36690-1.c -gstabs -O3 compilation failed to produce executable
FAIL: gcc.dg/debug/pr36690-1.c -gstabs3 (test for excess errors)
UNRESOLVED: gcc.dg/debug/pr36690-1.c -gstabs3 compilation failed to produce executable
FAIL: gcc.dg/debug/pr36690-1.c -gstabs3 -O (test for excess errors)
UNRESOLVED: gcc.dg/debug/pr36690-1.c -gstabs3 -O compilation failed to produce executable
FAIL: gcc.dg/debug/pr36690-1.c -gstabs3 -O3 (test for excess errors)
UNRESOLVED: gcc.dg/debug/pr36690-1.c -gstabs3 -O3 compilation failed to produce executable
FAIL: gcc.dg/debug/pr36690-1.c -gstabs+1 (test for excess errors)
UNRESOLVED: gcc.dg/debug/pr36690-1.c -gstabs+1 compilation failed to produce executable
FAIL: gcc.dg/debug/pr36690-1.c -gstabs+1 -O (test for excess errors)
UNRESOLVED: gcc.dg/debug/pr36690-1.c -gstabs+1 -O compilation failed to produce executable
FAIL: gcc.dg/debug/pr36690-1.c -gstabs+1 -O3 (test for excess errors)
UNRESOLVED: gcc.dg/debug/pr36690-1.c -gstabs+1 -O3 compilation failed to produce executable
FAIL: gcc.dg/debug/pr36690-1.c -gstabs+ (test for excess errors)
UNRESOLVED: gcc.dg/debug/pr36690-1.c -gstabs+ compilation failed to produce executable
FAIL: gcc.dg/debug/pr36690-1.c -gstabs+ -O (test for excess errors)
UNRESOLVED: gcc.dg/debug/pr36690-1.c -gstabs+ -O compilation failed to produce executable
FAIL: gcc.dg/debug/pr36690-1.c -gstabs+ -O3 (test for excess errors)
UNRESOLVED: gcc.dg/debug/pr36690-1.c -gstabs+ -O3 compilation failed to produce executable
FAIL: gcc.dg/debug/pr36690-1.c -gstabs+3 (test for excess errors)
UNRESOLVED: gcc.dg/debug/pr36690-1.c -gstabs+3 compilation failed to produce executable
FAIL: gcc.dg/debug/pr36690-1.c -gstabs+3 -O (test for excess errors)
UNRESOLVED: gcc.dg/debug/pr36690-1.c -gstabs+3 -O compilation failed to produce executable
FAIL: gcc.dg/debug/pr36690-1.c -gstabs+3 -O3 (test for excess errors)
UNRESOLVED: gcc.dg/debug/pr36690-1.c -gstabs+3 -O3 compilation failed to produce executable
FAIL: gcc.dg/debug/pr36690-2.c -gstabs1 (test for excess errors)
UNRESOLVED: gcc.dg/debug/pr36690-2.c -gstabs1 compilation failed to produce executable
FAIL: gcc.dg/debug/pr36690-2.c -gstabs1 -O (test for excess errors)
UNRESOLVED: gcc.dg/debug/pr36690-2.c -gstabs1 -O compilation failed to produce executable
FAIL: gcc.dg/debug/pr36690-2.c -gstabs1 -O3 (test for excess errors)
UNRESOLVED: gcc.dg/debug/pr36690-2.c -gstabs1 -O3 compilation failed to produce executable
FAIL: gcc.dg/debug/pr36690-2.c -gstabs (test for excess errors)
UNRESOLVED: gcc.dg/debug/pr36690-2.c -gstabs compilation failed to produce executable
FAIL: gcc.dg/debug/pr36690-2.c -gstabs -O (test for excess errors)
UNRESOLVED: gcc.dg/debug/pr36690-2.c -gstabs -O compilation failed to produce executable
FAIL: gcc.dg/debug/pr36690-2.c -gstabs -O3 (test for excess errors)
UNRESOLVED: gcc.dg/debug/pr36690-2.c -gstabs -O3 compilation failed to produce executable
FAIL: gcc.dg/debug/pr36690-2.c -gstabs3 (test for excess errors)
UNRESOLVED: gcc.dg/debug/pr36690-2.c -gstabs3 compilation failed to produce executable
FAIL: gcc.dg/debug/pr36690-2.c -gstabs3 -O (test for excess errors)
UNRESOLVED: gcc.dg/debug/pr36690-2.c -gstabs3 -O compilation failed to produce executable
FAIL: gcc.dg/debug/pr36690-2.c -gstabs3 -O3 (test for excess errors)
UNRESOLVED: gcc.dg/debug/pr36690-2.c -gstabs3 -O3 compilation failed to produce executable
FAIL: gcc.dg/debug/pr36690-2.c -gstabs+1 (test for excess errors)
UNRESOLVED: gcc.dg/debug/pr36690-2.c -gstabs+1 compilation failed to produce executable
FAIL: gcc.dg/debug/pr36690-2.c -gstabs+1 -O (test for excess errors)
UNRESOLVED: gcc.dg/debug/pr36690-2.c -gstabs+1 -O compilation failed to produce executable
FAIL: gcc.dg/debug/pr36690-2.c -gstabs+1 -O3 (test for excess errors)
UNRESOLVED: gcc.dg/debug/pr36690-2.c -gstabs+1 -O3 compilation failed to produce executable
FAIL: gcc.dg/debug/pr36690-2.c -gstabs+ (test for excess errors)
UNRESOLVED: gcc.dg/debug/pr36690-2.c -gstabs+ compilation failed to produce executable
FAIL: gcc.dg/debug/pr36690-2.c -gstabs+ -O (test for excess errors)
UNRESOLVED: gcc.dg/debug/pr36690-2.c -gstabs+ -O compilation failed to produce executable
FAIL: gcc.dg/debug/pr36690-2.c -gstabs+ -O3 (test for excess errors)
UNRESOLVED: gcc.dg/debug/pr36690-2.c -gstabs+ -O3 compilation failed to produce executable
FAIL: gcc.dg/debug/pr36690-2.c -gstabs+3 (test for excess errors)
UNRESOLVED: gcc.dg/debug/pr36690-2.c -gstabs+3 compilation failed to produce executable
FAIL: gcc.dg/debug/pr36690-2.c -gstabs+3 -O (test for excess errors)
UNRESOLVED: gcc.dg/debug/pr36690-2.c -gstabs+3 -O compilation failed to produce executable
FAIL: gcc.dg/debug/pr36690-2.c -gstabs+3 -O3 (test for excess errors)
UNRESOLVED: gcc.dg/debug/pr36690-2.c -gstabs+3 -O3 compilation failed to produce executable
FAIL: gcc.dg/debug/pr36690-3.c -gstabs1 (test for excess errors)
UNRESOLVED: gcc.dg/debug/pr36690-3.c -gstabs1 compilation failed to produce executable
FAIL: gcc.dg/debug/pr36690-3.c -gstabs1 -O (test for excess errors)
UNRESOLVED: gcc.dg/debug/pr36690-3.c -gstabs1 -O compilation failed to produce executable
FAIL: gcc.dg/debug/pr36690-3.c -gstabs1 -O3 (test for excess errors)
UNRESOLVED: gcc.dg/debug/pr36690-3.c -gstabs1 -O3 compilation failed to produce executable
FAIL: gcc.dg/debug/pr36690-3.c -gstabs (test for excess errors)
UNRESOLVED: gcc.dg/debug/pr36690-3.c -gstabs compilation failed to produce executable
FAIL: gcc.dg/debug/pr36690-3.c -gstabs -O (test for excess errors)
UNRESOLVED: gcc.dg/debug/pr36690-3.c -gstabs -O compilation failed to produce executable
FAIL: gcc.dg/debug/pr36690-3.c -gstabs -O3 (test for excess errors)
UNRESOLVED: gcc.dg/debug/pr36690-3.c -gstabs -O3 compilation failed to produce executable
FAIL: gcc.dg/debug/pr36690-3.c -gstabs3 (test for excess errors)
UNRESOLVED: gcc.dg/debug/pr36690-3.c -gstabs3 compilation failed to produce executable
FAIL: gcc.dg/debug/pr36690-3.c -gstabs3 -O (test for excess errors)
UNRESOLVED: gcc.dg/debug/pr36690-3.c -gstabs3 -O compilation failed to produce executable
FAIL: gcc.dg/debug/pr36690-3.c -gstabs3 -O3 (test for excess errors)
UNRESOLVED: gcc.dg/debug/pr36690-3.c -gstabs3 -O3 compilation failed to produce executable
FAIL: gcc.dg/debug/pr36690-3.c -gstabs+1 (test for excess errors)
UNRESOLVED: gcc.dg/debug/pr36690-3.c -gstabs+1 compilation failed to produce executable
FAIL: gcc.dg/debug/pr36690-3.c -gstabs+1 -O (test for excess errors)
UNRESOLVED: gcc.dg/debug/pr36690-3.c -gstabs+1 -O compilation failed to produce executable
FAIL: gcc.dg/debug/pr36690-3.c -gstabs+1 -O3 (test for excess errors)
UNRESOLVED: gcc.dg/debug/pr36690-3.c -gstabs+1 -O3 compilation failed to produce executable
FAIL: gcc.dg/debug/pr36690-3.c -gstabs+ (test for excess errors)
UNRESOLVED: gcc.dg/debug/pr36690-3.c -gstabs+ compilation failed to produce executable
FAIL: gcc.dg/debug/pr36690-3.c -gstabs+ -O (test for excess errors)
UNRESOLVED: gcc.dg/debug/pr36690-3.c -gstabs+ -O compilation failed to produce executable
FAIL: gcc.dg/debug/pr36690-3.c -gstabs+ -O3 (test for excess errors)
UNRESOLVED: gcc.dg/debug/pr36690-3.c -gstabs+ -O3 compilation failed to produce executable
FAIL: gcc.dg/debug/pr36690-3.c -gstabs+3 (test for excess errors)
UNRESOLVED: gcc.dg/debug/pr36690-3.c -gstabs+3 compilation failed to produce executable
FAIL: gcc.dg/debug/pr36690-3.c -gstabs+3 -O (test for excess errors)
UNRESOLVED: gcc.dg/debug/pr36690-3.c -gstabs+3 -O compilation failed to produce executable
FAIL: gcc.dg/debug/pr36690-3.c -gstabs+3 -O3 (test for excess errors)
UNRESOLVED: gcc.dg/debug/pr36690-3.c -gstabs+3 -O3 compilation failed to produce executable
FAIL: gcc.dg/debug/pr37616.c -gstabs1 (test for excess errors)
UNRESOLVED: gcc.dg/debug/pr37616.c -gstabs1 compilation failed to produce executable
FAIL: gcc.dg/debug/pr37616.c -gstabs1 -O (test for excess errors)
UNRESOLVED: gcc.dg/debug/pr37616.c -gstabs1 -O compilation failed to produce executable
FAIL: gcc.dg/debug/pr37616.c -gstabs1 -O3 (test for excess errors)
UNRESOLVED: gcc.dg/debug/pr37616.c -gstabs1 -O3 compilation failed to produce executable
FAIL: gcc.dg/debug/pr37616.c -gstabs (test for excess errors)
UNRESOLVED: gcc.dg/debug/pr37616.c -gstabs compilation failed to produce executable
FAIL: gcc.dg/debug/pr37616.c -gstabs -O (test for excess errors)
UNRESOLVED: gcc.dg/debug/pr37616.c -gstabs -O compilation failed to produce executable
FAIL: gcc.dg/debug/pr37616.c -gstabs -O3 (test for excess errors)
UNRESOLVED: gcc.dg/debug/pr37616.c -gstabs -O3 compilation failed to produce executable
FAIL: gcc.dg/debug/pr37616.c -gstabs3 (test for excess errors)
UNRESOLVED: gcc.dg/debug/pr37616.c -gstabs3 compilation failed to produce executable
FAIL: gcc.dg/debug/pr37616.c -gstabs3 -O (test for excess errors)
UNRESOLVED: gcc.dg/debug/pr37616.c -gstabs3 -O compilation failed to produce executable
FAIL: gcc.dg/debug/pr37616.c -gstabs3 -O3 (test for excess errors)
UNRESOLVED: gcc.dg/debug/pr37616.c -gstabs3 -O3 compilation failed to produce executable
FAIL: gcc.dg/debug/pr37616.c -gstabs+1 (test for excess errors)
UNRESOLVED: gcc.dg/debug/pr37616.c -gstabs+1 compilation failed to produce executable
FAIL: gcc.dg/debug/pr37616.c -gstabs+1 -O (test for excess errors)
UNRESOLVED: gcc.dg/debug/pr37616.c -gstabs+1 -O compilation failed to produce executable
FAIL: gcc.dg/debug/pr37616.c -gstabs+1 -O3 (test for excess errors)
UNRESOLVED: gcc.dg/debug/pr37616.c -gstabs+1 -O3 compilation failed to produce executable
FAIL: gcc.dg/debug/pr37616.c -gstabs+ (test for excess errors)
UNRESOLVED: gcc.dg/debug/pr37616.c -gstabs+ compilation failed to produce executable
FAIL: gcc.dg/debug/pr37616.c -gstabs+ -O (test for excess errors)
UNRESOLVED: gcc.dg/debug/pr37616.c -gstabs+ -O compilation failed to produce executable
FAIL: gcc.dg/debug/pr37616.c -gstabs+ -O3 (test for excess errors)
UNRESOLVED: gcc.dg/debug/pr37616.c -gstabs+ -O3 compilation failed to produce executable
FAIL: gcc.dg/debug/pr37616.c -gstabs+3 (test for excess errors)
UNRESOLVED: gcc.dg/debug/pr37616.c -gstabs+3 compilation failed to produce executable
FAIL: gcc.dg/debug/pr37616.c -gstabs+3 -O (test for excess errors)
UNRESOLVED: gcc.dg/debug/pr37616.c -gstabs+3 -O compilation failed to produce executable
FAIL: gcc.dg/debug/pr37616.c -gstabs+3 -O3 (test for excess errors)
UNRESOLVED: gcc.dg/debug/pr37616.c -gstabs+3 -O3 compilation failed to produce executable
FAIL: gcc.dg/debug/pr41893-1.c -gstabs1 (test for excess errors)
FAIL: gcc.dg/debug/pr41893-1.c -gstabs1 -O (test for excess errors)
FAIL: gcc.dg/debug/pr41893-1.c -gstabs1 -O3 (test for excess errors)
FAIL: gcc.dg/debug/pr41893-1.c -gstabs (test for excess errors)
FAIL: gcc.dg/debug/pr41893-1.c -gstabs -O (test for excess errors)
FAIL: gcc.dg/debug/pr41893-1.c -gstabs -O3 (test for excess errors)
FAIL: gcc.dg/debug/pr41893-1.c -gstabs3 (test for excess errors)
FAIL: gcc.dg/debug/pr41893-1.c -gstabs3 -O (test for excess errors)
FAIL: gcc.dg/debug/pr41893-1.c -gstabs3 -O3 (test for excess errors)
FAIL: gcc.dg/debug/pr41893-1.c -gstabs+1 (test for excess errors)
FAIL: gcc.dg/debug/pr41893-1.c -gstabs+1 -O (test for excess errors)
FAIL: gcc.dg/debug/pr41893-1.c -gstabs+1 -O3 (test for excess errors)
FAIL: gcc.dg/debug/pr41893-1.c -gstabs+ (test for excess errors)
FAIL: gcc.dg/debug/pr41893-1.c -gstabs+ -O (test for excess errors)
FAIL: gcc.dg/debug/pr41893-1.c -gstabs+ -O3 (test for excess errors)
FAIL: gcc.dg/debug/pr41893-1.c -gstabs+3 (test for excess errors)
FAIL: gcc.dg/debug/pr41893-1.c -gstabs+3 -O (test for excess errors)
FAIL: gcc.dg/debug/pr41893-1.c -gstabs+3 -O3 (test for excess errors)
FAIL: gcc.dg/debug/pr49032.c -gstabs1 (test for excess errors)
FAIL: gcc.dg/debug/pr49032.c -gstabs1 -O (test for excess errors)
FAIL: gcc.dg/debug/pr49032.c -gstabs1 -O3 (test for excess errors)
FAIL: gcc.dg/debug/pr49032.c -gstabs (test for excess errors)
FAIL: gcc.dg/debug/pr49032.c -gstabs -O (test for excess errors)
FAIL: gcc.dg/debug/pr49032.c -gstabs -O3 (test for excess errors)
FAIL: gcc.dg/debug/pr49032.c -gstabs3 (test for excess errors)
FAIL: gcc.dg/debug/pr49032.c -gstabs3 -O (test for excess errors)
FAIL: gcc.dg/debug/pr49032.c -gstabs3 -O3 (test for excess errors)
FAIL: gcc.dg/debug/pr49032.c -gstabs+1 (test for excess errors)
FAIL: gcc.dg/debug/pr49032.c -gstabs+1 -O (test for excess errors)
FAIL: gcc.dg/debug/pr49032.c -gstabs+1 -O3 (test for excess errors)
FAIL: gcc.dg/debug/pr49032.c -gstabs+ (test for excess errors)
FAIL: gcc.dg/debug/pr49032.c -gstabs+ -O (test for excess errors)
FAIL: gcc.dg/debug/pr49032.c -gstabs+ -O3 (test for excess errors)
FAIL: gcc.dg/debug/pr49032.c -gstabs+3 (test for excess errors)
FAIL: gcc.dg/debug/pr49032.c -gstabs+3 -O (test for excess errors)
FAIL: gcc.dg/debug/pr49032.c -gstabs+3 -O3 (test for excess errors)
FAIL: gcc.dg/debug/pr65771.c -gstabs1 (test for excess errors)
FAIL: gcc.dg/debug/pr65771.c -gstabs1 -O (test for excess errors)
FAIL: gcc.dg/debug/pr65771.c -gstabs1 -O3 (test for excess errors)
FAIL: gcc.dg/debug/pr65771.c -gstabs (test for excess errors)
FAIL: gcc.dg/debug/pr65771.c -gstabs -O (test for excess errors)
FAIL: gcc.dg/debug/pr65771.c -gstabs -O3 (test for excess errors)
FAIL: gcc.dg/debug/pr65771.c -gstabs3 (test for excess errors)
FAIL: gcc.dg/debug/pr65771.c -gstabs3 -O (test for excess errors)
FAIL: gcc.dg/debug/pr65771.c -gstabs3 -O3 (test for excess errors)
FAIL: gcc.dg/debug/pr65771.c -gstabs+1 (test for excess errors)
FAIL: gcc.dg/debug/pr65771.c -gstabs+1 -O (test for excess errors)
FAIL: gcc.dg/debug/pr65771.c -gstabs+1 -O3 (test for excess errors)
FAIL: gcc.dg/debug/pr65771.c -gstabs+ (test for excess errors)
FAIL: gcc.dg/debug/pr65771.c -gstabs+ -O (test for excess errors)
FAIL: gcc.dg/debug/pr65771.c -gstabs+ -O3 (test for excess errors)
FAIL: gcc.dg/debug/pr65771.c -gstabs+3 (test for excess errors)
FAIL: gcc.dg/debug/pr65771.c -gstabs+3 -O (test for excess errors)
FAIL: gcc.dg/debug/pr65771.c -gstabs+3 -O3 (test for excess errors)
FAIL: gcc.dg/debug/tls-1.c -gstabs1 (test for excess errors)
FAIL: gcc.dg/debug/tls-1.c -gstabs1 -O (test for excess errors)
FAIL: gcc.dg/debug/tls-1.c -gstabs1 -O3 (test for excess errors)
FAIL: gcc.dg/debug/tls-1.c -gstabs (test for excess errors)
FAIL: gcc.dg/debug/tls-1.c -gstabs -O (test for excess errors)
FAIL: gcc.dg/debug/tls-1.c -gstabs -O3 (test for excess errors)
FAIL: gcc.dg/debug/tls-1.c -gstabs3 (test for excess errors)
FAIL: gcc.dg/debug/tls-1.c -gstabs3 -O (test for excess errors)
FAIL: gcc.dg/debug/tls-1.c -gstabs3 -O3 (test for excess errors)
FAIL: gcc.dg/debug/tls-1.c -gstabs+1 (test for excess errors)
FAIL: gcc.dg/debug/tls-1.c -gstabs+1 -O (test for excess errors)
FAIL: gcc.dg/debug/tls-1.c -gstabs+1 -O3 (test for excess errors)
FAIL: gcc.dg/debug/tls-1.c -gstabs+ (test for excess errors)
FAIL: gcc.dg/debug/tls-1.c -gstabs+ -O (test for excess errors)
FAIL: gcc.dg/debug/tls-1.c -gstabs+ -O3 (test for excess errors)
FAIL: gcc.dg/debug/tls-1.c -gstabs+3 (test for excess errors)
FAIL: gcc.dg/debug/tls-1.c -gstabs+3 -O (test for excess errors)
FAIL: gcc.dg/debug/tls-1.c -gstabs+3 -O3 (test for excess errors)
FAIL: gcc.dg/debug/trivial.c -gstabs1 (test for excess errors)
UNRESOLVED: gcc.dg/debug/trivial.c -gstabs1 compilation failed to produce executable
FAIL: gcc.dg/debug/trivial.c -gstabs1 -O (test for excess errors)
UNRESOLVED: gcc.dg/debug/trivial.c -gstabs1 -O compilation failed to produce executable
FAIL: gcc.dg/debug/trivial.c -gstabs1 -O3 (test for excess errors)
UNRESOLVED: gcc.dg/debug/trivial.c -gstabs1 -O3 compilation failed to produce executable
FAIL: gcc.dg/debug/trivial.c -gstabs (test for excess errors)
UNRESOLVED: gcc.dg/debug/trivial.c -gstabs compilation failed to produce executable
FAIL: gcc.dg/debug/trivial.c -gstabs -O (test for excess errors)
UNRESOLVED: gcc.dg/debug/trivial.c -gstabs -O compilation failed to produce executable
FAIL: gcc.dg/debug/trivial.c -gstabs -O3 (test for excess errors)
UNRESOLVED: gcc.dg/debug/trivial.c -gstabs -O3 compilation failed to produce executable
FAIL: gcc.dg/debug/trivial.c -gstabs3 (test for excess errors)
UNRESOLVED: gcc.dg/debug/trivial.c -gstabs3 compilation failed to produce executable
FAIL: gcc.dg/debug/trivial.c -gstabs3 -O (test for excess errors)
UNRESOLVED: gcc.dg/debug/trivial.c -gstabs3 -O compilation failed to produce executable
FAIL: gcc.dg/debug/trivial.c -gstabs3 -O3 (test for excess errors)
UNRESOLVED: gcc.dg/debug/trivial.c -gstabs3 -O3 compilation failed to produce executable
FAIL: gcc.dg/debug/trivial.c -gstabs+1 (test for excess errors)
UNRESOLVED: gcc.dg/debug/trivial.c -gstabs+1 compilation failed to produce executable
FAIL: gcc.dg/debug/trivial.c -gstabs+1 -O (test for excess errors)
UNRESOLVED: gcc.dg/debug/trivial.c -gstabs+1 -O compilation failed to produce executable
FAIL: gcc.dg/debug/trivial.c -gstabs+1 -O3 (test for excess errors)
UNRESOLVED: gcc.dg/debug/trivial.c -gstabs+1 -O3 compilation failed to produce executable
FAIL: gcc.dg/debug/trivial.c -gstabs+ (test for excess errors)
UNRESOLVED: gcc.dg/debug/trivial.c -gstabs+ compilation failed to produce executable
FAIL: gcc.dg/debug/trivial.c -gstabs+ -O (test for excess errors)
UNRESOLVED: gcc.dg/debug/trivial.c -gstabs+ -O compilation failed to produce executable
FAIL: gcc.dg/debug/trivial.c -gstabs+ -O3 (test for excess errors)
UNRESOLVED: gcc.dg/debug/trivial.c -gstabs+ -O3 compilation failed to produce executable
FAIL: gcc.dg/debug/trivial.c -gstabs+3 (test for excess errors)
UNRESOLVED: gcc.dg/debug/trivial.c -gstabs+3 compilation failed to produce executable
FAIL: gcc.dg/debug/trivial.c -gstabs+3 -O (test for excess errors)
UNRESOLVED: gcc.dg/debug/trivial.c -gstabs+3 -O compilation failed to produce executable
FAIL: gcc.dg/debug/trivial.c -gstabs+3 -O3 (test for excess errors)
UNRESOLVED: gcc.dg/debug/trivial.c -gstabs+3 -O3 compilation failed to produce executable
FAIL: gcc.dg/debug/dwarf2/prod-options.c scan-assembler DW_AT_producer: "GNU C
FAIL: gcc.dg/anon-struct-1.c (test for warnings, line 9)
FAIL: gcc.dg/anon-struct-1.c (test for warnings, line 16)
FAIL: gcc.dg/anon-struct-1.c (test for warnings, line 32)
FAIL: gcc.dg/anon-struct-1.c (test for excess errors)
FAIL: gcc.dg/anon-struct-11.c (test for warnings, line 18)
FAIL: gcc.dg/anon-struct-11.c (test for errors, line 37)
FAIL: gcc.dg/anon-struct-11.c (test for warnings, line 50)
FAIL: gcc.dg/anon-struct-11.c (test for warnings, line 53)
FAIL: gcc.dg/anon-struct-11.c (test for errors, line 88)
FAIL: gcc.dg/anon-struct-11.c (test for errors, line 90)
FAIL: gcc.dg/anon-struct-2.c (test for warnings, line 9)
FAIL: gcc.dg/anon-struct-2.c (test for warnings, line 16)
FAIL: gcc.dg/anon-struct-2.c (test for warnings, line 32)
FAIL: gcc.dg/anon-struct-2.c (test for excess errors)
FAIL: gcc.dg/attr-weakref-1.c (test for excess errors)
UNRESOLVED: gcc.dg/attr-weakref-1.c compilation failed to produce executable
FAIL: gcc.dg/bss.c zero init (test for errors, line 5)
FAIL: gcc.dg/bss.c zero init (test for errors, line 6)
FAIL: gcc.dg/c11-anon-struct-2.c (test for errors, line 14)
FAIL: gcc.dg/c11-anon-struct-2.c (test for errors, line 20)
FAIL: gcc.dg/c11-anon-struct-2.c (test for errors, line 41)
FAIL: gcc.dg/c11-anon-struct-3.c (test for errors, line 19)
FAIL: gcc.dg/c11-anon-struct-3.c (test for errors, line 29)
FAIL: gcc.dg/c99-predef-1.c (test for excess errors)
XPASS: gcc.dg/dll-10.c (test for excess errors)
XPASS: gcc.dg/dll-9.c (test for excess errors)
FAIL: gcc.dg/ira-shrinkwrap-prep-1.c scan-rtl-dump ira "Will split live ranges of parameters"
FAIL: gcc.dg/ira-shrinkwrap-prep-1.c scan-rtl-dump ira "Split live-range of register"
FAIL: gcc.dg/ira-shrinkwrap-prep-1.c scan-rtl-dump pro_and_epilogue "Performing shrink-wrapping"
FAIL: gcc.dg/ira-shrinkwrap-prep-2.c scan-rtl-dump ira "Will split live ranges of parameters"
FAIL: gcc.dg/ira-shrinkwrap-prep-2.c scan-rtl-dump ira "Split live-range of register"
FAIL: gcc.dg/ira-shrinkwrap-prep-2.c scan-rtl-dump pro_and_epilogue "Performing shrink-wrapping"
FAIL: gcc.dg/limits-width-1.c (test for excess errors)
FAIL: gcc.dg/pic-2.c (test for excess errors)
FAIL: gcc.dg/pic-3.c (test for excess errors)
FAIL: gcc.dg/pic-4.c (test for excess errors)
FAIL: gcc.dg/pie-3.c (test for excess errors)
FAIL: gcc.dg/pie-4.c (test for excess errors)
FAIL: gcc.dg/pr10474.c scan-rtl-dump pro_and_epilogue "Performing shrink-wrapping"
FAIL: gcc.dg/pr44194-1.c scan-rtl-dump dse1 "global deletions = (2|3)"
FAIL: gcc.dg/pr50251.c (test for excess errors)
FAIL: gcc.dg/shrink-wrap-loop.c scan-rtl-dump pro_and_epilogue "Performing shrink-wrapping"
FAIL: gcc.dg/sibcall-11.c scan-assembler jmp
FAIL: gcc.dg/stack-usage-1.c scan-file foo\\t(256|264)\\tstatic
FAIL: gcc.dg/trampoline-1.c execution test
FAIL: gcc.dg/uninit-19.c (test for warnings, line 23)
FAIL: gcc.dg/uninit-19.c (test for excess errors)
FAIL: gcc.dg/graphite/scop-19.c scan-tree-dump-times graphite "number of SCoPs: 0" 1
FAIL: gcc.dg/lto/pr50199 c_lto_pr50199_0.o-c_lto_pr50199_0.o execute -O2 -flto -fno-merge-constants --param=lto-min-partition=1
FAIL: gcc.dg/lto/pr60820 c_lto_pr60820_0.o-c_lto_pr60820_1.o link, -flto -r -nostdlib -O2
UNRESOLVED: gcc.dg/lto/pr60820 c_lto_pr60820_0.o-c_lto_pr60820_1.o execute -flto -r -nostdlib -O2
FAIL: largefile.c -O0 -g -I. -Dwith_PCH (test for excess errors)
FAIL: gcc.dg/pch/largefile.c -O0 -g assembly comparison
FAIL: largefile.c -O0 -I. -Dwith_PCH (test for excess errors)
FAIL: gcc.dg/pch/largefile.c -O0 assembly comparison
FAIL: largefile.c -O1 -I. -Dwith_PCH (test for excess errors)
FAIL: gcc.dg/pch/largefile.c -O1 assembly comparison
FAIL: largefile.c -O2 -I. -Dwith_PCH (test for excess errors)
FAIL: gcc.dg/pch/largefile.c -O2 assembly comparison
FAIL: largefile.c -O3 -g -I. -Dwith_PCH (test for excess errors)
FAIL: gcc.dg/pch/largefile.c -O3 -g assembly comparison
FAIL: largefile.c -Os -I. -Dwith_PCH (test for excess errors)
FAIL: gcc.dg/pch/largefile.c -Os assembly comparison
FAIL: gcc.dg/rtl/x86_64/dfinit.c execution test
FAIL: gcc.dg/rtl/x86_64/final.c scan-assembler .cfi_startproc
FAIL: gcc.dg/rtl/x86_64/final.c scan-assembler .cfi_endproc
FAIL: gcc.dg/rtl/x86_64/into-cfglayout.c execution test
FAIL: gcc.dg/rtl/x86_64/ira.c execution test
FAIL: gcc.dg/rtl/x86_64/times-two.c.after-expand.c execution test
FAIL: gcc.dg/rtl/x86_64/vregs.c execution test
FAIL: gcc.dg/tls/thr-cse-1.c scan-assembler-not emutls_get_address.*emutls_get_address.*
FAIL: gcc.dg/torture/pr53922.c -O0 (test for excess errors)
UNRESOLVED: gcc.dg/torture/pr53922.c -O0 compilation failed to produce executable
FAIL: gcc.dg/torture/pr53922.c -O1 (test for excess errors)
UNRESOLVED: gcc.dg/torture/pr53922.c -O1 compilation failed to produce executable
FAIL: gcc.dg/torture/pr53922.c -O2 (test for excess errors)
UNRESOLVED: gcc.dg/torture/pr53922.c -O2 compilation failed to produce executable
FAIL: gcc.dg/torture/pr53922.c -O3 -g (test for excess errors)
UNRESOLVED: gcc.dg/torture/pr53922.c -O3 -g compilation failed to produce executable
FAIL: gcc.dg/torture/pr53922.c -Os (test for excess errors)
UNRESOLVED: gcc.dg/torture/pr53922.c -Os compilation failed to produce executable
FAIL: gcc.dg/torture/pr53922.c -O2 -flto -fno-use-linker-plugin -flto-partition=none (test for excess errors)
UNRESOLVED: gcc.dg/torture/pr53922.c -O2 -flto -fno-use-linker-plugin -flto-partition=none compilation failed to produce executable
FAIL: gcc.dg/torture/pr53922.c -O2 -flto -fuse-linker-plugin -fno-fat-lto-objects (test for excess errors)
UNRESOLVED: gcc.dg/torture/pr53922.c -O2 -flto -fuse-linker-plugin -fno-fat-lto-objects compilation failed to produce executable
FAIL: gcc.dg/torture/pr59330.c -O2 -flto -fuse-linker-plugin -fno-fat-lto-objects (test for excess errors)
UNRESOLVED: gcc.dg/torture/pr59330.c -O2 -flto -fuse-linker-plugin -fno-fat-lto-objects compilation failed to produce executable
FAIL: gcc.dg/torture/pr68037-2.c -O0 execution test
FAIL: gcc.dg/torture/pr68037-3.c -O0 execution test
FAIL: gcc.dg/torture/pr68264.c -O0 execution test
FAIL: gcc.dg/torture/pr68264.c -O1 execution test
FAIL: gcc.dg/torture/pr68264.c -O2 execution test
FAIL: gcc.dg/torture/pr68264.c -O3 -g execution test
FAIL: gcc.dg/torture/pr68264.c -Os execution test
FAIL: gcc.dg/torture/pr68264.c -O2 -flto -fno-use-linker-plugin -flto-partition=none execution test
FAIL: gcc.dg/torture/pr68264.c -O2 -flto -fuse-linker-plugin -fno-fat-lto-objects execution test
FAIL: gcc.dg/torture/pr69613.c -O0 execution test
FAIL: gcc.dg/torture/stackalign/nested-5.c -O0 execution test
FAIL: gcc.dg/torture/stackalign/nested-5.c -O0 -fpic execution test
FAIL: gcc.dg/torture/stackalign/nested-5.c -O1 execution test
FAIL: gcc.dg/torture/stackalign/nested-5.c -O1 -fpic execution test
FAIL: gcc.dg/torture/stackalign/nested-5.c -O2 execution test
FAIL: gcc.dg/torture/stackalign/nested-5.c -O2 -fpic execution test
FAIL: gcc.dg/torture/stackalign/nested-5.c -O3 -g execution test
FAIL: gcc.dg/torture/stackalign/nested-5.c -O3 -g -fpic execution test
FAIL: gcc.dg/torture/stackalign/nested-5.c -Os execution test
FAIL: gcc.dg/torture/stackalign/nested-5.c -Os -fpic execution test
FAIL: gcc.dg/torture/stackalign/nested-5.c -O2 -flto -fno-use-linker-plugin -flto-partition=none execution test
FAIL: gcc.dg/torture/stackalign/nested-5.c -O2 -flto -fno-use-linker-plugin -flto-partition=none -fpic execution test
FAIL: gcc.dg/torture/stackalign/nested-5.c -O2 -flto -fuse-linker-plugin -fno-fat-lto-objects execution test
FAIL: gcc.dg/torture/stackalign/nested-5.c -O2 -flto -fuse-linker-plugin -fno-fat-lto-objects -fpic execution test
FAIL: gcc.dg/torture/stackalign/nested-6.c -O0 execution test
FAIL: gcc.dg/torture/stackalign/nested-6.c -O0 -fpic execution test
FAIL: gcc.dg/torture/stackalign/nested-6.c -O1 execution test
FAIL: gcc.dg/torture/stackalign/nested-6.c -O1 -fpic execution test
FAIL: gcc.dg/torture/stackalign/nested-6.c -O2 execution test
FAIL: gcc.dg/torture/stackalign/nested-6.c -O2 -fpic execution test
FAIL: gcc.dg/torture/stackalign/nested-6.c -O3 -g execution test
FAIL: gcc.dg/torture/stackalign/nested-6.c -O3 -g -fpic execution test
FAIL: gcc.dg/torture/stackalign/nested-6.c -Os execution test
FAIL: gcc.dg/torture/stackalign/nested-6.c -Os -fpic execution test
FAIL: gcc.dg/torture/stackalign/nested-6.c -O2 -flto -fno-use-linker-plugin -flto-partition=none execution test
FAIL: gcc.dg/torture/stackalign/nested-6.c -O2 -flto -fno-use-linker-plugin -flto-partition=none -fpic execution test
FAIL: gcc.dg/torture/stackalign/nested-6.c -O2 -flto -fuse-linker-plugin -fno-fat-lto-objects execution test
FAIL: gcc.dg/torture/stackalign/nested-6.c -O2 -flto -fuse-linker-plugin -fno-fat-lto-objects -fpic execution test
FAIL: gcc.dg/torture/tls/tls-test.c -O0 execution test
FAIL: gcc.dg/torture/tls/tls-test.c -O1 execution test
FAIL: gcc.dg/torture/tls/tls-test.c -O2 execution test
FAIL: gcc.dg/torture/tls/tls-test.c -O3 -g execution test
FAIL: gcc.dg/torture/tls/tls-test.c -Os execution test
FAIL: gcc.dg/torture/tls/tls-test.c -O0 -fpic execution test
FAIL: gcc.dg/torture/tls/tls-test.c -O1 -fpic execution test
FAIL: gcc.dg/torture/tls/tls-test.c -O2 -fpic execution test
FAIL: gcc.dg/torture/tls/tls-test.c -O3 -g -fpic execution test
FAIL: gcc.dg/torture/tls/tls-test.c -Os -fpic execution test
FAIL: gcc.dg/torture/tls/tls-test.c -O0 -fPIC execution test
FAIL: gcc.dg/torture/tls/tls-test.c -O1 -fPIC execution test
FAIL: gcc.dg/torture/tls/tls-test.c -O2 -fPIC execution test
FAIL: gcc.dg/torture/tls/tls-test.c -O3 -g -fPIC execution test
FAIL: gcc.dg/torture/tls/tls-test.c -Os -fPIC execution test
FAIL: gcc.dg/torture/tls/tls-test.c -O2 -flto -fno-use-linker-plugin -flto-partition=none execution test
FAIL: gcc.dg/torture/tls/tls-test.c -O2 -flto -fuse-linker-plugin -fno-fat-lto-objects execution test
FAIL: gcc.dg/tree-prof/section-attr-1.c compilation, -fprofile-generate -D_PROFILE_GENERATE
UNRESOLVED: gcc.dg/tree-prof/section-attr-1.c execution, -fprofile-generate -D_PROFILE_GENERATE
UNRESOLVED: gcc.dg/tree-prof/section-attr-1.c compilation, -fprofile-use -D_PROFILE_USE
UNRESOLVED: gcc.dg/tree-prof/section-attr-1.c execution, -fprofile-use -D_PROFILE_USE
FAIL: gcc.dg/tree-ssa/loop-1.c scan-assembler-times foo 5
FAIL: gcc.dg/tree-ssa/pr56727.c scan-tree-dump optimized "do_not_optimize .0"
XPASS: gcc.dg/tree-ssa/ssa-store-ccp-2.c scan-tree-dump-times optimized "conststaticvariable" 1
FAIL: gcc.dg/tree-ssa/ssa-store-ccp-3.c scan-tree-dump-times optimized "conststaticvariable" 1
FAIL: gcc.dg/tree-ssa/ssa-store-ccp-4.c scan-tree-dump-times optimized "conststaticvariable" 1
FAIL: gcc.dg/tree-ssa/stdarg-2.c scan-tree-dump stdarg "f1: va_list escapes 0, needs to save 0 GPR units and 0 FPR units"
FAIL: gcc.dg/tree-ssa/stdarg-2.c scan-tree-dump stdarg "f2: va_list escapes 0, needs to save [148] GPR units and 0 FPR units"
FAIL: gcc.dg/tree-ssa/stdarg-2.c scan-tree-dump stdarg "f3: va_list escapes 0, needs to save 0 GPR units and [1-9][0-9]* FPR units"
FAIL: gcc.dg/tree-ssa/stdarg-2.c scan-tree-dump stdarg "f6: va_list escapes 0, needs to save (3|12|24) GPR units and 0 FPR units"
FAIL: gcc.dg/tree-ssa/stdarg-2.c scan-tree-dump stdarg "f11: va_list escapes 0, needs to save (3|12|24) GPR units and 0 FPR units"
FAIL: gcc.dg/tree-ssa/stdarg-2.c scan-tree-dump stdarg "f12: va_list escapes 0, needs to save 0 GPR units and [1-9][0-9]* FPR units"
FAIL: gcc.dg/tree-ssa/stdarg-2.c scan-tree-dump stdarg "f13: va_list escapes 0, needs to save 0 GPR units and [1-9][0-9]* FPR units"
FAIL: gcc.dg/tree-ssa/stdarg-2.c scan-tree-dump stdarg "f14: va_list escapes 0, needs to save [148] GPR units and [1-9][0-9]* FPR units"
FAIL: gcc.dg/tree-ssa/stdarg-2.c scan-tree-dump stdarg "f15: va_list escapes 0, needs to save [148] GPR units and [1-9][0-9]* FPR units"
FAIL: gcc.dg/tree-ssa/stdarg-4.c scan-tree-dump stdarg "f1: va_list escapes 0, needs to save all GPR units and 0 FPR units"
FAIL: gcc.dg/tree-ssa/stdarg-4.c scan-tree-dump stdarg "f2: va_list escapes 0, needs to save 0 GPR units and all FPR units"
FAIL: gcc.dg/tree-ssa/stdarg-4.c scan-tree-dump stdarg "f3: va_list escapes 0, needs to save [148] GPR units and 0 FPR units"
FAIL: gcc.dg/tree-ssa/stdarg-4.c scan-tree-dump stdarg "f4: va_list escapes 0, needs to save 0 GPR units and [1-9][0-9]* FPR units"
FAIL: gcc.dg/tree-ssa/stdarg-5.c scan-tree-dump stdarg "f1: va_list escapes 0, needs to save 0 GPR units and 0 FPR units"
FAIL: gcc.dg/tree-ssa/stdarg-5.c scan-tree-dump stdarg "f2: va_list escapes 0, needs to save all GPR units and all FPR units"
FAIL: gcc.dg/tree-ssa/stdarg-5.c scan-tree-dump stdarg "f3: va_list escapes 0, needs to save 0 GPR units and 0 FPR units"
FAIL: gcc.dg/tree-ssa/stdarg-5.c scan-tree-dump stdarg "f4: va_list escapes 0, needs to save 16 GPR units and 16 FPR units"
FAIL: gcc.dg/tree-ssa/stdarg-5.c scan-tree-dump stdarg "f5: va_list escapes 0, needs to save 16 GPR units and 0 FPR units"
FAIL: gcc.dg/tree-ssa/stdarg-5.c scan-tree-dump stdarg "f6: va_list escapes 0, needs to save 8 GPR units and 32 FPR units"
FAIL: gcc.dg/tree-ssa/stdarg-5.c scan-tree-dump stdarg "f7: va_list escapes 0, needs to save 0 GPR units and 64 FPR units"
FAIL: gcc.dg/tree-ssa/tailcall-7-run.c execution test
FAIL: gcc.dg/vect/vect-simd-clone-4.c execution test
FAIL: gcc.dg/vect/vect-simd-clone-4.c -flto -ffat-lto-objects execution test
FAIL: gcc.dg/weak/weak-1.c scan-assembler weak[^ \\t]*[ \\t]_?j
FAIL: gcc.dg/weak/weak-15.c scan-assembler weak[^ \\t]*[ \\t]_?a
FAIL: gcc.dg/weak/weak-16.c scan-assembler weak[^ \\t]*[ \\t]_?kallsyms_token_index
FAIL: gcc.dg/weak/weak-16.c scan-assembler weak[^ \\t]*[ \\t]_?kallsyms_token_table
FAIL: gcc.dg/weak/weak-2.c scan-assembler weak[^ \\t]*[ \\t]_?ffoo1a
FAIL: gcc.dg/weak/weak-2.c scan-assembler weak[^ \\t]*[ \\t]_?ffoo1b
FAIL: gcc.dg/weak/weak-2.c scan-assembler weak[^ \\t]*[ \\t]_?ffoo1c
FAIL: gcc.dg/weak/weak-3.c scan-assembler weak[^ \\t]*[ \\t]_?ffoo1a
FAIL: gcc.dg/weak/weak-3.c scan-assembler weak[^ \\t]*[ \\t]_?ffoo1b
FAIL: gcc.dg/weak/weak-3.c scan-assembler weak[^ \\t]*[ \\t]_?ffoo1c
FAIL: gcc.dg/weak/weak-4.c scan-assembler weak[^ \\t]*[ \\t]_?vfoo1a
FAIL: gcc.dg/weak/weak-4.c scan-assembler weak[^ \\t]*[ \\t]_?vfoo1b
FAIL: gcc.dg/weak/weak-4.c scan-assembler weak[^ \\t]*[ \\t]_?vfoo1c
FAIL: gcc.dg/weak/weak-5.c scan-assembler weak[^ \\t]*[ \\t]_?vfoo1a
FAIL: gcc.dg/weak/weak-5.c scan-assembler weak[^ \\t]*[ \\t]_?vfoo1b
FAIL: gcc.dg/weak/weak-5.c scan-assembler weak[^ \\t]*[ \\t]_?vfoo1c
FAIL: gcc.dg/weak/weak-5.c scan-assembler weak[^ \\t]*[ \\t]_?vfoo1i
FAIL: gcc.dg/weak/weak-5.c scan-assembler weak[^ \\t]*[ \\t]_?vfoo1j
FAIL: gcc.misc-tests/gcov-14.c (test for excess errors)
UNRESOLVED: gcc.misc-tests/gcov-14.c compilation failed to produce executable
FAIL: gcc.misc-tests/gcov-14.c line 20: is #####:should be 1
FAIL: gcc.misc-tests/gcov-14.c line 25: is #####:should be 1
FAIL: gcc.misc-tests/gcov-14.c gcov: 2 failures in line counts, 0 in branch percentages, 0 in return percentages, 0 in intermediate format
FAIL: gcc.target/i386/20060512-1.c execution test
FAIL: gcc.target/i386/abi-2.c scan-assembler-times ymm0 1
FAIL: gcc.target/i386/align-limit.c scan-assembler .p2align 6,,1
FAIL: gcc.target/i386/align-main-1.c (test for excess errors)
UNRESOLVED: gcc.target/i386/align-main-1.c scan-assembler and[lq]?[\\\\t ]*\\\\\$-128,[\\\\t ]*%[re]?sp
UNRESOLVED: gcc.target/i386/align-main-1.c scan-assembler-not and[lq]?[\\\\t ]*\\\\\$-64,[\\\\t ]*%[re]?sp
FAIL: gcc.target/i386/align-main-2.c (test for excess errors)
UNRESOLVED: gcc.target/i386/align-main-2.c scan-assembler and[lq]?[\\\\t ]*\\\\\$-64,[\\\\t ]*%[re]?sp
UNRESOLVED: gcc.target/i386/align-main-2.c scan-assembler-not and[lq]?[\\\\t ]*\\\\\$-128,[\\\\t ]*%[re]?sp
FAIL: gcc.target/i386/amd64-abi-1.c (test for errors, line 5)
FAIL: gcc.target/i386/amd64-abi-2.c (test for errors, line 6)
FAIL: gcc.target/i386/amd64-abi-3.c scan-assembler subq[\\\\t ]*\\\\\$88,[\\\\t ]*%rsp
FAIL: gcc.target/i386/amd64-abi-9.c scan-assembler-times xorl[\\\\t ]*\\\\%eax,[\\\\t ]*%eax 2
FAIL: gcc.target/i386/avx-1.c (test for excess errors)
FAIL: gcc.target/i386/avx-extract-1.c execution test
FAIL: gcc.target/i386/avx-pr57233.c execution test
FAIL: gcc.target/i386/avx-pr63594-2.c execution test
FAIL: gcc.target/i386/avx-set-v16hi-4.c execution test
FAIL: gcc.target/i386/avx-set-v16hi-5.c execution test
FAIL: gcc.target/i386/avx-set-v32qi-4.c execution test
FAIL: gcc.target/i386/avx-set-v32qi-5.c execution test
FAIL: gcc.target/i386/avx-set-v4df-4.c execution test
FAIL: gcc.target/i386/avx-set-v4di-4.c execution test
FAIL: gcc.target/i386/avx-set-v4di-5.c execution test
FAIL: gcc.target/i386/avx-set-v8sf-4.c execution test
FAIL: gcc.target/i386/avx-set-v8si-5.c execution test
FAIL: gcc.target/i386/avx-vextractf128-256-5.c (test for warnings, line 7)
FAIL: gcc.target/i386/avx2-i32gatherpd256-4.c execution test
FAIL: gcc.target/i386/avx2-pr57233.c execution test
FAIL: gcc.target/i386/avx2-pr63594-2.c execution test
FAIL: gcc.target/i386/avx512bw-vpmaddwd-3.c (test for excess errors)
FAIL: gcc.target/i386/avx512bw-vpsraw-3.c (test for excess errors)
FAIL: gcc.target/i386/avx512dq-concatv2di-1.c scan-assembler vpinsrq[^\\n\\r]*\\\\\$1[^\\n\\r]*%rsi[^\\n\\r]*%xmm16[^\\n\\r]*%xmm17
FAIL: gcc.target/i386/avx512dq-concatv2di-1.c scan-assembler vpinsrq[^\\n\\r]*\\\\\$1[^\\n\\r]*%[re]si[^\\n\\r]*%xmm18[^\\n\\r]*%xmm19
FAIL: gcc.target/i386/avx512dq-concatv2di-1.c scan-assembler vmov[dq][^\\n\\r]*%rdi[^\\n\\r]*%xmm20
FAIL: gcc.target/i386/avx512dq-concatv2di-1.c scan-assembler vmovq[^\\n\\r]*%[re]di[^\\n\\r]*%xmm21
FAIL: gcc.target/i386/avx512f-cvt-1.c (test for excess errors)
FAIL: gcc.target/i386/avx512f-rint-sfix-vec-2.c scan-assembler-times vcvtpd2dq[^\\n]+ymm[0-9](?:\\n|[ \\\\t]+#) 2
FAIL: gcc.target/i386/avx512f-rint-sfix-vec-2.c scan-assembler-times vinserti64x4[^\\n]+zmm[0-9](?:\\n|[ \\\\t]+#) 1
FAIL: gcc.target/i386/avx512f-rintf-sfix-vec-2.c scan-assembler-times vcvtps2dq[^\\n]+zmm[0-9](?:\\n|[ \\\\t]+#) 1
FAIL: gcc.target/i386/avx512f-roundf-sfix-vec-2.c scan-assembler-times vrndscaleps[^\\n]+zmm[0-9](?:\\n|[ \\\\t]+#) 1
FAIL: gcc.target/i386/avx512f-roundf-sfix-vec-2.c scan-assembler-times vcvttps2dq[^\\n]+zmm[0-9].{7}(?:\\n|[ \\\\t]+#) 1
FAIL: gcc.target/i386/avx512vl-concatv2di-1.c scan-assembler vmovhps[^\\n\\r]*%[re]si[^\\n\\r]*%xmm18[^\\n\\r]*%xmm19
FAIL: gcc.target/i386/avx512vl-concatv2di-1.c scan-assembler vmov[dq][^\\n\\r]*%rdi[^\\n\\r]*%xmm20
FAIL: gcc.target/i386/avx512vl-concatv2di-1.c scan-assembler vmovq[^\\n\\r]*%[re]di[^\\n\\r]*%xmm21
FAIL: gcc.target/i386/avx512vl-gather-1.c (test for excess errors)
UNRESOLVED: gcc.target/i386/avx512vl-gather-1.c compilation failed to produce executable
FAIL: gcc.target/i386/avx512vl-vbroadcast-3.c scan-assembler-times vbroadcastss[^\\n\\r]*%[re]di[^\\n\\r]*%xmm16 4
FAIL: gcc.target/i386/avx512vl-vbroadcast-3.c scan-assembler-times vbroadcastss[^\\n\\r]*%[re]di[^\\n\\r]*%ymm16 3
FAIL: gcc.target/i386/avx512vl-vcvtps2ph-3.c scan-assembler vcvtps2ph[^\\n\\r]*\\\\\$1[^\\n\\r]*%ymm16[^\\n\\r]*%[re]di
FAIL: gcc.target/i386/avx512vl-vmovq-1.c (test for excess errors)
FAIL: gcc.target/i386/avx512vl-vpsrad-3.c (test for excess errors)
FAIL: gcc.target/i386/avx512vl-vround-2.c (test for excess errors)
UNRESOLVED: gcc.target/i386/avx512vl-vround-2.c compilation failed to produce executable
FAIL: gcc.target/i386/chkp-hidden-def.c scan-assembler-not test.chkp
FAIL: gcc.target/i386/conversion-2.c scan-assembler (ax|di), %xmm1
FAIL: gcc.target/i386/conversion-2.c scan-assembler (ax|di), %xmm3
FAIL: gcc.target/i386/fuse-caller-save-xmm.c scan-assembler-times addpd\\t\\\\.?LC0.*, %xmm0 1
FAIL: gcc.target/i386/fuse-caller-save-xmm.c scan-assembler-times movapd\\t%xmm0, %xmm1 1
FAIL: gcc.target/i386/fuse-caller-save.c scan-assembler-times addl\\t%[re]?d[ix], %[re]?ax 1
FAIL: gcc.target/i386/interrupt-10.c scan-assembler-times and[lq]?[^\\\\n]*-64,[^\\\\n]*sp 1
FAIL: gcc.target/i386/interrupt-9.c scan-assembler-times and[lq]?[^\\\\n]*-64,[^\\\\n]*sp 1
FAIL: gcc.target/i386/interrupt-redzone-1.c scan-assembler-not (sub|add)(l|q)[\\\\t ]*\\\\\$[0-9]*,[\\\\t ]*%[re]?sp
FAIL: gcc.target/i386/m256-1.c execution test
FAIL: gcc.target/i386/m256-2.c execution test
FAIL: gcc.target/i386/memcpy-strategy-3.c scan-assembler-times memcpy 2
FAIL: gcc.target/i386/memset-strategy-1.c scan-assembler-times memset 2
FAIL: gcc.target/i386/merge-1.c scan-assembler-times movsd 1
FAIL: gcc.target/i386/movti.c scan-assembler-not movabs
FAIL: gcc.target/i386/pad-1.c scan-assembler rep
FAIL: gcc.target/i386/pad-2.c scan-assembler-times nop 8
FAIL: gcc.target/i386/pad-5b.c scan-assembler-times nop 4
FAIL: gcc.target/i386/pad-6b.c scan-assembler-times nop 6
FAIL: gcc.target/i386/pad-8.c scan-assembler-times nop 6
FAIL: gcc.target/i386/pad-9.c scan-assembler-times nop 4
FAIL: gcc.target/i386/pieces-memcpy-1.c scan-assembler-times movdqu[ \\\\t]+[^\\n]*%xmm 4
FAIL: gcc.target/i386/pieces-memcpy-1.c scan-assembler-times movups[ \\\\t]+[^\\n]*%xmm 4
FAIL: gcc.target/i386/pieces-memcpy-2.c scan-assembler-times movdqu[ \\\\t]+[^\\n]*%xmm 2
FAIL: gcc.target/i386/pieces-memcpy-2.c scan-assembler-times movups[ \\\\t]+[^\\n]*%xmm 2
FAIL: gcc.target/i386/pieces-memcpy-3.c scan-assembler-times movdqu[ \\\\t]+[^\\n]*%xmm 1
FAIL: gcc.target/i386/pieces-memcpy-3.c scan-assembler-times movups[ \\\\t]+[^\\n]*%xmm 1
FAIL: gcc.target/i386/pieces-memcpy-4.c scan-assembler-times vmovdqu[ \\\\t]+[^\\n]*%xmm 1
FAIL: gcc.target/i386/pieces-memcpy-4.c scan-assembler-times vmovups[ \\\\t]+[^\\n]*%xmm 1
FAIL: gcc.target/i386/pieces-memcpy-5.c scan-assembler-times vmovdqu[ \\\\t]+[^\\n]*%xmm 1
FAIL: gcc.target/i386/pieces-memcpy-5.c scan-assembler-times vmovups[ \\\\t]+[^\\n]*%xmm 1
FAIL: gcc.target/i386/pieces-memcpy-6.c scan-assembler-times vmovdqu[ \\\\t]+[^\\n]*%xmm 2
FAIL: gcc.target/i386/pieces-memcpy-6.c scan-assembler-times vmovups[ \\\\t]+[^\\n]*%xmm 2
FAIL: gcc.target/i386/pieces-strcpy-1.c scan-assembler-times movdqa[ \\\\t]+[^\\n]*%xmm 4
FAIL: gcc.target/i386/pieces-strcpy-1.c scan-assembler-times movups[ \\\\t]+[^\\n]*%xmm 4
FAIL: gcc.target/i386/pieces-strcpy-2.c scan-assembler-times vmovdqa[ \\\\t]+[^\\n]*%xmm 4
FAIL: gcc.target/i386/pieces-strcpy-2.c scan-assembler-times vmovups[ \\\\t]+[^\\n]*%xmm 4
FAIL: gcc.target/i386/pr20020-1.c scan-rtl-dump expand "\\\\(set \\\\(reg:TI [0-9]* \\\\[ <retval> \\\\]\\\\)"
FAIL: gcc.target/i386/pr20020-1.c scan-rtl-dump expand "\\\\(set \\\\(reg/i:TI 0 ax\\\\)"
FAIL: gcc.target/i386/pr20020-2.c scan-rtl-dump expand "\\\\(set \\\\(reg:TI [0-9]*"
FAIL: gcc.target/i386/pr22152.c scan-assembler-times movq[ \\\\t]+[^\\n]*%mm 1
FAIL: gcc.target/i386/pr24414.c (test for excess errors)
UNRESOLVED: gcc.target/i386/pr24414.c compilation failed to produce executable
FAIL: gcc.target/i386/pr25993.c (test for excess errors)
FAIL: gcc.target/i386/pr34256.c scan-assembler-times mov 4
FAIL: gcc.target/i386/pr35767-4.c scan-assembler movdqa
FAIL: gcc.target/i386/pr36222-1.c scan-assembler-not movdqa
FAIL: gcc.target/i386/pr39082-1.c (test for warnings, line 16)
FAIL: gcc.target/i386/pr39162.c (test for warnings, line 11)
FAIL: gcc.target/i386/pr39315-3.c scan-assembler and[lq]?[\\\\t ]*\\\\\$-128,[\\\\t ]*%[re]?sp
FAIL: gcc.target/i386/pr39545-1.c (test for warnings, line 20)
FAIL: gcc.target/i386/pr39545-2.c (test for warnings, line 14)
FAIL: gcc.target/i386/pr39678.c (test for warnings, line 13)
FAIL: gcc.target/i386/pr44130.c scan-assembler and[lq]?[\\\\t ]*\\\\\$-32,[\\\\t ]*%[re]?sp
FAIL: gcc.target/i386/pr44130.c scan-assembler vmovaps[\\\\t ]*%ymm
FAIL: gcc.target/i386/pr45336-1.c scan-assembler pextrd
FAIL: gcc.target/i386/pr45336-2.c scan-assembler pextrd
FAIL: gcc.target/i386/pr45336-3.c scan-assembler pextrb
FAIL: gcc.target/i386/pr45336-3.c scan-assembler pextrw
FAIL: gcc.target/i386/pr45336-3.c scan-assembler pextrd
FAIL: gcc.target/i386/pr45336-4.c scan-assembler pextrb
FAIL: gcc.target/i386/pr45336-4.c scan-assembler pextrw
FAIL: gcc.target/i386/pr45336-4.c scan-assembler pextrd
FAIL: gcc.target/i386/pr46470.c scan-assembler-not sp
FAIL: gcc.target/i386/pr53425-1.c (test for warnings, line 14)
FAIL: gcc.target/i386/pr53425-2.c (test for warnings, line 14)
FAIL: gcc.target/i386/pr55093.c (internal compiler error)
FAIL: gcc.target/i386/pr55093.c (test for excess errors)
FAIL: gcc.target/i386/pr57655.c (test for errors, line 8)
FAIL: gcc.target/i386/pr59021.c scan-assembler-not vzeroupper
FAIL: gcc.target/i386/pr59501-1.c (test for excess errors)
FAIL: gcc.target/i386/pr59501-1.c execution test
FAIL: gcc.target/i386/pr59501-1a.c (test for excess errors)
FAIL: gcc.target/i386/pr59501-1a.c scan-assembler-not r10
FAIL: gcc.target/i386/pr59501-2.c execution test
FAIL: gcc.target/i386/pr59501-2a.c scan-assembler-not r10
FAIL: gcc.target/i386/pr59501-3.c (test for excess errors)
FAIL: gcc.target/i386/pr59501-3.c execution test
FAIL: gcc.target/i386/pr59501-3a.c (test for excess errors)
FAIL: gcc.target/i386/pr59501-4.c execution test
XPASS: gcc.target/i386/pr59501-4a.c scan-assembler-not and[^\\n\\r]*sp
FAIL: gcc.target/i386/pr59501-5.c (test for excess errors)
FAIL: gcc.target/i386/pr59501-5.c execution test
FAIL: gcc.target/i386/pr59501-6.c execution test
FAIL: gcc.target/i386/pr59794-2.c (test for warnings, line 15)
FAIL: gcc.target/i386/pr59794-3.c (test for warnings, line 15)
FAIL: gcc.target/i386/pr59794-6.c (test for errors, line 12)
FAIL: gcc.target/i386/pr59929.c (test for excess errors)
FAIL: gcc.target/i386/pr60205-1.c (test for warnings, line 15)
FAIL: gcc.target/i386/pr61599-1.c (test for excess errors)
UNRESOLVED: gcc.target/i386/pr61599-1.c compilation failed to produce executable
FAIL: gcc.target/i386/pr63538.c scan-assembler movabs
FAIL: gcc.target/i386/pr66470.c (internal compiler error)
FAIL: gcc.target/i386/pr66470.c (test for excess errors)
FAIL: gcc.target/i386/pr68473-1.c (test for errors, line 14)
FAIL: gcc.target/i386/pr68473-1.c expected multiline pattern lines 18-19 not found: "\\s*TEST_EQ \\(fmin\\);.*\\n \\^\\n"
FAIL: gcc.target/i386/pr68473-1.c expected multiline pattern lines 23-24 not found: " if \\(\\(long\\)FUNC##l\\(xl,xl\\) != \\(long\\)xl\\) \\\\.*\\n \\^~~~\\n"
FAIL: gcc.target/i386/pr68657.c (test for errors, line 6)
FAIL: gcc.target/i386/pr68657.c (test for warnings, line 6)
FAIL: gcc.target/i386/pr68674.c (test for excess errors)
FAIL: gcc.target/i386/pr68701-1.c (test for warnings, line )
FAIL: gcc.target/i386/pr68701-1.c (test for excess errors)
FAIL: gcc.target/i386/pr68701-2.c (test for warnings, line )
FAIL: gcc.target/i386/pr68701-2.c (test for excess errors)
FAIL: gcc.target/i386/pr68961.c scan-assembler-not mov
FAIL: gcc.target/i386/pr69255-1.c (test for warnings, line 15)
FAIL: gcc.target/i386/pr69255-2.c (test for warnings, line 15)
FAIL: gcc.target/i386/pr69255-3.c (test for warnings, line 15)
FAIL: gcc.target/i386/pr69577.c execution test
FAIL: gcc.target/i386/pr70155-1.c scan-assembler-times movv1ti_internal 2
FAIL: gcc.target/i386/pr70155-15.c scan-assembler-times movv1ti_internal 2
FAIL: gcc.target/i386/pr70155-17.c scan-assembler-times movv1ti_internal 8
FAIL: gcc.target/i386/pr70155-18.c scan-assembler-times movv1ti_internal 2
FAIL: gcc.target/i386/pr70155-19.c scan-assembler-times movv1ti_internal 2
FAIL: gcc.target/i386/pr70155-2.c scan-assembler-times movv1ti_internal 2
FAIL: gcc.target/i386/pr70155-22.c scan-assembler-times movv1ti_internal 2
FAIL: gcc.target/i386/pr70155-3.c scan-assembler-times movv1ti_internal 2
FAIL: gcc.target/i386/pr70155-4.c scan-assembler-times movv1ti_internal 2
FAIL: gcc.target/i386/pr70155-5.c scan-assembler-times movv1ti_internal 2
FAIL: gcc.target/i386/pr70155-6.c scan-assembler-times movv1ti_internal 2
FAIL: gcc.target/i386/pr70155-7.c scan-assembler-times movv1ti_internal 2
FAIL: gcc.target/i386/pr70155-8.c scan-assembler-times movv1ti_internal 2
FAIL: gcc.target/i386/pr70453.c (test for excess errors)
FAIL: gcc.target/i386/pr70467-4.c scan-assembler-not mov[lq][ \\t]*.[0-9-]
FAIL: gcc.target/i386/pr70662.c (test for excess errors)
FAIL: gcc.target/i386/pr70738-1.c (test for errors, line 7)
FAIL: gcc.target/i386/pr70738-1.c (test for excess errors)
FAIL: gcc.target/i386/pr70738-3.c (test for warnings, line 8)
FAIL: gcc.target/i386/pr70738-5.c (test for errors, line 14)
FAIL: gcc.target/i386/pr70738-6.c (test for errors, line 9)
FAIL: gcc.target/i386/shrink_wrap_1.c scan-rtl-dump pro_and_epilogue "Performing shrink-wrapping"
FAIL: gcc.target/i386/sse2-load-multi.c scan-assembler-times movup 2
FAIL: gcc.target/i386/sse2-store-multi.c scan-assembler-times movup 2
FAIL: gcc.target/i386/sw-1.c scan-rtl-dump pro_and_epilogue "Performing shrink-wrapping"
FAIL: gcc.target/i386/vararg-10.c execution test
FAIL: gcc.target/i386/vararg-5.c execution test
FAIL: gcc.target/i386/vararg-6.c execution test
FAIL: gcc.target/i386/vararg-9.c execution test
FAIL: gcc.target/x86_64/abi/test_3_element_struct_and_unions.c compilation, -O0
UNRESOLVED: gcc.target/x86_64/abi/test_3_element_struct_and_unions.c execution, -O0
FAIL: gcc.target/x86_64/abi/test_3_element_struct_and_unions.c compilation, -O1
UNRESOLVED: gcc.target/x86_64/abi/test_3_element_struct_and_unions.c execution, -O1
FAIL: gcc.target/x86_64/abi/test_3_element_struct_and_unions.c compilation, -O2
UNRESOLVED: gcc.target/x86_64/abi/test_3_element_struct_and_unions.c execution, -O2
FAIL: gcc.target/x86_64/abi/test_3_element_struct_and_unions.c compilation, -O3 -g
UNRESOLVED: gcc.target/x86_64/abi/test_3_element_struct_and_unions.c execution, -O3 -g
FAIL: gcc.target/x86_64/abi/test_3_element_struct_and_unions.c compilation, -Os
UNRESOLVED: gcc.target/x86_64/abi/test_3_element_struct_and_unions.c execution, -Os
FAIL: gcc.target/x86_64/abi/test_3_element_struct_and_unions.c compilation, -Og -g
UNRESOLVED: gcc.target/x86_64/abi/test_3_element_struct_and_unions.c execution, -Og -g
FAIL: gcc.target/x86_64/abi/test_basic_alignment.c compilation, -O0
UNRESOLVED: gcc.target/x86_64/abi/test_basic_alignment.c execution, -O0
FAIL: gcc.target/x86_64/abi/test_basic_alignment.c compilation, -O1
UNRESOLVED: gcc.target/x86_64/abi/test_basic_alignment.c execution, -O1
FAIL: gcc.target/x86_64/abi/test_basic_alignment.c compilation, -O2
UNRESOLVED: gcc.target/x86_64/abi/test_basic_alignment.c execution, -O2
FAIL: gcc.target/x86_64/abi/test_basic_alignment.c compilation, -O3 -g
UNRESOLVED: gcc.target/x86_64/abi/test_basic_alignment.c execution, -O3 -g
FAIL: gcc.target/x86_64/abi/test_basic_alignment.c compilation, -Os
UNRESOLVED: gcc.target/x86_64/abi/test_basic_alignment.c execution, -Os
FAIL: gcc.target/x86_64/abi/test_basic_alignment.c compilation, -Og -g
UNRESOLVED: gcc.target/x86_64/abi/test_basic_alignment.c execution, -Og -g
FAIL: gcc.target/x86_64/abi/test_basic_array_size_and_align.c compilation, -O0
UNRESOLVED: gcc.target/x86_64/abi/test_basic_array_size_and_align.c execution, -O0
FAIL: gcc.target/x86_64/abi/test_basic_array_size_and_align.c compilation, -O1
UNRESOLVED: gcc.target/x86_64/abi/test_basic_array_size_and_align.c execution, -O1
FAIL: gcc.target/x86_64/abi/test_basic_array_size_and_align.c compilation, -O2
UNRESOLVED: gcc.target/x86_64/abi/test_basic_array_size_and_align.c execution, -O2
FAIL: gcc.target/x86_64/abi/test_basic_array_size_and_align.c compilation, -O3 -g
UNRESOLVED: gcc.target/x86_64/abi/test_basic_array_size_and_align.c execution, -O3 -g
FAIL: gcc.target/x86_64/abi/test_basic_array_size_and_align.c compilation, -Os
UNRESOLVED: gcc.target/x86_64/abi/test_basic_array_size_and_align.c execution, -Os
FAIL: gcc.target/x86_64/abi/test_basic_array_size_and_align.c compilation, -Og -g
UNRESOLVED: gcc.target/x86_64/abi/test_basic_array_size_and_align.c execution, -Og -g
FAIL: gcc.target/x86_64/abi/test_basic_returning.c compilation, -O0
UNRESOLVED: gcc.target/x86_64/abi/test_basic_returning.c execution, -O0
FAIL: gcc.target/x86_64/abi/test_basic_returning.c compilation, -O1
UNRESOLVED: gcc.target/x86_64/abi/test_basic_returning.c execution, -O1
FAIL: gcc.target/x86_64/abi/test_basic_returning.c compilation, -O2
UNRESOLVED: gcc.target/x86_64/abi/test_basic_returning.c execution, -O2
FAIL: gcc.target/x86_64/abi/test_basic_returning.c compilation, -O3 -g
UNRESOLVED: gcc.target/x86_64/abi/test_basic_returning.c execution, -O3 -g
FAIL: gcc.target/x86_64/abi/test_basic_returning.c compilation, -Os
UNRESOLVED: gcc.target/x86_64/abi/test_basic_returning.c execution, -Os
FAIL: gcc.target/x86_64/abi/test_basic_returning.c compilation, -Og -g
UNRESOLVED: gcc.target/x86_64/abi/test_basic_returning.c execution, -Og -g
FAIL: gcc.target/x86_64/abi/test_basic_sizes.c compilation, -O0
UNRESOLVED: gcc.target/x86_64/abi/test_basic_sizes.c execution, -O0
FAIL: gcc.target/x86_64/abi/test_basic_sizes.c compilation, -O1
UNRESOLVED: gcc.target/x86_64/abi/test_basic_sizes.c execution, -O1
FAIL: gcc.target/x86_64/abi/test_basic_sizes.c compilation, -O2
UNRESOLVED: gcc.target/x86_64/abi/test_basic_sizes.c execution, -O2
FAIL: gcc.target/x86_64/abi/test_basic_sizes.c compilation, -O3 -g
UNRESOLVED: gcc.target/x86_64/abi/test_basic_sizes.c execution, -O3 -g
FAIL: gcc.target/x86_64/abi/test_basic_sizes.c compilation, -Os
UNRESOLVED: gcc.target/x86_64/abi/test_basic_sizes.c execution, -Os
FAIL: gcc.target/x86_64/abi/test_basic_sizes.c compilation, -Og -g
UNRESOLVED: gcc.target/x86_64/abi/test_basic_sizes.c execution, -Og -g
FAIL: gcc.target/x86_64/abi/test_basic_struct_size_and_align.c compilation, -O0
UNRESOLVED: gcc.target/x86_64/abi/test_basic_struct_size_and_align.c execution, -O0
FAIL: gcc.target/x86_64/abi/test_basic_struct_size_and_align.c compilation, -O1
UNRESOLVED: gcc.target/x86_64/abi/test_basic_struct_size_and_align.c execution, -O1
FAIL: gcc.target/x86_64/abi/test_basic_struct_size_and_align.c compilation, -O2
UNRESOLVED: gcc.target/x86_64/abi/test_basic_struct_size_and_align.c execution, -O2
FAIL: gcc.target/x86_64/abi/test_basic_struct_size_and_align.c compilation, -O3 -g
UNRESOLVED: gcc.target/x86_64/abi/test_basic_struct_size_and_align.c execution, -O3 -g
FAIL: gcc.target/x86_64/abi/test_basic_struct_size_and_align.c compilation, -Os
UNRESOLVED: gcc.target/x86_64/abi/test_basic_struct_size_and_align.c execution, -Os
FAIL: gcc.target/x86_64/abi/test_basic_struct_size_and_align.c compilation, -Og -g
UNRESOLVED: gcc.target/x86_64/abi/test_basic_struct_size_and_align.c execution, -Og -g
FAIL: gcc.target/x86_64/abi/test_basic_union_size_and_align.c compilation, -O0
UNRESOLVED: gcc.target/x86_64/abi/test_basic_union_size_and_align.c execution, -O0
FAIL: gcc.target/x86_64/abi/test_basic_union_size_and_align.c compilation, -O1
UNRESOLVED: gcc.target/x86_64/abi/test_basic_union_size_and_align.c execution, -O1
FAIL: gcc.target/x86_64/abi/test_basic_union_size_and_align.c compilation, -O2
UNRESOLVED: gcc.target/x86_64/abi/test_basic_union_size_and_align.c execution, -O2
FAIL: gcc.target/x86_64/abi/test_basic_union_size_and_align.c compilation, -O3 -g
UNRESOLVED: gcc.target/x86_64/abi/test_basic_union_size_and_align.c execution, -O3 -g
FAIL: gcc.target/x86_64/abi/test_basic_union_size_and_align.c compilation, -Os
UNRESOLVED: gcc.target/x86_64/abi/test_basic_union_size_and_align.c execution, -Os
FAIL: gcc.target/x86_64/abi/test_basic_union_size_and_align.c compilation, -Og -g
UNRESOLVED: gcc.target/x86_64/abi/test_basic_union_size_and_align.c execution, -Og -g
FAIL: gcc.target/x86_64/abi/test_bitfields.c compilation, -O0
UNRESOLVED: gcc.target/x86_64/abi/test_bitfields.c execution, -O0
FAIL: gcc.target/x86_64/abi/test_bitfields.c compilation, -O1
UNRESOLVED: gcc.target/x86_64/abi/test_bitfields.c execution, -O1
FAIL: gcc.target/x86_64/abi/test_bitfields.c compilation, -O2
UNRESOLVED: gcc.target/x86_64/abi/test_bitfields.c execution, -O2
FAIL: gcc.target/x86_64/abi/test_bitfields.c compilation, -O3 -g
UNRESOLVED: gcc.target/x86_64/abi/test_bitfields.c execution, -O3 -g
FAIL: gcc.target/x86_64/abi/test_bitfields.c compilation, -Os
UNRESOLVED: gcc.target/x86_64/abi/test_bitfields.c execution, -Os
FAIL: gcc.target/x86_64/abi/test_bitfields.c compilation, -Og -g
UNRESOLVED: gcc.target/x86_64/abi/test_bitfields.c execution, -Og -g
FAIL: gcc.target/x86_64/abi/test_complex_returning.c compilation, -O0
UNRESOLVED: gcc.target/x86_64/abi/test_complex_returning.c execution, -O0
FAIL: gcc.target/x86_64/abi/test_complex_returning.c compilation, -O1
UNRESOLVED: gcc.target/x86_64/abi/test_complex_returning.c execution, -O1
FAIL: gcc.target/x86_64/abi/test_complex_returning.c compilation, -O2
UNRESOLVED: gcc.target/x86_64/abi/test_complex_returning.c execution, -O2
FAIL: gcc.target/x86_64/abi/test_complex_returning.c compilation, -O3 -g
UNRESOLVED: gcc.target/x86_64/abi/test_complex_returning.c execution, -O3 -g
FAIL: gcc.target/x86_64/abi/test_complex_returning.c compilation, -Os
UNRESOLVED: gcc.target/x86_64/abi/test_complex_returning.c execution, -Os
FAIL: gcc.target/x86_64/abi/test_complex_returning.c compilation, -Og -g
UNRESOLVED: gcc.target/x86_64/abi/test_complex_returning.c execution, -Og -g
FAIL: gcc.target/x86_64/abi/test_m64m128_returning.c compilation, -O0
UNRESOLVED: gcc.target/x86_64/abi/test_m64m128_returning.c execution, -O0
FAIL: gcc.target/x86_64/abi/test_m64m128_returning.c compilation, -O1
UNRESOLVED: gcc.target/x86_64/abi/test_m64m128_returning.c execution, -O1
FAIL: gcc.target/x86_64/abi/test_m64m128_returning.c compilation, -O2
UNRESOLVED: gcc.target/x86_64/abi/test_m64m128_returning.c execution, -O2
FAIL: gcc.target/x86_64/abi/test_m64m128_returning.c compilation, -O3 -g
UNRESOLVED: gcc.target/x86_64/abi/test_m64m128_returning.c execution, -O3 -g
FAIL: gcc.target/x86_64/abi/test_m64m128_returning.c compilation, -Os
UNRESOLVED: gcc.target/x86_64/abi/test_m64m128_returning.c execution, -Os
FAIL: gcc.target/x86_64/abi/test_m64m128_returning.c compilation, -Og -g
UNRESOLVED: gcc.target/x86_64/abi/test_m64m128_returning.c execution, -Og -g
FAIL: gcc.target/x86_64/abi/test_passing_floats.c compilation, -O0
UNRESOLVED: gcc.target/x86_64/abi/test_passing_floats.c execution, -O0
FAIL: gcc.target/x86_64/abi/test_passing_floats.c compilation, -O1
UNRESOLVED: gcc.target/x86_64/abi/test_passing_floats.c execution, -O1
FAIL: gcc.target/x86_64/abi/test_passing_floats.c compilation, -O2
UNRESOLVED: gcc.target/x86_64/abi/test_passing_floats.c execution, -O2
FAIL: gcc.target/x86_64/abi/test_passing_floats.c compilation, -O3 -g
UNRESOLVED: gcc.target/x86_64/abi/test_passing_floats.c execution, -O3 -g
FAIL: gcc.target/x86_64/abi/test_passing_floats.c compilation, -Os
UNRESOLVED: gcc.target/x86_64/abi/test_passing_floats.c execution, -Os
FAIL: gcc.target/x86_64/abi/test_passing_floats.c compilation, -Og -g
UNRESOLVED: gcc.target/x86_64/abi/test_passing_floats.c execution, -Og -g
FAIL: gcc.target/x86_64/abi/test_passing_integers.c compilation, -O0
UNRESOLVED: gcc.target/x86_64/abi/test_passing_integers.c execution, -O0
FAIL: gcc.target/x86_64/abi/test_passing_integers.c compilation, -O1
UNRESOLVED: gcc.target/x86_64/abi/test_passing_integers.c execution, -O1
FAIL: gcc.target/x86_64/abi/test_passing_integers.c compilation, -O2
UNRESOLVED: gcc.target/x86_64/abi/test_passing_integers.c execution, -O2
FAIL: gcc.target/x86_64/abi/test_passing_integers.c compilation, -O3 -g
UNRESOLVED: gcc.target/x86_64/abi/test_passing_integers.c execution, -O3 -g
FAIL: gcc.target/x86_64/abi/test_passing_integers.c compilation, -Os
UNRESOLVED: gcc.target/x86_64/abi/test_passing_integers.c execution, -Os
FAIL: gcc.target/x86_64/abi/test_passing_integers.c compilation, -Og -g
UNRESOLVED: gcc.target/x86_64/abi/test_passing_integers.c execution, -Og -g
FAIL: gcc.target/x86_64/abi/test_passing_m64m128.c compilation, -O0
UNRESOLVED: gcc.target/x86_64/abi/test_passing_m64m128.c execution, -O0
FAIL: gcc.target/x86_64/abi/test_passing_m64m128.c compilation, -O1
UNRESOLVED: gcc.target/x86_64/abi/test_passing_m64m128.c execution, -O1
FAIL: gcc.target/x86_64/abi/test_passing_m64m128.c compilation, -O2
UNRESOLVED: gcc.target/x86_64/abi/test_passing_m64m128.c execution, -O2
FAIL: gcc.target/x86_64/abi/test_passing_m64m128.c compilation, -O3 -fomit-frame-pointer -funroll-loops -fpeel-loops -ftracer -finline-functions
UNRESOLVED: gcc.target/x86_64/abi/test_passing_m64m128.c execution, -O3 -fomit-frame-pointer -funroll-loops -fpeel-loops -ftracer -finline-functions
FAIL: gcc.target/x86_64/abi/test_passing_m64m128.c compilation, -O3 -g
UNRESOLVED: gcc.target/x86_64/abi/test_passing_m64m128.c execution, -O3 -g
FAIL: gcc.target/x86_64/abi/test_passing_m64m128.c compilation, -Os
UNRESOLVED: gcc.target/x86_64/abi/test_passing_m64m128.c execution, -Os
FAIL: gcc.target/x86_64/abi/test_passing_m64m128.c compilation, -Og -g
UNRESOLVED: gcc.target/x86_64/abi/test_passing_m64m128.c execution, -Og -g
FAIL: gcc.target/x86_64/abi/test_passing_structs.c compilation, -O0
UNRESOLVED: gcc.target/x86_64/abi/test_passing_structs.c execution, -O0
FAIL: gcc.target/x86_64/abi/test_passing_structs.c compilation, -O1
UNRESOLVED: gcc.target/x86_64/abi/test_passing_structs.c execution, -O1
FAIL: gcc.target/x86_64/abi/test_passing_structs.c compilation, -O2
UNRESOLVED: gcc.target/x86_64/abi/test_passing_structs.c execution, -O2
FAIL: gcc.target/x86_64/abi/test_passing_structs.c compilation, -O3 -fomit-frame-pointer -funroll-loops -fpeel-loops -ftracer -finline-functions
UNRESOLVED: gcc.target/x86_64/abi/test_passing_structs.c execution, -O3 -fomit-frame-pointer -funroll-loops -fpeel-loops -ftracer -finline-functions
FAIL: gcc.target/x86_64/abi/test_passing_structs.c compilation, -O3 -g
UNRESOLVED: gcc.target/x86_64/abi/test_passing_structs.c execution, -O3 -g
FAIL: gcc.target/x86_64/abi/test_passing_structs.c compilation, -Os
UNRESOLVED: gcc.target/x86_64/abi/test_passing_structs.c execution, -Os
FAIL: gcc.target/x86_64/abi/test_passing_structs.c compilation, -Og -g
UNRESOLVED: gcc.target/x86_64/abi/test_passing_structs.c execution, -Og -g
FAIL: gcc.target/x86_64/abi/test_passing_structs_and_unions.c compilation, -O0
UNRESOLVED: gcc.target/x86_64/abi/test_passing_structs_and_unions.c execution, -O0
FAIL: gcc.target/x86_64/abi/test_passing_structs_and_unions.c compilation, -O1
UNRESOLVED: gcc.target/x86_64/abi/test_passing_structs_and_unions.c execution, -O1
FAIL: gcc.target/x86_64/abi/test_passing_structs_and_unions.c compilation, -O2
UNRESOLVED: gcc.target/x86_64/abi/test_passing_structs_and_unions.c execution, -O2
FAIL: gcc.target/x86_64/abi/test_passing_structs_and_unions.c compilation, -O3 -g
UNRESOLVED: gcc.target/x86_64/abi/test_passing_structs_and_unions.c execution, -O3 -g
FAIL: gcc.target/x86_64/abi/test_passing_structs_and_unions.c compilation, -Os
UNRESOLVED: gcc.target/x86_64/abi/test_passing_structs_and_unions.c execution, -Os
FAIL: gcc.target/x86_64/abi/test_passing_structs_and_unions.c compilation, -Og -g
UNRESOLVED: gcc.target/x86_64/abi/test_passing_structs_and_unions.c execution, -Og -g
FAIL: gcc.target/x86_64/abi/test_passing_unions.c compilation, -O0
UNRESOLVED: gcc.target/x86_64/abi/test_passing_unions.c execution, -O0
FAIL: gcc.target/x86_64/abi/test_passing_unions.c compilation, -O1
UNRESOLVED: gcc.target/x86_64/abi/test_passing_unions.c execution, -O1
FAIL: gcc.target/x86_64/abi/test_passing_unions.c compilation, -O2
UNRESOLVED: gcc.target/x86_64/abi/test_passing_unions.c execution, -O2
FAIL: gcc.target/x86_64/abi/test_passing_unions.c compilation, -O3 -fomit-frame-pointer -funroll-loops -fpeel-loops -ftracer -finline-functions
UNRESOLVED: gcc.target/x86_64/abi/test_passing_unions.c execution, -O3 -fomit-frame-pointer -funroll-loops -fpeel-loops -ftracer -finline-functions
FAIL: gcc.target/x86_64/abi/test_passing_unions.c compilation, -O3 -g
UNRESOLVED: gcc.target/x86_64/abi/test_passing_unions.c execution, -O3 -g
FAIL: gcc.target/x86_64/abi/test_passing_unions.c compilation, -Os
UNRESOLVED: gcc.target/x86_64/abi/test_passing_unions.c execution, -Os
FAIL: gcc.target/x86_64/abi/test_passing_unions.c compilation, -Og -g
UNRESOLVED: gcc.target/x86_64/abi/test_passing_unions.c execution, -Og -g
FAIL: gcc.target/x86_64/abi/test_struct_returning.c compilation, -O0
UNRESOLVED: gcc.target/x86_64/abi/test_struct_returning.c execution, -O0
FAIL: gcc.target/x86_64/abi/test_struct_returning.c compilation, -O1
UNRESOLVED: gcc.target/x86_64/abi/test_struct_returning.c execution, -O1
FAIL: gcc.target/x86_64/abi/test_struct_returning.c compilation, -O2
UNRESOLVED: gcc.target/x86_64/abi/test_struct_returning.c execution, -O2
FAIL: gcc.target/x86_64/abi/test_struct_returning.c compilation, -O3 -fomit-frame-pointer -funroll-loops -fpeel-loops -ftracer -finline-functions
UNRESOLVED: gcc.target/x86_64/abi/test_struct_returning.c execution, -O3 -fomit-frame-pointer -funroll-loops -fpeel-loops -ftracer -finline-functions
FAIL: gcc.target/x86_64/abi/test_struct_returning.c compilation, -O3 -g
UNRESOLVED: gcc.target/x86_64/abi/test_struct_returning.c execution, -O3 -g
FAIL: gcc.target/x86_64/abi/test_struct_returning.c compilation, -Os
UNRESOLVED: gcc.target/x86_64/abi/test_struct_returning.c execution, -Os
FAIL: gcc.target/x86_64/abi/test_struct_returning.c compilation, -Og -g
UNRESOLVED: gcc.target/x86_64/abi/test_struct_returning.c execution, -Og -g
FAIL: gcc.target/x86_64/abi/test_varargs.c compilation, -O0
UNRESOLVED: gcc.target/x86_64/abi/test_varargs.c execution, -O0
FAIL: gcc.target/x86_64/abi/test_varargs.c compilation, -O1
UNRESOLVED: gcc.target/x86_64/abi/test_varargs.c execution, -O1
FAIL: gcc.target/x86_64/abi/test_varargs.c compilation, -O2
UNRESOLVED: gcc.target/x86_64/abi/test_varargs.c execution, -O2
FAIL: gcc.target/x86_64/abi/test_varargs.c compilation, -O3 -fomit-frame-pointer -funroll-loops -fpeel-loops -ftracer -finline-functions
UNRESOLVED: gcc.target/x86_64/abi/test_varargs.c execution, -O3 -fomit-frame-pointer -funroll-loops -fpeel-loops -ftracer -finline-functions
FAIL: gcc.target/x86_64/abi/test_varargs.c compilation, -O3 -g
UNRESOLVED: gcc.target/x86_64/abi/test_varargs.c execution, -O3 -g
FAIL: gcc.target/x86_64/abi/test_varargs.c compilation, -Os
UNRESOLVED: gcc.target/x86_64/abi/test_varargs.c execution, -Os
FAIL: gcc.target/x86_64/abi/test_varargs.c compilation, -Og -g
UNRESOLVED: gcc.target/x86_64/abi/test_varargs.c execution, -Og -g
FAIL: gcc.target/x86_64/abi/avx/test_m256_returning.c compilation, -O0
UNRESOLVED: gcc.target/x86_64/abi/avx/test_m256_returning.c execution, -O0
FAIL: gcc.target/x86_64/abi/avx/test_m256_returning.c compilation, -O1
UNRESOLVED: gcc.target/x86_64/abi/avx/test_m256_returning.c execution, -O1
FAIL: gcc.target/x86_64/abi/avx/test_m256_returning.c compilation, -O2
UNRESOLVED: gcc.target/x86_64/abi/avx/test_m256_returning.c execution, -O2
FAIL: gcc.target/x86_64/abi/avx/test_m256_returning.c compilation, -O3 -g
UNRESOLVED: gcc.target/x86_64/abi/avx/test_m256_returning.c execution, -O3 -g
FAIL: gcc.target/x86_64/abi/avx/test_m256_returning.c compilation, -Os
UNRESOLVED: gcc.target/x86_64/abi/avx/test_m256_returning.c execution, -Os
FAIL: gcc.target/x86_64/abi/avx/test_m256_returning.c compilation, -Og -g
UNRESOLVED: gcc.target/x86_64/abi/avx/test_m256_returning.c execution, -Og -g
FAIL: gcc.target/x86_64/abi/avx/test_passing_m256.c compilation, -O0
UNRESOLVED: gcc.target/x86_64/abi/avx/test_passing_m256.c execution, -O0
FAIL: gcc.target/x86_64/abi/avx/test_passing_m256.c compilation, -O1
UNRESOLVED: gcc.target/x86_64/abi/avx/test_passing_m256.c execution, -O1
FAIL: gcc.target/x86_64/abi/avx/test_passing_m256.c compilation, -O2
UNRESOLVED: gcc.target/x86_64/abi/avx/test_passing_m256.c execution, -O2
FAIL: gcc.target/x86_64/abi/avx/test_passing_m256.c compilation, -O3 -fomit-frame-pointer -funroll-loops -fpeel-loops -ftracer -finline-functions
UNRESOLVED: gcc.target/x86_64/abi/avx/test_passing_m256.c execution, -O3 -fomit-frame-pointer -funroll-loops -fpeel-loops -ftracer -finline-functions
FAIL: gcc.target/x86_64/abi/avx/test_passing_m256.c compilation, -O3 -g
UNRESOLVED: gcc.target/x86_64/abi/avx/test_passing_m256.c execution, -O3 -g
FAIL: gcc.target/x86_64/abi/avx/test_passing_m256.c compilation, -Os
UNRESOLVED: gcc.target/x86_64/abi/avx/test_passing_m256.c execution, -Os
FAIL: gcc.target/x86_64/abi/avx/test_passing_m256.c compilation, -Og -g
UNRESOLVED: gcc.target/x86_64/abi/avx/test_passing_m256.c execution, -Og -g
FAIL: gcc.target/x86_64/abi/avx/test_passing_structs.c compilation, -O0
UNRESOLVED: gcc.target/x86_64/abi/avx/test_passing_structs.c execution, -O0
FAIL: gcc.target/x86_64/abi/avx/test_passing_structs.c compilation, -O1
UNRESOLVED: gcc.target/x86_64/abi/avx/test_passing_structs.c execution, -O1
FAIL: gcc.target/x86_64/abi/avx/test_passing_structs.c compilation, -O2
UNRESOLVED: gcc.target/x86_64/abi/avx/test_passing_structs.c execution, -O2
FAIL: gcc.target/x86_64/abi/avx/test_passing_structs.c compilation, -O3 -fomit-frame-pointer -funroll-loops -fpeel-loops -ftracer -finline-functions
UNRESOLVED: gcc.target/x86_64/abi/avx/test_passing_structs.c execution, -O3 -fomit-frame-pointer -funroll-loops -fpeel-loops -ftracer -finline-functions
FAIL: gcc.target/x86_64/abi/avx/test_passing_structs.c compilation, -O3 -g
UNRESOLVED: gcc.target/x86_64/abi/avx/test_passing_structs.c execution, -O3 -g
FAIL: gcc.target/x86_64/abi/avx/test_passing_structs.c compilation, -Os
UNRESOLVED: gcc.target/x86_64/abi/avx/test_passing_structs.c execution, -Os
FAIL: gcc.target/x86_64/abi/avx/test_passing_structs.c compilation, -Og -g
UNRESOLVED: gcc.target/x86_64/abi/avx/test_passing_structs.c execution, -Og -g
FAIL: gcc.target/x86_64/abi/avx/test_passing_unions.c compilation, -O0
UNRESOLVED: gcc.target/x86_64/abi/avx/test_passing_unions.c execution, -O0
FAIL: gcc.target/x86_64/abi/avx/test_passing_unions.c compilation, -O1
UNRESOLVED: gcc.target/x86_64/abi/avx/test_passing_unions.c execution, -O1
FAIL: gcc.target/x86_64/abi/avx/test_passing_unions.c compilation, -O2
UNRESOLVED: gcc.target/x86_64/abi/avx/test_passing_unions.c execution, -O2
FAIL: gcc.target/x86_64/abi/avx/test_passing_unions.c compilation, -O3 -fomit-frame-pointer -funroll-loops -fpeel-loops -ftracer -finline-functions
UNRESOLVED: gcc.target/x86_64/abi/avx/test_passing_unions.c execution, -O3 -fomit-frame-pointer -funroll-loops -fpeel-loops -ftracer -finline-functions
FAIL: gcc.target/x86_64/abi/avx/test_passing_unions.c compilation, -O3 -g
UNRESOLVED: gcc.target/x86_64/abi/avx/test_passing_unions.c execution, -O3 -g
FAIL: gcc.target/x86_64/abi/avx/test_passing_unions.c compilation, -Os
UNRESOLVED: gcc.target/x86_64/abi/avx/test_passing_unions.c execution, -Os
FAIL: gcc.target/x86_64/abi/avx/test_passing_unions.c compilation, -Og -g
UNRESOLVED: gcc.target/x86_64/abi/avx/test_passing_unions.c execution, -Og -g
FAIL: gcc.target/x86_64/abi/avx512f/test_m512_returning.c compilation, -O0
UNRESOLVED: gcc.target/x86_64/abi/avx512f/test_m512_returning.c execution, -O0
FAIL: gcc.target/x86_64/abi/avx512f/test_m512_returning.c compilation, -O1
UNRESOLVED: gcc.target/x86_64/abi/avx512f/test_m512_returning.c execution, -O1
FAIL: gcc.target/x86_64/abi/avx512f/test_m512_returning.c compilation, -O2
UNRESOLVED: gcc.target/x86_64/abi/avx512f/test_m512_returning.c execution, -O2
FAIL: gcc.target/x86_64/abi/avx512f/test_m512_returning.c compilation, -O3 -g
UNRESOLVED: gcc.target/x86_64/abi/avx512f/test_m512_returning.c execution, -O3 -g
FAIL: gcc.target/x86_64/abi/avx512f/test_m512_returning.c compilation, -Os
UNRESOLVED: gcc.target/x86_64/abi/avx512f/test_m512_returning.c execution, -Os
FAIL: gcc.target/x86_64/abi/avx512f/test_m512_returning.c compilation, -Og -g
UNRESOLVED: gcc.target/x86_64/abi/avx512f/test_m512_returning.c execution, -Og -g
FAIL: gcc.target/x86_64/abi/avx512f/test_passing_m512.c compilation, -O0
UNRESOLVED: gcc.target/x86_64/abi/avx512f/test_passing_m512.c execution, -O0
FAIL: gcc.target/x86_64/abi/avx512f/test_passing_m512.c compilation, -O1
UNRESOLVED: gcc.target/x86_64/abi/avx512f/test_passing_m512.c execution, -O1
FAIL: gcc.target/x86_64/abi/avx512f/test_passing_m512.c compilation, -O2
UNRESOLVED: gcc.target/x86_64/abi/avx512f/test_passing_m512.c execution, -O2
FAIL: gcc.target/x86_64/abi/avx512f/test_passing_m512.c compilation, -O3 -fomit-frame-pointer -funroll-loops -fpeel-loops -ftracer -finline-functions
UNRESOLVED: gcc.target/x86_64/abi/avx512f/test_passing_m512.c execution, -O3 -fomit-frame-pointer -funroll-loops -fpeel-loops -ftracer -finline-functions
FAIL: gcc.target/x86_64/abi/avx512f/test_passing_m512.c compilation, -O3 -g
UNRESOLVED: gcc.target/x86_64/abi/avx512f/test_passing_m512.c execution, -O3 -g
FAIL: gcc.target/x86_64/abi/avx512f/test_passing_m512.c compilation, -Os
UNRESOLVED: gcc.target/x86_64/abi/avx512f/test_passing_m512.c execution, -Os
FAIL: gcc.target/x86_64/abi/avx512f/test_passing_m512.c compilation, -Og -g
UNRESOLVED: gcc.target/x86_64/abi/avx512f/test_passing_m512.c execution, -Og -g
FAIL: gcc.target/x86_64/abi/avx512f/test_passing_structs.c compilation, -O0
UNRESOLVED: gcc.target/x86_64/abi/avx512f/test_passing_structs.c execution, -O0
FAIL: gcc.target/x86_64/abi/avx512f/test_passing_structs.c compilation, -O1
UNRESOLVED: gcc.target/x86_64/abi/avx512f/test_passing_structs.c execution, -O1
FAIL: gcc.target/x86_64/abi/avx512f/test_passing_structs.c compilation, -O2
UNRESOLVED: gcc.target/x86_64/abi/avx512f/test_passing_structs.c execution, -O2
FAIL: gcc.target/x86_64/abi/avx512f/test_passing_structs.c compilation, -O3 -fomit-frame-pointer -funroll-loops -fpeel-loops -ftracer -finline-functions
UNRESOLVED: gcc.target/x86_64/abi/avx512f/test_passing_structs.c execution, -O3 -fomit-frame-pointer -funroll-loops -fpeel-loops -ftracer -finline-functions
FAIL: gcc.target/x86_64/abi/avx512f/test_passing_structs.c compilation, -O3 -g
UNRESOLVED: gcc.target/x86_64/abi/avx512f/test_passing_structs.c execution, -O3 -g
FAIL: gcc.target/x86_64/abi/avx512f/test_passing_structs.c compilation, -Os
UNRESOLVED: gcc.target/x86_64/abi/avx512f/test_passing_structs.c execution, -Os
FAIL: gcc.target/x86_64/abi/avx512f/test_passing_structs.c compilation, -Og -g
UNRESOLVED: gcc.target/x86_64/abi/avx512f/test_passing_structs.c execution, -Og -g
FAIL: gcc.target/x86_64/abi/avx512f/test_passing_unions.c compilation, -O0
UNRESOLVED: gcc.target/x86_64/abi/avx512f/test_passing_unions.c execution, -O0
FAIL: gcc.target/x86_64/abi/avx512f/test_passing_unions.c compilation, -O1
UNRESOLVED: gcc.target/x86_64/abi/avx512f/test_passing_unions.c execution, -O1
FAIL: gcc.target/x86_64/abi/avx512f/test_passing_unions.c compilation, -O2
UNRESOLVED: gcc.target/x86_64/abi/avx512f/test_passing_unions.c execution, -O2
FAIL: gcc.target/x86_64/abi/avx512f/test_passing_unions.c compilation, -O3 -fomit-frame-pointer -funroll-loops -fpeel-loops -ftracer -finline-functions
UNRESOLVED: gcc.target/x86_64/abi/avx512f/test_passing_unions.c execution, -O3 -fomit-frame-pointer -funroll-loops -fpeel-loops -ftracer -finline-functions
FAIL: gcc.target/x86_64/abi/avx512f/test_passing_unions.c compilation, -O3 -g
UNRESOLVED: gcc.target/x86_64/abi/avx512f/test_passing_unions.c execution, -O3 -g
FAIL: gcc.target/x86_64/abi/avx512f/test_passing_unions.c compilation, -Os
UNRESOLVED: gcc.target/x86_64/abi/avx512f/test_passing_unions.c execution, -Os
FAIL: gcc.target/x86_64/abi/avx512f/test_passing_unions.c compilation, -Og -g
UNRESOLVED: gcc.target/x86_64/abi/avx512f/test_passing_unions.c execution, -Og -g
=== gcc Summary ===
# of expected passes 113634
# of unexpected failures 841
# of unexpected successes 4
# of expected failures 358
# of unresolved testcases 333
# of unsupported tests 2030
/tmp/build/gcc/xgcc version 7.0.1 20170225 (experimental) (GCC)
=== gfortran tests ===
Running target unix
FAIL: gfortran.dg/bind_c_array_params_2.f90 -O scan-assembler-times [ \\t][\$,_0-9]*myBindC 1
XPASS: gfortran.dg/default_format_denormal_1.f90 -O0 execution test
XPASS: gfortran.dg/default_format_denormal_1.f90 -O1 execution test
XPASS: gfortran.dg/default_format_denormal_1.f90 -O2 execution test
XPASS: gfortran.dg/default_format_denormal_1.f90 -O3 -fomit-frame-pointer -funroll-loops -fpeel-loops -ftracer -finline-functions execution test
XPASS: gfortran.dg/default_format_denormal_1.f90 -O3 -g execution test
XPASS: gfortran.dg/default_format_denormal_1.f90 -Os execution test
FAIL: gfortran.dg/internal_dummy_2.f08 -O0 execution test
FAIL: gfortran.dg/internal_dummy_2.f08 -O1 execution test
FAIL: gfortran.dg/internal_dummy_2.f08 -O2 execution test
FAIL: gfortran.dg/internal_dummy_2.f08 -O3 -fomit-frame-pointer -funroll-loops -fpeel-loops -ftracer -finline-functions execution test
FAIL: gfortran.dg/internal_dummy_2.f08 -O3 -g execution test
FAIL: gfortran.dg/internal_dummy_2.f08 -Os execution test
FAIL: gfortran.dg/internal_dummy_3.f08 -O0 execution test
FAIL: gfortran.dg/internal_dummy_3.f08 -O1 execution test
FAIL: gfortran.dg/internal_dummy_3.f08 -O2 execution test
FAIL: gfortran.dg/internal_dummy_3.f08 -O3 -fomit-frame-pointer -funroll-loops -fpeel-loops -ftracer -finline-functions execution test
FAIL: gfortran.dg/internal_dummy_3.f08 -O3 -g execution test
FAIL: gfortran.dg/internal_dummy_3.f08 -Os execution test
FAIL: gfortran.dg/internal_dummy_4.f08 -O0 execution test
FAIL: gfortran.dg/pointer_check_1.f90 -O0 output pattern test, is
FAIL: gfortran.dg/pointer_check_2.f90 -O0 output pattern test, is
FAIL: gfortran.dg/pointer_check_3.f90 -O0 output pattern test, is
FAIL: gfortran.dg/pointer_check_4.f90 -O0 output pattern test, is
FAIL: gfortran.dg/proc_ptr_18.f90 -O0 execution test
FAIL: gfortran.dg/proc_ptr_19.f90 -O0 execution test
FAIL: gfortran.dg/proc_ptr_20.f90 -O0 execution test
FAIL: gfortran.dg/proc_ptr_21.f90 -O0 execution test
FAIL: gfortran.dg/proc_ptr_23.f90 -O0 execution test
FAIL: gfortran.dg/proc_ptr_25.f90 -O0 execution test
FAIL: gfortran.dg/proc_ptr_47.f90 -O0 execution test
FAIL: gfortran.dg/proc_ptr_48.f90 -O0 execution test
FAIL: gfortran.dg/proc_ptr_5.f90 -O0 execution test
FAIL: gfortran.dg/proc_ptr_7.f90 -O0 execution test
FAIL: gfortran.dg/proc_ptr_comp_1.f90 -O0 execution test
FAIL: gfortran.dg/proc_ptr_comp_11.f90 -O0 execution test
FAIL: gfortran.dg/proc_ptr_comp_13.f90 -O0 execution test
FAIL: gfortran.dg/proc_ptr_comp_14.f90 -O0 execution test
FAIL: gfortran.dg/proc_ptr_comp_18.f90 -O0 execution test
FAIL: gfortran.dg/proc_ptr_comp_19.f90 -O0 execution test
FAIL: gfortran.dg/proc_ptr_comp_2.f90 -O0 execution test
FAIL: gfortran.dg/proc_ptr_comp_29.f90 -O0 execution test
FAIL: gfortran.dg/proc_ptr_comp_34.f90 -O0 execution test
FAIL: gfortran.dg/proc_ptr_comp_5.f90 -O0 execution test
FAIL: gfortran.dg/proc_ptr_comp_8.f90 -O0 execution test
FAIL: gfortran.dg/proc_ptr_comp_9.f90 -O0 execution test
FAIL: gfortran.dg/proc_ptr_comp_pass_3.f90 -O0 execution test
FAIL: gfortran.dg/proc_ptr_result_7.f90 -O0 execution test
FAIL: gfortran.dg/round_4.f90 -O0 execution test
FAIL: gfortran.dg/round_4.f90 -O1 execution test
FAIL: gfortran.dg/round_4.f90 -O2 execution test
FAIL: gfortran.dg/round_4.f90 -O3 -fomit-frame-pointer -funroll-loops -fpeel-loops -ftracer -finline-functions execution test
FAIL: gfortran.dg/round_4.f90 -O3 -g execution test
FAIL: gfortran.dg/round_4.f90 -Os execution test
FAIL: gfortran.dg/structure_constructor_11.f90 -O0 execution test
FAIL: gfortran.dg/structure_constructor_11.f90 -O1 execution test
FAIL: gfortran.dg/structure_constructor_11.f90 -O2 execution test
FAIL: gfortran.dg/structure_constructor_11.f90 -O3 -fomit-frame-pointer -funroll-loops -fpeel-loops -ftracer -finline-functions execution test
FAIL: gfortran.dg/structure_constructor_11.f90 -O3 -g execution test
FAIL: gfortran.dg/structure_constructor_11.f90 -Os execution test
FAIL: gfortran.dg/unlimited_polymorphic_19.f90 -O0 execution test
=== gfortran Summary ===
# of expected passes 44471
# of unexpected failures 55
# of unexpected successes 6
# of expected failures 85
# of unsupported tests 187
/tmp/build/gcc/testsuite/gfortran/../../gfortran version 7.0.1 20170225 (experimental) (GCC)
=== objc tests ===
Running target unix
FAIL: objc/execute/exceptions/finally-1.m execution, -O0 -fgnu-runtime
FAIL: objc/execute/exceptions/finally-1.m execution, -O1 -fgnu-runtime
FAIL: objc/execute/exceptions/finally-1.m execution, -O2 -fgnu-runtime
FAIL: objc/execute/exceptions/finally-1.m execution, -O3 -g -fgnu-runtime
FAIL: objc/execute/exceptions/finally-1.m execution, -Os -fgnu-runtime
FAIL: objc/execute/nested-func-1.m execution, -O0 -fgnu-runtime
=== objc Summary ===
# of expected passes 2775
# of unexpected failures 6
# of expected failures 6
# of unsupported tests 68
/tmp/build/gcc/xgcc version 7.0.1 20170225 (experimental) (GCC)
=== libatomic tests ===
Running target unix
=== libatomic Summary ===
# of expected passes 54
=== libstdc++ tests ===
Running target unix
FAIL: 22_locale/ctype/scan/wchar_t/1.cc execution test
XPASS: 23_containers/array/element_access/at_neg.cc execution test
FAIL: decimal/conversion-to-integral.cc (test for excess errors)
UNRESOLVED: decimal/conversion-to-integral.cc compilation failed to produce executable
=== libstdc++ Summary ===
# of expected passes 10260
# of unexpected failures 2
# of unexpected successes 1
# of expected failures 65
# of unresolved testcases 1
# of unsupported tests 686
Compiler version: 7.0.1 20170225 (experimental) (GCC)
Platform: x86_64-unknown-cygwin
configure flags: --disable-nls --disable-bootstrap