This is the mail archive of the gcc-testresults@gcc.gnu.org mailing list for the GCC project.


Index Nav: [Date Index] [Subject Index] [Author Index] [Thread Index]
Message Nav: [Date Prev] [Date Next] [Thread Prev] [Thread Next]
Other format: [Raw text]

Results for 7.0.1 20170223 (experimental) [trunk revision 245678] (GCC) testsuite on i686-pc-linux-gnu


Native configuration is i686-pc-linux-gnu

		=== g++ tests ===


Running target unix/-fpic
FAIL: c-c++-common/asan/inc.c   -O0   scan-tree-dump-times asan0 "ASAN_" 4
FAIL: g++.dg/abi/anon1.C  -std=c++11  scan-assembler-not globl
FAIL: g++.dg/abi/anon1.C  -std=c++14  scan-assembler-not globl
FAIL: g++.dg/abi/anon1.C  -std=c++98  scan-assembler-not globl
FAIL: g++.dg/abi/anon4.C  -std=c++11  scan-assembler-not comdat
FAIL: g++.dg/abi/anon4.C  -std=c++14  scan-assembler-not comdat
FAIL: g++.dg/abi/anon4.C  -std=c++98  scan-assembler-not comdat
FAIL: g++.dg/ipa/devirt-40.C  -std=gnu++11  scan-tree-dump-not fre3 "\\\\n  OBJ_TYPE_REF"
FAIL: g++.dg/ipa/devirt-40.C  -std=gnu++14  scan-tree-dump-not fre3 "\\\\n  OBJ_TYPE_REF"
FAIL: g++.dg/ipa/devirt-40.C  -std=gnu++98  scan-tree-dump-not fre3 "\\\\n  OBJ_TYPE_REF"
FAIL: g++.dg/ipa/devirt-42.C  -std=gnu++11  scan-ipa-dump-times inline "Discovered a virtual call to a known target" 2
FAIL: g++.dg/ipa/devirt-42.C  -std=gnu++11  scan-tree-dump-times optimized "return 2" 3
FAIL: g++.dg/ipa/devirt-42.C  -std=gnu++14  scan-ipa-dump-times inline "Discovered a virtual call to a known target" 2
FAIL: g++.dg/ipa/devirt-42.C  -std=gnu++14  scan-tree-dump-times optimized "return 2" 3
FAIL: g++.dg/ipa/devirt-42.C  -std=gnu++98  scan-ipa-dump-times inline "Discovered a virtual call to a known target" 2
FAIL: g++.dg/ipa/devirt-42.C  -std=gnu++98  scan-tree-dump-times optimized "return 2" 3
FAIL: g++.dg/ipa/devirt-c-8.C  -std=gnu++11  scan-ipa-dump cp "Discovered a virtual call to a known target.*A::foo"
FAIL: g++.dg/ipa/devirt-c-8.C  -std=gnu++11  scan-tree-dump-times optimized "OBJ_TYPE_REF" 0
FAIL: g++.dg/ipa/devirt-c-8.C  -std=gnu++14  scan-ipa-dump cp "Discovered a virtual call to a known target.*A::foo"
FAIL: g++.dg/ipa/devirt-c-8.C  -std=gnu++14  scan-tree-dump-times optimized "OBJ_TYPE_REF" 0
FAIL: g++.dg/ipa/devirt-c-8.C  -std=gnu++98  scan-ipa-dump cp "Discovered a virtual call to a known target.*A::foo"
FAIL: g++.dg/ipa/devirt-c-8.C  -std=gnu++98  scan-tree-dump-times optimized "OBJ_TYPE_REF" 0
FAIL: g++.dg/ipa/ipa-icf-3.C  -std=gnu++11  scan-ipa-dump icf "Equal symbols: 2"
FAIL: g++.dg/ipa/ipa-icf-3.C  -std=gnu++11  scan-ipa-dump icf "Semantic equality hit:.*bar.*->.*foo.*"
FAIL: g++.dg/ipa/ipa-icf-3.C  -std=gnu++14  scan-ipa-dump icf "Equal symbols: 2"
FAIL: g++.dg/ipa/ipa-icf-3.C  -std=gnu++14  scan-ipa-dump icf "Semantic equality hit:.*bar.*->.*foo.*"
FAIL: g++.dg/ipa/ipa-icf-3.C  -std=gnu++98  scan-ipa-dump icf "Equal symbols: 2"
FAIL: g++.dg/ipa/ipa-icf-3.C  -std=gnu++98  scan-ipa-dump icf "Semantic equality hit:.*bar.*->.*foo.*"
FAIL: g++.dg/pr71694.C  -std=gnu++11  scan-assembler-not movl
FAIL: g++.dg/pr71694.C  -std=gnu++14  scan-assembler-not movl
FAIL: g++.dg/pr71694.C  -std=gnu++98  scan-assembler-not movl
FAIL: g++.dg/stackprotectexplicit2.C  -std=gnu++11  scan-assembler-times stack_chk_fail 2
FAIL: g++.dg/stackprotectexplicit2.C  -std=gnu++14  scan-assembler-times stack_chk_fail 2
FAIL: g++.dg/stackprotectexplicit2.C  -std=gnu++98  scan-assembler-times stack_chk_fail 2

		=== g++ Summary ===

# of expected passes		111803
# of unexpected failures	34
# of expected failures		380
# of unsupported tests		4037
/export/gnu/import/git/gcc-test-ia32/bld/gcc/xg++  version 7.0.1 20170223 (experimental) [trunk revision 245678] (GCC) 

		=== gcc tests ===


Running target unix/-fpic
FAIL: gcc.c-torture/execute/pr79286.c   -O1  execution test
FAIL: gcc.c-torture/execute/pr79286.c   -O2  execution test
FAIL: gcc.c-torture/execute/pr79286.c   -O2 -flto -fno-use-linker-plugin -flto-partition=none  execution test
FAIL: gcc.c-torture/execute/pr79286.c   -O3 -fomit-frame-pointer -funroll-loops -fpeel-loops -ftracer -finline-functions  execution test
FAIL: gcc.c-torture/execute/pr79286.c   -O3 -g  execution test
FAIL: gcc.c-torture/execute/pr79286.c   -Os  execution test
FAIL: gcc.dg/attr-alloc_size-3.c  (test for warnings, line 196)
FAIL: gcc.dg/attr-alloc_size-3.c  (test for warnings, line 197)
FAIL: gcc.dg/attr-alloc_size-3.c  (test for warnings, line 198)
FAIL: gcc.dg/attr-alloc_size-3.c  (test for warnings, line 207)
FAIL: gcc.dg/attr-alloc_size-3.c  (test for warnings, line 208)
FAIL: gcc.dg/attr-alloc_size-3.c  (test for warnings, line 209)
FAIL: gcc.dg/attr-alloc_size-3.c  (test for warnings, line 210)
FAIL: gcc.dg/attr-alloc_size-3.c  (test for warnings, line 211)
FAIL: gcc.dg/attr-alloc_size-3.c  (test for warnings, line 213)
FAIL: gcc.dg/attr-alloc_size-3.c  (test for warnings, line 216)
FAIL: gcc.dg/attr-alloc_size-3.c  (test for warnings, line 217)
FAIL: gcc.dg/attr-alloc_size-3.c  (test for warnings, line 218)
FAIL: gcc.dg/attr-alloc_size-3.c  (test for warnings, line 219)
FAIL: gcc.dg/attr-alloc_size-3.c  (test for warnings, line 220)
FAIL: gcc.dg/attr-alloc_size-3.c  (test for warnings, line 221)
FAIL: gcc.dg/attr-alloc_size-3.c  (test for warnings, line 280)
FAIL: gcc.dg/attr-alloc_size-3.c  (test for warnings, line 281)
FAIL: gcc.dg/attr-alloc_size-3.c  (test for warnings, line 282)
FAIL: gcc.dg/attr-alloc_size-3.c  (test for warnings, line 338)
FAIL: gcc.dg/attr-alloc_size-3.c  (test for warnings, line 339)
FAIL: gcc.dg/attr-alloc_size-3.c  (test for warnings, line 340)
FAIL: gcc.dg/attr-alloc_size-3.c  (test for warnings, line 396)
FAIL: gcc.dg/attr-alloc_size-3.c  (test for warnings, line 397)
FAIL: gcc.dg/attr-alloc_size-3.c  (test for warnings, line 398)
FAIL: gcc.dg/attr-alloc_size-3.c  (test for warnings, line 448)
FAIL: gcc.dg/attr-alloc_size-3.c  (test for warnings, line 463)
FAIL: gcc.dg/attr-alloc_size-3.c  (test for warnings, line 464)
FAIL: gcc.dg/attr-alloc_size-3.c  (test for warnings, line 465)
FAIL: gcc.dg/attr-alloc_size-3.c argument 2 (test for warnings, line 465)
FAIL: gcc.dg/attr-alloc_size-4.c  (test for warnings, line 101)
FAIL: gcc.dg/attr-alloc_size-4.c  (test for warnings, line 130)
FAIL: gcc.dg/attr-alloc_size-4.c  (test for warnings, line 132)
FAIL: gcc.dg/attr-alloc_size-4.c  (test for warnings, line 133)
FAIL: gcc.dg/attr-alloc_size-4.c  (test for warnings, line 138)
FAIL: gcc.dg/attr-alloc_size-4.c  (test for warnings, line 143)
FAIL: gcc.dg/attr-alloc_size-4.c  (test for warnings, line 146)
FAIL: gcc.dg/attr-alloc_size-4.c  (test for warnings, line 150)
FAIL: gcc.dg/attr-alloc_size-4.c  (test for warnings, line 187)
FAIL: gcc.dg/attr-alloc_size-4.c  (test for warnings, line 198)
FAIL: gcc.dg/attr-alloc_size-4.c  (test for warnings, line 200)
FAIL: gcc.dg/attr-alloc_size-4.c argument 2 (test for warnings, line 200)
FAIL: gcc.dg/attr-alloc_size-7.c  (test for warnings, line 26)
FAIL: gcc.dg/attr-alloc_size-7.c  (test for warnings, line 29)
FAIL: gcc.dg/attr-alloc_size-7.c  (test for warnings, line 34)
FAIL: gcc.dg/attr-alloc_size-7.c  (test for warnings, line 35)
FAIL: gcc.dg/attr-alloc_size-7.c  (test for warnings, line 38)
FAIL: gcc.dg/attr-alloc_size-7.c  (test for warnings, line 41)
FAIL: gcc.dg/attr-alloc_size-7.c  (test for warnings, line 56)
FAIL: gcc.dg/attr-alloc_size-7.c  (test for warnings, line 59)
FAIL: gcc.dg/attr-alloc_size-7.c  (test for warnings, line 64)
FAIL: gcc.dg/attr-alloc_size-7.c  (test for warnings, line 65)
FAIL: gcc.dg/attr-alloc_size-7.c  (test for warnings, line 68)
FAIL: gcc.dg/attr-alloc_size-7.c  (test for warnings, line 71)
FAIL: gcc.dg/attr-alloc_size-8.c  (test for warnings, line 38)
FAIL: gcc.dg/attr-alloc_size-8.c  (test for warnings, line 49)
FAIL: gcc.dg/attr-alloc_size-8.c  (test for warnings, line 59)
FAIL: gcc.dg/attr-alloc_size-8.c (test for excess errors)
FAIL: gcc.dg/builtin-alloc-size.c scan-tree-dump-not optimized "abort"
FAIL: gcc.dg/builtins-nonnull.c  (test for warnings, line 100)
FAIL: gcc.dg/builtins-nonnull.c  (test for warnings, line 101)
FAIL: gcc.dg/builtins-nonnull.c  (test for warnings, line 121)
FAIL: gcc.dg/builtins-nonnull.c  (test for warnings, line 122)
FAIL: gcc.dg/builtins-nonnull.c  (test for warnings, line 124)
FAIL: gcc.dg/builtins-nonnull.c  (test for warnings, line 126)
FAIL: gcc.dg/builtins-nonnull.c  (test for warnings, line 127)
FAIL: gcc.dg/builtins-nonnull.c  (test for warnings, line 129)
FAIL: gcc.dg/builtins-nonnull.c  (test for warnings, line 130)
FAIL: gcc.dg/builtins-nonnull.c  (test for warnings, line 132)
FAIL: gcc.dg/builtins-nonnull.c  (test for warnings, line 133)
FAIL: gcc.dg/builtins-nonnull.c  (test for warnings, line 135)
FAIL: gcc.dg/builtins-nonnull.c  (test for warnings, line 136)
FAIL: gcc.dg/builtins-nonnull.c  (test for warnings, line 138)
FAIL: gcc.dg/builtins-nonnull.c  (test for warnings, line 139)
FAIL: gcc.dg/builtins-nonnull.c  (test for warnings, line 156)
FAIL: gcc.dg/builtins-nonnull.c  (test for warnings, line 157)
FAIL: gcc.dg/builtins-nonnull.c  (test for warnings, line 159)
FAIL: gcc.dg/builtins-nonnull.c  (test for warnings, line 160)
FAIL: gcc.dg/builtins-nonnull.c  (test for warnings, line 162)
FAIL: gcc.dg/builtins-nonnull.c  (test for warnings, line 163)
FAIL: gcc.dg/builtins-nonnull.c  (test for warnings, line 165)
FAIL: gcc.dg/builtins-nonnull.c  (test for warnings, line 167)
FAIL: gcc.dg/builtins-nonnull.c  (test for warnings, line 168)
FAIL: gcc.dg/builtins-nonnull.c  (test for warnings, line 170)
FAIL: gcc.dg/builtins-nonnull.c  (test for warnings, line 172)
FAIL: gcc.dg/builtins-nonnull.c  (test for warnings, line 173)
FAIL: gcc.dg/builtins-nonnull.c  (test for warnings, line 176)
FAIL: gcc.dg/builtins-nonnull.c  (test for warnings, line 178)
FAIL: gcc.dg/builtins-nonnull.c  (test for warnings, line 179)
FAIL: gcc.dg/builtins-nonnull.c  (test for warnings, line 182)
FAIL: gcc.dg/builtins-nonnull.c  (test for warnings, line 216)
FAIL: gcc.dg/builtins-nonnull.c  (test for warnings, line 217)
FAIL: gcc.dg/builtins-nonnull.c  (test for warnings, line 219)
FAIL: gcc.dg/builtins-nonnull.c  (test for warnings, line 220)
FAIL: gcc.dg/builtins-nonnull.c  (test for warnings, line 222)
FAIL: gcc.dg/builtins-nonnull.c  (test for warnings, line 224)
FAIL: gcc.dg/builtins-nonnull.c  (test for warnings, line 226)
FAIL: gcc.dg/builtins-nonnull.c  (test for warnings, line 228)
FAIL: gcc.dg/builtins-nonnull.c  (test for warnings, line 229)
FAIL: gcc.dg/builtins-nonnull.c  (test for warnings, line 232)
FAIL: gcc.dg/builtins-nonnull.c  (test for warnings, line 234)
FAIL: gcc.dg/builtins-nonnull.c  (test for warnings, line 235)
FAIL: gcc.dg/builtins-nonnull.c  (test for warnings, line 238)
FAIL: gcc.dg/builtins-nonnull.c  (test for warnings, line 30)
FAIL: gcc.dg/builtins-nonnull.c  (test for warnings, line 31)
FAIL: gcc.dg/builtins-nonnull.c  (test for warnings, line 33)
FAIL: gcc.dg/builtins-nonnull.c  (test for warnings, line 34)
FAIL: gcc.dg/builtins-nonnull.c  (test for warnings, line 36)
FAIL: gcc.dg/builtins-nonnull.c  (test for warnings, line 37)
FAIL: gcc.dg/builtins-nonnull.c  (test for warnings, line 39)
FAIL: gcc.dg/builtins-nonnull.c  (test for warnings, line 53)
FAIL: gcc.dg/builtins-nonnull.c  (test for warnings, line 54)
FAIL: gcc.dg/builtins-nonnull.c  (test for warnings, line 56)
FAIL: gcc.dg/builtins-nonnull.c  (test for warnings, line 57)
FAIL: gcc.dg/builtins-nonnull.c  (test for warnings, line 59)
FAIL: gcc.dg/builtins-nonnull.c  (test for warnings, line 60)
FAIL: gcc.dg/builtins-nonnull.c  (test for warnings, line 62)
FAIL: gcc.dg/builtins-nonnull.c  (test for warnings, line 78)
FAIL: gcc.dg/builtins-nonnull.c  (test for warnings, line 79)
FAIL: gcc.dg/builtins-nonnull.c  (test for warnings, line 81)
FAIL: gcc.dg/builtins-nonnull.c  (test for warnings, line 83)
FAIL: gcc.dg/builtins-nonnull.c  (test for warnings, line 84)
FAIL: gcc.dg/builtins-nonnull.c  (test for warnings, line 86)
FAIL: gcc.dg/builtins-nonnull.c  (test for warnings, line 87)
FAIL: gcc.dg/builtins-nonnull.c  (test for warnings, line 89)
FAIL: gcc.dg/builtins-nonnull.c  (test for warnings, line 90)
FAIL: gcc.dg/builtins-nonnull.c  (test for warnings, line 92)
FAIL: gcc.dg/builtins-nonnull.c  (test for warnings, line 93)
FAIL: gcc.dg/builtins-nonnull.c  (test for warnings, line 95)
FAIL: gcc.dg/builtins-nonnull.c  (test for warnings, line 97)
FAIL: gcc.dg/builtins-nonnull.c  (test for warnings, line 98)
FAIL: gcc.dg/nonnull-4.c  (test for warnings, line 35)
FAIL: gcc.dg/nonnull-4.c  (test for warnings, line 38)
FAIL: gcc.dg/nonnull-4.c  (test for warnings, line 40)
FAIL: gcc.dg/nonnull-4.c  (test for warnings, line 42)
FAIL: gcc.dg/nonnull-4.c  (test for warnings, line 43)
FAIL: gcc.dg/nonnull-4.c  (test for warnings, line 44)
FAIL: gcc.dg/nonnull-4.c  (test for warnings, line 47)
FAIL: gcc.dg/nonnull-4.c  (test for warnings, line 49)
FAIL: gcc.dg/nonnull-4.c  (test for warnings, line 50)
FAIL: gcc.dg/nonnull-4.c  (test for warnings, line 51)
FAIL: gcc.dg/nonnull-4.c  (test for warnings, line 52)
FAIL: gcc.dg/nonnull-4.c  (test for warnings, line 55)
FAIL: gcc.dg/nonnull-4.c  (test for warnings, line 56)
FAIL: gcc.dg/nonnull-4.c  (test for warnings, line 58)
FAIL: gcc.dg/nonnull-4.c  (test for warnings, line 60)
FAIL: gcc.dg/nonnull-4.c  (test for warnings, line 62)
FAIL: gcc.dg/nonnull-4.c  (test for warnings, line 63)
FAIL: gcc.dg/nonnull-4.c  (test for warnings, line 66)
FAIL: gcc.dg/nonnull-4.c  (test for warnings, line 67)
FAIL: gcc.dg/nonnull-4.c  (test for warnings, line 68)
FAIL: gcc.dg/nonnull-4.c  (test for warnings, line 70)
FAIL: gcc.dg/nonnull-4.c  (test for warnings, line 71)
FAIL: gcc.dg/nonnull-4.c  (test for warnings, line 72)
FAIL: gcc.dg/nonnull-4.c  (test for warnings, line 73)
FAIL: gcc.dg/nonnull-4.c  (test for warnings, line 78)
FAIL: gcc.dg/nonnull-4.c argument 2 (test for warnings, line 44)
FAIL: gcc.dg/nonnull-4.c argument 3 (test for warnings, line 52)
FAIL: gcc.dg/sibcall-11.c scan-assembler jmp
XPASS: gcc.dg/guality/example.c   -O0  execution test
XPASS: gcc.dg/guality/example.c   -O1  execution test
XPASS: gcc.dg/guality/example.c   -O3 -fomit-frame-pointer -funroll-loops -fpeel-loops -ftracer -finline-functions  execution test
XPASS: gcc.dg/guality/guality.c   -O0  execution test
XPASS: gcc.dg/guality/guality.c   -O1  execution test
XPASS: gcc.dg/guality/guality.c   -O2  execution test
XPASS: gcc.dg/guality/guality.c   -O2 -flto -fno-use-linker-plugin -flto-partition=none  execution test
XPASS: gcc.dg/guality/guality.c   -O2 -flto -fuse-linker-plugin -fno-fat-lto-objects  execution test
XPASS: gcc.dg/guality/guality.c   -O3 -g  execution test
XPASS: gcc.dg/guality/guality.c   -Os  execution test
XPASS: gcc.dg/guality/inline-params.c   -O2  execution test
XPASS: gcc.dg/guality/inline-params.c   -O2 -flto -fno-use-linker-plugin -flto-partition=none  execution test
XPASS: gcc.dg/guality/inline-params.c   -O3 -g  execution test
XPASS: gcc.dg/guality/inline-params.c   -Os  execution test
FAIL: gcc.dg/guality/pr36728-2.c   -O1  line 18 *x == (char) 25
FAIL: gcc.dg/guality/pr36728-2.c   -O2  line 18 *x == (char) 25
FAIL: gcc.dg/guality/pr36728-2.c   -O2 -flto -fno-use-linker-plugin -flto-partition=none  line 18 *x == (char) 25
FAIL: gcc.dg/guality/pr36728-2.c   -O3 -g  line 18 *x == (char) 25
FAIL: gcc.dg/guality/pr36728-2.c   -Os  line 18 *x == (char) 25
XPASS: gcc.dg/guality/pr41353-1.c   -O0  line 28 j == 28 + 37
XPASS: gcc.dg/guality/pr41353-1.c   -O1  line 28 j == 28 + 37
XPASS: gcc.dg/guality/pr41353-1.c   -O2  line 28 j == 28 + 37
XPASS: gcc.dg/guality/pr41353-1.c   -O2 -flto -fno-use-linker-plugin -flto-partition=none  line 28 j == 28 + 37
XPASS: gcc.dg/guality/pr41353-1.c   -O2 -flto -fuse-linker-plugin -fno-fat-lto-objects  line 28 j == 28 + 37
XPASS: gcc.dg/guality/pr41353-1.c   -O3 -g  line 28 j == 28 + 37
XPASS: gcc.dg/guality/pr41353-1.c   -Os  line 28 j == 28 + 37
FAIL: gcc.dg/guality/pr41447-1.c   -O2  execution test
FAIL: gcc.dg/guality/pr41447-1.c   -O2 -flto -fno-use-linker-plugin -flto-partition=none  execution test
FAIL: gcc.dg/guality/pr41447-1.c   -O3 -g  execution test
FAIL: gcc.dg/guality/pr41447-1.c   -Os  execution test
FAIL: gcc.dg/guality/pr41616-1.c   -O2 -flto -fuse-linker-plugin -fno-fat-lto-objects  execution test
FAIL: gcc.dg/guality/pr45882.c   -O2 -flto -fuse-linker-plugin -fno-fat-lto-objects  line 16 d == 112
FAIL: gcc.dg/guality/pr45882.c   -O2 -flto -fuse-linker-plugin -fno-fat-lto-objects  line 16 e == 142
FAIL: gcc.dg/guality/pr54519-1.c   -O2 -flto -fno-use-linker-plugin -flto-partition=none  line 20 y == 25
FAIL: gcc.dg/guality/pr54519-1.c   -O2 -flto -fno-use-linker-plugin -flto-partition=none  line 20 z == 6
FAIL: gcc.dg/guality/pr54519-1.c   -O2 -flto -fno-use-linker-plugin -flto-partition=none  line 23 y == 117
FAIL: gcc.dg/guality/pr54519-1.c   -O2 -flto -fno-use-linker-plugin -flto-partition=none  line 23 z == 8
FAIL: gcc.dg/guality/pr54519-2.c   -O2 -flto -fno-use-linker-plugin -flto-partition=none  line 17 y == 25
FAIL: gcc.dg/guality/pr54519-2.c   -O2 -flto -fuse-linker-plugin -fno-fat-lto-objects  line 17 y == 25
FAIL: gcc.dg/guality/pr54519-3.c   -O2 -flto -fno-use-linker-plugin -flto-partition=none  line 20 y == 25
FAIL: gcc.dg/guality/pr54519-3.c   -O2 -flto -fno-use-linker-plugin -flto-partition=none  line 20 z == 6
FAIL: gcc.dg/guality/pr54519-3.c   -O2 -flto -fno-use-linker-plugin -flto-partition=none  line 23 y == 117
FAIL: gcc.dg/guality/pr54519-3.c   -O2 -flto -fno-use-linker-plugin -flto-partition=none  line 23 z == 8
FAIL: gcc.dg/guality/pr54519-3.c   -O2 -flto -fuse-linker-plugin -fno-fat-lto-objects  line 20 y == 25
FAIL: gcc.dg/guality/pr54519-3.c   -O2 -flto -fuse-linker-plugin -fno-fat-lto-objects  line 20 z == 6
FAIL: gcc.dg/guality/pr54519-3.c   -O2 -flto -fuse-linker-plugin -fno-fat-lto-objects  line 23 y == 117
FAIL: gcc.dg/guality/pr54519-3.c   -O2 -flto -fuse-linker-plugin -fno-fat-lto-objects  line 23 z == 8
FAIL: gcc.dg/guality/pr54519-4.c   -O2 -flto -fno-use-linker-plugin -flto-partition=none  line 17 y == 25
FAIL: gcc.dg/guality/pr54519-4.c   -O2 -flto -fuse-linker-plugin -fno-fat-lto-objects  line 17 y == 25
FAIL: gcc.dg/guality/pr54519-5.c   -O2 -flto -fno-use-linker-plugin -flto-partition=none  line 17 y == 25
FAIL: gcc.dg/guality/pr54519-5.c   -O2 -flto -fuse-linker-plugin -fno-fat-lto-objects  line 17 y == 25
FAIL: gcc.dg/guality/pr68037-1.c   -O2 -flto -fno-use-linker-plugin -flto-partition=none  line 31 error == 0x12345670
FAIL: gcc.dg/guality/pr68037-1.c   -O2 -flto -fuse-linker-plugin -fno-fat-lto-objects  line 31 error == 0x12345670
FAIL: gcc.dg/guality/pr68860-1.c   -O2 -flto -fno-use-linker-plugin -flto-partition=none  line 14 arg1 == 1
FAIL: gcc.dg/guality/pr68860-1.c   -O2 -flto -fno-use-linker-plugin -flto-partition=none  line 14 arg2 == 2
FAIL: gcc.dg/guality/pr68860-1.c   -O2 -flto -fno-use-linker-plugin -flto-partition=none  line 14 arg3 == 3
FAIL: gcc.dg/guality/pr68860-1.c   -O2 -flto -fno-use-linker-plugin -flto-partition=none  line 14 arg4 == 4
FAIL: gcc.dg/guality/pr68860-1.c   -O2 -flto -fno-use-linker-plugin -flto-partition=none  line 14 arg5 == 5
FAIL: gcc.dg/guality/pr68860-1.c   -O2 -flto -fno-use-linker-plugin -flto-partition=none  line 14 arg6 == 6
FAIL: gcc.dg/guality/pr68860-1.c   -O2 -flto -fno-use-linker-plugin -flto-partition=none  line 16 arg1 == 1
FAIL: gcc.dg/guality/pr68860-1.c   -O2 -flto -fno-use-linker-plugin -flto-partition=none  line 16 arg2 == 2
FAIL: gcc.dg/guality/pr68860-1.c   -O2 -flto -fno-use-linker-plugin -flto-partition=none  line 16 arg3 == 3
FAIL: gcc.dg/guality/pr68860-1.c   -O2 -flto -fno-use-linker-plugin -flto-partition=none  line 16 arg4 == 4
FAIL: gcc.dg/guality/pr68860-1.c   -O2 -flto -fno-use-linker-plugin -flto-partition=none  line 16 arg5 == 5
FAIL: gcc.dg/guality/pr68860-1.c   -O2 -flto -fno-use-linker-plugin -flto-partition=none  line 16 arg6 == 6
FAIL: gcc.dg/guality/pr68860-1.c   -O2 -flto -fuse-linker-plugin -fno-fat-lto-objects  line 14 arg1 == 1
FAIL: gcc.dg/guality/pr68860-1.c   -O2 -flto -fuse-linker-plugin -fno-fat-lto-objects  line 14 arg2 == 2
FAIL: gcc.dg/guality/pr68860-1.c   -O2 -flto -fuse-linker-plugin -fno-fat-lto-objects  line 14 arg3 == 3
FAIL: gcc.dg/guality/pr68860-1.c   -O2 -flto -fuse-linker-plugin -fno-fat-lto-objects  line 14 arg4 == 4
FAIL: gcc.dg/guality/pr68860-1.c   -O2 -flto -fuse-linker-plugin -fno-fat-lto-objects  line 14 arg5 == 5
FAIL: gcc.dg/guality/pr68860-1.c   -O2 -flto -fuse-linker-plugin -fno-fat-lto-objects  line 14 arg6 == 6
FAIL: gcc.dg/guality/pr68860-1.c   -O2 -flto -fuse-linker-plugin -fno-fat-lto-objects  line 16 arg1 == 1
FAIL: gcc.dg/guality/pr68860-1.c   -O2 -flto -fuse-linker-plugin -fno-fat-lto-objects  line 16 arg2 == 2
FAIL: gcc.dg/guality/pr68860-1.c   -O2 -flto -fuse-linker-plugin -fno-fat-lto-objects  line 16 arg3 == 3
FAIL: gcc.dg/guality/pr68860-1.c   -O2 -flto -fuse-linker-plugin -fno-fat-lto-objects  line 16 arg4 == 4
FAIL: gcc.dg/guality/pr68860-1.c   -O2 -flto -fuse-linker-plugin -fno-fat-lto-objects  line 16 arg5 == 5
FAIL: gcc.dg/guality/pr68860-1.c   -O2 -flto -fuse-linker-plugin -fno-fat-lto-objects  line 16 arg6 == 6
FAIL: gcc.dg/guality/vla-1.c   -O1  line 17 sizeof (a) == 6
FAIL: gcc.dg/guality/vla-1.c   -O2  line 17 sizeof (a) == 6
FAIL: gcc.dg/guality/vla-1.c   -O2 -flto -fno-use-linker-plugin -flto-partition=none  line 17 sizeof (a) == 6
FAIL: gcc.dg/guality/vla-1.c   -O2 -flto -fuse-linker-plugin -fno-fat-lto-objects  line 17 sizeof (a) == 6
FAIL: gcc.dg/guality/vla-1.c   -O3 -g  line 17 sizeof (a) == 6
FAIL: gcc.dg/guality/vla-1.c   -Os  line 17 sizeof (a) == 6
FAIL: gcc.dg/ipa/inline-7.c scan-tree-dump-times einline "Inlining a into m" 1
FAIL: gcc.dg/ipa/inline-8.c execution test
FAIL: gcc.dg/ipa/ipa-icf-28.c scan-ipa-dump icf "different decl attributes"
FAIL: gcc.dg/ipa/ipa-icf-merge-1.c scan-ipa-dump icf "= foo \\\\(\\\\);"
FAIL: gcc.dg/plugin/must-tail-call-1.c -fplugin=./must_tail_call_plugin.so (test for excess errors)
FAIL: gcc.dg/torture/builtin-self.c   -O0   scan-assembler-not \\tcall
FAIL: gcc.dg/tree-prof/inliner-1.c scan-tree-dump optimized "cold_function ..;"
FAIL: gcc.dg/tree-prof/merge_block.c scan-tree-dump-not optimized "Invalid sum"
FAIL: gcc.dg/tree-ssa/builtin-snprintf-warn-1.c  (test for warnings, line 40)
FAIL: gcc.dg/tree-ssa/builtin-snprintf-warn-1.c  (test for warnings, line 41)
FAIL: gcc.dg/tree-ssa/builtin-snprintf-warn-1.c  (test for warnings, line 42)
FAIL: gcc.dg/tree-ssa/builtin-snprintf-warn-1.c  (test for warnings, line 78)
FAIL: gcc.dg/tree-ssa/builtin-snprintf-warn-2.c  (test for warnings, line 39)
FAIL: gcc.dg/tree-ssa/builtin-snprintf-warn-2.c  (test for warnings, line 66)
FAIL: gcc.dg/tree-ssa/builtin-snprintf-warn-2.c (test for excess errors)
FAIL: gcc.dg/tree-ssa/builtin-sprintf-5.c scan-tree-dump-not optimized "failure_on_line"
FAIL: gcc.dg/tree-ssa/builtin-sprintf-5.c scan-tree-dump-not optimized "snprintf"
FAIL: gcc.dg/tree-ssa/builtin-sprintf-warn-11.c  (test for warnings, line 132)
FAIL: gcc.dg/tree-ssa/builtin-sprintf-warn-11.c  (test for warnings, line 134)
FAIL: gcc.dg/tree-ssa/builtin-sprintf-warn-11.c  (test for warnings, line 143)
FAIL: gcc.dg/tree-ssa/builtin-sprintf-warn-11.c  (test for warnings, line 144)
FAIL: gcc.dg/tree-ssa/builtin-sprintf-warn-11.c  (test for warnings, line 145)
FAIL: gcc.dg/tree-ssa/builtin-sprintf-warn-11.c  (test for warnings, line 146)
FAIL: gcc.dg/tree-ssa/builtin-sprintf-warn-11.c  (test for warnings, line 147)
FAIL: gcc.dg/tree-ssa/builtin-sprintf-warn-11.c  (test for warnings, line 148)
FAIL: gcc.dg/tree-ssa/builtin-sprintf-warn-11.c  (test for warnings, line 149)
FAIL: gcc.dg/tree-ssa/builtin-sprintf-warn-11.c  (test for warnings, line 152)
FAIL: gcc.dg/tree-ssa/builtin-sprintf-warn-11.c  (test for warnings, line 153)
FAIL: gcc.dg/tree-ssa/builtin-sprintf-warn-11.c  (test for warnings, line 155)
FAIL: gcc.dg/tree-ssa/builtin-sprintf-warn-11.c  (test for warnings, line 156)
FAIL: gcc.dg/tree-ssa/builtin-sprintf-warn-11.c  (test for warnings, line 159)
FAIL: gcc.dg/tree-ssa/builtin-sprintf-warn-11.c  (test for warnings, line 160)
FAIL: gcc.dg/tree-ssa/builtin-sprintf-warn-11.c  (test for warnings, line 164)
FAIL: gcc.dg/tree-ssa/builtin-sprintf-warn-11.c  (test for warnings, line 165)
FAIL: gcc.dg/tree-ssa/builtin-sprintf-warn-11.c  (test for warnings, line 167)
FAIL: gcc.dg/tree-ssa/builtin-sprintf-warn-11.c  (test for warnings, line 168)
FAIL: gcc.dg/tree-ssa/builtin-sprintf-warn-11.c  (test for warnings, line 216)
FAIL: gcc.dg/tree-ssa/builtin-sprintf-warn-11.c  (test for warnings, line 221)
FAIL: gcc.dg/tree-ssa/builtin-sprintf-warn-11.c  (test for warnings, line 222)
FAIL: gcc.dg/tree-ssa/builtin-sprintf-warn-11.c  (test for warnings, line 223)
FAIL: gcc.dg/tree-ssa/builtin-sprintf-warn-11.c  (test for warnings, line 224)
FAIL: gcc.dg/tree-ssa/builtin-sprintf-warn-11.c  (test for warnings, line 225)
FAIL: gcc.dg/tree-ssa/builtin-sprintf-warn-11.c  (test for warnings, line 226)
FAIL: gcc.dg/tree-ssa/builtin-sprintf-warn-11.c  (test for warnings, line 227)
FAIL: gcc.dg/tree-ssa/builtin-sprintf-warn-11.c  (test for warnings, line 228)
FAIL: gcc.dg/tree-ssa/builtin-sprintf-warn-11.c  (test for warnings, line 229)
FAIL: gcc.dg/tree-ssa/builtin-sprintf-warn-11.c  (test for warnings, line 230)
FAIL: gcc.dg/tree-ssa/builtin-sprintf-warn-11.c  (test for warnings, line 231)
FAIL: gcc.dg/tree-ssa/builtin-sprintf-warn-11.c  (test for warnings, line 232)
FAIL: gcc.dg/tree-ssa/builtin-sprintf-warn-11.c  (test for warnings, line 233)
FAIL: gcc.dg/tree-ssa/builtin-sprintf-warn-11.c  (test for warnings, line 235)
FAIL: gcc.dg/tree-ssa/builtin-sprintf-warn-11.c  (test for warnings, line 236)
FAIL: gcc.dg/tree-ssa/builtin-sprintf-warn-11.c  (test for warnings, line 237)
FAIL: gcc.dg/tree-ssa/builtin-sprintf-warn-11.c  (test for warnings, line 238)
FAIL: gcc.dg/tree-ssa/builtin-sprintf-warn-11.c  (test for warnings, line 239)
FAIL: gcc.dg/tree-ssa/builtin-sprintf-warn-11.c  (test for warnings, line 240)
FAIL: gcc.dg/tree-ssa/builtin-sprintf-warn-11.c  (test for warnings, line 241)
FAIL: gcc.dg/tree-ssa/builtin-sprintf-warn-11.c  (test for warnings, line 242)
FAIL: gcc.dg/tree-ssa/builtin-sprintf-warn-11.c  (test for warnings, line 243)
FAIL: gcc.dg/tree-ssa/builtin-sprintf-warn-11.c  (test for warnings, line 244)
FAIL: gcc.dg/tree-ssa/builtin-sprintf-warn-11.c  (test for warnings, line 245)
FAIL: gcc.dg/tree-ssa/builtin-sprintf-warn-11.c  (test for warnings, line 246)
FAIL: gcc.dg/tree-ssa/builtin-sprintf-warn-11.c  (test for warnings, line 275)
FAIL: gcc.dg/tree-ssa/builtin-sprintf-warn-11.c  (test for warnings, line 277)
FAIL: gcc.dg/tree-ssa/builtin-sprintf-warn-11.c  (test for warnings, line 278)
FAIL: gcc.dg/tree-ssa/builtin-sprintf-warn-11.c  (test for warnings, line 279)
FAIL: gcc.dg/tree-ssa/builtin-sprintf-warn-11.c  (test for warnings, line 287)
FAIL: gcc.dg/tree-ssa/builtin-sprintf-warn-11.c  (test for warnings, line 289)
FAIL: gcc.dg/tree-ssa/builtin-sprintf-warn-11.c  (test for warnings, line 290)
FAIL: gcc.dg/tree-ssa/builtin-sprintf-warn-11.c  (test for warnings, line 291)
FAIL: gcc.dg/tree-ssa/builtin-sprintf-warn-11.c  (test for warnings, line 292)
FAIL: gcc.dg/tree-ssa/builtin-sprintf-warn-11.c  (test for warnings, line 298)
FAIL: gcc.dg/tree-ssa/builtin-sprintf-warn-11.c  (test for warnings, line 299)
FAIL: gcc.dg/tree-ssa/builtin-sprintf-warn-11.c  (test for warnings, line 300)
FAIL: gcc.dg/tree-ssa/builtin-sprintf-warn-11.c  (test for warnings, line 301)
FAIL: gcc.dg/tree-ssa/builtin-sprintf-warn-11.c  (test for warnings, line 303)
FAIL: gcc.dg/tree-ssa/builtin-sprintf-warn-11.c  (test for warnings, line 304)
FAIL: gcc.dg/tree-ssa/builtin-sprintf-warn-11.c  (test for warnings, line 305)
FAIL: gcc.dg/tree-ssa/builtin-sprintf-warn-11.c  (test for warnings, line 308)
FAIL: gcc.dg/tree-ssa/builtin-sprintf-warn-11.c  (test for warnings, line 309)
FAIL: gcc.dg/tree-ssa/builtin-sprintf-warn-11.c  (test for warnings, line 310)
FAIL: gcc.dg/tree-ssa/builtin-sprintf-warn-11.c  (test for warnings, line 311)
FAIL: gcc.dg/tree-ssa/builtin-sprintf-warn-11.c  (test for warnings, line 312)
FAIL: gcc.dg/tree-ssa/builtin-sprintf-warn-11.c (test for excess errors)
FAIL: gcc.dg/tree-ssa/builtin-sprintf-warn-12.c  (test for warnings, line 101)
FAIL: gcc.dg/tree-ssa/builtin-sprintf-warn-12.c  (test for warnings, line 103)
FAIL: gcc.dg/tree-ssa/builtin-sprintf-warn-12.c  (test for warnings, line 105)
FAIL: gcc.dg/tree-ssa/builtin-sprintf-warn-12.c  (test for warnings, line 111)
FAIL: gcc.dg/tree-ssa/builtin-sprintf-warn-12.c  (test for warnings, line 114)
FAIL: gcc.dg/tree-ssa/builtin-sprintf-warn-12.c  (test for warnings, line 118)
FAIL: gcc.dg/tree-ssa/builtin-sprintf-warn-12.c  (test for warnings, line 121)
FAIL: gcc.dg/tree-ssa/builtin-sprintf-warn-12.c  (test for warnings, line 124)
FAIL: gcc.dg/tree-ssa/builtin-sprintf-warn-12.c  (test for warnings, line 128)
FAIL: gcc.dg/tree-ssa/builtin-sprintf-warn-12.c  (test for warnings, line 154)
FAIL: gcc.dg/tree-ssa/builtin-sprintf-warn-12.c  (test for warnings, line 155)
FAIL: gcc.dg/tree-ssa/builtin-sprintf-warn-12.c  (test for warnings, line 161)
FAIL: gcc.dg/tree-ssa/builtin-sprintf-warn-12.c  (test for warnings, line 162)
FAIL: gcc.dg/tree-ssa/builtin-sprintf-warn-12.c  (test for warnings, line 163)
FAIL: gcc.dg/tree-ssa/builtin-sprintf-warn-12.c  (test for warnings, line 164)
FAIL: gcc.dg/tree-ssa/builtin-sprintf-warn-12.c  (test for warnings, line 165)
FAIL: gcc.dg/tree-ssa/builtin-sprintf-warn-12.c  (test for warnings, line 166)
FAIL: gcc.dg/tree-ssa/builtin-sprintf-warn-12.c  (test for warnings, line 167)
FAIL: gcc.dg/tree-ssa/builtin-sprintf-warn-12.c  (test for warnings, line 168)
FAIL: gcc.dg/tree-ssa/builtin-sprintf-warn-12.c  (test for warnings, line 169)
FAIL: gcc.dg/tree-ssa/builtin-sprintf-warn-12.c  (test for warnings, line 170)
FAIL: gcc.dg/tree-ssa/builtin-sprintf-warn-12.c  (test for warnings, line 171)
FAIL: gcc.dg/tree-ssa/builtin-sprintf-warn-12.c  (test for warnings, line 174)
FAIL: gcc.dg/tree-ssa/builtin-sprintf-warn-12.c  (test for warnings, line 182)
FAIL: gcc.dg/tree-ssa/builtin-sprintf-warn-12.c  (test for warnings, line 185)
FAIL: gcc.dg/tree-ssa/builtin-sprintf-warn-12.c  (test for warnings, line 193)
FAIL: gcc.dg/tree-ssa/builtin-sprintf-warn-12.c  (test for warnings, line 195)
FAIL: gcc.dg/tree-ssa/builtin-sprintf-warn-12.c  (test for warnings, line 201)
FAIL: gcc.dg/tree-ssa/builtin-sprintf-warn-12.c  (test for warnings, line 202)
FAIL: gcc.dg/tree-ssa/builtin-sprintf-warn-12.c  (test for warnings, line 203)
FAIL: gcc.dg/tree-ssa/builtin-sprintf-warn-12.c  (test for warnings, line 204)
FAIL: gcc.dg/tree-ssa/builtin-sprintf-warn-12.c  (test for warnings, line 205)
FAIL: gcc.dg/tree-ssa/builtin-sprintf-warn-12.c  (test for warnings, line 206)
FAIL: gcc.dg/tree-ssa/builtin-sprintf-warn-12.c  (test for warnings, line 207)
FAIL: gcc.dg/tree-ssa/builtin-sprintf-warn-12.c  (test for warnings, line 208)
FAIL: gcc.dg/tree-ssa/builtin-sprintf-warn-12.c  (test for warnings, line 209)
FAIL: gcc.dg/tree-ssa/builtin-sprintf-warn-12.c  (test for warnings, line 212)
FAIL: gcc.dg/tree-ssa/builtin-sprintf-warn-12.c  (test for warnings, line 223)
FAIL: gcc.dg/tree-ssa/builtin-sprintf-warn-12.c  (test for warnings, line 227)
FAIL: gcc.dg/tree-ssa/builtin-sprintf-warn-12.c  (test for warnings, line 66)
FAIL: gcc.dg/tree-ssa/builtin-sprintf-warn-12.c  (test for warnings, line 67)
FAIL: gcc.dg/tree-ssa/builtin-sprintf-warn-12.c  (test for warnings, line 68)
FAIL: gcc.dg/tree-ssa/builtin-sprintf-warn-12.c  (test for warnings, line 69)
FAIL: gcc.dg/tree-ssa/builtin-sprintf-warn-12.c  (test for warnings, line 73)
FAIL: gcc.dg/tree-ssa/builtin-sprintf-warn-12.c  (test for warnings, line 74)
FAIL: gcc.dg/tree-ssa/builtin-sprintf-warn-12.c  (test for warnings, line 75)
FAIL: gcc.dg/tree-ssa/builtin-sprintf-warn-12.c  (test for warnings, line 76)
FAIL: gcc.dg/tree-ssa/builtin-sprintf-warn-12.c  (test for warnings, line 77)
FAIL: gcc.dg/tree-ssa/builtin-sprintf-warn-12.c  (test for warnings, line 78)
FAIL: gcc.dg/tree-ssa/builtin-sprintf-warn-12.c  (test for warnings, line 82)
FAIL: gcc.dg/tree-ssa/builtin-sprintf-warn-12.c  (test for warnings, line 83)
FAIL: gcc.dg/tree-ssa/builtin-sprintf-warn-12.c  (test for warnings, line 91)
FAIL: gcc.dg/tree-ssa/builtin-sprintf-warn-12.c  (test for warnings, line 93)
FAIL: gcc.dg/tree-ssa/builtin-sprintf-warn-12.c (test for excess errors)
FAIL: gcc.dg/tree-ssa/builtin-sprintf-warn-13.c  (test for warnings, line 102)
FAIL: gcc.dg/tree-ssa/builtin-sprintf-warn-13.c  (test for warnings, line 103)
FAIL: gcc.dg/tree-ssa/builtin-sprintf-warn-13.c  (test for warnings, line 108)
FAIL: gcc.dg/tree-ssa/builtin-sprintf-warn-13.c  (test for warnings, line 109)
FAIL: gcc.dg/tree-ssa/builtin-sprintf-warn-13.c  (test for warnings, line 112)
FAIL: gcc.dg/tree-ssa/builtin-sprintf-warn-13.c  (test for warnings, line 114)
FAIL: gcc.dg/tree-ssa/builtin-sprintf-warn-13.c  (test for warnings, line 116)
FAIL: gcc.dg/tree-ssa/builtin-sprintf-warn-13.c  (test for warnings, line 118)
FAIL: gcc.dg/tree-ssa/builtin-sprintf-warn-13.c  (test for warnings, line 123)
FAIL: gcc.dg/tree-ssa/builtin-sprintf-warn-13.c  (test for warnings, line 124)
FAIL: gcc.dg/tree-ssa/builtin-sprintf-warn-13.c  (test for warnings, line 129)
FAIL: gcc.dg/tree-ssa/builtin-sprintf-warn-13.c  (test for warnings, line 130)
FAIL: gcc.dg/tree-ssa/builtin-sprintf-warn-13.c  (test for warnings, line 135)
FAIL: gcc.dg/tree-ssa/builtin-sprintf-warn-13.c  (test for warnings, line 136)
FAIL: gcc.dg/tree-ssa/builtin-sprintf-warn-13.c  (test for warnings, line 160)
FAIL: gcc.dg/tree-ssa/builtin-sprintf-warn-13.c  (test for warnings, line 162)
FAIL: gcc.dg/tree-ssa/builtin-sprintf-warn-13.c  (test for warnings, line 163)
FAIL: gcc.dg/tree-ssa/builtin-sprintf-warn-13.c  (test for warnings, line 165)
FAIL: gcc.dg/tree-ssa/builtin-sprintf-warn-13.c  (test for warnings, line 172)
FAIL: gcc.dg/tree-ssa/builtin-sprintf-warn-13.c  (test for warnings, line 178)
FAIL: gcc.dg/tree-ssa/builtin-sprintf-warn-13.c  (test for warnings, line 199)
FAIL: gcc.dg/tree-ssa/builtin-sprintf-warn-13.c  (test for warnings, line 200)
FAIL: gcc.dg/tree-ssa/builtin-sprintf-warn-13.c  (test for warnings, line 201)
FAIL: gcc.dg/tree-ssa/builtin-sprintf-warn-13.c  (test for warnings, line 202)
FAIL: gcc.dg/tree-ssa/builtin-sprintf-warn-13.c  (test for warnings, line 204)
FAIL: gcc.dg/tree-ssa/builtin-sprintf-warn-13.c  (test for warnings, line 205)
FAIL: gcc.dg/tree-ssa/builtin-sprintf-warn-13.c  (test for warnings, line 206)
FAIL: gcc.dg/tree-ssa/builtin-sprintf-warn-13.c  (test for warnings, line 207)
FAIL: gcc.dg/tree-ssa/builtin-sprintf-warn-13.c  (test for warnings, line 213)
FAIL: gcc.dg/tree-ssa/builtin-sprintf-warn-13.c  (test for warnings, line 214)
FAIL: gcc.dg/tree-ssa/builtin-sprintf-warn-13.c  (test for warnings, line 219)
FAIL: gcc.dg/tree-ssa/builtin-sprintf-warn-13.c  (test for warnings, line 220)
FAIL: gcc.dg/tree-ssa/builtin-sprintf-warn-13.c  (test for warnings, line 248)
FAIL: gcc.dg/tree-ssa/builtin-sprintf-warn-13.c  (test for warnings, line 254)
FAIL: gcc.dg/tree-ssa/builtin-sprintf-warn-13.c  (test for warnings, line 260)
FAIL: gcc.dg/tree-ssa/builtin-sprintf-warn-13.c  (test for warnings, line 77)
FAIL: gcc.dg/tree-ssa/builtin-sprintf-warn-13.c  (test for warnings, line 78)
FAIL: gcc.dg/tree-ssa/builtin-sprintf-warn-13.c  (test for warnings, line 79)
FAIL: gcc.dg/tree-ssa/builtin-sprintf-warn-13.c  (test for warnings, line 80)
FAIL: gcc.dg/tree-ssa/builtin-sprintf-warn-13.c  (test for warnings, line 82)
FAIL: gcc.dg/tree-ssa/builtin-sprintf-warn-13.c  (test for warnings, line 83)
FAIL: gcc.dg/tree-ssa/builtin-sprintf-warn-13.c  (test for warnings, line 84)
FAIL: gcc.dg/tree-ssa/builtin-sprintf-warn-13.c  (test for warnings, line 85)
FAIL: gcc.dg/tree-ssa/builtin-sprintf-warn-13.c  (test for warnings, line 89)
FAIL: gcc.dg/tree-ssa/builtin-sprintf-warn-13.c  (test for warnings, line 91)
FAIL: gcc.dg/tree-ssa/builtin-sprintf-warn-13.c  (test for warnings, line 93)
FAIL: gcc.dg/tree-ssa/builtin-sprintf-warn-13.c  (test for warnings, line 95)
FAIL: gcc.dg/tree-ssa/builtin-sprintf-warn-13.c  (test for warnings, line 97)
FAIL: gcc.dg/tree-ssa/builtin-sprintf-warn-13.c (test for excess errors)
FAIL: gcc.dg/tree-ssa/builtin-sprintf-warn-14.c  (test for warnings, line 100)
FAIL: gcc.dg/tree-ssa/builtin-sprintf-warn-14.c  (test for warnings, line 101)
FAIL: gcc.dg/tree-ssa/builtin-sprintf-warn-14.c  (test for warnings, line 103)
FAIL: gcc.dg/tree-ssa/builtin-sprintf-warn-14.c  (test for warnings, line 104)
FAIL: gcc.dg/tree-ssa/builtin-sprintf-warn-14.c  (test for warnings, line 105)
FAIL: gcc.dg/tree-ssa/builtin-sprintf-warn-14.c  (test for warnings, line 107)
FAIL: gcc.dg/tree-ssa/builtin-sprintf-warn-14.c  (test for warnings, line 108)
FAIL: gcc.dg/tree-ssa/builtin-sprintf-warn-14.c  (test for warnings, line 109)
FAIL: gcc.dg/tree-ssa/builtin-sprintf-warn-14.c  (test for warnings, line 111)
FAIL: gcc.dg/tree-ssa/builtin-sprintf-warn-14.c  (test for warnings, line 112)
FAIL: gcc.dg/tree-ssa/builtin-sprintf-warn-14.c  (test for warnings, line 113)
FAIL: gcc.dg/tree-ssa/builtin-sprintf-warn-14.c  (test for warnings, line 115)
FAIL: gcc.dg/tree-ssa/builtin-sprintf-warn-14.c  (test for warnings, line 116)
FAIL: gcc.dg/tree-ssa/builtin-sprintf-warn-14.c  (test for warnings, line 117)
FAIL: gcc.dg/tree-ssa/builtin-sprintf-warn-14.c  (test for warnings, line 119)
FAIL: gcc.dg/tree-ssa/builtin-sprintf-warn-14.c  (test for warnings, line 120)
FAIL: gcc.dg/tree-ssa/builtin-sprintf-warn-14.c  (test for warnings, line 121)
FAIL: gcc.dg/tree-ssa/builtin-sprintf-warn-14.c  (test for warnings, line 123)
FAIL: gcc.dg/tree-ssa/builtin-sprintf-warn-14.c  (test for warnings, line 124)
FAIL: gcc.dg/tree-ssa/builtin-sprintf-warn-14.c  (test for warnings, line 125)
FAIL: gcc.dg/tree-ssa/builtin-sprintf-warn-14.c  (test for warnings, line 127)
FAIL: gcc.dg/tree-ssa/builtin-sprintf-warn-14.c  (test for warnings, line 128)
FAIL: gcc.dg/tree-ssa/builtin-sprintf-warn-14.c  (test for warnings, line 129)
FAIL: gcc.dg/tree-ssa/builtin-sprintf-warn-14.c  (test for warnings, line 131)
FAIL: gcc.dg/tree-ssa/builtin-sprintf-warn-14.c  (test for warnings, line 132)
FAIL: gcc.dg/tree-ssa/builtin-sprintf-warn-14.c  (test for warnings, line 137)
FAIL: gcc.dg/tree-ssa/builtin-sprintf-warn-14.c  (test for warnings, line 141)
FAIL: gcc.dg/tree-ssa/builtin-sprintf-warn-14.c  (test for warnings, line 145)
FAIL: gcc.dg/tree-ssa/builtin-sprintf-warn-14.c  (test for warnings, line 149)
FAIL: gcc.dg/tree-ssa/builtin-sprintf-warn-14.c  (test for warnings, line 153)
FAIL: gcc.dg/tree-ssa/builtin-sprintf-warn-14.c  (test for warnings, line 157)
FAIL: gcc.dg/tree-ssa/builtin-sprintf-warn-14.c  (test for warnings, line 161)
FAIL: gcc.dg/tree-ssa/builtin-sprintf-warn-14.c  (test for warnings, line 165)
FAIL: gcc.dg/tree-ssa/builtin-sprintf-warn-14.c  (test for warnings, line 172)
FAIL: gcc.dg/tree-ssa/builtin-sprintf-warn-14.c  (test for warnings, line 179)
FAIL: gcc.dg/tree-ssa/builtin-sprintf-warn-14.c  (test for warnings, line 184)
FAIL: gcc.dg/tree-ssa/builtin-sprintf-warn-14.c  (test for warnings, line 189)
FAIL: gcc.dg/tree-ssa/builtin-sprintf-warn-14.c  (test for warnings, line 201)
FAIL: gcc.dg/tree-ssa/builtin-sprintf-warn-14.c  (test for warnings, line 206)
FAIL: gcc.dg/tree-ssa/builtin-sprintf-warn-14.c  (test for warnings, line 87)
FAIL: gcc.dg/tree-ssa/builtin-sprintf-warn-14.c  (test for warnings, line 88)
FAIL: gcc.dg/tree-ssa/builtin-sprintf-warn-14.c  (test for warnings, line 89)
FAIL: gcc.dg/tree-ssa/builtin-sprintf-warn-14.c  (test for warnings, line 91)
FAIL: gcc.dg/tree-ssa/builtin-sprintf-warn-14.c  (test for warnings, line 92)
FAIL: gcc.dg/tree-ssa/builtin-sprintf-warn-14.c  (test for warnings, line 93)
FAIL: gcc.dg/tree-ssa/builtin-sprintf-warn-14.c  (test for warnings, line 95)
FAIL: gcc.dg/tree-ssa/builtin-sprintf-warn-14.c  (test for warnings, line 96)
FAIL: gcc.dg/tree-ssa/builtin-sprintf-warn-14.c  (test for warnings, line 97)
FAIL: gcc.dg/tree-ssa/builtin-sprintf-warn-14.c  (test for warnings, line 99)
FAIL: gcc.dg/tree-ssa/builtin-sprintf-warn-14.c (test for excess errors)
FAIL: gcc.dg/tree-ssa/builtin-sprintf-warn-3.c  (test for warnings, line 104)
FAIL: gcc.dg/tree-ssa/builtin-sprintf-warn-3.c  (test for warnings, line 105)
FAIL: gcc.dg/tree-ssa/builtin-sprintf-warn-3.c  (test for warnings, line 111)
FAIL: gcc.dg/tree-ssa/builtin-sprintf-warn-3.c  (test for warnings, line 112)
FAIL: gcc.dg/tree-ssa/builtin-sprintf-warn-3.c  (test for warnings, line 117)
FAIL: gcc.dg/tree-ssa/builtin-sprintf-warn-3.c  (test for warnings, line 118)
FAIL: gcc.dg/tree-ssa/builtin-sprintf-warn-3.c  (test for warnings, line 119)
FAIL: gcc.dg/tree-ssa/builtin-sprintf-warn-3.c  (test for warnings, line 127)
FAIL: gcc.dg/tree-ssa/builtin-sprintf-warn-3.c  (test for warnings, line 129)
FAIL: gcc.dg/tree-ssa/builtin-sprintf-warn-3.c  (test for warnings, line 188)
FAIL: gcc.dg/tree-ssa/builtin-sprintf-warn-3.c  (test for warnings, line 191)
FAIL: gcc.dg/tree-ssa/builtin-sprintf-warn-3.c  (test for warnings, line 194)
FAIL: gcc.dg/tree-ssa/builtin-sprintf-warn-3.c  (test for warnings, line 197)
FAIL: gcc.dg/tree-ssa/builtin-sprintf-warn-3.c  (test for warnings, line 206)
FAIL: gcc.dg/tree-ssa/builtin-sprintf-warn-3.c  (test for warnings, line 207)
FAIL: gcc.dg/tree-ssa/builtin-sprintf-warn-3.c  (test for warnings, line 209)
FAIL: gcc.dg/tree-ssa/builtin-sprintf-warn-3.c  (test for warnings, line 210)
FAIL: gcc.dg/tree-ssa/builtin-sprintf-warn-3.c  (test for warnings, line 213)
FAIL: gcc.dg/tree-ssa/builtin-sprintf-warn-3.c  (test for warnings, line 215)
FAIL: gcc.dg/tree-ssa/builtin-sprintf-warn-3.c  (test for warnings, line 220)
FAIL: gcc.dg/tree-ssa/builtin-sprintf-warn-3.c  (test for warnings, line 222)
FAIL: gcc.dg/tree-ssa/builtin-sprintf-warn-3.c  (test for warnings, line 227)
FAIL: gcc.dg/tree-ssa/builtin-sprintf-warn-3.c  (test for warnings, line 228)
FAIL: gcc.dg/tree-ssa/builtin-sprintf-warn-3.c  (test for warnings, line 229)
FAIL: gcc.dg/tree-ssa/builtin-sprintf-warn-3.c  (test for warnings, line 230)
FAIL: gcc.dg/tree-ssa/builtin-sprintf-warn-3.c  (test for warnings, line 231)
FAIL: gcc.dg/tree-ssa/builtin-sprintf-warn-3.c  (test for warnings, line 232)
FAIL: gcc.dg/tree-ssa/builtin-sprintf-warn-3.c  (test for warnings, line 233)
FAIL: gcc.dg/tree-ssa/builtin-sprintf-warn-3.c  (test for warnings, line 234)
FAIL: gcc.dg/tree-ssa/builtin-sprintf-warn-3.c  (test for warnings, line 242)
FAIL: gcc.dg/tree-ssa/builtin-sprintf-warn-3.c  (test for warnings, line 243)
FAIL: gcc.dg/tree-ssa/builtin-sprintf-warn-3.c  (test for warnings, line 245)
FAIL: gcc.dg/tree-ssa/builtin-sprintf-warn-3.c  (test for warnings, line 256)
FAIL: gcc.dg/tree-ssa/builtin-sprintf-warn-3.c  (test for warnings, line 257)
FAIL: gcc.dg/tree-ssa/builtin-sprintf-warn-3.c  (test for warnings, line 258)
FAIL: gcc.dg/tree-ssa/builtin-sprintf-warn-3.c  (test for warnings, line 262)
FAIL: gcc.dg/tree-ssa/builtin-sprintf-warn-3.c  (test for warnings, line 263)
FAIL: gcc.dg/tree-ssa/builtin-sprintf-warn-3.c  (test for warnings, line 266)
FAIL: gcc.dg/tree-ssa/builtin-sprintf-warn-3.c  (test for warnings, line 271)
FAIL: gcc.dg/tree-ssa/builtin-sprintf-warn-3.c  (test for warnings, line 279)
FAIL: gcc.dg/tree-ssa/builtin-sprintf-warn-3.c  (test for warnings, line 280)
FAIL: gcc.dg/tree-ssa/builtin-sprintf-warn-3.c  (test for warnings, line 281)
FAIL: gcc.dg/tree-ssa/builtin-sprintf-warn-3.c  (test for warnings, line 285)
FAIL: gcc.dg/tree-ssa/builtin-sprintf-warn-3.c  (test for warnings, line 288)
FAIL: gcc.dg/tree-ssa/builtin-sprintf-warn-3.c  (test for warnings, line 293)
FAIL: gcc.dg/tree-ssa/builtin-sprintf-warn-3.c  (test for warnings, line 301)
FAIL: gcc.dg/tree-ssa/builtin-sprintf-warn-3.c  (test for warnings, line 307)
FAIL: gcc.dg/tree-ssa/builtin-sprintf-warn-3.c  (test for warnings, line 308)
FAIL: gcc.dg/tree-ssa/builtin-sprintf-warn-3.c  (test for warnings, line 311)
FAIL: gcc.dg/tree-ssa/builtin-sprintf-warn-3.c  (test for warnings, line 316)
FAIL: gcc.dg/tree-ssa/builtin-sprintf-warn-3.c  (test for warnings, line 324)
FAIL: gcc.dg/tree-ssa/builtin-sprintf-warn-3.c  (test for warnings, line 330)
FAIL: gcc.dg/tree-ssa/builtin-sprintf-warn-3.c  (test for warnings, line 333)
FAIL: gcc.dg/tree-ssa/builtin-sprintf-warn-3.c  (test for warnings, line 338)
FAIL: gcc.dg/tree-ssa/builtin-sprintf-warn-3.c  (test for warnings, line 451)
FAIL: gcc.dg/tree-ssa/builtin-sprintf-warn-3.c  (test for warnings, line 452)
FAIL: gcc.dg/tree-ssa/builtin-sprintf-warn-3.c  (test for warnings, line 453)
FAIL: gcc.dg/tree-ssa/builtin-sprintf-warn-3.c  (test for warnings, line 454)
FAIL: gcc.dg/tree-ssa/builtin-sprintf-warn-3.c  (test for warnings, line 462)
FAIL: gcc.dg/tree-ssa/builtin-sprintf-warn-3.c  (test for warnings, line 463)
FAIL: gcc.dg/tree-ssa/builtin-sprintf-warn-3.c  (test for warnings, line 465)
FAIL: gcc.dg/tree-ssa/builtin-sprintf-warn-3.c  (test for warnings, line 466)
FAIL: gcc.dg/tree-ssa/builtin-sprintf-warn-3.c  (test for warnings, line 90)
FAIL: gcc.dg/tree-ssa/builtin-sprintf-warn-3.c  (test for warnings, line 97)
FAIL: gcc.dg/tree-ssa/builtin-sprintf-warn-3.c (test for excess errors)
FAIL: gcc.dg/tree-ssa/builtin-sprintf-warn-3.c note (test for warnings, line 188)
FAIL: gcc.dg/tree-ssa/builtin-sprintf-warn-3.c note (test for warnings, line 191)
FAIL: gcc.dg/tree-ssa/builtin-sprintf-warn-3.c note (test for warnings, line 194)
FAIL: gcc.dg/tree-ssa/builtin-sprintf-warn-3.c note (test for warnings, line 197)
FAIL: gcc.dg/tree-ssa/builtin-sprintf-warn-9.c  (test for warnings, line 100)
FAIL: gcc.dg/tree-ssa/builtin-sprintf-warn-9.c  (test for warnings, line 102)
FAIL: gcc.dg/tree-ssa/builtin-sprintf-warn-9.c  (test for warnings, line 103)
FAIL: gcc.dg/tree-ssa/builtin-sprintf-warn-9.c  (test for warnings, line 104)
FAIL: gcc.dg/tree-ssa/builtin-sprintf-warn-9.c  (test for warnings, line 105)
FAIL: gcc.dg/tree-ssa/builtin-sprintf-warn-9.c  (test for warnings, line 107)
FAIL: gcc.dg/tree-ssa/builtin-sprintf-warn-9.c  (test for warnings, line 108)
FAIL: gcc.dg/tree-ssa/builtin-sprintf-warn-9.c  (test for warnings, line 109)
FAIL: gcc.dg/tree-ssa/builtin-sprintf-warn-9.c  (test for warnings, line 110)
FAIL: gcc.dg/tree-ssa/builtin-sprintf-warn-9.c  (test for warnings, line 112)
FAIL: gcc.dg/tree-ssa/builtin-sprintf-warn-9.c  (test for warnings, line 113)
FAIL: gcc.dg/tree-ssa/builtin-sprintf-warn-9.c  (test for warnings, line 114)
FAIL: gcc.dg/tree-ssa/builtin-sprintf-warn-9.c  (test for warnings, line 115)
FAIL: gcc.dg/tree-ssa/builtin-sprintf-warn-9.c  (test for warnings, line 117)
FAIL: gcc.dg/tree-ssa/builtin-sprintf-warn-9.c  (test for warnings, line 118)
FAIL: gcc.dg/tree-ssa/builtin-sprintf-warn-9.c  (test for warnings, line 119)
FAIL: gcc.dg/tree-ssa/builtin-sprintf-warn-9.c  (test for warnings, line 120)
FAIL: gcc.dg/tree-ssa/builtin-sprintf-warn-9.c  (test for warnings, line 122)
FAIL: gcc.dg/tree-ssa/builtin-sprintf-warn-9.c  (test for warnings, line 123)
FAIL: gcc.dg/tree-ssa/builtin-sprintf-warn-9.c  (test for warnings, line 124)
FAIL: gcc.dg/tree-ssa/builtin-sprintf-warn-9.c  (test for warnings, line 125)
FAIL: gcc.dg/tree-ssa/builtin-sprintf-warn-9.c  (test for warnings, line 133)
FAIL: gcc.dg/tree-ssa/builtin-sprintf-warn-9.c  (test for warnings, line 134)
FAIL: gcc.dg/tree-ssa/builtin-sprintf-warn-9.c  (test for warnings, line 135)
FAIL: gcc.dg/tree-ssa/builtin-sprintf-warn-9.c  (test for warnings, line 136)
FAIL: gcc.dg/tree-ssa/builtin-sprintf-warn-9.c  (test for warnings, line 137)
FAIL: gcc.dg/tree-ssa/builtin-sprintf-warn-9.c  (test for warnings, line 138)
FAIL: gcc.dg/tree-ssa/builtin-sprintf-warn-9.c  (test for warnings, line 139)
FAIL: gcc.dg/tree-ssa/builtin-sprintf-warn-9.c  (test for warnings, line 140)
FAIL: gcc.dg/tree-ssa/builtin-sprintf-warn-9.c  (test for warnings, line 141)
FAIL: gcc.dg/tree-ssa/builtin-sprintf-warn-9.c  (test for warnings, line 142)
FAIL: gcc.dg/tree-ssa/builtin-sprintf-warn-9.c  (test for warnings, line 143)
FAIL: gcc.dg/tree-ssa/builtin-sprintf-warn-9.c  (test for warnings, line 144)
FAIL: gcc.dg/tree-ssa/builtin-sprintf-warn-9.c  (test for warnings, line 148)
FAIL: gcc.dg/tree-ssa/builtin-sprintf-warn-9.c  (test for warnings, line 149)
FAIL: gcc.dg/tree-ssa/builtin-sprintf-warn-9.c  (test for warnings, line 150)
FAIL: gcc.dg/tree-ssa/builtin-sprintf-warn-9.c  (test for warnings, line 151)
FAIL: gcc.dg/tree-ssa/builtin-sprintf-warn-9.c  (test for warnings, line 152)
FAIL: gcc.dg/tree-ssa/builtin-sprintf-warn-9.c  (test for warnings, line 153)
FAIL: gcc.dg/tree-ssa/builtin-sprintf-warn-9.c  (test for warnings, line 155)
FAIL: gcc.dg/tree-ssa/builtin-sprintf-warn-9.c  (test for warnings, line 65)
FAIL: gcc.dg/tree-ssa/builtin-sprintf-warn-9.c  (test for warnings, line 66)
FAIL: gcc.dg/tree-ssa/builtin-sprintf-warn-9.c  (test for warnings, line 67)
FAIL: gcc.dg/tree-ssa/builtin-sprintf-warn-9.c  (test for warnings, line 68)
FAIL: gcc.dg/tree-ssa/builtin-sprintf-warn-9.c  (test for warnings, line 70)
FAIL: gcc.dg/tree-ssa/builtin-sprintf-warn-9.c  (test for warnings, line 71)
FAIL: gcc.dg/tree-ssa/builtin-sprintf-warn-9.c  (test for warnings, line 74)
FAIL: gcc.dg/tree-ssa/builtin-sprintf-warn-9.c  (test for warnings, line 76)
FAIL: gcc.dg/tree-ssa/builtin-sprintf-warn-9.c  (test for warnings, line 82)
FAIL: gcc.dg/tree-ssa/builtin-sprintf-warn-9.c  (test for warnings, line 83)
FAIL: gcc.dg/tree-ssa/builtin-sprintf-warn-9.c  (test for warnings, line 85)
FAIL: gcc.dg/tree-ssa/builtin-sprintf-warn-9.c  (test for warnings, line 86)
FAIL: gcc.dg/tree-ssa/builtin-sprintf-warn-9.c  (test for warnings, line 87)
FAIL: gcc.dg/tree-ssa/builtin-sprintf-warn-9.c  (test for warnings, line 89)
FAIL: gcc.dg/tree-ssa/builtin-sprintf-warn-9.c  (test for warnings, line 90)
FAIL: gcc.dg/tree-ssa/builtin-sprintf-warn-9.c  (test for warnings, line 91)
FAIL: gcc.dg/tree-ssa/builtin-sprintf-warn-9.c  (test for warnings, line 93)
FAIL: gcc.dg/tree-ssa/builtin-sprintf-warn-9.c  (test for warnings, line 94)
FAIL: gcc.dg/tree-ssa/builtin-sprintf-warn-9.c  (test for warnings, line 95)
FAIL: gcc.dg/tree-ssa/builtin-sprintf-warn-9.c  (test for warnings, line 97)
FAIL: gcc.dg/tree-ssa/builtin-sprintf-warn-9.c  (test for warnings, line 98)
FAIL: gcc.dg/tree-ssa/builtin-sprintf-warn-9.c  (test for warnings, line 99)
FAIL: gcc.dg/tree-ssa/builtin-sprintf-warn-9.c (test for excess errors)
FAIL: gcc.dg/tree-ssa/ifc-10.c scan-tree-dump-times ifcvt "Applying if-conversion" 1
FAIL: gcc.dg/tree-ssa/ifc-10.c scan-tree-dump-times ifcvt "Invalid sum of incoming frequencies" 1
FAIL: gcc.dg/tree-ssa/ifc-10.c scan-tree-dump-times ifcvt "Invalid sum of outgoing probabilities 200.0" 1
FAIL: gcc.dg/tree-ssa/ifc-12.c scan-tree-dump-times ifcvt "Applying if-conversion" 1
FAIL: gcc.dg/tree-ssa/ifc-12.c scan-tree-dump-times ifcvt "Invalid sum of outgoing probabilities 200.0" 1
FAIL: gcc.dg/tree-ssa/inline-10.c scan-tree-dump-not optimized "do_something \\\\(70\\\\)"
FAIL: gcc.dg/tree-ssa/inline-10.c scan-tree-dump-times optimized "do_something2" 1
FAIL: gcc.dg/tree-ssa/inline-10.c scan-tree-dump-times optimized "do_something3" 1
FAIL: gcc.dg/tree-ssa/inline-8.c scan-tree-dump-times einline "Inlining" 5
FAIL: gcc.dg/tree-ssa/inline-9.c scan-tree-dump-times optimized "q \\\\(15\\\\)" 1
FAIL: gcc.dg/tree-ssa/ipa-split-6.c scan-tree-dump optimized "part"
FAIL: gcc.dg/tree-ssa/pr77445.c scan-tree-dump-not thread3 "Invalid sum"
FAIL: gcc.dg/tree-ssa/pr77445.c scan-tree-dump-times thread3 "Registering FSM jump thread" 2
FAIL: gcc.dg/tree-ssa/ssa-fre-56.c scan-tree-dump-times fre1 " \\\\+ " 0
FAIL: gcc.dg/tree-ssa/ssa-fre-56.c scan-tree-dump-times fre1 "= x;" 1
FAIL: gcc.dg/vect/costmodel/i386/costmodel-vect-31.c scan-tree-dump-times vect "vectorized 4 loops" 1
XPASS: gcc.target/i386/fuse-caller-save-rec.c scan-assembler-not pop
XPASS: gcc.target/i386/fuse-caller-save-rec.c scan-assembler-not push
XPASS: gcc.target/i386/fuse-caller-save-rec.c scan-assembler-times addl\\t%[re]?dx, %[re]?ax 1
XPASS: gcc.target/i386/fuse-caller-save-xmm.c scan-assembler-times addpd\\t%xmm1, %xmm0 1
FAIL: gcc.target/i386/fuse-caller-save-xmm.c scan-assembler-times addpd\\t\\\\.?LC0.*, %xmm0 1
XPASS: gcc.target/i386/fuse-caller-save.c scan-assembler-not pop
XPASS: gcc.target/i386/fuse-caller-save.c scan-assembler-not push
XPASS: gcc.target/i386/fuse-caller-save.c scan-assembler-times addl\\t%[re]?d[ix], %[re]?ax 1
FAIL: gcc.target/i386/interrupt-11.c scan-assembler-not pushl[\\\\t ]*%ebx
FAIL: gcc.target/i386/interrupt-12.c scan-assembler-not (push|pop)(l|q)[\\\\t ]*%(r|e)(b|c|d)x
FAIL: gcc.target/i386/interrupt-12.c scan-assembler-times movl[\\\\t ]*-4\\\\(%ebp\\\\),[\\\\t ]*%eax 1
FAIL: gcc.target/i386/interrupt-13.c scan-assembler-not (push|pop)(l|q)[\\\\t ]*%(r|e)(b|c|d)x
FAIL: gcc.target/i386/interrupt-13.c scan-assembler-times movl[\\\\t ]*-4\\\\(%ebp\\\\),[\\\\t ]*%eax 1
FAIL: gcc.target/i386/interrupt-15.c scan-assembler-not (push|pop)(l|q)[\\\\t ]*%(r|e)(b|c|d)x
FAIL: gcc.target/i386/interrupt-15.c scan-assembler-times movl[\\\\t ]*-4\\\\(%ebp\\\\),[\\\\t ]*%eax 2
FAIL: gcc.target/i386/interrupt-16.c scan-assembler-not (push|pop)(l|q)[\\\\t ]*%(r|e)(a|b|c|d)x
FAIL: gcc.target/i386/interrupt-17.c scan-assembler-not (push|pop)(l|q)[\\\\t ]*%(r|e)(a|b|c|d)x
FAIL: gcc.target/i386/interrupt-8.c scan-assembler-not pushl[\\\\t ]*%ebx
FAIL: gcc.target/i386/pad-10.c scan-assembler-not nop
FAIL: gcc.target/i386/pr22076.c scan-assembler-times movq 3
FAIL: gcc.target/i386/pr66819-3.c scan-assembler-not call
FAIL: gcc.target/i386/pr66819-4.c scan-assembler-not call
FAIL: gcc.target/i386/pr71245-1.c scan-assembler-not (fistp|fild)
FAIL: gcc.target/i386/pr71245-2.c scan-assembler-not movlps
FAIL: gcc.target/i386/pr71321.c scan-assembler-times lea.\\t\\\\(%[0-9a-z]+,%[0-9a-z]+,4 3
FAIL: gcc.target/i386/pr71321.c scan-assembler-times lea.\\t\\\\(%[0-9a-z]+,%[0-9a-z]+,8 1
FAIL: gcc.target/i386/pr78035.c scan-assembler-times cmp 2
FAIL: gcc.target/i386/thunk-retbnd.c scan-tree-dump-times optimized "return &glob," 2
FAIL: gcc.target/i386/vect-double-2.c scan-tree-dump-times vect "Vectorized loops: 1" 1

		=== gcc Summary ===

# of expected passes		128901
# of unexpected failures	633
# of unexpected successes	28
# of expected failures		381
# of unsupported tests		2344
/export/gnu/import/git/gcc-test-ia32/bld/gcc/xgcc  version 7.0.1 20170223 (experimental) [trunk revision 245678] (GCC) 

		=== gfortran tests ===


Running target unix/-fpic
FAIL: gfortran.dg/bessel_6.f90   -O0  execution test
FAIL: gfortran.dg/bessel_6.f90   -O1  execution test
FAIL: gfortran.dg/bessel_6.f90   -O2  execution test
FAIL: gfortran.dg/bessel_6.f90   -O3 -fomit-frame-pointer -funroll-loops -fpeel-loops -ftracer -finline-functions  execution test
FAIL: gfortran.dg/bessel_6.f90   -O3 -g  execution test
FAIL: gfortran.dg/bessel_6.f90   -Os  execution test
FAIL: gfortran.dg/pr48636-2.f90   -O   scan-ipa-dump cp "Creating a specialized node of [^\\n\\r]*bar/[0-9]*\\\\."
FAIL: gfortran.dg/pr48636-2.f90   -O   scan-ipa-dump-times cp "Aggregate replacements[^=]*=[^=]*=[^=]*=[^=]*=[^=]*=[^=]*=[^=]*=[^=]*=[^=]*=" 2
FAIL: gfortran.dg/pr48636.f90   -O   scan-ipa-dump inline "bar[^\\\\n]*inline copy in MAIN"
FAIL: gfortran.dg/pr48636.f90   -O   scan-ipa-dump inline "inline hints: loop_iterations"

		=== gfortran Summary ===

# of expected passes		44503
# of unexpected failures	10
# of expected failures		87
# of unsupported tests		176
/export/gnu/import/git/gcc-test-ia32/bld/gcc/gfortran  version 7.0.1 20170223 (experimental) [trunk revision 245678] (GCC) 

		=== objc tests ===


Running target unix/-fpic

		=== objc Summary ===

# of expected passes		2797
# of expected failures		6
# of unsupported tests		68
/export/gnu/import/git/gcc-test-ia32/bld/gcc/xgcc  version 7.0.1 20170223 (experimental) [trunk revision 245678] (GCC) 

		=== libatomic tests ===


Running target unix/-fpic

		=== libatomic Summary ===

# of expected passes		44
# of unsupported tests		5
		=== libgomp tests ===


Running target unix/-fpic

		=== libgomp Summary ===

# of expected passes		5152
# of unsupported tests		331
		=== libitm tests ===


Running target unix/-fpic

		=== libitm Summary ===

# of expected passes		42
# of expected failures		3
# of unsupported tests		1
		=== libstdc++ tests ===


Running target unix/-fpic

		=== libstdc++ Summary ===

# of expected passes		12092
# of expected failures		66
# of unsupported tests		242

Compiler version: 7.0.1 20170223 (experimental) [trunk revision 245678] (GCC) 
Platform: i686-pc-linux-gnu
configure flags: --prefix=/usr/7.0.1 --enable-clocale=gnu --with-system-zlib --enable-shared --with-demangler-in-ld --enable-libmpx i686-linux --with-fpmath=sse


Index Nav: [Date Index] [Subject Index] [Author Index] [Thread Index]
Message Nav: [Date Prev] [Date Next] [Thread Prev] [Thread Next]