This is the mail archive of the gcc-testresults@gcc.gnu.org mailing list for the GCC project.


Index Nav: [Date Index] [Subject Index] [Author Index] [Thread Index]
Message Nav: [Date Prev] [Date Next] [Thread Prev] [Thread Next]
Other format: [Raw text]

Results for 7.0.1 20170219 (experimental) (GCC) testsuite on s390-ibm-linux-gnu zEC12


LAST_UPDATED: Sun Feb 19 18:14:23 UTC 2017 (revision 245578)

Native configuration is s390-ibm-linux-gnu zEC12

		=== g++ tests ===


Running target unix
FAIL: c-c++-common/asan/null-deref-1.c   -O2  output pattern test, is ASAN:DEADLYSIGNAL
FAIL: c-c++-common/asan/null-deref-1.c   -O2 -flto -fno-use-linker-plugin -flto-partition=none  output pattern test, is ASAN:DEADLYSIGNAL
FAIL: c-c++-common/asan/null-deref-1.c   -O2 -flto -fuse-linker-plugin -fno-fat-lto-objects  output pattern test, is ASAN:DEADLYSIGNAL
FAIL: c-c++-common/asan/null-deref-1.c   -O3 -g  output pattern test, is ASAN:DEADLYSIGNAL
FAIL: c-c++-common/asan/null-deref-1.c   -Os  output pattern test, is ASAN:DEADLYSIGNAL
FAIL: c-c++-common/asan/pr64820.c   -O0  output pattern test, is =================================================================
FAIL: c-c++-common/asan/pr64820.c   -O1  output pattern test, is =================================================================
FAIL: c-c++-common/asan/pr64820.c   -O2  output pattern test, is =================================================================
FAIL: c-c++-common/asan/pr64820.c   -O2 -flto -fno-use-linker-plugin -flto-partition=none  output pattern test, is =================================================================
FAIL: c-c++-common/asan/pr64820.c   -O2 -flto -fuse-linker-plugin -fno-fat-lto-objects  output pattern test, is =================================================================
FAIL: c-c++-common/asan/pr64820.c   -O3 -g  output pattern test, is =================================================================
FAIL: c-c++-common/asan/pr64820.c   -Os  output pattern test, is =================================================================
FAIL: c-c++-common/asan/use-after-return-1.c   -O0  output pattern test, is 1: 0x42709020
FAIL: c-c++-common/asan/use-after-return-1.c   -O1  output pattern test, is 1: 0x42809020
FAIL: c-c++-common/asan/use-after-return-1.c   -O2  output pattern test, is 1: 0x42209020
FAIL: c-c++-common/asan/use-after-return-1.c   -O2 -flto -fno-use-linker-plugin -flto-partition=none  output pattern test, is 1: 0x42209020
FAIL: c-c++-common/asan/use-after-return-1.c   -O2 -flto -fuse-linker-plugin -fno-fat-lto-objects  output pattern test, is 1: 0x42309020
FAIL: c-c++-common/asan/use-after-return-1.c   -O3 -g  output pattern test, is 1: 0x42409020
FAIL: c-c++-common/asan/use-after-return-1.c   -Os  output pattern test, is 1: 0x42209020
FAIL: g++.dg/guality/pr55665.C   -O2  line 23 p == 40
FAIL: g++.dg/guality/pr55665.C   -O3 -g  line 23 p == 40
FAIL: g++.dg/simulate-thread/atomics-1.C   -O0 -g  thread simulation test
FAIL: g++.dg/simulate-thread/bitfields-2.C   -O0 -g  thread simulation test
FAIL: g++.dg/simulate-thread/bitfields.C   -O0 -g  thread simulation test
FAIL: c-c++-common/ubsan/pr71403-1.c   -O1  (internal compiler error)
FAIL: c-c++-common/ubsan/pr71403-1.c   -O1  (test for excess errors)
UNRESOLVED: c-c++-common/ubsan/pr71403-1.c   -O1  compilation failed to produce executable
FAIL: c-c++-common/ubsan/pr71403-1.c   -Os  (internal compiler error)
FAIL: c-c++-common/ubsan/pr71403-1.c   -Os  (test for excess errors)
UNRESOLVED: c-c++-common/ubsan/pr71403-1.c   -Os  compilation failed to produce executable

		=== g++ Summary ===

# of expected passes		107196
# of unexpected failures	28
# of expected failures		371
# of unresolved testcases	2
# of unsupported tests		4636
-zEC12/gcc/testsuite/g++/../../xg++  version 7.0.1 20170219 (experimental) (GCC) 

		=== gcc tests ===


Running target unix
FAIL: gcc.c-torture/compile/pr37327.c   -Os  (internal compiler error)
FAIL: gcc.c-torture/compile/pr37327.c   -Os  (test for excess errors)
FAIL: gcc.c-torture/execute/builtins/memset-chk.c compilation,  -Og -g  (internal compiler error)
UNRESOLVED: gcc.c-torture/execute/builtins/memset-chk.c execution,  -Og -g 
FAIL: gcc.c-torture/execute/pr58365.c   -O1  (internal compiler error)
FAIL: gcc.c-torture/execute/pr58365.c   -O1  (test for excess errors)
UNRESOLVED: gcc.c-torture/execute/pr58365.c   -O1  compilation failed to produce executable
FAIL: gcc.c-torture/execute/pr58365.c   -Os  (internal compiler error)
FAIL: gcc.c-torture/execute/pr58365.c   -Os  (test for excess errors)
UNRESOLVED: gcc.c-torture/execute/pr58365.c   -Os  compilation failed to produce executable
FAIL: gcc.c-torture/execute/pr66757.c   -O1  (internal compiler error)
FAIL: gcc.c-torture/execute/pr66757.c   -O1  (test for excess errors)
UNRESOLVED: gcc.c-torture/execute/pr66757.c   -O1  compilation failed to produce executable
FAIL: gcc.c-torture/execute/pr66757.c   -O2  (internal compiler error)
FAIL: gcc.c-torture/execute/pr66757.c   -O2  (test for excess errors)
UNRESOLVED: gcc.c-torture/execute/pr66757.c   -O2  compilation failed to produce executable
FAIL: gcc.c-torture/execute/pr66757.c   -O2 -flto -fno-use-linker-plugin -flto-partition=none  (internal compiler error)
FAIL: gcc.c-torture/execute/pr66757.c   -O2 -flto -fno-use-linker-plugin -flto-partition=none  (test for excess errors)
UNRESOLVED: gcc.c-torture/execute/pr66757.c   -O2 -flto -fno-use-linker-plugin -flto-partition=none  compilation failed to produce executable
FAIL: gcc.c-torture/execute/pr66757.c   -O3 -g  (internal compiler error)
FAIL: gcc.c-torture/execute/pr66757.c   -O3 -g  (test for excess errors)
UNRESOLVED: gcc.c-torture/execute/pr66757.c   -O3 -g  compilation failed to produce executable
FAIL: gcc.c-torture/execute/pr66757.c   -Os  (internal compiler error)
FAIL: gcc.c-torture/execute/pr66757.c   -Os  (test for excess errors)
UNRESOLVED: gcc.c-torture/execute/pr66757.c   -Os  compilation failed to produce executable
FAIL: gcc.c-torture/execute/pr68185.c   -O1  (internal compiler error)
FAIL: gcc.c-torture/execute/pr68185.c   -O1  (test for excess errors)
UNRESOLVED: gcc.c-torture/execute/pr68185.c   -O1  compilation failed to produce executable
FAIL: gcc.c-torture/execute/pr68185.c   -Os  (internal compiler error)
FAIL: gcc.c-torture/execute/pr68185.c   -Os  (test for excess errors)
UNRESOLVED: gcc.c-torture/execute/pr68185.c   -Os  compilation failed to produce executable
FAIL: gcc.c-torture/execute/pr68328.c   -O1  (internal compiler error)
FAIL: gcc.c-torture/execute/pr68328.c   -O1  (test for excess errors)
UNRESOLVED: gcc.c-torture/execute/pr68328.c   -O1  compilation failed to produce executable
FAIL: gcc.c-torture/execute/pr68328.c   -Os  (internal compiler error)
FAIL: gcc.c-torture/execute/pr68328.c   -Os  (test for excess errors)
UNRESOLVED: gcc.c-torture/execute/pr68328.c   -Os  compilation failed to produce executable
FAIL: c-c++-common/asan/null-deref-1.c   -O2  output pattern test, is ASAN:DEADLYSIGNAL
FAIL: c-c++-common/asan/null-deref-1.c   -O2 -flto -fno-use-linker-plugin -flto-partition=none  output pattern test, is ASAN:DEADLYSIGNAL
FAIL: c-c++-common/asan/null-deref-1.c   -O2 -flto -fuse-linker-plugin -fno-fat-lto-objects  output pattern test, is ASAN:DEADLYSIGNAL
FAIL: c-c++-common/asan/null-deref-1.c   -O3 -g  output pattern test, is ASAN:DEADLYSIGNAL
FAIL: c-c++-common/asan/null-deref-1.c   -Os  output pattern test, is ASAN:DEADLYSIGNAL
FAIL: c-c++-common/asan/pr64820.c   -O0  output pattern test, is =================================================================
FAIL: c-c++-common/asan/pr64820.c   -O1  output pattern test, is =================================================================
FAIL: c-c++-common/asan/pr64820.c   -O2  output pattern test, is =================================================================
FAIL: c-c++-common/asan/pr64820.c   -O2 -flto -fno-use-linker-plugin -flto-partition=none  output pattern test, is =================================================================
FAIL: c-c++-common/asan/pr64820.c   -O2 -flto -fuse-linker-plugin -fno-fat-lto-objects  output pattern test, is =================================================================
FAIL: c-c++-common/asan/pr64820.c   -O3 -g  output pattern test, is =================================================================
FAIL: c-c++-common/asan/pr64820.c   -Os  output pattern test, is =================================================================
FAIL: c-c++-common/asan/use-after-return-1.c   -O0  output pattern test, is 1: 0x42409020
FAIL: c-c++-common/asan/use-after-return-1.c   -O1  output pattern test, is 1: 0x42809020
FAIL: c-c++-common/asan/use-after-return-1.c   -O2  output pattern test, is 1: 0x42809020
FAIL: c-c++-common/asan/use-after-return-1.c   -O2 -flto -fno-use-linker-plugin -flto-partition=none  output pattern test, is 1: 0x42409020
FAIL: c-c++-common/asan/use-after-return-1.c   -O2 -flto -fuse-linker-plugin -fno-fat-lto-objects  output pattern test, is 1: 0x42509020
FAIL: c-c++-common/asan/use-after-return-1.c   -O3 -g  output pattern test, is 1: 0x42109020
FAIL: c-c++-common/asan/use-after-return-1.c   -Os  output pattern test, is 1: 0x42809020
XPASS: gcc.dg/attr-alloc_size-11.c missing range info for short (test for warnings, line 50)
XPASS: gcc.dg/attr-alloc_size-11.c missing range info for signed char (test for warnings, line 49)
FAIL: gcc.dg/c99-stdint-1.c (test for excess errors)
FAIL: gcc.dg/gcc-have-sync-compare-and-swap.c (test for excess errors)
FAIL: gcc.dg/ifcvt-4.c scan-rtl-dump ce1 "2 true changes made"
FAIL: gcc.dg/loop-9.c scan-rtl-dump loop2_invariant "Decided"
FAIL: gcc.dg/loop-9.c scan-rtl-dump loop2_invariant "without introducing a new temporary register"
FAIL: gcc.dg/lower-subreg-1.c scan-rtl-dump subreg1 "Splitting reg"
FAIL: gcc.dg/pr61441.c execution test
XPASS: gcc.dg/guality/example.c   -O0  execution test
XPASS: gcc.dg/guality/example.c   -O1  execution test
XPASS: gcc.dg/guality/example.c   -O2  execution test
XPASS: gcc.dg/guality/example.c   -O2 -flto -fno-use-linker-plugin -flto-partition=none  execution test
XPASS: gcc.dg/guality/guality.c   -O0  execution test
XPASS: gcc.dg/guality/guality.c   -O1  execution test
XPASS: gcc.dg/guality/guality.c   -O2  execution test
XPASS: gcc.dg/guality/guality.c   -O2 -flto -fno-use-linker-plugin -flto-partition=none  execution test
XPASS: gcc.dg/guality/guality.c   -O2 -flto -fuse-linker-plugin -fno-fat-lto-objects  execution test
XPASS: gcc.dg/guality/guality.c   -O3 -g  execution test
XPASS: gcc.dg/guality/guality.c   -Os  execution test
XPASS: gcc.dg/guality/inline-params.c   -O2  execution test
XPASS: gcc.dg/guality/inline-params.c   -O2 -flto -fno-use-linker-plugin -flto-partition=none  execution test
XPASS: gcc.dg/guality/inline-params.c   -O3 -g  execution test
XPASS: gcc.dg/guality/inline-params.c   -Os  execution test
FAIL: gcc.dg/guality/param-2.c   -O1  line 20 str.pa == 31415927
FAIL: gcc.dg/guality/param-2.c   -O1  line 20 str.pb == 27182818
FAIL: gcc.dg/guality/param-3.c   -O1  line 20 str.pa == 31415927
FAIL: gcc.dg/guality/param-3.c   -O1  line 20 str.pb == 27182818
FAIL: gcc.dg/guality/pr36728-1.c   -O2  line 16 y == 2
FAIL: gcc.dg/guality/pr36728-1.c   -O2 -flto -fno-use-linker-plugin -flto-partition=none  line 16 y == 2
FAIL: gcc.dg/guality/pr36728-1.c   -O2 -flto -fuse-linker-plugin -fno-fat-lto-objects  line 16 y == 2
FAIL: gcc.dg/guality/pr36728-1.c   -O3 -g  line 16 y == 2
FAIL: gcc.dg/guality/pr36728-2.c   -O2 -flto -fuse-linker-plugin -fno-fat-lto-objects  line 16 arg3 == 3
FAIL: gcc.dg/guality/pr36728-2.c   -O2 -flto -fuse-linker-plugin -fno-fat-lto-objects  line 16 arg4 == 4
FAIL: gcc.dg/guality/pr36728-2.c   -O2 -flto -fuse-linker-plugin -fno-fat-lto-objects  line 16 arg5 == 5
FAIL: gcc.dg/guality/pr36728-2.c   -O2 -flto -fuse-linker-plugin -fno-fat-lto-objects  line 16 arg6 == 6
FAIL: gcc.dg/guality/pr36728-2.c   -O2 -flto -fuse-linker-plugin -fno-fat-lto-objects  line 16 arg7 == 30
FAIL: gcc.dg/guality/pr36728-2.c   -O2 -flto -fuse-linker-plugin -fno-fat-lto-objects  line 16 y == 2
FAIL: gcc.dg/guality/pr36728-2.c   -O2 -flto -fuse-linker-plugin -fno-fat-lto-objects  line 18 arg3 == 3
FAIL: gcc.dg/guality/pr36728-2.c   -O2 -flto -fuse-linker-plugin -fno-fat-lto-objects  line 18 arg4 == 4
FAIL: gcc.dg/guality/pr36728-2.c   -O2 -flto -fuse-linker-plugin -fno-fat-lto-objects  line 18 arg5 == 5
FAIL: gcc.dg/guality/pr36728-2.c   -O2 -flto -fuse-linker-plugin -fno-fat-lto-objects  line 18 arg6 == 6
FAIL: gcc.dg/guality/pr36728-2.c   -O2 -flto -fuse-linker-plugin -fno-fat-lto-objects  line 18 arg7 == 30
FAIL: gcc.dg/guality/pr36728-2.c   -O3 -g  line 16 arg3 == 3
FAIL: gcc.dg/guality/pr36728-2.c   -O3 -g  line 16 arg4 == 4
FAIL: gcc.dg/guality/pr36728-2.c   -O3 -g  line 16 arg5 == 5
FAIL: gcc.dg/guality/pr36728-2.c   -O3 -g  line 16 arg6 == 6
FAIL: gcc.dg/guality/pr36728-2.c   -O3 -g  line 16 arg7 == 30
FAIL: gcc.dg/guality/pr36728-2.c   -O3 -g  line 16 y == 2
FAIL: gcc.dg/guality/pr36728-2.c   -O3 -g  line 18 arg3 == 3
FAIL: gcc.dg/guality/pr36728-2.c   -O3 -g  line 18 arg4 == 4
FAIL: gcc.dg/guality/pr36728-2.c   -O3 -g  line 18 arg5 == 5
FAIL: gcc.dg/guality/pr36728-2.c   -O3 -g  line 18 arg6 == 6
FAIL: gcc.dg/guality/pr36728-2.c   -O3 -g  line 18 arg7 == 30
XPASS: gcc.dg/guality/pr41353-1.c   -O0  line 28 j == 28 + 37
FAIL: gcc.dg/guality/pr41404-1.c   -O2 -flto -fuse-linker-plugin -fno-fat-lto-objects  line 10 *foo == 'f'
FAIL: gcc.dg/guality/pr41404-1.c   -O2 -flto -fuse-linker-plugin -fno-fat-lto-objects  line 14 *foo == 'b'
FAIL: gcc.dg/guality/pr41404-1.c   -O2 -flto -fuse-linker-plugin -fno-fat-lto-objects  line 24 *foo == 'f'
FAIL: gcc.dg/guality/pr41447-1.c   -O2 -flto -fuse-linker-plugin -fno-fat-lto-objects  execution test
FAIL: gcc.dg/guality/pr41616-1.c   -O2 -flto -fuse-linker-plugin -fno-fat-lto-objects  execution test
FAIL: gcc.dg/guality/pr45882.c   -O2 -flto -fuse-linker-plugin -fno-fat-lto-objects  line 16 d == 112
FAIL: gcc.dg/guality/pr45882.c   -O2 -flto -fuse-linker-plugin -fno-fat-lto-objects  line 16 e == 142
FAIL: gcc.dg/guality/pr54200.c   -Os  line 20 z == 3
FAIL: gcc.dg/guality/pr54519-1.c   -O2 -flto -fno-use-linker-plugin -flto-partition=none  line 20 y == 25
FAIL: gcc.dg/guality/pr54519-1.c   -O2 -flto -fno-use-linker-plugin -flto-partition=none  line 20 z == 6
FAIL: gcc.dg/guality/pr54519-1.c   -O2 -flto -fno-use-linker-plugin -flto-partition=none  line 23 y == 117
FAIL: gcc.dg/guality/pr54519-1.c   -O2 -flto -fno-use-linker-plugin -flto-partition=none  line 23 z == 8
FAIL: gcc.dg/guality/pr54519-2.c   -O2 -flto -fno-use-linker-plugin -flto-partition=none  line 17 y == 25
FAIL: gcc.dg/guality/pr54519-2.c   -O2 -flto -fuse-linker-plugin -fno-fat-lto-objects  line 17 y == 25
FAIL: gcc.dg/guality/pr54519-3.c   -O2 -flto -fno-use-linker-plugin -flto-partition=none  line 20 y == 25
FAIL: gcc.dg/guality/pr54519-3.c   -O2 -flto -fno-use-linker-plugin -flto-partition=none  line 20 z == 6
FAIL: gcc.dg/guality/pr54519-3.c   -O2 -flto -fno-use-linker-plugin -flto-partition=none  line 23 y == 117
FAIL: gcc.dg/guality/pr54519-3.c   -O2 -flto -fno-use-linker-plugin -flto-partition=none  line 23 z == 8
FAIL: gcc.dg/guality/pr54519-3.c   -O2 -flto -fuse-linker-plugin -fno-fat-lto-objects  line 20 y == 25
FAIL: gcc.dg/guality/pr54519-3.c   -O2 -flto -fuse-linker-plugin -fno-fat-lto-objects  line 20 z == 6
FAIL: gcc.dg/guality/pr54519-3.c   -O2 -flto -fuse-linker-plugin -fno-fat-lto-objects  line 23 y == 117
FAIL: gcc.dg/guality/pr54519-3.c   -O2 -flto -fuse-linker-plugin -fno-fat-lto-objects  line 23 z == 8
FAIL: gcc.dg/guality/pr54519-4.c   -O2 -flto -fno-use-linker-plugin -flto-partition=none  line 17 y == 25
FAIL: gcc.dg/guality/pr54519-4.c   -O2 -flto -fuse-linker-plugin -fno-fat-lto-objects  line 17 y == 25
FAIL: gcc.dg/guality/pr54519-5.c   -O2 -flto -fno-use-linker-plugin -flto-partition=none  line 17 y == 25
FAIL: gcc.dg/guality/pr54519-5.c   -O2 -flto -fuse-linker-plugin -fno-fat-lto-objects  line 17 y == 25
FAIL: gcc.dg/guality/pr54693-2.c   -O2 -flto -fuse-linker-plugin -fno-fat-lto-objects  line 21 y == 20 - 2 * i
FAIL: gcc.dg/guality/pr54693-2.c   -O2 -flto -fuse-linker-plugin -fno-fat-lto-objects  line 21 z == 30 - 3 * i
FAIL: gcc.dg/guality/pr54693-2.c   -Os  line 21 y == 20 - 2 * i
FAIL: gcc.dg/guality/pr58791-2.c   -O2 -flto -fno-use-linker-plugin -flto-partition=none  line pr58791-2.c:27 d & 1 == 1
FAIL: gcc.dg/guality/pr68860-1.c   -O2 -flto -fno-use-linker-plugin -flto-partition=none  line 14 arg3 == 3
FAIL: gcc.dg/guality/pr68860-1.c   -O2 -flto -fno-use-linker-plugin -flto-partition=none  line 14 arg4 == 4
FAIL: gcc.dg/guality/pr68860-1.c   -O2 -flto -fno-use-linker-plugin -flto-partition=none  line 14 arg5 == 5
FAIL: gcc.dg/guality/pr68860-1.c   -O2 -flto -fno-use-linker-plugin -flto-partition=none  line 14 arg6 == 6
FAIL: gcc.dg/guality/pr68860-1.c   -O2 -flto -fno-use-linker-plugin -flto-partition=none  line 16 arg3 == 3
FAIL: gcc.dg/guality/pr68860-1.c   -O2 -flto -fno-use-linker-plugin -flto-partition=none  line 16 arg4 == 4
FAIL: gcc.dg/guality/pr68860-1.c   -O2 -flto -fno-use-linker-plugin -flto-partition=none  line 16 arg5 == 5
FAIL: gcc.dg/guality/pr68860-1.c   -O2 -flto -fno-use-linker-plugin -flto-partition=none  line 16 arg6 == 6
FAIL: gcc.dg/guality/pr68860-1.c   -O2 -flto -fuse-linker-plugin -fno-fat-lto-objects  line 14 arg3 == 3
FAIL: gcc.dg/guality/pr68860-1.c   -O2 -flto -fuse-linker-plugin -fno-fat-lto-objects  line 14 arg4 == 4
FAIL: gcc.dg/guality/pr68860-1.c   -O2 -flto -fuse-linker-plugin -fno-fat-lto-objects  line 14 arg5 == 5
FAIL: gcc.dg/guality/pr68860-1.c   -O2 -flto -fuse-linker-plugin -fno-fat-lto-objects  line 14 arg6 == 6
FAIL: gcc.dg/guality/pr68860-1.c   -O2 -flto -fuse-linker-plugin -fno-fat-lto-objects  line 16 arg3 == 3
FAIL: gcc.dg/guality/pr68860-1.c   -O2 -flto -fuse-linker-plugin -fno-fat-lto-objects  line 16 arg4 == 4
FAIL: gcc.dg/guality/pr68860-1.c   -O2 -flto -fuse-linker-plugin -fno-fat-lto-objects  line 16 arg5 == 5
FAIL: gcc.dg/guality/pr68860-1.c   -O2 -flto -fuse-linker-plugin -fno-fat-lto-objects  line 16 arg6 == 6
FAIL: gcc.dg/guality/pr69947.c   -O1  line 14 b[4] == 'e'
FAIL: gcc.dg/guality/pr69947.c   -O2  line 14 b[4] == 'e'
FAIL: gcc.dg/guality/pr69947.c   -O2 -flto -fno-use-linker-plugin -flto-partition=none  line 14 b[4] == 'e'
FAIL: gcc.dg/guality/pr69947.c   -O2 -flto -fuse-linker-plugin -fno-fat-lto-objects  line 14 b[4] == 'e'
FAIL: gcc.dg/guality/pr69947.c   -O3 -g  line 14 b[4] == 'e'
FAIL: gcc.dg/guality/pr69947.c   -Os  line 14 b[4] == 'e'
FAIL: gcc.dg/guality/sra-1.c   -O1  line 43 a.j == 14
FAIL: gcc.dg/guality/sra-1.c   -O2  line 43 a.j == 14
FAIL: gcc.dg/guality/sra-1.c   -O2 -flto -fno-use-linker-plugin -flto-partition=none  line 43 a.j == 14
FAIL: gcc.dg/guality/sra-1.c   -O2 -flto -fuse-linker-plugin -fno-fat-lto-objects  line 43 a.j == 14
FAIL: gcc.dg/guality/sra-1.c   -O3 -g  line 43 a.j == 14
FAIL: gcc.dg/guality/sra-1.c   -Os  line 43 a.j == 14
FAIL: gcc.dg/guality/vla-1.c   -O1  line 17 sizeof (a) == 6
FAIL: gcc.dg/guality/vla-1.c   -O2  line 17 sizeof (a) == 6
FAIL: gcc.dg/guality/vla-1.c   -O2 -flto -fno-use-linker-plugin -flto-partition=none  line 17 sizeof (a) == 6
FAIL: gcc.dg/guality/vla-1.c   -O2 -flto -fuse-linker-plugin -fno-fat-lto-objects  line 17 sizeof (a) == 6
FAIL: gcc.dg/guality/vla-1.c   -O3 -g  line 17 sizeof (a) == 6
FAIL: gcc.dg/guality/vla-1.c   -Os  line 17 sizeof (a) == 6
FAIL: gcc.dg/torture/pr52881.c   -O1  (internal compiler error)
FAIL: gcc.dg/torture/pr52881.c   -O1  (test for excess errors)
FAIL: gcc.dg/torture/pr52881.c   -Os  (internal compiler error)
FAIL: gcc.dg/torture/pr52881.c   -Os  (test for excess errors)
FAIL: gcc.dg/torture/pr68870.c   -O1  (internal compiler error)
FAIL: gcc.dg/torture/pr68870.c   -O1  (test for excess errors)
FAIL: gcc.dg/torture/pr68870.c   -Os  (internal compiler error)
FAIL: gcc.dg/torture/pr68870.c   -Os  (test for excess errors)
FAIL: gcc.dg/tree-ssa/ssa-dom-cse-2.c scan-tree-dump optimized "return 28;"
FAIL: c-c++-common/ubsan/pr71403-1.c   -O1  (internal compiler error)
FAIL: c-c++-common/ubsan/pr71403-1.c   -O1  (test for excess errors)
UNRESOLVED: c-c++-common/ubsan/pr71403-1.c   -O1  compilation failed to produce executable
FAIL: c-c++-common/ubsan/pr71403-1.c   -Os  (internal compiler error)
FAIL: c-c++-common/ubsan/pr71403-1.c   -Os  (test for excess errors)
UNRESOLVED: c-c++-common/ubsan/pr71403-1.c   -Os  compilation failed to produce executable
FAIL: gcc.target/s390/htm-builtins-z13-1.c execution test
FAIL: gcc.target/s390/loc-1.c scan-assembler \\tlocrne\\t%r2,%r4

		=== gcc Summary ===

# of expected passes		110436
# of unexpected failures	160
# of unexpected successes	18
# of expected failures		193
# of unresolved testcases	14
# of unsupported tests		2557
-zEC12/gcc/xgcc  version 7.0.1 20170219 (experimental) (GCC) 

		=== gfortran tests ===


Running target unix

		=== gfortran Summary ===

# of expected passes		43684
# of expected failures		77
# of unsupported tests		202
-zEC12/gcc/testsuite/gfortran/../../gfortran  version 7.0.1 20170219 (experimental) (GCC) 

		=== go tests ===


Running target unix
FAIL: go.test/test/ken/cplx2.go execution,  -O2 -g 
FAIL: go.test/test/nil.go execution,  -O2 -g 

		=== go Summary ===

# of expected passes		7368
# of unexpected failures	2
# of expected failures		1
# of untested testcases		7
# of unsupported tests		3
-zEC12/gcc/testsuite/go/../../gccgo  version 7.0.1 20170219 (experimental) (GCC) 

		=== obj-c++ tests ===


Running target unix

		=== obj-c++ Summary ===

# of expected passes		1459
# of expected failures		2
# of unsupported tests		77
-zEC12/gcc/testsuite/obj-c++/../../xg++  version 7.0.1 20170219 (experimental) (GCC) 

		=== objc tests ===


Running target unix

		=== objc Summary ===

# of expected passes		2803
# of unsupported tests		68
-zEC12/gcc/xgcc  version 7.0.1 20170219 (experimental) (GCC) 

		=== libatomic tests ===


Running target unix

		=== libatomic Summary ===

# of expected passes		44
# of unsupported tests		5
		=== libffi tests ===


Running target unix

		=== libffi Summary ===

# of expected passes		2214
		=== libgo tests ===


Running target unix
FAIL: mime
FAIL: runtime

		=== libgo Summary ===

# of expected passes		143
# of unexpected failures	2
-zEC12/./gcc/gccgo version 7.0.1 20170219 (experimental) (GCC)

		=== libgomp tests ===


Running target unix

		=== libgomp Summary ===

# of expected passes		5008
# of unsupported tests		380
		=== libitm tests ===


Running target unix

		=== libitm Summary ===

# of expected passes		42
# of expected failures		3
# of unsupported tests		1
		=== libstdc++ tests ===


Running target unix

		=== libstdc++ Summary ===

# of expected passes		12063
# of expected failures		66
# of unsupported tests		256

Version: 7.0.1 20170219 (experimental) (GCC) 
Platform: s390-ibm-linux-gnu zEC12
configure flags: --enable-shared --with-system-zlib --enable-threads=posix --enable-__cxa_atexit --enable-checking --with-diagnostics-color=never --prefix=/home/dailybuild/gnu-dailybuild/arena/20170219/gcc-head/install-s390-zEC12 --enable-languages=c,c++,objc,obj-c++,fortran,go --with-mode=zarch --with-arch=zEC12
GCC version: 


Index Nav: [Date Index] [Subject Index] [Author Index] [Thread Index]
Message Nav: [Date Prev] [Date Next] [Thread Prev] [Thread Next]