This is the mail archive of the gcc-testresults@gcc.gnu.org mailing list for the GCC project.


Index Nav: [Date Index] [Subject Index] [Author Index] [Thread Index]
Message Nav: [Date Prev] [Date Next] [Thread Prev] [Thread Next]
Other format: [Raw text]

Results for 7.0.1 20170218 (experimental) (AVR_8_bit_GNU_Toolchain_4.0.0_398) gcc testsuite on avr-unknown-none


Target is avr-unknown-none
Host   is x86_64-pc-linux-gnu

		=== gcc tests ===


Running target atmega128-sim/-mrelax
FAIL: gcc.c-torture/execute/pr70460.c   -O0  execution test
FAIL: gcc.c-torture/execute/pr70460.c   -O1  execution test
FAIL: gcc.c-torture/execute/pr70460.c   -O2  execution test
FAIL: gcc.c-torture/execute/pr70460.c   -Os  execution test
FAIL: gcc.c-torture/execute/pr70460.c   -O2 -flto -fno-use-linker-plugin -flto-partition=none  execution test
FAIL: gcc.c-torture/execute/pr70460.c   -O2 -flto -fuse-linker-plugin -fno-fat-lto-objects  execution test
FAIL: gcc.c-torture/execute/pr79121.c   -O0  execution test
FAIL: gcc.c-torture/execute/pr79121.c   -O1  execution test
FAIL: gcc.c-torture/execute/pr79121.c   -O2  execution test
FAIL: gcc.c-torture/execute/pr79121.c   -O3 -g  execution test
FAIL: gcc.c-torture/execute/pr79121.c   -Os  execution test
FAIL: gcc.c-torture/execute/pr79121.c   -O2 -flto -fno-use-linker-plugin -flto-partition=none  execution test
FAIL: gcc.c-torture/execute/pr79121.c   -O2 -flto -fuse-linker-plugin -fno-fat-lto-objects  execution test
FAIL: gcc.dg/20141029-1.c scan-rtl-dump-times final "mem/v(/.)*:HI" 4
XPASS: gcc.dg/Wtype-limits-Wextra.c (test for excess errors)
FAIL: gcc.dg/addr_equal-1.c execution test
FAIL: gcc.dg/attr-alloc_size-10.c (test for excess errors)
XPASS: gcc.dg/attr-alloc_size-11.c missing range info for signed char (test for warnings, line 49)
XPASS: gcc.dg/attr-alloc_size-11.c missing range info for short (test for warnings, line 50)
FAIL: gcc.dg/attr-alloc_size-3.c (test for excess errors)
FAIL: gcc.dg/attr-alloc_size-4.c  (test for warnings, line 165)
FAIL: gcc.dg/attr-alloc_size-4.c (test for excess errors)
XPASS: gcc.dg/builtin-return-1.c execution test
FAIL: gcc.dg/builtin-stringop-chk-7.c (test for excess errors)
FAIL: gcc.dg/fold-convmaxconv-1.c scan-tree-dump-not optimized " = MAX_EXPR <x_[0-9]*"
FAIL: gcc.dg/fold-convminconv-1.c scan-tree-dump-not optimized " = MIN_EXPR <x_[0-9]*"
FAIL: gcc.dg/gimplefe-14.c execution test
FAIL: gcc.dg/ifcvt-4.c scan-rtl-dump ce1 "2 true changes made"
XPASS: gcc.dg/memcpy-1.c scan-tree-dump-times optimized "nasty_local\\\\." 0
FAIL: gcc.dg/pr63387-2.c scan-tree-dump-not optimized "ccc[^\\n\\r]* ord ddd"
FAIL: gcc.dg/pr63387.c scan-tree-dump-not optimized "ccc[^\\n\\r]* unord ddd"
FAIL: gcc.dg/pr67786.c output pattern test, is , should match 15
FAIL: gcc.dg/pr78138.c  (test for warnings, line 21)
FAIL: gcc.dg/pr78138.c (test for excess errors)
FAIL: gcc.dg/pr78973.c pr79073 (test for warnings, line 12)
XPASS: gcc.dg/strlenopt-8.c scan-tree-dump-times strlen "strlen \\\\(" 0
FAIL: gcc.dg/strlenopt-8.c scan-tree-dump-times strlen "memcpy \\\\(" 2
FAIL: c-c++-common/pr27336.c  -Wc++-compat   scan-tree-dump vrp1 "return 1;"
FAIL: gcc.dg/lto/20081120-1 c_lto_20081120-1_0.o-c_lto_20081120-1_1.o link, -flto -r -nostdlib
UNRESOLVED: gcc.dg/lto/20081120-1 c_lto_20081120-1_0.o-c_lto_20081120-1_1.o execute -flto -r -nostdlib
FAIL: gcc.dg/lto/20081120-2 c_lto_20081120-2_0.o-c_lto_20081120-2_1.o link, -flto -flto-partition=1to1 -r -nostdlib
UNRESOLVED: gcc.dg/lto/20081120-2 c_lto_20081120-2_0.o-c_lto_20081120-2_1.o execute -flto -flto-partition=1to1 -r -nostdlib
FAIL: gcc.dg/lto/20081212-1 c_lto_20081212-1_0.o-c_lto_20081212-1_0.o link, -r -nostdlib
UNRESOLVED: gcc.dg/lto/20081212-1 c_lto_20081212-1_0.o-c_lto_20081212-1_0.o execute -r -nostdlib
FAIL: scan-symbol exported_var: dump file does not exist
FAIL: gcc.dg/lto/20090126-1 c_lto_20090126-1_0.o-c_lto_20090126-1_0.o link, -O0 -flto -flto-partition=1to1
UNRESOLVED: gcc.dg/lto/20090126-1 c_lto_20090126-1_0.o-c_lto_20090126-1_0.o execute -O0 -flto -flto-partition=1to1
FAIL: gcc.dg/lto/20091027-1 c_lto_20091027-1_0.o-c_lto_20091027-1_1.o link, -O0 -flto -flto-partition=none -fuse-linker-plugin
UNRESOLVED: gcc.dg/lto/20091027-1 c_lto_20091027-1_0.o-c_lto_20091027-1_1.o execute -O0 -flto -flto-partition=none -fuse-linker-plugin
FAIL: gcc.dg/lto/20091027-1 c_lto_20091027-1_0.o-c_lto_20091027-1_1.o link, -O2 -flto -flto-partition=none -fuse-linker-plugin -fno-fat-lto-objects 
UNRESOLVED: gcc.dg/lto/20091027-1 c_lto_20091027-1_0.o-c_lto_20091027-1_1.o execute -O2 -flto -flto-partition=none -fuse-linker-plugin -fno-fat-lto-objects 
FAIL: gcc.dg/lto/20091027-1 c_lto_20091027-1_0.o-c_lto_20091027-1_1.o link, -O0 -flto -flto-partition=1to1 -fno-use-linker-plugin 
UNRESOLVED: gcc.dg/lto/20091027-1 c_lto_20091027-1_0.o-c_lto_20091027-1_1.o execute -O0 -flto -flto-partition=1to1 -fno-use-linker-plugin 
FAIL: gcc.dg/lto/20091027-1 c_lto_20091027-1_0.o-c_lto_20091027-1_1.o link, -O2 -flto -flto-partition=1to1 -fno-use-linker-plugin 
UNRESOLVED: gcc.dg/lto/20091027-1 c_lto_20091027-1_0.o-c_lto_20091027-1_1.o execute -O2 -flto -flto-partition=1to1 -fno-use-linker-plugin 
FAIL: gcc.dg/lto/20091027-1 c_lto_20091027-1_0.o-c_lto_20091027-1_1.o link, -O0 -flto -fuse-linker-plugin -fno-fat-lto-objects 
UNRESOLVED: gcc.dg/lto/20091027-1 c_lto_20091027-1_0.o-c_lto_20091027-1_1.o execute -O0 -flto -fuse-linker-plugin -fno-fat-lto-objects 
FAIL: gcc.dg/lto/20091027-1 c_lto_20091027-1_0.o-c_lto_20091027-1_1.o link, -O2 -flto -fuse-linker-plugin
UNRESOLVED: gcc.dg/lto/20091027-1 c_lto_20091027-1_0.o-c_lto_20091027-1_1.o execute -O2 -flto -fuse-linker-plugin
FAIL: gcc.dg/lto/20100426 c_lto_20100426_0.o-c_lto_20100426_0.o link, -r -nostdlib -flto -g
UNRESOLVED: gcc.dg/lto/20100426 c_lto_20100426_0.o-c_lto_20100426_0.o execute -r -nostdlib -flto -g
FAIL: gcc.dg/lto/20100430-1 c_lto_20100430-1_0.o-c_lto_20100430-1_0.o link, -O2 -fprofile-arcs -flto -r -nostdlib
UNRESOLVED: gcc.dg/lto/20100430-1 c_lto_20100430-1_0.o-c_lto_20100430-1_0.o execute -O2 -fprofile-arcs -flto -r -nostdlib
FAIL: gcc.dg/lto/20100603-1 c_lto_20100603-1_0.o-c_lto_20100603-1_0.o link, -O0 -flto -flto-partition=none -fuse-linker-plugin
UNRESOLVED: gcc.dg/lto/20100603-1 c_lto_20100603-1_0.o-c_lto_20100603-1_0.o execute -O0 -flto -flto-partition=none -fuse-linker-plugin
FAIL: gcc.dg/lto/20100603-1 c_lto_20100603-1_0.o-c_lto_20100603-1_0.o link, -O2 -flto -flto-partition=none -fuse-linker-plugin -fno-fat-lto-objects 
UNRESOLVED: gcc.dg/lto/20100603-1 c_lto_20100603-1_0.o-c_lto_20100603-1_0.o execute -O2 -flto -flto-partition=none -fuse-linker-plugin -fno-fat-lto-objects 
FAIL: gcc.dg/lto/20100603-1 c_lto_20100603-1_0.o-c_lto_20100603-1_0.o link, -O0 -flto -flto-partition=1to1 -fno-use-linker-plugin 
UNRESOLVED: gcc.dg/lto/20100603-1 c_lto_20100603-1_0.o-c_lto_20100603-1_0.o execute -O0 -flto -flto-partition=1to1 -fno-use-linker-plugin 
FAIL: gcc.dg/lto/20100603-1 c_lto_20100603-1_0.o-c_lto_20100603-1_0.o link, -O2 -flto -flto-partition=1to1 -fno-use-linker-plugin 
UNRESOLVED: gcc.dg/lto/20100603-1 c_lto_20100603-1_0.o-c_lto_20100603-1_0.o execute -O2 -flto -flto-partition=1to1 -fno-use-linker-plugin 
FAIL: gcc.dg/lto/20100603-1 c_lto_20100603-1_0.o-c_lto_20100603-1_0.o link, -O0 -flto -fuse-linker-plugin -fno-fat-lto-objects 
UNRESOLVED: gcc.dg/lto/20100603-1 c_lto_20100603-1_0.o-c_lto_20100603-1_0.o execute -O0 -flto -fuse-linker-plugin -fno-fat-lto-objects 
FAIL: gcc.dg/lto/20100603-1 c_lto_20100603-1_0.o-c_lto_20100603-1_0.o link, -O2 -flto -fuse-linker-plugin
UNRESOLVED: gcc.dg/lto/20100603-1 c_lto_20100603-1_0.o-c_lto_20100603-1_0.o execute -O2 -flto -fuse-linker-plugin
FAIL: gcc.dg/lto/20100603-2 c_lto_20100603-2_0.o-c_lto_20100603-2_0.o link, -O0 -flto -flto-partition=none -fuse-linker-plugin
UNRESOLVED: gcc.dg/lto/20100603-2 c_lto_20100603-2_0.o-c_lto_20100603-2_0.o execute -O0 -flto -flto-partition=none -fuse-linker-plugin
FAIL: gcc.dg/lto/20100603-2 c_lto_20100603-2_0.o-c_lto_20100603-2_0.o link, -O2 -flto -flto-partition=none -fuse-linker-plugin -fno-fat-lto-objects 
UNRESOLVED: gcc.dg/lto/20100603-2 c_lto_20100603-2_0.o-c_lto_20100603-2_0.o execute -O2 -flto -flto-partition=none -fuse-linker-plugin -fno-fat-lto-objects 
FAIL: gcc.dg/lto/20100603-2 c_lto_20100603-2_0.o-c_lto_20100603-2_0.o link, -O0 -flto -flto-partition=1to1 -fno-use-linker-plugin 
UNRESOLVED: gcc.dg/lto/20100603-2 c_lto_20100603-2_0.o-c_lto_20100603-2_0.o execute -O0 -flto -flto-partition=1to1 -fno-use-linker-plugin 
FAIL: gcc.dg/lto/20100603-2 c_lto_20100603-2_0.o-c_lto_20100603-2_0.o link, -O2 -flto -flto-partition=1to1 -fno-use-linker-plugin 
UNRESOLVED: gcc.dg/lto/20100603-2 c_lto_20100603-2_0.o-c_lto_20100603-2_0.o execute -O2 -flto -flto-partition=1to1 -fno-use-linker-plugin 
FAIL: gcc.dg/lto/20100603-2 c_lto_20100603-2_0.o-c_lto_20100603-2_0.o link, -O0 -flto -fuse-linker-plugin -fno-fat-lto-objects 
UNRESOLVED: gcc.dg/lto/20100603-2 c_lto_20100603-2_0.o-c_lto_20100603-2_0.o execute -O0 -flto -fuse-linker-plugin -fno-fat-lto-objects 
FAIL: gcc.dg/lto/20100603-2 c_lto_20100603-2_0.o-c_lto_20100603-2_0.o link, -O2 -flto -fuse-linker-plugin
UNRESOLVED: gcc.dg/lto/20100603-2 c_lto_20100603-2_0.o-c_lto_20100603-2_0.o execute -O2 -flto -fuse-linker-plugin
FAIL: gcc.dg/lto/20100603-3 c_lto_20100603-3_0.o-c_lto_20100603-3_0.o link, -O0 -flto -flto-partition=none -fuse-linker-plugin
UNRESOLVED: gcc.dg/lto/20100603-3 c_lto_20100603-3_0.o-c_lto_20100603-3_0.o execute -O0 -flto -flto-partition=none -fuse-linker-plugin
FAIL: gcc.dg/lto/20100603-3 c_lto_20100603-3_0.o-c_lto_20100603-3_0.o link, -O2 -flto -flto-partition=none -fuse-linker-plugin -fno-fat-lto-objects 
UNRESOLVED: gcc.dg/lto/20100603-3 c_lto_20100603-3_0.o-c_lto_20100603-3_0.o execute -O2 -flto -flto-partition=none -fuse-linker-plugin -fno-fat-lto-objects 
FAIL: gcc.dg/lto/20100603-3 c_lto_20100603-3_0.o-c_lto_20100603-3_0.o link, -O0 -flto -flto-partition=1to1 -fno-use-linker-plugin 
UNRESOLVED: gcc.dg/lto/20100603-3 c_lto_20100603-3_0.o-c_lto_20100603-3_0.o execute -O0 -flto -flto-partition=1to1 -fno-use-linker-plugin 
FAIL: gcc.dg/lto/20100603-3 c_lto_20100603-3_0.o-c_lto_20100603-3_0.o link, -O2 -flto -flto-partition=1to1 -fno-use-linker-plugin 
UNRESOLVED: gcc.dg/lto/20100603-3 c_lto_20100603-3_0.o-c_lto_20100603-3_0.o execute -O2 -flto -flto-partition=1to1 -fno-use-linker-plugin 
FAIL: gcc.dg/lto/20100603-3 c_lto_20100603-3_0.o-c_lto_20100603-3_0.o link, -O0 -flto -fuse-linker-plugin -fno-fat-lto-objects 
UNRESOLVED: gcc.dg/lto/20100603-3 c_lto_20100603-3_0.o-c_lto_20100603-3_0.o execute -O0 -flto -fuse-linker-plugin -fno-fat-lto-objects 
FAIL: gcc.dg/lto/20100603-3 c_lto_20100603-3_0.o-c_lto_20100603-3_0.o link, -O2 -flto -fuse-linker-plugin
UNRESOLVED: gcc.dg/lto/20100603-3 c_lto_20100603-3_0.o-c_lto_20100603-3_0.o execute -O2 -flto -fuse-linker-plugin
FAIL: gcc.dg/lto/20111213-1 c_lto_20111213-1_0.o-c_lto_20111213-1_0.o link,  -flto -g 
UNRESOLVED: gcc.dg/lto/20111213-1 c_lto_20111213-1_0.o-c_lto_20111213-1_0.o execute  -flto -g 
FAIL: gcc.dg/lto/pr45736 c_lto_pr45736_0.o-c_lto_pr45736_0.o link, -flto -r -nostdlib -O
UNRESOLVED: gcc.dg/lto/pr45736 c_lto_pr45736_0.o-c_lto_pr45736_0.o execute -flto -r -nostdlib -O
FAIL: gcc.dg/lto/pr54702 c_lto_pr54702_0.o-c_lto_pr54702_1.o link,  -O2 -flto -w 
UNRESOLVED: gcc.dg/lto/pr54702 c_lto_pr54702_0.o-c_lto_pr54702_1.o execute  -O2 -flto -w 
FAIL: gcc.dg/lto/pr59323-2 c_lto_pr59323-2_0.o-c_lto_pr59323-2_0.o link,  -O2 -g -flto 
UNRESOLVED: gcc.dg/lto/pr59323-2 c_lto_pr59323-2_0.o-c_lto_pr59323-2_0.o execute  -O2 -g -flto 
FAIL: gcc.dg/lto/pr59323 c_lto_pr59323_0.o-c_lto_pr59323_0.o link,  -O2 -g -flto 
UNRESOLVED: gcc.dg/lto/pr59323 c_lto_pr59323_0.o-c_lto_pr59323_0.o execute  -O2 -g -flto 
FAIL: gcc.dg/lto/pr60820 c_lto_pr60820_0.o-c_lto_pr60820_1.o link, -flto -r -nostdlib -O2
UNRESOLVED: gcc.dg/lto/pr60820 c_lto_pr60820_0.o-c_lto_pr60820_1.o execute -flto -r -nostdlib -O2
FAIL: c-c++-common/torture/builtin-arith-overflow-14.c   -O0  (test for excess errors)
UNRESOLVED: c-c++-common/torture/builtin-arith-overflow-14.c   -O0  compilation failed to produce executable
FAIL: c-c++-common/torture/builtin-arith-overflow-14.c   -O2  (test for excess errors)
UNRESOLVED: c-c++-common/torture/builtin-arith-overflow-14.c   -O2  compilation failed to produce executable
FAIL: c-c++-common/torture/builtin-arith-overflow-14.c   -O2 -flto -fno-use-linker-plugin -flto-partition=none  (test for excess errors)
UNRESOLVED: c-c++-common/torture/builtin-arith-overflow-14.c   -O2 -flto -fno-use-linker-plugin -flto-partition=none  compilation failed to produce executable
FAIL: c-c++-common/torture/builtin-arith-overflow-3.c   -O0  (test for excess errors)
UNRESOLVED: c-c++-common/torture/builtin-arith-overflow-3.c   -O0  compilation failed to produce executable
FAIL: c-c++-common/torture/builtin-arith-overflow-p-14.c   -O0  (test for excess errors)
UNRESOLVED: c-c++-common/torture/builtin-arith-overflow-p-14.c   -O0  compilation failed to produce executable
FAIL: c-c++-common/torture/builtin-arith-overflow-p-14.c   -O2  execution test
FAIL: c-c++-common/torture/builtin-arith-overflow-p-14.c   -O2 -flto -fno-use-linker-plugin -flto-partition=none  execution test
FAIL: c-c++-common/torture/builtin-arith-overflow-p-3.c   -O0  (test for excess errors)
UNRESOLVED: c-c++-common/torture/builtin-arith-overflow-p-3.c   -O0  compilation failed to produce executable
FAIL: gcc.dg/torture/pr68955.c   -O0  output pattern test, is , should match ONE1ONE
FAIL: gcc.dg/torture/pr68955.c   -O1  output pattern test, is , should match ONE1ONE
FAIL: gcc.dg/torture/pr68955.c   -O2  output pattern test, is , should match ONE1ONE
FAIL: gcc.dg/torture/pr68955.c   -O3 -fomit-frame-pointer -funroll-loops -fpeel-loops -ftracer -finline-functions  output pattern test, is , should match ONE1ONE
FAIL: gcc.dg/torture/pr68955.c   -O3 -g  output pattern test, is , should match ONE1ONE
FAIL: gcc.dg/torture/pr68955.c   -Os  output pattern test, is , should match ONE1ONE
FAIL: gcc.dg/torture/pr68955.c   -O2 -flto -fno-use-linker-plugin -flto-partition=none  output pattern test, is , should match ONE1ONE
FAIL: gcc.dg/torture/pr68955.c   -O2 -flto -fuse-linker-plugin -fno-fat-lto-objects  output pattern test, is , should match ONE1ONE
XPASS: gcc.dg/tree-ssa/20040204-1.c scan-tree-dump-times optimized "link_error" 0
FAIL: gcc.dg/tree-ssa/alias-32.c scan-tree-dump-times cddce1 "\\\\*[^ ]" 1
FAIL: gcc.dg/tree-ssa/builtin-snprintf-warn-3.c  (test for warnings, line 98)
FAIL: gcc.dg/tree-ssa/builtin-snprintf-warn-3.c  (test for warnings, line 102)
FAIL: gcc.dg/tree-ssa/builtin-snprintf-warn-3.c  (test for warnings, line 123)
FAIL: gcc.dg/tree-ssa/builtin-snprintf-warn-3.c  (test for warnings, line 169)
FAIL: gcc.dg/tree-ssa/builtin-snprintf-warn-3.c  (test for warnings, line 173)
FAIL: gcc.dg/tree-ssa/builtin-snprintf-warn-3.c  (test for warnings, line 192)
FAIL: gcc.dg/tree-ssa/builtin-snprintf-warn-3.c (test for excess errors)
FAIL: gcc.dg/tree-ssa/builtin-sprintf-2.c scan-tree-dump-times optimized "> \\\\[[0-9.]+%\\\\]:\\n *must_not_eliminate" 93
FAIL: gcc.dg/tree-ssa/builtin-sprintf-2.c scan-tree-dump-not optimized ";\\n *must_not_eliminate"
FAIL: gcc.dg/tree-ssa/builtin-sprintf-warn-10.c  (test for warnings, line 27)
FAIL: gcc.dg/tree-ssa/builtin-sprintf-warn-10.c  (test for warnings, line 28)
FAIL: gcc.dg/tree-ssa/builtin-sprintf-warn-10.c  (test for warnings, line 29)
FAIL: gcc.dg/tree-ssa/builtin-sprintf-warn-10.c  (test for warnings, line 30)
FAIL: gcc.dg/tree-ssa/builtin-sprintf-warn-10.c  (test for warnings, line 31)
FAIL: gcc.dg/tree-ssa/builtin-sprintf-warn-10.c  (test for warnings, line 32)
FAIL: gcc.dg/tree-ssa/builtin-sprintf-warn-10.c  (test for warnings, line 34)
FAIL: gcc.dg/tree-ssa/builtin-sprintf-warn-10.c  (test for warnings, line 35)
FAIL: gcc.dg/tree-ssa/builtin-sprintf-warn-10.c  (test for warnings, line 36)
FAIL: gcc.dg/tree-ssa/builtin-sprintf-warn-10.c  (test for warnings, line 37)
FAIL: gcc.dg/tree-ssa/builtin-sprintf-warn-10.c  (test for warnings, line 38)
FAIL: gcc.dg/tree-ssa/builtin-sprintf-warn-10.c  (test for warnings, line 40)
FAIL: gcc.dg/tree-ssa/builtin-sprintf-warn-10.c  (test for warnings, line 41)
FAIL: gcc.dg/tree-ssa/builtin-sprintf-warn-10.c  (test for warnings, line 42)
FAIL: gcc.dg/tree-ssa/builtin-sprintf-warn-10.c  (test for warnings, line 43)
FAIL: gcc.dg/tree-ssa/builtin-sprintf-warn-10.c  (test for warnings, line 45)
FAIL: gcc.dg/tree-ssa/builtin-sprintf-warn-10.c  (test for warnings, line 46)
FAIL: gcc.dg/tree-ssa/builtin-sprintf-warn-10.c  (test for warnings, line 47)
FAIL: gcc.dg/tree-ssa/builtin-sprintf-warn-10.c  (test for warnings, line 48)
FAIL: gcc.dg/tree-ssa/builtin-sprintf-warn-10.c  (test for warnings, line 50)
FAIL: gcc.dg/tree-ssa/builtin-sprintf-warn-10.c  (test for warnings, line 56)
FAIL: gcc.dg/tree-ssa/builtin-sprintf-warn-10.c  (test for warnings, line 57)
FAIL: gcc.dg/tree-ssa/builtin-sprintf-warn-10.c  (test for warnings, line 58)
FAIL: gcc.dg/tree-ssa/builtin-sprintf-warn-10.c  (test for warnings, line 59)
FAIL: gcc.dg/tree-ssa/builtin-sprintf-warn-10.c  (test for warnings, line 60)
FAIL: gcc.dg/tree-ssa/builtin-sprintf-warn-10.c  (test for warnings, line 61)
FAIL: gcc.dg/tree-ssa/builtin-sprintf-warn-10.c  (test for warnings, line 63)
FAIL: gcc.dg/tree-ssa/builtin-sprintf-warn-10.c  (test for warnings, line 64)
FAIL: gcc.dg/tree-ssa/builtin-sprintf-warn-10.c  (test for warnings, line 65)
FAIL: gcc.dg/tree-ssa/builtin-sprintf-warn-10.c  (test for warnings, line 66)
FAIL: gcc.dg/tree-ssa/builtin-sprintf-warn-10.c  (test for warnings, line 67)
FAIL: gcc.dg/tree-ssa/builtin-sprintf-warn-10.c  (test for warnings, line 70)
FAIL: gcc.dg/tree-ssa/builtin-sprintf-warn-10.c  (test for warnings, line 71)
FAIL: gcc.dg/tree-ssa/builtin-sprintf-warn-10.c  (test for warnings, line 72)
FAIL: gcc.dg/tree-ssa/builtin-sprintf-warn-10.c  (test for warnings, line 73)
FAIL: gcc.dg/tree-ssa/builtin-sprintf-warn-10.c  (test for warnings, line 75)
FAIL: gcc.dg/tree-ssa/builtin-sprintf-warn-10.c  (test for warnings, line 76)
FAIL: gcc.dg/tree-ssa/builtin-sprintf-warn-10.c  (test for warnings, line 77)
FAIL: gcc.dg/tree-ssa/builtin-sprintf-warn-10.c  (test for warnings, line 78)
FAIL: gcc.dg/tree-ssa/builtin-sprintf-warn-10.c  (test for warnings, line 80)
FAIL: gcc.dg/tree-ssa/builtin-sprintf-warn-10.c  (test for warnings, line 86)
FAIL: gcc.dg/tree-ssa/builtin-sprintf-warn-10.c  (test for warnings, line 87)
FAIL: gcc.dg/tree-ssa/builtin-sprintf-warn-10.c  (test for warnings, line 88)
FAIL: gcc.dg/tree-ssa/builtin-sprintf-warn-10.c  (test for warnings, line 89)
FAIL: gcc.dg/tree-ssa/builtin-sprintf-warn-10.c  (test for warnings, line 90)
FAIL: gcc.dg/tree-ssa/builtin-sprintf-warn-10.c  (test for warnings, line 91)
FAIL: gcc.dg/tree-ssa/builtin-sprintf-warn-10.c  (test for warnings, line 93)
FAIL: gcc.dg/tree-ssa/builtin-sprintf-warn-10.c  (test for warnings, line 94)
FAIL: gcc.dg/tree-ssa/builtin-sprintf-warn-10.c  (test for warnings, line 95)
FAIL: gcc.dg/tree-ssa/builtin-sprintf-warn-10.c  (test for warnings, line 96)
FAIL: gcc.dg/tree-ssa/builtin-sprintf-warn-10.c  (test for warnings, line 99)
FAIL: gcc.dg/tree-ssa/builtin-sprintf-warn-10.c  (test for warnings, line 100)
FAIL: gcc.dg/tree-ssa/builtin-sprintf-warn-10.c  (test for warnings, line 102)
FAIL: gcc.dg/tree-ssa/builtin-sprintf-warn-10.c  (test for warnings, line 103)
FAIL: gcc.dg/tree-ssa/builtin-sprintf-warn-10.c  (test for warnings, line 104)
FAIL: gcc.dg/tree-ssa/builtin-sprintf-warn-10.c  (test for warnings, line 105)
FAIL: gcc.dg/tree-ssa/builtin-sprintf-warn-10.c  (test for warnings, line 107)
FAIL: gcc.dg/tree-ssa/builtin-sprintf-warn-10.c  (test for warnings, line 108)
FAIL: gcc.dg/tree-ssa/builtin-sprintf-warn-10.c  (test for warnings, line 109)
FAIL: gcc.dg/tree-ssa/builtin-sprintf-warn-10.c  (test for warnings, line 110)
FAIL: gcc.dg/tree-ssa/builtin-sprintf-warn-10.c  (test for warnings, line 112)
FAIL: gcc.dg/tree-ssa/builtin-sprintf-warn-10.c  (test for warnings, line 118)
FAIL: gcc.dg/tree-ssa/builtin-sprintf-warn-10.c  (test for warnings, line 119)
FAIL: gcc.dg/tree-ssa/builtin-sprintf-warn-10.c  (test for warnings, line 120)
FAIL: gcc.dg/tree-ssa/builtin-sprintf-warn-10.c  (test for warnings, line 121)
FAIL: gcc.dg/tree-ssa/builtin-sprintf-warn-10.c  (test for warnings, line 122)
FAIL: gcc.dg/tree-ssa/builtin-sprintf-warn-10.c  (test for warnings, line 123)
FAIL: gcc.dg/tree-ssa/builtin-sprintf-warn-10.c  (test for warnings, line 125)
FAIL: gcc.dg/tree-ssa/builtin-sprintf-warn-10.c  (test for warnings, line 126)
FAIL: gcc.dg/tree-ssa/builtin-sprintf-warn-10.c  (test for warnings, line 127)
FAIL: gcc.dg/tree-ssa/builtin-sprintf-warn-10.c  (test for warnings, line 128)
FAIL: gcc.dg/tree-ssa/builtin-sprintf-warn-10.c  (test for warnings, line 140)
FAIL: gcc.dg/tree-ssa/builtin-sprintf-warn-10.c  (test for warnings, line 141)
FAIL: gcc.dg/tree-ssa/builtin-sprintf-warn-10.c  (test for warnings, line 142)
FAIL: gcc.dg/tree-ssa/builtin-sprintf-warn-10.c  (test for warnings, line 143)
FAIL: gcc.dg/tree-ssa/builtin-sprintf-warn-10.c  (test for warnings, line 144)
FAIL: gcc.dg/tree-ssa/builtin-sprintf-warn-10.c  (test for warnings, line 145)
FAIL: gcc.dg/tree-ssa/builtin-sprintf-warn-10.c  (test for warnings, line 147)
FAIL: gcc.dg/tree-ssa/builtin-sprintf-warn-10.c  (test for warnings, line 148)
FAIL: gcc.dg/tree-ssa/builtin-sprintf-warn-10.c  (test for warnings, line 149)
FAIL: gcc.dg/tree-ssa/builtin-sprintf-warn-10.c  (test for warnings, line 150)
FAIL: gcc.dg/tree-ssa/builtin-sprintf-warn-10.c  (test for warnings, line 151)
FAIL: gcc.dg/tree-ssa/builtin-sprintf-warn-10.c  (test for warnings, line 153)
FAIL: gcc.dg/tree-ssa/builtin-sprintf-warn-10.c  (test for warnings, line 154)
FAIL: gcc.dg/tree-ssa/builtin-sprintf-warn-10.c  (test for warnings, line 155)
FAIL: gcc.dg/tree-ssa/builtin-sprintf-warn-10.c  (test for warnings, line 156)
FAIL: gcc.dg/tree-ssa/builtin-sprintf-warn-10.c  (test for warnings, line 158)
FAIL: gcc.dg/tree-ssa/builtin-sprintf-warn-10.c  (test for warnings, line 159)
FAIL: gcc.dg/tree-ssa/builtin-sprintf-warn-10.c  (test for warnings, line 160)
FAIL: gcc.dg/tree-ssa/builtin-sprintf-warn-10.c  (test for warnings, line 161)
FAIL: gcc.dg/tree-ssa/builtin-sprintf-warn-10.c  (test for warnings, line 162)
FAIL: gcc.dg/tree-ssa/builtin-sprintf-warn-10.c  (test for warnings, line 164)
FAIL: gcc.dg/tree-ssa/builtin-sprintf-warn-10.c  (test for warnings, line 170)
FAIL: gcc.dg/tree-ssa/builtin-sprintf-warn-10.c  (test for warnings, line 171)
FAIL: gcc.dg/tree-ssa/builtin-sprintf-warn-10.c  (test for warnings, line 172)
FAIL: gcc.dg/tree-ssa/builtin-sprintf-warn-10.c  (test for warnings, line 173)
FAIL: gcc.dg/tree-ssa/builtin-sprintf-warn-10.c  (test for warnings, line 174)
FAIL: gcc.dg/tree-ssa/builtin-sprintf-warn-10.c  (test for warnings, line 175)
FAIL: gcc.dg/tree-ssa/builtin-sprintf-warn-10.c  (test for warnings, line 177)
FAIL: gcc.dg/tree-ssa/builtin-sprintf-warn-10.c  (test for warnings, line 178)
FAIL: gcc.dg/tree-ssa/builtin-sprintf-warn-10.c  (test for warnings, line 179)
FAIL: gcc.dg/tree-ssa/builtin-sprintf-warn-10.c  (test for warnings, line 180)
FAIL: gcc.dg/tree-ssa/builtin-sprintf-warn-10.c  (test for warnings, line 181)
FAIL: gcc.dg/tree-ssa/builtin-sprintf-warn-10.c  (test for warnings, line 182)
FAIL: gcc.dg/tree-ssa/builtin-sprintf-warn-10.c  (test for warnings, line 183)
FAIL: gcc.dg/tree-ssa/builtin-sprintf-warn-10.c  (test for warnings, line 185)
FAIL: gcc.dg/tree-ssa/builtin-sprintf-warn-10.c  (test for warnings, line 186)
FAIL: gcc.dg/tree-ssa/builtin-sprintf-warn-10.c  (test for warnings, line 187)
FAIL: gcc.dg/tree-ssa/builtin-sprintf-warn-10.c  (test for warnings, line 188)
FAIL: gcc.dg/tree-ssa/builtin-sprintf-warn-10.c  (test for warnings, line 189)
FAIL: gcc.dg/tree-ssa/builtin-sprintf-warn-10.c  (test for warnings, line 192)
FAIL: gcc.dg/tree-ssa/builtin-sprintf-warn-10.c  (test for warnings, line 193)
FAIL: gcc.dg/tree-ssa/builtin-sprintf-warn-10.c  (test for warnings, line 194)
FAIL: gcc.dg/tree-ssa/builtin-sprintf-warn-10.c  (test for warnings, line 195)
FAIL: gcc.dg/tree-ssa/builtin-sprintf-warn-10.c  (test for warnings, line 197)
FAIL: gcc.dg/tree-ssa/builtin-sprintf-warn-10.c  (test for warnings, line 203)
FAIL: gcc.dg/tree-ssa/builtin-sprintf-warn-10.c  (test for warnings, line 204)
FAIL: gcc.dg/tree-ssa/builtin-sprintf-warn-10.c  (test for warnings, line 205)
FAIL: gcc.dg/tree-ssa/builtin-sprintf-warn-10.c  (test for warnings, line 206)
FAIL: gcc.dg/tree-ssa/builtin-sprintf-warn-10.c  (test for warnings, line 207)
FAIL: gcc.dg/tree-ssa/builtin-sprintf-warn-10.c  (test for warnings, line 208)
FAIL: gcc.dg/tree-ssa/builtin-sprintf-warn-10.c  (test for warnings, line 209)
FAIL: gcc.dg/tree-ssa/builtin-sprintf-warn-10.c  (test for warnings, line 210)
FAIL: gcc.dg/tree-ssa/builtin-sprintf-warn-10.c  (test for warnings, line 212)
FAIL: gcc.dg/tree-ssa/builtin-sprintf-warn-10.c  (test for warnings, line 213)
FAIL: gcc.dg/tree-ssa/builtin-sprintf-warn-10.c  (test for warnings, line 214)
FAIL: gcc.dg/tree-ssa/builtin-sprintf-warn-10.c  (test for warnings, line 215)
FAIL: gcc.dg/tree-ssa/builtin-sprintf-warn-10.c  (test for warnings, line 216)
FAIL: gcc.dg/tree-ssa/builtin-sprintf-warn-10.c  (test for warnings, line 217)
FAIL: gcc.dg/tree-ssa/builtin-sprintf-warn-10.c  (test for warnings, line 218)
FAIL: gcc.dg/tree-ssa/builtin-sprintf-warn-10.c  (test for warnings, line 220)
FAIL: gcc.dg/tree-ssa/builtin-sprintf-warn-10.c  (test for warnings, line 221)
FAIL: gcc.dg/tree-ssa/builtin-sprintf-warn-10.c  (test for warnings, line 222)
FAIL: gcc.dg/tree-ssa/builtin-sprintf-warn-10.c  (test for warnings, line 223)
FAIL: gcc.dg/tree-ssa/builtin-sprintf-warn-10.c  (test for warnings, line 226)
FAIL: gcc.dg/tree-ssa/builtin-sprintf-warn-10.c  (test for warnings, line 227)
FAIL: gcc.dg/tree-ssa/builtin-sprintf-warn-10.c  (test for warnings, line 229)
FAIL: gcc.dg/tree-ssa/builtin-sprintf-warn-10.c  (test for warnings, line 230)
FAIL: gcc.dg/tree-ssa/builtin-sprintf-warn-10.c  (test for warnings, line 231)
FAIL: gcc.dg/tree-ssa/builtin-sprintf-warn-10.c  (test for warnings, line 233)
FAIL: gcc.dg/tree-ssa/builtin-sprintf-warn-10.c  (test for warnings, line 239)
FAIL: gcc.dg/tree-ssa/builtin-sprintf-warn-10.c  (test for warnings, line 240)
FAIL: gcc.dg/tree-ssa/builtin-sprintf-warn-10.c  (test for warnings, line 241)
FAIL: gcc.dg/tree-ssa/builtin-sprintf-warn-10.c  (test for warnings, line 242)
FAIL: gcc.dg/tree-ssa/builtin-sprintf-warn-10.c  (test for warnings, line 243)
FAIL: gcc.dg/tree-ssa/builtin-sprintf-warn-10.c  (test for warnings, line 244)
FAIL: gcc.dg/tree-ssa/builtin-sprintf-warn-10.c  (test for warnings, line 246)
FAIL: gcc.dg/tree-ssa/builtin-sprintf-warn-10.c  (test for warnings, line 247)
FAIL: gcc.dg/tree-ssa/builtin-sprintf-warn-10.c  (test for warnings, line 248)
FAIL: gcc.dg/tree-ssa/builtin-sprintf-warn-10.c  (test for warnings, line 249)
FAIL: gcc.dg/tree-ssa/builtin-sprintf-warn-10.c  (test for warnings, line 250)
FAIL: gcc.dg/tree-ssa/builtin-sprintf-warn-10.c  (test for warnings, line 251)
FAIL: gcc.dg/tree-ssa/builtin-sprintf-warn-10.c  (test for warnings, line 252)
FAIL: gcc.dg/tree-ssa/builtin-sprintf-warn-10.c  (test for warnings, line 254)
FAIL: gcc.dg/tree-ssa/builtin-sprintf-warn-10.c  (test for warnings, line 255)
FAIL: gcc.dg/tree-ssa/builtin-sprintf-warn-10.c  (test for warnings, line 256)
FAIL: gcc.dg/tree-ssa/builtin-sprintf-warn-10.c  (test for warnings, line 257)
FAIL: gcc.dg/tree-ssa/builtin-sprintf-warn-10.c  (test for warnings, line 265)
FAIL: gcc.dg/tree-ssa/builtin-sprintf-warn-10.c  (test for warnings, line 266)
FAIL: gcc.dg/tree-ssa/builtin-sprintf-warn-10.c  (test for warnings, line 267)
FAIL: gcc.dg/tree-ssa/builtin-sprintf-warn-10.c  (test for warnings, line 269)
FAIL: gcc.dg/tree-ssa/builtin-sprintf-warn-10.c (test for excess errors)
FAIL: gcc.dg/tree-ssa/builtin-sprintf-warn-3.c (test for excess errors)
FAIL: gcc.dg/tree-ssa/builtin-sprintf-warn-6.c scan-tree-dump-not optimized "abort"
FAIL: gcc.dg/tree-ssa/builtin-sprintf.c (test for excess errors)
UNRESOLVED: gcc.dg/tree-ssa/builtin-sprintf.c compilation failed to produce executable
FAIL: gcc.dg/tree-ssa/cunroll-13.c scan-tree-dump-times cunroll "Loop 1 iterates 123454 times" 1
FAIL: gcc.dg/tree-ssa/cunroll-13.c scan-tree-dump-times cunroll "Exit condition of peeled iterations was eliminated" 1
FAIL: gcc.dg/tree-ssa/ldist-25.c (test for excess errors)
UNRESOLVED: gcc.dg/tree-ssa/ldist-25.c scan-tree-dump ldist "Loop . is the same"
FAIL: gcc.dg/tree-ssa/overflow-1.c scan-tree-dump optimized "a_[0-9]+.D. > 4294967263;"
FAIL: gcc.dg/tree-ssa/pr78154.c scan-tree-dump-not evrp "__builtin_abort"
FAIL: gcc.dg/tree-ssa/pr78886.c (test for excess errors)
FAIL: gcc.dg/tree-ssa/pr79327-2.c scan-tree-dump-times optimized "keep_call_on_line" 43
FAIL: gcc.dg/tree-ssa/scev-8.c scan-tree-dump-not ivopts "  Type:\\\\tADDRESS\\n  Use [0-9].[0-9]:"
XPASS: gcc.dg/tree-ssa/ssa-fre-26.c scan-tree-dump fre1 "Replaced u.i with 0 in"
FAIL: gcc.dg/tree-ssa/ssa-hoist-4.c scan-tree-dump-times optimized "= \\\\*" 2
FAIL: gcc.dg/tree-ssa/ssa-hoist-4.c scan-tree-dump-times optimized "MAX_EXPR" 1
FAIL: gcc.dg/tree-ssa/ssa-sink-11.c scan-tree-dump optimized "MEM\\\\[.* \\\\+ 252B\\\\]"
FAIL: gcc.dg/tree-ssa/ssa-sink-12.c scan-tree-dump optimized "MEM\\\\[.* \\\\+ 252B\\\\]"
FAIL: gcc.dg/tree-ssa/vrp111.c scan-tree-dump-not evrp "abort"
FAIL: gcc.target/avr/pr71676-1.c execution test
FAIL: gcc.target/avr/pr71676-3.c (test for excess errors)
UNRESOLVED: gcc.target/avr/pr71676-3.c compilation failed to produce executable

		=== gcc Summary for atmega128-sim/-mrelax ===

# of expected passes		83950
# of unexpected failures	275
# of unexpected successes	8
# of expected failures		149
# of unresolved testcases	45
# of untested testcases		4
# of unsupported tests		3747

Running target atmega128-sim
FAIL: gcc.c-torture/execute/pr70460.c   -O0  execution test
FAIL: gcc.c-torture/execute/pr70460.c   -O1  execution test
FAIL: gcc.c-torture/execute/pr70460.c   -O2  execution test
FAIL: gcc.c-torture/execute/pr70460.c   -Os  execution test
FAIL: gcc.c-torture/execute/pr70460.c   -O2 -flto -fno-use-linker-plugin -flto-partition=none  execution test
FAIL: gcc.c-torture/execute/pr70460.c   -O2 -flto -fuse-linker-plugin -fno-fat-lto-objects  execution test
FAIL: gcc.c-torture/execute/pr79121.c   -O0  execution test
FAIL: gcc.c-torture/execute/pr79121.c   -O1  execution test
FAIL: gcc.c-torture/execute/pr79121.c   -O2  execution test
FAIL: gcc.c-torture/execute/pr79121.c   -O3 -g  execution test
FAIL: gcc.c-torture/execute/pr79121.c   -Os  execution test
FAIL: gcc.c-torture/execute/pr79121.c   -O2 -flto -fno-use-linker-plugin -flto-partition=none  execution test
FAIL: gcc.c-torture/execute/pr79121.c   -O2 -flto -fuse-linker-plugin -fno-fat-lto-objects  execution test
FAIL: gcc.dg/20141029-1.c scan-rtl-dump-times final "mem/v(/.)*:HI" 4
XPASS: gcc.dg/Wtype-limits-Wextra.c (test for excess errors)
FAIL: gcc.dg/addr_equal-1.c execution test
FAIL: gcc.dg/attr-alloc_size-10.c (test for excess errors)
XPASS: gcc.dg/attr-alloc_size-11.c missing range info for signed char (test for warnings, line 49)
XPASS: gcc.dg/attr-alloc_size-11.c missing range info for short (test for warnings, line 50)
FAIL: gcc.dg/attr-alloc_size-3.c (test for excess errors)
FAIL: gcc.dg/attr-alloc_size-4.c  (test for warnings, line 165)
FAIL: gcc.dg/attr-alloc_size-4.c (test for excess errors)
XPASS: gcc.dg/builtin-return-1.c execution test
FAIL: gcc.dg/builtin-stringop-chk-7.c (test for excess errors)
FAIL: gcc.dg/fold-convmaxconv-1.c scan-tree-dump-not optimized " = MAX_EXPR <x_[0-9]*"
FAIL: gcc.dg/fold-convminconv-1.c scan-tree-dump-not optimized " = MIN_EXPR <x_[0-9]*"
FAIL: gcc.dg/gimplefe-14.c execution test
FAIL: gcc.dg/ifcvt-4.c scan-rtl-dump ce1 "2 true changes made"
XPASS: gcc.dg/memcpy-1.c scan-tree-dump-times optimized "nasty_local\\\\." 0
FAIL: gcc.dg/pr63387-2.c scan-tree-dump-not optimized "ccc[^\\n\\r]* ord ddd"
FAIL: gcc.dg/pr63387.c scan-tree-dump-not optimized "ccc[^\\n\\r]* unord ddd"
FAIL: gcc.dg/pr67786.c output pattern test, is , should match 15
FAIL: gcc.dg/pr78138.c  (test for warnings, line 21)
FAIL: gcc.dg/pr78138.c (test for excess errors)
FAIL: gcc.dg/pr78973.c pr79073 (test for warnings, line 12)
XPASS: gcc.dg/strlenopt-8.c scan-tree-dump-times strlen "strlen \\\\(" 0
FAIL: gcc.dg/strlenopt-8.c scan-tree-dump-times strlen "memcpy \\\\(" 2
FAIL: c-c++-common/pr27336.c  -Wc++-compat   scan-tree-dump vrp1 "return 1;"
FAIL: c-c++-common/torture/builtin-arith-overflow-13.c   -O0  (test for excess errors)
UNRESOLVED: c-c++-common/torture/builtin-arith-overflow-13.c   -O0  compilation failed to produce executable
FAIL: c-c++-common/torture/builtin-arith-overflow-14.c   -O0  (test for excess errors)
UNRESOLVED: c-c++-common/torture/builtin-arith-overflow-14.c   -O0  compilation failed to produce executable
FAIL: c-c++-common/torture/builtin-arith-overflow-14.c   -O2  (test for excess errors)
UNRESOLVED: c-c++-common/torture/builtin-arith-overflow-14.c   -O2  compilation failed to produce executable
FAIL: c-c++-common/torture/builtin-arith-overflow-14.c   -O2 -flto -fno-use-linker-plugin -flto-partition=none  (test for excess errors)
UNRESOLVED: c-c++-common/torture/builtin-arith-overflow-14.c   -O2 -flto -fno-use-linker-plugin -flto-partition=none  compilation failed to produce executable
FAIL: c-c++-common/torture/builtin-arith-overflow-3.c   -O0  (test for excess errors)
UNRESOLVED: c-c++-common/torture/builtin-arith-overflow-3.c   -O0  compilation failed to produce executable
FAIL: c-c++-common/torture/builtin-arith-overflow-p-14.c   -O0  (test for excess errors)
UNRESOLVED: c-c++-common/torture/builtin-arith-overflow-p-14.c   -O0  compilation failed to produce executable
FAIL: c-c++-common/torture/builtin-arith-overflow-p-14.c   -O2  execution test
FAIL: c-c++-common/torture/builtin-arith-overflow-p-14.c   -O2 -flto -fno-use-linker-plugin -flto-partition=none  execution test
FAIL: c-c++-common/torture/builtin-arith-overflow-p-3.c   -O0  (test for excess errors)
UNRESOLVED: c-c++-common/torture/builtin-arith-overflow-p-3.c   -O0  compilation failed to produce executable
FAIL: gcc.dg/torture/pr68955.c   -O0  output pattern test, is , should match ONE1ONE
FAIL: gcc.dg/torture/pr68955.c   -O1  output pattern test, is , should match ONE1ONE
FAIL: gcc.dg/torture/pr68955.c   -O2  output pattern test, is , should match ONE1ONE
FAIL: gcc.dg/torture/pr68955.c   -O3 -fomit-frame-pointer -funroll-loops -fpeel-loops -ftracer -finline-functions  output pattern test, is , should match ONE1ONE
FAIL: gcc.dg/torture/pr68955.c   -O3 -g  output pattern test, is , should match ONE1ONE
FAIL: gcc.dg/torture/pr68955.c   -Os  output pattern test, is , should match ONE1ONE
FAIL: gcc.dg/torture/pr68955.c   -O2 -flto -fno-use-linker-plugin -flto-partition=none  output pattern test, is , should match ONE1ONE
FAIL: gcc.dg/torture/pr68955.c   -O2 -flto -fuse-linker-plugin -fno-fat-lto-objects  output pattern test, is , should match ONE1ONE
XPASS: gcc.dg/tree-ssa/20040204-1.c scan-tree-dump-times optimized "link_error" 0
FAIL: gcc.dg/tree-ssa/alias-32.c scan-tree-dump-times cddce1 "\\\\*[^ ]" 1
FAIL: gcc.dg/tree-ssa/builtin-snprintf-warn-3.c  (test for warnings, line 98)
FAIL: gcc.dg/tree-ssa/builtin-snprintf-warn-3.c  (test for warnings, line 102)
FAIL: gcc.dg/tree-ssa/builtin-snprintf-warn-3.c  (test for warnings, line 123)
FAIL: gcc.dg/tree-ssa/builtin-snprintf-warn-3.c  (test for warnings, line 169)
FAIL: gcc.dg/tree-ssa/builtin-snprintf-warn-3.c  (test for warnings, line 173)
FAIL: gcc.dg/tree-ssa/builtin-snprintf-warn-3.c  (test for warnings, line 192)
FAIL: gcc.dg/tree-ssa/builtin-snprintf-warn-3.c (test for excess errors)
FAIL: gcc.dg/tree-ssa/builtin-sprintf-2.c scan-tree-dump-times optimized "> \\\\[[0-9.]+%\\\\]:\\n *must_not_eliminate" 93
FAIL: gcc.dg/tree-ssa/builtin-sprintf-2.c scan-tree-dump-not optimized ";\\n *must_not_eliminate"
FAIL: gcc.dg/tree-ssa/builtin-sprintf-warn-10.c  (test for warnings, line 27)
FAIL: gcc.dg/tree-ssa/builtin-sprintf-warn-10.c  (test for warnings, line 28)
FAIL: gcc.dg/tree-ssa/builtin-sprintf-warn-10.c  (test for warnings, line 29)
FAIL: gcc.dg/tree-ssa/builtin-sprintf-warn-10.c  (test for warnings, line 30)
FAIL: gcc.dg/tree-ssa/builtin-sprintf-warn-10.c  (test for warnings, line 31)
FAIL: gcc.dg/tree-ssa/builtin-sprintf-warn-10.c  (test for warnings, line 32)
FAIL: gcc.dg/tree-ssa/builtin-sprintf-warn-10.c  (test for warnings, line 34)
FAIL: gcc.dg/tree-ssa/builtin-sprintf-warn-10.c  (test for warnings, line 35)
FAIL: gcc.dg/tree-ssa/builtin-sprintf-warn-10.c  (test for warnings, line 36)
FAIL: gcc.dg/tree-ssa/builtin-sprintf-warn-10.c  (test for warnings, line 37)
FAIL: gcc.dg/tree-ssa/builtin-sprintf-warn-10.c  (test for warnings, line 38)
FAIL: gcc.dg/tree-ssa/builtin-sprintf-warn-10.c  (test for warnings, line 40)
FAIL: gcc.dg/tree-ssa/builtin-sprintf-warn-10.c  (test for warnings, line 41)
FAIL: gcc.dg/tree-ssa/builtin-sprintf-warn-10.c  (test for warnings, line 42)
FAIL: gcc.dg/tree-ssa/builtin-sprintf-warn-10.c  (test for warnings, line 43)
FAIL: gcc.dg/tree-ssa/builtin-sprintf-warn-10.c  (test for warnings, line 45)
FAIL: gcc.dg/tree-ssa/builtin-sprintf-warn-10.c  (test for warnings, line 46)
FAIL: gcc.dg/tree-ssa/builtin-sprintf-warn-10.c  (test for warnings, line 47)
FAIL: gcc.dg/tree-ssa/builtin-sprintf-warn-10.c  (test for warnings, line 48)
FAIL: gcc.dg/tree-ssa/builtin-sprintf-warn-10.c  (test for warnings, line 50)
FAIL: gcc.dg/tree-ssa/builtin-sprintf-warn-10.c  (test for warnings, line 56)
FAIL: gcc.dg/tree-ssa/builtin-sprintf-warn-10.c  (test for warnings, line 57)
FAIL: gcc.dg/tree-ssa/builtin-sprintf-warn-10.c  (test for warnings, line 58)
FAIL: gcc.dg/tree-ssa/builtin-sprintf-warn-10.c  (test for warnings, line 59)
FAIL: gcc.dg/tree-ssa/builtin-sprintf-warn-10.c  (test for warnings, line 60)
FAIL: gcc.dg/tree-ssa/builtin-sprintf-warn-10.c  (test for warnings, line 61)
FAIL: gcc.dg/tree-ssa/builtin-sprintf-warn-10.c  (test for warnings, line 63)
FAIL: gcc.dg/tree-ssa/builtin-sprintf-warn-10.c  (test for warnings, line 64)
FAIL: gcc.dg/tree-ssa/builtin-sprintf-warn-10.c  (test for warnings, line 65)
FAIL: gcc.dg/tree-ssa/builtin-sprintf-warn-10.c  (test for warnings, line 66)
FAIL: gcc.dg/tree-ssa/builtin-sprintf-warn-10.c  (test for warnings, line 67)
FAIL: gcc.dg/tree-ssa/builtin-sprintf-warn-10.c  (test for warnings, line 70)
FAIL: gcc.dg/tree-ssa/builtin-sprintf-warn-10.c  (test for warnings, line 71)
FAIL: gcc.dg/tree-ssa/builtin-sprintf-warn-10.c  (test for warnings, line 72)
FAIL: gcc.dg/tree-ssa/builtin-sprintf-warn-10.c  (test for warnings, line 73)
FAIL: gcc.dg/tree-ssa/builtin-sprintf-warn-10.c  (test for warnings, line 75)
FAIL: gcc.dg/tree-ssa/builtin-sprintf-warn-10.c  (test for warnings, line 76)
FAIL: gcc.dg/tree-ssa/builtin-sprintf-warn-10.c  (test for warnings, line 77)
FAIL: gcc.dg/tree-ssa/builtin-sprintf-warn-10.c  (test for warnings, line 78)
FAIL: gcc.dg/tree-ssa/builtin-sprintf-warn-10.c  (test for warnings, line 80)
FAIL: gcc.dg/tree-ssa/builtin-sprintf-warn-10.c  (test for warnings, line 86)
FAIL: gcc.dg/tree-ssa/builtin-sprintf-warn-10.c  (test for warnings, line 87)
FAIL: gcc.dg/tree-ssa/builtin-sprintf-warn-10.c  (test for warnings, line 88)
FAIL: gcc.dg/tree-ssa/builtin-sprintf-warn-10.c  (test for warnings, line 89)
FAIL: gcc.dg/tree-ssa/builtin-sprintf-warn-10.c  (test for warnings, line 90)
FAIL: gcc.dg/tree-ssa/builtin-sprintf-warn-10.c  (test for warnings, line 91)
FAIL: gcc.dg/tree-ssa/builtin-sprintf-warn-10.c  (test for warnings, line 93)
FAIL: gcc.dg/tree-ssa/builtin-sprintf-warn-10.c  (test for warnings, line 94)
FAIL: gcc.dg/tree-ssa/builtin-sprintf-warn-10.c  (test for warnings, line 95)
FAIL: gcc.dg/tree-ssa/builtin-sprintf-warn-10.c  (test for warnings, line 96)
FAIL: gcc.dg/tree-ssa/builtin-sprintf-warn-10.c  (test for warnings, line 99)
FAIL: gcc.dg/tree-ssa/builtin-sprintf-warn-10.c  (test for warnings, line 100)
FAIL: gcc.dg/tree-ssa/builtin-sprintf-warn-10.c  (test for warnings, line 102)
FAIL: gcc.dg/tree-ssa/builtin-sprintf-warn-10.c  (test for warnings, line 103)
FAIL: gcc.dg/tree-ssa/builtin-sprintf-warn-10.c  (test for warnings, line 104)
FAIL: gcc.dg/tree-ssa/builtin-sprintf-warn-10.c  (test for warnings, line 105)
FAIL: gcc.dg/tree-ssa/builtin-sprintf-warn-10.c  (test for warnings, line 107)
FAIL: gcc.dg/tree-ssa/builtin-sprintf-warn-10.c  (test for warnings, line 108)
FAIL: gcc.dg/tree-ssa/builtin-sprintf-warn-10.c  (test for warnings, line 109)
FAIL: gcc.dg/tree-ssa/builtin-sprintf-warn-10.c  (test for warnings, line 110)
FAIL: gcc.dg/tree-ssa/builtin-sprintf-warn-10.c  (test for warnings, line 112)
FAIL: gcc.dg/tree-ssa/builtin-sprintf-warn-10.c  (test for warnings, line 118)
FAIL: gcc.dg/tree-ssa/builtin-sprintf-warn-10.c  (test for warnings, line 119)
FAIL: gcc.dg/tree-ssa/builtin-sprintf-warn-10.c  (test for warnings, line 120)
FAIL: gcc.dg/tree-ssa/builtin-sprintf-warn-10.c  (test for warnings, line 121)
FAIL: gcc.dg/tree-ssa/builtin-sprintf-warn-10.c  (test for warnings, line 122)
FAIL: gcc.dg/tree-ssa/builtin-sprintf-warn-10.c  (test for warnings, line 123)
FAIL: gcc.dg/tree-ssa/builtin-sprintf-warn-10.c  (test for warnings, line 125)
FAIL: gcc.dg/tree-ssa/builtin-sprintf-warn-10.c  (test for warnings, line 126)
FAIL: gcc.dg/tree-ssa/builtin-sprintf-warn-10.c  (test for warnings, line 127)
FAIL: gcc.dg/tree-ssa/builtin-sprintf-warn-10.c  (test for warnings, line 128)
FAIL: gcc.dg/tree-ssa/builtin-sprintf-warn-10.c  (test for warnings, line 140)
FAIL: gcc.dg/tree-ssa/builtin-sprintf-warn-10.c  (test for warnings, line 141)
FAIL: gcc.dg/tree-ssa/builtin-sprintf-warn-10.c  (test for warnings, line 142)
FAIL: gcc.dg/tree-ssa/builtin-sprintf-warn-10.c  (test for warnings, line 143)
FAIL: gcc.dg/tree-ssa/builtin-sprintf-warn-10.c  (test for warnings, line 144)
FAIL: gcc.dg/tree-ssa/builtin-sprintf-warn-10.c  (test for warnings, line 145)
FAIL: gcc.dg/tree-ssa/builtin-sprintf-warn-10.c  (test for warnings, line 147)
FAIL: gcc.dg/tree-ssa/builtin-sprintf-warn-10.c  (test for warnings, line 148)
FAIL: gcc.dg/tree-ssa/builtin-sprintf-warn-10.c  (test for warnings, line 149)
FAIL: gcc.dg/tree-ssa/builtin-sprintf-warn-10.c  (test for warnings, line 150)
FAIL: gcc.dg/tree-ssa/builtin-sprintf-warn-10.c  (test for warnings, line 151)
FAIL: gcc.dg/tree-ssa/builtin-sprintf-warn-10.c  (test for warnings, line 153)
FAIL: gcc.dg/tree-ssa/builtin-sprintf-warn-10.c  (test for warnings, line 154)
FAIL: gcc.dg/tree-ssa/builtin-sprintf-warn-10.c  (test for warnings, line 155)
FAIL: gcc.dg/tree-ssa/builtin-sprintf-warn-10.c  (test for warnings, line 156)
FAIL: gcc.dg/tree-ssa/builtin-sprintf-warn-10.c  (test for warnings, line 158)
FAIL: gcc.dg/tree-ssa/builtin-sprintf-warn-10.c  (test for warnings, line 159)
FAIL: gcc.dg/tree-ssa/builtin-sprintf-warn-10.c  (test for warnings, line 160)
FAIL: gcc.dg/tree-ssa/builtin-sprintf-warn-10.c  (test for warnings, line 161)
FAIL: gcc.dg/tree-ssa/builtin-sprintf-warn-10.c  (test for warnings, line 162)
FAIL: gcc.dg/tree-ssa/builtin-sprintf-warn-10.c  (test for warnings, line 164)
FAIL: gcc.dg/tree-ssa/builtin-sprintf-warn-10.c  (test for warnings, line 170)
FAIL: gcc.dg/tree-ssa/builtin-sprintf-warn-10.c  (test for warnings, line 171)
FAIL: gcc.dg/tree-ssa/builtin-sprintf-warn-10.c  (test for warnings, line 172)
FAIL: gcc.dg/tree-ssa/builtin-sprintf-warn-10.c  (test for warnings, line 173)
FAIL: gcc.dg/tree-ssa/builtin-sprintf-warn-10.c  (test for warnings, line 174)
FAIL: gcc.dg/tree-ssa/builtin-sprintf-warn-10.c  (test for warnings, line 175)
FAIL: gcc.dg/tree-ssa/builtin-sprintf-warn-10.c  (test for warnings, line 177)
FAIL: gcc.dg/tree-ssa/builtin-sprintf-warn-10.c  (test for warnings, line 178)
FAIL: gcc.dg/tree-ssa/builtin-sprintf-warn-10.c  (test for warnings, line 179)
FAIL: gcc.dg/tree-ssa/builtin-sprintf-warn-10.c  (test for warnings, line 180)
FAIL: gcc.dg/tree-ssa/builtin-sprintf-warn-10.c  (test for warnings, line 181)
FAIL: gcc.dg/tree-ssa/builtin-sprintf-warn-10.c  (test for warnings, line 182)
FAIL: gcc.dg/tree-ssa/builtin-sprintf-warn-10.c  (test for warnings, line 183)
FAIL: gcc.dg/tree-ssa/builtin-sprintf-warn-10.c  (test for warnings, line 185)
FAIL: gcc.dg/tree-ssa/builtin-sprintf-warn-10.c  (test for warnings, line 186)
FAIL: gcc.dg/tree-ssa/builtin-sprintf-warn-10.c  (test for warnings, line 187)
FAIL: gcc.dg/tree-ssa/builtin-sprintf-warn-10.c  (test for warnings, line 188)
FAIL: gcc.dg/tree-ssa/builtin-sprintf-warn-10.c  (test for warnings, line 189)
FAIL: gcc.dg/tree-ssa/builtin-sprintf-warn-10.c  (test for warnings, line 192)
FAIL: gcc.dg/tree-ssa/builtin-sprintf-warn-10.c  (test for warnings, line 193)
FAIL: gcc.dg/tree-ssa/builtin-sprintf-warn-10.c  (test for warnings, line 194)
FAIL: gcc.dg/tree-ssa/builtin-sprintf-warn-10.c  (test for warnings, line 195)
FAIL: gcc.dg/tree-ssa/builtin-sprintf-warn-10.c  (test for warnings, line 197)
FAIL: gcc.dg/tree-ssa/builtin-sprintf-warn-10.c  (test for warnings, line 203)
FAIL: gcc.dg/tree-ssa/builtin-sprintf-warn-10.c  (test for warnings, line 204)
FAIL: gcc.dg/tree-ssa/builtin-sprintf-warn-10.c  (test for warnings, line 205)
FAIL: gcc.dg/tree-ssa/builtin-sprintf-warn-10.c  (test for warnings, line 206)
FAIL: gcc.dg/tree-ssa/builtin-sprintf-warn-10.c  (test for warnings, line 207)
FAIL: gcc.dg/tree-ssa/builtin-sprintf-warn-10.c  (test for warnings, line 208)
FAIL: gcc.dg/tree-ssa/builtin-sprintf-warn-10.c  (test for warnings, line 209)
FAIL: gcc.dg/tree-ssa/builtin-sprintf-warn-10.c  (test for warnings, line 210)
FAIL: gcc.dg/tree-ssa/builtin-sprintf-warn-10.c  (test for warnings, line 212)
FAIL: gcc.dg/tree-ssa/builtin-sprintf-warn-10.c  (test for warnings, line 213)
FAIL: gcc.dg/tree-ssa/builtin-sprintf-warn-10.c  (test for warnings, line 214)
FAIL: gcc.dg/tree-ssa/builtin-sprintf-warn-10.c  (test for warnings, line 215)
FAIL: gcc.dg/tree-ssa/builtin-sprintf-warn-10.c  (test for warnings, line 216)
FAIL: gcc.dg/tree-ssa/builtin-sprintf-warn-10.c  (test for warnings, line 217)
FAIL: gcc.dg/tree-ssa/builtin-sprintf-warn-10.c  (test for warnings, line 218)
FAIL: gcc.dg/tree-ssa/builtin-sprintf-warn-10.c  (test for warnings, line 220)
FAIL: gcc.dg/tree-ssa/builtin-sprintf-warn-10.c  (test for warnings, line 221)
FAIL: gcc.dg/tree-ssa/builtin-sprintf-warn-10.c  (test for warnings, line 222)
FAIL: gcc.dg/tree-ssa/builtin-sprintf-warn-10.c  (test for warnings, line 223)
FAIL: gcc.dg/tree-ssa/builtin-sprintf-warn-10.c  (test for warnings, line 226)
FAIL: gcc.dg/tree-ssa/builtin-sprintf-warn-10.c  (test for warnings, line 227)
FAIL: gcc.dg/tree-ssa/builtin-sprintf-warn-10.c  (test for warnings, line 229)
FAIL: gcc.dg/tree-ssa/builtin-sprintf-warn-10.c  (test for warnings, line 230)
FAIL: gcc.dg/tree-ssa/builtin-sprintf-warn-10.c  (test for warnings, line 231)
FAIL: gcc.dg/tree-ssa/builtin-sprintf-warn-10.c  (test for warnings, line 233)
FAIL: gcc.dg/tree-ssa/builtin-sprintf-warn-10.c  (test for warnings, line 239)
FAIL: gcc.dg/tree-ssa/builtin-sprintf-warn-10.c  (test for warnings, line 240)
FAIL: gcc.dg/tree-ssa/builtin-sprintf-warn-10.c  (test for warnings, line 241)
FAIL: gcc.dg/tree-ssa/builtin-sprintf-warn-10.c  (test for warnings, line 242)
FAIL: gcc.dg/tree-ssa/builtin-sprintf-warn-10.c  (test for warnings, line 243)
FAIL: gcc.dg/tree-ssa/builtin-sprintf-warn-10.c  (test for warnings, line 244)
FAIL: gcc.dg/tree-ssa/builtin-sprintf-warn-10.c  (test for warnings, line 246)
FAIL: gcc.dg/tree-ssa/builtin-sprintf-warn-10.c  (test for warnings, line 247)
FAIL: gcc.dg/tree-ssa/builtin-sprintf-warn-10.c  (test for warnings, line 248)
FAIL: gcc.dg/tree-ssa/builtin-sprintf-warn-10.c  (test for warnings, line 249)
FAIL: gcc.dg/tree-ssa/builtin-sprintf-warn-10.c  (test for warnings, line 250)
FAIL: gcc.dg/tree-ssa/builtin-sprintf-warn-10.c  (test for warnings, line 251)
FAIL: gcc.dg/tree-ssa/builtin-sprintf-warn-10.c  (test for warnings, line 252)
FAIL: gcc.dg/tree-ssa/builtin-sprintf-warn-10.c  (test for warnings, line 254)
FAIL: gcc.dg/tree-ssa/builtin-sprintf-warn-10.c  (test for warnings, line 255)
FAIL: gcc.dg/tree-ssa/builtin-sprintf-warn-10.c  (test for warnings, line 256)
FAIL: gcc.dg/tree-ssa/builtin-sprintf-warn-10.c  (test for warnings, line 257)
FAIL: gcc.dg/tree-ssa/builtin-sprintf-warn-10.c  (test for warnings, line 265)
FAIL: gcc.dg/tree-ssa/builtin-sprintf-warn-10.c  (test for warnings, line 266)
FAIL: gcc.dg/tree-ssa/builtin-sprintf-warn-10.c  (test for warnings, line 267)
FAIL: gcc.dg/tree-ssa/builtin-sprintf-warn-10.c  (test for warnings, line 269)
FAIL: gcc.dg/tree-ssa/builtin-sprintf-warn-10.c (test for excess errors)
FAIL: gcc.dg/tree-ssa/builtin-sprintf-warn-3.c (test for excess errors)
FAIL: gcc.dg/tree-ssa/builtin-sprintf-warn-6.c scan-tree-dump-not optimized "abort"
FAIL: gcc.dg/tree-ssa/builtin-sprintf.c (test for excess errors)
UNRESOLVED: gcc.dg/tree-ssa/builtin-sprintf.c compilation failed to produce executable
FAIL: gcc.dg/tree-ssa/cunroll-13.c scan-tree-dump-times cunroll "Loop 1 iterates 123454 times" 1
FAIL: gcc.dg/tree-ssa/cunroll-13.c scan-tree-dump-times cunroll "Exit condition of peeled iterations was eliminated" 1
FAIL: gcc.dg/tree-ssa/ldist-25.c (test for excess errors)
UNRESOLVED: gcc.dg/tree-ssa/ldist-25.c scan-tree-dump ldist "Loop . is the same"
FAIL: gcc.dg/tree-ssa/overflow-1.c scan-tree-dump optimized "a_[0-9]+.D. > 4294967263;"
FAIL: gcc.dg/tree-ssa/pr78154.c scan-tree-dump-not evrp "__builtin_abort"
FAIL: gcc.dg/tree-ssa/pr78886.c (test for excess errors)
FAIL: gcc.dg/tree-ssa/pr79327-2.c scan-tree-dump-times optimized "keep_call_on_line" 43
FAIL: gcc.dg/tree-ssa/scev-8.c scan-tree-dump-not ivopts "  Type:\\\\tADDRESS\\n  Use [0-9].[0-9]:"
XPASS: gcc.dg/tree-ssa/ssa-fre-26.c scan-tree-dump fre1 "Replaced u.i with 0 in"
FAIL: gcc.dg/tree-ssa/ssa-hoist-4.c scan-tree-dump-times optimized "= \\\\*" 2
FAIL: gcc.dg/tree-ssa/ssa-hoist-4.c scan-tree-dump-times optimized "MAX_EXPR" 1
FAIL: gcc.dg/tree-ssa/ssa-sink-11.c scan-tree-dump optimized "MEM\\\\[.* \\\\+ 252B\\\\]"
FAIL: gcc.dg/tree-ssa/ssa-sink-12.c scan-tree-dump optimized "MEM\\\\[.* \\\\+ 252B\\\\]"
FAIL: gcc.dg/tree-ssa/vrp111.c scan-tree-dump-not evrp "abort"

		=== gcc Summary for atmega128-sim ===

# of expected passes		83989
# of unexpected failures	237
# of unexpected successes	8
# of expected failures		149
# of unresolved testcases	9
# of untested testcases		3
# of unsupported tests		3747

		=== gcc Summary ===

# of expected passes		167939
# of unexpected failures	512
# of unexpected successes	16
# of expected failures		298
# of unresolved testcases	54
# of untested testcases		7
# of unsupported tests		7494
/home/toolsbuild/workspace/avr8-gnu-regression-test-mega-trunk/build-linux_x86_64/avr-gcc-full/gcc/xgcc  version 7.0.1 20170218 (experimental) (AVR_8_bit_GNU_Toolchain_4.0.0_398) 


Compiler version: 7.0.1 20170218 (experimental) (AVR_8_bit_GNU_Toolchain_4.0.0_398) gcc 
Platform: avr-unknown-none
configure flags: LDFLAGS=-L/home/toolsbuild/workspace/avr8-gnu-regression-test-mega-trunk/avr8-gnu-regression-test-mega-trunk-linux_x86_64-hostlibs/lib CPPFLAGS= --target=avr --host=x86_64-pc-linux-gnu --build=x86_64-pc-linux-gnu --prefix=/home/toolsbuild/workspace/avr8-gnu-regression-test-mega-trunk/avr8-gnu-regression-test-mega-trunk-linux_x86_64 --libdir=/home/toolsbuild/workspace/avr8-gnu-regression-test-mega-trunk/avr8-gnu-regression-test-mega-trunk-linux_x86_64/lib --enable-languages=c,c++ --with-dwarf2 --enable-doc --disable-shared --disable-libada --disable-libssp --disable-nls --with-avrlibc=yes --with-mpfr=/home/toolsbuild/workspace/avr8-gnu-regression-test-mega-trunk/avr8-gnu-regression-test-mega-trunk-linux_x86_64-hostlibs --with-gmp=/home/toolsbuild/workspace/avr8-gnu-regression-test-mega-trunk/avr8-gnu-regression-test-mega-trunk-linux_x86_64-hostlibs --with-mpc=/home/toolsbuild/workspace/avr8-gnu-regression-test-mega-trunk/avr8-gnu-regression-test-mega-trunk-linux_x86_64-hostlibs --with-pkgversion=AVR_8_bit_GNU_Toolchain_4.0.0_398 --with-bugurl=http://www.atmel.com


Index Nav: [Date Index] [Subject Index] [Author Index] [Thread Index]
Message Nav: [Date Prev] [Date Next] [Thread Prev] [Thread Next]