This is the mail archive of the
gcc-testresults@gcc.gnu.org
mailing list for the GCC project.
Results for 7.0.1 20170218 (experimental) [master revision b0faa56:87149d8:2b77b495040890ad775b990de07033ce03c2a692] (Cavium Inc. (Build 1142)) testsuite on aarch64-unknown-linux-gnu
- From: Jenkins <jenkins at cavium dot com>
- To: gcc-testresults at gcc dot gnu dot org
- Date: Sat, 18 Feb 2017 08:22:21 -0800
- Subject: Results for 7.0.1 20170218 (experimental) [master revision b0faa56:87149d8:2b77b495040890ad775b990de07033ce03c2a692] (Cavium Inc. (Build 1142)) testsuite on aarch64-unknown-linux-gnu
- Authentication-results: sourceware.org; auth=none
LAST_UPDATED: Sat Feb 18 14:24:20 UTC 2017 (revision b0faa56:87149d8:2b77b495040890ad775b990de07033ce03c2a692)
Native configuration is aarch64-unknown-linux-gnu
=== libatomic tests ===
Running target unix
=== libatomic Summary ===
# of expected passes 54
=== libffi tests ===
Running target unix
=== libffi Summary ===
# of expected passes 2214
=== libgo tests ===
Running target unix
=== libgo Summary ===
# of expected passes 145
/home/jenkins/workspace/BuildThunderX_native_gcc_upstream/objdir/./gcc/gccgo version 7.0.1 20170218 (experimental) [master revision b0faa56:87149d8:2b77b495040890ad775b990de07033ce03c2a692] (Cavium Inc. (Build 1142))
=== libgomp tests ===
Running target unix
=== libgomp Summary ===
# of expected passes 5008
# of unsupported tests 380
=== libitm tests ===
Running target unix
=== libitm Summary ===
# of expected passes 42
# of expected failures 3
# of unsupported tests 1
=== libstdc++ tests ===
Running target unix
FAIL: 27_io/manipulators/extended/get_money/char/1.cc execution test
=== libstdc++ Summary ===
# of expected passes 11268
# of unexpected failures 1
# of expected failures 66
# of unsupported tests 556
=== gcc tests ===
Running target unix
XPASS: gcc.dg/attr-alloc_size-11.c missing range info for short (test for warnings, line 50)
XPASS: gcc.dg/attr-alloc_size-11.c missing range info for signed char (test for warnings, line 49)
FAIL: c-c++-common/ubsan/overflow-mul-4.c -O0 output pattern test
FAIL: c-c++-common/ubsan/overflow-mul-4.c -O2 output pattern test
FAIL: c-c++-common/ubsan/overflow-mul-4.c -O2 -flto -fuse-linker-plugin -fno-fat-lto-objects output pattern test
FAIL: c-c++-common/ubsan/overflow-mul-4.c -O3 -fomit-frame-pointer -funroll-loops -fpeel-loops -ftracer -finline-functions output pattern test
FAIL: gcc.target/aarch64/vect-abs-compile.c scan-assembler abs\\\\tv[0-9]+.16b
FAIL: gcc.target/aarch64/vect-abs-compile.c scan-assembler abs\\\\tv[0-9]+.8h
=== gcc Summary ===
# of expected passes 111484
# of unexpected failures 6
# of unexpected successes 2
# of expected failures 316
# of unsupported tests 3127
/home/jenkins/workspace/BuildThunderX_native_gcc_upstream/objdir/gcc/xgcc version 7.0.1 20170218 (experimental) [master revision b0faa56:87149d8:2b77b495040890ad775b990de07033ce03c2a692] (Cavium Inc. (Build 1142))
=== gfortran tests ===
Running target unix
=== gfortran Summary ===
# of expected passes 43945
# of expected failures 84
# of unsupported tests 68
/home/jenkins/workspace/BuildThunderX_native_gcc_upstream/objdir/gcc/testsuite/gfortran/../../gfortran version 7.0.1 20170218 (experimental) [master revision b0faa56:87149d8:2b77b495040890ad775b990de07033ce03c2a692] (Cavium Inc. (Build 1142))
=== g++ tests ===
Running target unix
FAIL: c-c++-common/ubsan/float-cast-overflow-1.c -O0 output pattern test
FAIL: c-c++-common/ubsan/overflow-mul-4.c -O1 output pattern test
=== g++ Summary ===
# of expected passes 107507
# of unexpected failures 2
# of expected failures 374
# of unsupported tests 4572
/home/jenkins/workspace/BuildThunderX_native_gcc_upstream/objdir/gcc/testsuite/g++/../../xg++ version 7.0.1 20170218 (experimental) [master revision b0faa56:87149d8:2b77b495040890ad775b990de07033ce03c2a692] (Cavium Inc. (Build 1142))
=== go tests ===
Running target unix
FAIL: go.test/test/ken/cplx2.go execution, -O2 -g
=== go Summary ===
# of expected passes 7243
# of unexpected failures 1
# of expected failures 1
# of untested testcases 10
# of unsupported tests 3
/home/jenkins/workspace/BuildThunderX_native_gcc_upstream/objdir/gcc/testsuite/go/../../gccgo version 7.0.1 20170218 (experimental) [master revision b0faa56:87149d8:2b77b495040890ad775b990de07033ce03c2a692] (Cavium Inc. (Build 1142))
Compiler version: 7.0.1 20170218 (experimental) [master revision b0faa56:87149d8:2b77b495040890ad775b990de07033ce03c2a692] (Cavium Inc. (Build 1142))
Platform: aarch64-unknown-linux-gnu
configure flags: --prefix=/home/jenkins/workspace/BuildThunderX_native_gcc_upstream/objdir/../tools --enable-languages=c,c++,fortran,go --disable-werror --with-sysroot=/ --enable-plugins --enable-gnu-indirect-function --with-pkgversion='Cavium Inc. (Build 1142)'