This is the mail archive of the
gcc-testresults@gcc.gnu.org
mailing list for the GCC project.
Results for 7.0.1 20170213 (experimental) (GCC) (build config: asan; languages: all; trunk revision 245411) testsuite on x86_64-pc-linux-gnu
- From: Toon Moene <toon at moene dot org>
- To: gcc-testresults at gcc dot gnu dot org
- Date: Tue, 14 Feb 2017 07:26:04 +0100
- Subject: Results for 7.0.1 20170213 (experimental) (GCC) (build config: asan; languages: all; trunk revision 245411) testsuite on x86_64-pc-linux-gnu
- Authentication-results: sourceware.org; auth=none
LAST_UPDATED: Mon Feb 13 23:32:16 UTC 2017 (revision 245411)
Native configuration is x86_64-pc-linux-gnu
=== gcc tests ===
Running target unix
XPASS: gcc.dg/guality/example.c -O0 execution test
XPASS: gcc.dg/guality/example.c -O1 execution test
XPASS: gcc.dg/guality/guality.c -O0 execution test
XPASS: gcc.dg/guality/guality.c -O1 execution test
XPASS: gcc.dg/guality/guality.c -O2 execution test
XPASS: gcc.dg/guality/guality.c -O2 -flto -fno-use-linker-plugin -flto-partition=none execution test
XPASS: gcc.dg/guality/guality.c -O2 -flto -fuse-linker-plugin -fno-fat-lto-objects execution test
XPASS: gcc.dg/guality/guality.c -O3 -g execution test
XPASS: gcc.dg/guality/guality.c -Os execution test
XPASS: gcc.dg/guality/inline-params.c -O2 execution test
XPASS: gcc.dg/guality/inline-params.c -O2 -flto -fno-use-linker-plugin -flto-partition=none execution test
XPASS: gcc.dg/guality/inline-params.c -O3 -g execution test
XPASS: gcc.dg/guality/inline-params.c -Os execution test
XPASS: gcc.dg/guality/pr41353-1.c -O0 line 28 j == 28 + 37
XPASS: gcc.dg/guality/pr41353-1.c -O1 line 28 j == 28 + 37
XPASS: gcc.dg/guality/pr41353-1.c -O2 line 28 j == 28 + 37
XPASS: gcc.dg/guality/pr41353-1.c -O2 -flto -fno-use-linker-plugin -flto-partition=none line 28 j == 28 + 37
XPASS: gcc.dg/guality/pr41353-1.c -O2 -flto -fuse-linker-plugin -fno-fat-lto-objects line 28 j == 28 + 37
XPASS: gcc.dg/guality/pr41353-1.c -O3 -g line 28 j == 28 + 37
XPASS: gcc.dg/guality/pr41353-1.c -Os line 28 j == 28 + 37
FAIL: gcc.dg/guality/pr41616-1.c -O2 -flto -fuse-linker-plugin -fno-fat-lto-objects execution test
FAIL: gcc.dg/guality/pr45882.c -O2 -flto -fuse-linker-plugin -fno-fat-lto-objects line 16 d == 112
FAIL: gcc.dg/guality/pr45882.c -O2 -flto -fuse-linker-plugin -fno-fat-lto-objects line 16 e == 142
FAIL: gcc.dg/guality/pr54200.c -Os line 20 z == 3
FAIL: gcc.dg/guality/pr54519-1.c -O2 -flto -fno-use-linker-plugin -flto-partition=none line 20 y == 25
FAIL: gcc.dg/guality/pr54519-1.c -O2 -flto -fno-use-linker-plugin -flto-partition=none line 20 z == 6
FAIL: gcc.dg/guality/pr54519-1.c -O2 -flto -fno-use-linker-plugin -flto-partition=none line 23 y == 117
FAIL: gcc.dg/guality/pr54519-1.c -O2 -flto -fno-use-linker-plugin -flto-partition=none line 23 z == 8
FAIL: gcc.dg/guality/pr54519-2.c -O2 -flto -fno-use-linker-plugin -flto-partition=none line 17 y == 25
FAIL: gcc.dg/guality/pr54519-2.c -O2 -flto -fuse-linker-plugin -fno-fat-lto-objects line 17 y == 25
FAIL: gcc.dg/guality/pr54519-3.c -O2 -flto -fno-use-linker-plugin -flto-partition=none line 20 y == 25
FAIL: gcc.dg/guality/pr54519-3.c -O2 -flto -fno-use-linker-plugin -flto-partition=none line 20 z == 6
FAIL: gcc.dg/guality/pr54519-3.c -O2 -flto -fno-use-linker-plugin -flto-partition=none line 23 y == 117
FAIL: gcc.dg/guality/pr54519-3.c -O2 -flto -fno-use-linker-plugin -flto-partition=none line 23 z == 8
FAIL: gcc.dg/guality/pr54519-3.c -O2 -flto -fuse-linker-plugin -fno-fat-lto-objects line 20 y == 25
FAIL: gcc.dg/guality/pr54519-3.c -O2 -flto -fuse-linker-plugin -fno-fat-lto-objects line 20 z == 6
FAIL: gcc.dg/guality/pr54519-3.c -O2 -flto -fuse-linker-plugin -fno-fat-lto-objects line 23 y == 117
FAIL: gcc.dg/guality/pr54519-3.c -O2 -flto -fuse-linker-plugin -fno-fat-lto-objects line 23 z == 8
FAIL: gcc.dg/guality/pr54519-4.c -O2 -flto -fno-use-linker-plugin -flto-partition=none line 17 y == 25
FAIL: gcc.dg/guality/pr54519-4.c -O2 -flto -fuse-linker-plugin -fno-fat-lto-objects line 17 y == 25
FAIL: gcc.dg/guality/pr54519-5.c -O2 -flto -fno-use-linker-plugin -flto-partition=none line 17 y == 25
FAIL: gcc.dg/guality/pr54519-5.c -O2 -flto -fuse-linker-plugin -fno-fat-lto-objects line 17 y == 25
FAIL: gcc.dg/guality/pr54693-2.c -Os line 21 x == 10 - i
FAIL: gcc.dg/guality/pr54693-2.c -Os line 21 y == 20 - 2 * i
FAIL: gcc.dg/guality/pr68860-1.c -O2 -flto -fno-use-linker-plugin -flto-partition=none line 14 arg1 == 1
FAIL: gcc.dg/guality/pr68860-1.c -O2 -flto -fno-use-linker-plugin -flto-partition=none line 14 arg2 == 2
FAIL: gcc.dg/guality/pr68860-1.c -O2 -flto -fno-use-linker-plugin -flto-partition=none line 14 arg3 == 3
FAIL: gcc.dg/guality/pr68860-1.c -O2 -flto -fno-use-linker-plugin -flto-partition=none line 14 arg4 == 4
FAIL: gcc.dg/guality/pr68860-1.c -O2 -flto -fno-use-linker-plugin -flto-partition=none line 14 arg5 == 5
FAIL: gcc.dg/guality/pr68860-1.c -O2 -flto -fno-use-linker-plugin -flto-partition=none line 14 arg6 == 6
FAIL: gcc.dg/guality/pr68860-1.c -O2 -flto -fno-use-linker-plugin -flto-partition=none line 16 arg1 == 1
FAIL: gcc.dg/guality/pr68860-1.c -O2 -flto -fno-use-linker-plugin -flto-partition=none line 16 arg2 == 2
FAIL: gcc.dg/guality/pr68860-1.c -O2 -flto -fno-use-linker-plugin -flto-partition=none line 16 arg3 == 3
FAIL: gcc.dg/guality/pr68860-1.c -O2 -flto -fno-use-linker-plugin -flto-partition=none line 16 arg4 == 4
FAIL: gcc.dg/guality/pr68860-1.c -O2 -flto -fno-use-linker-plugin -flto-partition=none line 16 arg5 == 5
FAIL: gcc.dg/guality/pr68860-1.c -O2 -flto -fno-use-linker-plugin -flto-partition=none line 16 arg6 == 6
FAIL: gcc.dg/guality/pr68860-1.c -O2 -flto -fuse-linker-plugin -fno-fat-lto-objects line 14 arg1 == 1
FAIL: gcc.dg/guality/pr68860-1.c -O2 -flto -fuse-linker-plugin -fno-fat-lto-objects line 14 arg2 == 2
FAIL: gcc.dg/guality/pr68860-1.c -O2 -flto -fuse-linker-plugin -fno-fat-lto-objects line 14 arg3 == 3
FAIL: gcc.dg/guality/pr68860-1.c -O2 -flto -fuse-linker-plugin -fno-fat-lto-objects line 14 arg4 == 4
FAIL: gcc.dg/guality/pr68860-1.c -O2 -flto -fuse-linker-plugin -fno-fat-lto-objects line 14 arg5 == 5
FAIL: gcc.dg/guality/pr68860-1.c -O2 -flto -fuse-linker-plugin -fno-fat-lto-objects line 14 arg6 == 6
FAIL: gcc.dg/guality/pr68860-1.c -O2 -flto -fuse-linker-plugin -fno-fat-lto-objects line 16 arg1 == 1
FAIL: gcc.dg/guality/pr68860-1.c -O2 -flto -fuse-linker-plugin -fno-fat-lto-objects line 16 arg2 == 2
FAIL: gcc.dg/guality/pr68860-1.c -O2 -flto -fuse-linker-plugin -fno-fat-lto-objects line 16 arg3 == 3
FAIL: gcc.dg/guality/pr68860-1.c -O2 -flto -fuse-linker-plugin -fno-fat-lto-objects line 16 arg4 == 4
FAIL: gcc.dg/guality/pr68860-1.c -O2 -flto -fuse-linker-plugin -fno-fat-lto-objects line 16 arg5 == 5
FAIL: gcc.dg/guality/pr68860-1.c -O2 -flto -fuse-linker-plugin -fno-fat-lto-objects line 16 arg6 == 6
FAIL: gcc.dg/guality/vla-1.c -O1 line 17 sizeof (a) == 6
FAIL: gcc.dg/guality/vla-1.c -O2 line 17 sizeof (a) == 6
FAIL: gcc.dg/guality/vla-1.c -O2 -flto -fno-use-linker-plugin -flto-partition=none line 17 sizeof (a) == 6
FAIL: gcc.dg/guality/vla-1.c -O2 -flto -fuse-linker-plugin -fno-fat-lto-objects line 17 sizeof (a) == 6
FAIL: gcc.dg/guality/vla-1.c -O3 -g line 17 sizeof (a) == 6
FAIL: gcc.dg/guality/vla-1.c -Os line 17 sizeof (a) == 6
FAIL: gcc.dg/plugin/diagnostic_plugin_show_trees.c compilation
FAIL: gcc.dg/plugin/diagnostic_plugin_test_show_locus.c compilation
FAIL: gcc.dg/plugin/diagnostic_plugin_test_string_literals.c compilation
FAIL: gcc.dg/plugin/diagnostic_plugin_test_tree_expression_range.c compilation
FAIL: gcc.dg/plugin/finish_unit_plugin.c compilation
FAIL: gcc.dg/plugin/ggcplug.c compilation
FAIL: gcc.dg/plugin/location_overflow_plugin.c compilation
FAIL: gcc.dg/plugin/must_tail_call_plugin.c compilation
FAIL: gcc.dg/plugin/one_time_plugin.c compilation
FAIL: gcc.dg/plugin/selfassign.c compilation
FAIL: gcc.dg/plugin/start_unit_plugin.c compilation
FAIL: gcc.dg/plugin/wide-int_plugin.c compilation
FAIL: gcc.dg/vect/no-section-anchors-vect-31.c scan-tree-dump-times vect "Alignment of access forced using peeling" 2
FAIL: gcc.dg/vect/no-section-anchors-vect-31.c scan-tree-dump-times vect "Vectorizing an unaligned access" 0
XPASS: gcc.dg/vect/pr65947-1.c -flto -ffat-lto-objects scan-tree-dump-times vect "LOOP VECTORIZED" 2
XPASS: gcc.dg/vect/pr65947-1.c -flto -ffat-lto-objects scan-tree-dump-times vect "condition expression based on integer induction." 4
XPASS: gcc.dg/vect/pr65947-1.c scan-tree-dump-times vect "LOOP VECTORIZED" 2
XPASS: gcc.dg/vect/pr65947-1.c scan-tree-dump-times vect "condition expression based on integer induction." 4
XPASS: gcc.dg/vect/pr65947-10.c -flto -ffat-lto-objects scan-tree-dump-times vect "LOOP VECTORIZED" 2
XPASS: gcc.dg/vect/pr65947-10.c scan-tree-dump-times vect "LOOP VECTORIZED" 2
XPASS: gcc.dg/vect/pr65947-12.c -flto -ffat-lto-objects scan-tree-dump-times vect "LOOP VECTORIZED" 2
XPASS: gcc.dg/vect/pr65947-12.c scan-tree-dump-times vect "LOOP VECTORIZED" 2
XPASS: gcc.dg/vect/pr65947-13.c -flto -ffat-lto-objects scan-tree-dump-times vect "LOOP VECTORIZED" 2
XPASS: gcc.dg/vect/pr65947-13.c scan-tree-dump-times vect "LOOP VECTORIZED" 2
XPASS: gcc.dg/vect/pr65947-2.c -flto -ffat-lto-objects scan-tree-dump-times vect "LOOP VECTORIZED" 2
XPASS: gcc.dg/vect/pr65947-2.c scan-tree-dump-times vect "LOOP VECTORIZED" 2
XPASS: gcc.dg/vect/pr65947-3.c -flto -ffat-lto-objects scan-tree-dump-times vect "LOOP VECTORIZED" 2
XPASS: gcc.dg/vect/pr65947-3.c scan-tree-dump-times vect "LOOP VECTORIZED" 2
XPASS: gcc.dg/vect/pr65947-4.c -flto -ffat-lto-objects scan-tree-dump-times vect "LOOP VECTORIZED" 2
XPASS: gcc.dg/vect/pr65947-4.c -flto -ffat-lto-objects scan-tree-dump-times vect "condition expression based on integer induction." 4
XPASS: gcc.dg/vect/pr65947-4.c scan-tree-dump-times vect "LOOP VECTORIZED" 2
XPASS: gcc.dg/vect/pr65947-4.c scan-tree-dump-times vect "condition expression based on integer induction." 4
XPASS: gcc.dg/vect/pr65947-5.c -flto -ffat-lto-objects scan-tree-dump vect "loop size is greater than data size"
XPASS: gcc.dg/vect/pr65947-5.c scan-tree-dump vect "loop size is greater than data size"
XPASS: gcc.dg/vect/pr65947-6.c -flto -ffat-lto-objects scan-tree-dump-times vect "LOOP VECTORIZED" 2
XPASS: gcc.dg/vect/pr65947-6.c scan-tree-dump-times vect "LOOP VECTORIZED" 2
XPASS: gcc.dg/vect/pr65947-9.c -flto -ffat-lto-objects scan-tree-dump vect "loop size is greater than data size"
XPASS: gcc.dg/vect/pr65947-9.c scan-tree-dump vect "loop size is greater than data size"
FAIL: gcc.dg/vect/slp-perm-9.c -flto -ffat-lto-objects scan-tree-dump-times vect "vectorized 1 loops" 2
FAIL: gcc.dg/vect/slp-perm-9.c scan-tree-dump-times vect "vectorized 1 loops" 2
FAIL: gcc.dg/vect/vect-92.c -flto -ffat-lto-objects scan-tree-dump-times vect "Alignment of access forced using peeling" 3
FAIL: gcc.dg/vect/vect-92.c -flto -ffat-lto-objects scan-tree-dump-times vect "Vectorizing an unaligned access" 0
FAIL: gcc.dg/vect/vect-92.c scan-tree-dump-times vect "Alignment of access forced using peeling" 3
FAIL: gcc.dg/vect/vect-92.c scan-tree-dump-times vect "Vectorizing an unaligned access" 0
FAIL: gcc.dg/vect/vect-93.c -flto -ffat-lto-objects scan-tree-dump-times vect "Vectorizing an unaligned access" 1
FAIL: gcc.dg/vect/vect-93.c scan-tree-dump-times vect "Vectorizing an unaligned access" 1
XPASS: gcc.dg/vect/vect-cond-2.c -flto -ffat-lto-objects scan-tree-dump-times vect "vectorized 1 loops" 1
XPASS: gcc.dg/vect/vect-cond-2.c scan-tree-dump-times vect "vectorized 1 loops" 1
FAIL: gcc.dg/vect/vect-nb-iter-ub-2.c -flto -ffat-lto-objects scan-tree-dump cunroll "loop turned into non-loop; it never loops"
FAIL: gcc.dg/vect/vect-nb-iter-ub-2.c scan-tree-dump cunroll "loop turned into non-loop; it never loops"
FAIL: gcc.dg/vect/vect-nb-iter-ub-3.c -flto -ffat-lto-objects scan-tree-dump-not cunroll "loop turned into non-loop; it never loops"
FAIL: gcc.dg/vect/vect-nb-iter-ub-3.c scan-tree-dump-not cunroll "loop turned into non-loop; it never loops"
XPASS: gcc.dg/vect/vect-pr69848.c -flto -ffat-lto-objects scan-tree-dump vect "vectorized 1 loops"
XPASS: gcc.dg/vect/vect-pr69848.c scan-tree-dump vect "vectorized 1 loops"
FAIL: gcc.target/i386/align-limit.c scan-assembler .p2align 6,,1
FAIL: gcc.target/i386/sse-13.c (test for excess errors)
FAIL: gcc.target/i386/sse-14.c (test for excess errors)
FAIL: gcc.target/i386/sse-22.c (test for excess errors)
FAIL: gcc.target/i386/sse-22a.c (test for excess errors)
FAIL: gcc.target/i386/sse-23.c (test for excess errors)
FAIL: gcc.target/i386/sse-24.c (test for excess errors)
FAIL: gcc.target/i386/sse-25.c (test for excess errors)
FAIL: gcc.target/i386/vperm-v4sf-2.c (test for excess errors)
UNRESOLVED: gcc.target/i386/vperm-v4sf-2.c compilation failed to produce executable
FAIL: gcc.target/i386/vperm-v4si-2-sse4.c (test for excess errors)
UNRESOLVED: gcc.target/i386/vperm-v4si-2-sse4.c compilation failed to produce executable
FAIL: gcc.target/i386/vperm-v4si-2.c (test for excess errors)
UNRESOLVED: gcc.target/i386/vperm-v4si-2.c compilation failed to produce executable
FAIL: gcc.target/i386/vperm-v4si-2x.c (test for excess errors)
UNRESOLVED: gcc.target/i386/vperm-v4si-2x.c compilation failed to produce executable
WARNING: program timed out
WARNING: program timed out
WARNING: program timed out
WARNING: program timed out
WARNING: program timed out
WARNING: program timed out
WARNING: program timed out
WARNING: program timed out
WARNING: program timed out
WARNING: program timed out
WARNING: program timed out
=== gcc Summary ===
# of expected passes 131303
# of unexpected failures 92
# of unexpected successes 48
# of expected failures 358
# of unresolved testcases 4
# of unsupported tests 2130
/scratch/toon/build13912/gcc/xgcc version 7.0.1 20170213 (experimental) (GCC)
=== gfortran tests ===
Running target unix
FAIL: gfortran.dg/coarray/coindexed_1.f90 -fcoarray=single -O2 -latomic (test for excess errors)
UNRESOLVED: gfortran.dg/coarray/coindexed_1.f90 -fcoarray=single -O2 -latomic compilation failed to produce executable
WARNING: program timed out
FAIL: gfortran.dg/array_constructor_33.f90 -O (test for excess errors)
FAIL: gfortran.dg/coarray_alloc_comp_1.f08 -O3 -fomit-frame-pointer -funroll-loops -fpeel-loops -ftracer -finline-functions (test for excess errors)
UNRESOLVED: gfortran.dg/coarray_alloc_comp_1.f08 -O3 -fomit-frame-pointer -funroll-loops -fpeel-loops -ftracer -finline-functions compilation failed to produce executable
UNRESOLVED: gfortran.dg/common_resize_1.f -O3 -fomit-frame-pointer -funroll-loops -fpeel-loops -ftracer -finline-functions compilation failed to produce executable
FAIL: gfortran.dg/cray_pointers_2.f90 -O (test for excess errors)
UNRESOLVED: gfortran.dg/cray_pointers_2.f90 -O compilation failed to produce executable
WARNING: program timed out
WARNING: program timed out
WARNING: program timed out
WARNING: program timed out
=== gfortran Summary ===
# of expected passes 44721
# of unexpected failures 4
# of expected failures 87
# of unresolved testcases 4
# of unsupported tests 67
/scratch/toon/build13912/gcc/gfortran version 7.0.1 20170213 (experimental) (GCC)
=== g++ tests ===
Running target unix
FAIL: g++.dg/cpp0x/constexpr-70001-3.C -std=c++11 (test for excess errors)
FAIL: g++.dg/cpp0x/constexpr-70001-3.C -std=c++14 (test for excess errors)
WARNING: program timed out
WARNING: program timed out
FAIL: g++.dg/guality/pr55665.C -O2 line 23 p == 40
FAIL: g++.dg/guality/pr55665.C -O3 -g line 23 p == 40
FAIL: g++.dg/plugin/../../gcc.dg/plugin/diagnostic_plugin_test_tree_expression_range.c compilation
FAIL: g++.dg/plugin/attribute_plugin.c compilation
FAIL: g++.dg/plugin/decl_plugin.c compilation
FAIL: g++.dg/plugin/def_plugin.c compilation
FAIL: g++.dg/plugin/dumb_plugin.c compilation
FAIL: g++.dg/plugin/header_plugin.c compilation
FAIL: g++.dg/plugin/pragma_plugin.c compilation
FAIL: g++.dg/plugin/selfassign.c compilation
FAIL: g++.dg/vect/slp-pr56812.cc -std=c++11 scan-tree-dump-times slp1 "basic block vectorized" 1
FAIL: g++.dg/vect/slp-pr56812.cc -std=c++14 scan-tree-dump-times slp1 "basic block vectorized" 1
FAIL: g++.dg/vect/slp-pr56812.cc -std=c++98 scan-tree-dump-times slp1 "basic block vectorized" 1
=== g++ Summary ===
# of expected passes 113053
# of unexpected failures 15
# of expected failures 378
# of unsupported tests 4190
/scratch/toon/build13912/gcc/xg++ version 7.0.1 20170213 (experimental) (GCC)
=== objc tests ===
Running target unix
FAIL: objc.dg/plugin/../../gcc.dg/plugin/diagnostic_plugin_test_tree_expression_range.c compilation
=== objc Summary ===
# of expected passes 2781
# of unexpected failures 1
# of expected failures 6
# of unsupported tests 68
/scratch/toon/build13912/gcc/xgcc version 7.0.1 20170213 (experimental) (GCC)
=== libatomic tests ===
Running target unix
=== libatomic Summary ===
# of expected passes 54
=== libgomp tests ===
Running target unix
WARNING: program timed out
FAIL: libgomp.fortran/vla3.f90 -Os (test for excess errors)
UNRESOLVED: libgomp.fortran/vla3.f90 -Os compilation failed to produce executable
WARNING: program timed out
FAIL: libgomp.fortran/vla4.f90 -O2 (test for excess errors)
UNRESOLVED: libgomp.fortran/vla4.f90 -O2 compilation failed to produce executable
WARNING: program timed out
FAIL: libgomp.fortran/vla4.f90 -O3 -fomit-frame-pointer -funroll-loops -fpeel-loops -ftracer -finline-functions (test for excess errors)
UNRESOLVED: libgomp.fortran/vla4.f90 -O3 -fomit-frame-pointer -funroll-loops -fpeel-loops -ftracer -finline-functions compilation failed to produce executable
WARNING: program timed out
FAIL: libgomp.fortran/vla4.f90 -O3 -g (test for excess errors)
UNRESOLVED: libgomp.fortran/vla4.f90 -O3 -g compilation failed to produce executable
WARNING: program timed out
FAIL: libgomp.fortran/vla5.f90 -O3 -g (test for excess errors)
UNRESOLVED: libgomp.fortran/vla5.f90 -O3 -g compilation failed to produce executable
WARNING: program timed out
FAIL: libgomp.fortran/vla6.f90 -O3 -g (test for excess errors)
UNRESOLVED: libgomp.fortran/vla6.f90 -O3 -g compilation failed to produce executable
WARNING: program timed out.
FAIL: libgomp.graphite/force-parallel-6.c execution test
WARNING: program timed out.
FAIL: libgomp.graphite/force-parallel-8.c execution test
=== libgomp Summary ===
# of expected passes 5162
# of unexpected failures 8
# of unresolved testcases 6
# of unsupported tests 319
=== libitm tests ===
Running target unix
=== libitm Summary ===
# of expected passes 42
# of expected failures 3
# of unsupported tests 1
=== libstdc++ tests ===
Running target unix
FAIL: 23_containers/vector/cons/2.cc (test for excess errors)
UNRESOLVED: 23_containers/vector/cons/2.cc compilation failed to produce executable
FAIL: 23_containers/vector/debug/insert6_neg.cc (test for excess errors)
UNRESOLVED: 23_containers/vector/debug/insert6_neg.cc compilation failed to produce executable
FAIL: 23_containers/vector/ext_pointer/explicit_instantiation/2.cc (test for excess errors)
FAIL: 23_containers/vector/ext_pointer/types/2.cc (test for excess errors)
UNRESOLVED: 23_containers/vector/ext_pointer/types/2.cc compilation failed to produce executable
FAIL: 23_containers/vector/requirements/exception/basic.cc (test for excess errors)
UNRESOLVED: 23_containers/vector/requirements/exception/basic.cc compilation failed to produce executable
FAIL: 25_algorithms/inplace_merge/49559.cc (test for excess errors)
UNRESOLVED: 25_algorithms/inplace_merge/49559.cc compilation failed to produce executable
FAIL: 25_algorithms/inplace_merge/check_type.cc (test for excess errors)
WARNING: program timed out
WARNING: program timed out
WARNING: program timed out
WARNING: program timed out
WARNING: program timed out
WARNING: program timed out
WARNING: program timed out
FAIL: tr1/5_numerical_facilities/special_functions/18_laguerre/compile.cc (test for excess errors)
=== libstdc++ Summary ===
# of expected passes 11057
# of unexpected failures 8
# of expected failures 65
# of unresolved testcases 5
# of unsupported tests 563
Compiler version: 7.0.1 20170213 (experimental) (GCC)
Platform: x86_64-pc-linux-gnu
configure flags: --prefix=/home/toon/compilers/install --with-gnu-as --with-gnu-ld --enable-languages=all --disable-multilib --disable-nls --with-arch=haswell --with-tune=haswell --with-build-config=bootstrap-asan