This is the mail archive of the gcc-testresults@gcc.gnu.org mailing list for the GCC project.


Index Nav: [Date Index] [Subject Index] [Author Index] [Thread Index]
Message Nav: [Date Prev] [Date Next] [Thread Prev] [Thread Next]
Other format: [Raw text]

Results for 7.0.1 20170210 (experimental) [trunk revision 245324] (GCC) testsuite on x86_64-pc-solaris2.11


LAST_UPDATED: Fri Feb 10 10:02:03 UTC 2017 (revision 245324)

Native configuration is x86_64-pc-solaris2.11

		=== libatomic tests ===


Running target unix/-m32

		=== libatomic Summary for unix/-m32 ===

# of expected passes		44
# of unsupported tests		5

Running target unix

		=== libatomic Summary for unix ===

# of expected passes		54

		=== libatomic Summary ===

# of expected passes		98
# of unsupported tests		5
		=== libffi tests ===


Running target unix/-m32

		=== libffi Summary for unix/-m32 ===

# of expected passes		2799

Running target unix

		=== libffi Summary for unix ===

# of expected passes		2214

		=== libffi Summary ===

# of expected passes		5013
		=== libgo tests ===


Running target unix
FAIL: go/build
FAIL: runtime/pprof

		=== libgo Summary for unix ===

# of expected passes		144
# of unexpected failures	2

Running target unix/-m32
FAIL: go/build

		=== libgo Summary for unix/-m32 ===

# of expected passes		145
# of unexpected failures	1

		=== libgo Summary ===

# of expected passes		289
# of unexpected failures	3
/var/gcc/regression/trunk/11-gcc-gas-64/build/./gcc/gccgo version 7.0.1 20170210 (experimental) [trunk revision 245324] (GCC)

		=== libgomp tests ===


Running target unix/-m32

		=== libgomp Summary for unix/-m32 ===

# of expected passes		5146
# of unsupported tests		334

Running target unix

		=== libgomp Summary for unix ===

# of expected passes		5146
# of unsupported tests		334

		=== libgomp Summary ===

# of expected passes		10292
# of unsupported tests		668
		=== libitm tests ===


Running target unix/-m32

		=== libitm Summary for unix/-m32 ===

# of expected passes		42
# of expected failures		3
# of unsupported tests		1

Running target unix

		=== libitm Summary for unix ===

# of expected passes		42
# of expected failures		3
# of unsupported tests		1

		=== libitm Summary ===

# of expected passes		84
# of expected failures		6
# of unsupported tests		2
		=== libstdc++ tests ===


Running target unix

		=== libstdc++ Summary for unix ===

# of expected passes		10746
# of expected failures		66
# of unsupported tests		625

Running target unix/-m32
FAIL: experimental/memory_resource/resource_adaptor.cc execution test

		=== libstdc++ Summary for unix/-m32 ===

# of expected passes		10753
# of unexpected failures	1
# of expected failures		66
# of unsupported tests		621

		=== libstdc++ Summary ===

# of expected passes		21499
# of unexpected failures	1
# of expected failures		132
# of unsupported tests		1246
		=== acats tests ===

		=== acats Summary ===
# of expected passes		2320
# of unexpected failures	0

		=== g++ tests ===


Running target unix
FAIL: g++.dg/cilk-plus/AN/array_test_ND_tplt.cc  -O3 -fcilkplus (test for excess errors)
WARNING: g++.dg/cilk-plus/AN/array_test_ND_tplt.cc  -O3 -fcilkplus compilation failed to produce executable
FAIL: g++.dg/cilk-plus/AN/array_test_ND_tplt.cc  -O3 -ftree-vectorize -fcilkplus -g (test for excess errors)
WARNING: g++.dg/cilk-plus/AN/array_test_ND_tplt.cc  -O3 -ftree-vectorize -fcilkplus -g compilation failed to produce executable
FAIL: g++.dg/cilk-plus/AN/array_test_ND_tplt.cc  -g -O3 -fcilkplus (test for excess errors)
WARNING: g++.dg/cilk-plus/AN/array_test_ND_tplt.cc  -g -O3 -fcilkplus compilation failed to produce executable
WARNING: program timed out.
WARNING: program timed out.
WARNING: program timed out.

		=== g++ Summary for unix ===

# of expected passes		105274
# of unexpected failures	3
# of expected failures		385
# of unsupported tests		4120

Running target unix/-m32
FAIL: g++.dg/opt/pr59470.C  -std=gnu++11 (test for excess errors)
WARNING: g++.dg/opt/pr59470.C  -std=gnu++11 compilation failed to produce executable
FAIL: g++.dg/opt/pr59470.C  -std=gnu++14 (test for excess errors)
WARNING: g++.dg/opt/pr59470.C  -std=gnu++14 compilation failed to produce executable
FAIL: g++.dg/opt/pr59470.C  -std=gnu++98 (test for excess errors)
WARNING: g++.dg/opt/pr59470.C  -std=gnu++98 compilation failed to produce executable

		=== g++ Summary for unix/-m32 ===

# of expected passes		103951
# of unexpected failures	3
# of expected failures		385
# of unsupported tests		3876

		=== g++ Summary ===

# of expected passes		209225
# of unexpected failures	6
# of expected failures		770
# of unsupported tests		7996
/var/gcc/regression/trunk/11-gcc-gas-64/build/gcc/testsuite/g++/../../xg++  version 7.0.1 20170210 (experimental) [trunk revision 245324] (GCC) 

		=== gcc tests ===


Running target unix
XPASS: gcc.dg/pr78768.c -Wformat-overflow (test for warnings, line 11)
FAIL: gcc.dg/visibility-22.c execution test
FAIL: gcc.dg/rtl/x86_64/final.c (internal compiler error)
FAIL: gcc.dg/rtl/x86_64/final.c (test for excess errors)
UNRESOLVED: gcc.dg/rtl/x86_64/final.c scan-assembler .cfi_endproc
UNRESOLVED: gcc.dg/rtl/x86_64/final.c scan-assembler .cfi_startproc
UNRESOLVED: gcc.dg/rtl/x86_64/final.c scan-assembler ret
UNRESOLVED: gcc.dg/rtl/x86_64/final.c scan-assembler test_1:

		=== gcc Summary for unix ===

# of expected passes		117641
# of unexpected failures	3
# of unexpected successes	1
# of expected failures		371
# of unresolved testcases	4
# of unsupported tests		2007

Running target unix/-m32
XPASS: gcc.dg/pr78768.c -Wformat-overflow (test for warnings, line 11)
FAIL: gcc.dg/visibility-22.c execution test
FAIL: gcc.dg/rtl/x86_64/dfinit.c execution test
FAIL: gcc.dg/rtl/x86_64/final.c (internal compiler error)
FAIL: gcc.dg/rtl/x86_64/final.c (test for excess errors)
UNRESOLVED: gcc.dg/rtl/x86_64/final.c scan-assembler .cfi_endproc
UNRESOLVED: gcc.dg/rtl/x86_64/final.c scan-assembler .cfi_startproc
UNRESOLVED: gcc.dg/rtl/x86_64/final.c scan-assembler ret
UNRESOLVED: gcc.dg/rtl/x86_64/final.c scan-assembler test_1:
FAIL: gcc.dg/rtl/x86_64/into-cfglayout.c execution test
FAIL: gcc.dg/rtl/x86_64/ira.c execution test
FAIL: gcc.dg/rtl/x86_64/times-two.c.after-expand.c execution test
FAIL: gcc.dg/rtl/x86_64/vregs.c execution test

		=== gcc Summary for unix/-m32 ===

# of expected passes		116097
# of unexpected failures	8
# of unexpected successes	1
# of expected failures		378
# of unresolved testcases	4
# of unsupported tests		2018

		=== gcc Summary ===

# of expected passes		233738
# of unexpected failures	11
# of unexpected successes	2
# of expected failures		749
# of unresolved testcases	8
# of unsupported tests		4025
/var/gcc/regression/trunk/11-gcc-gas-64/build/gcc/xgcc  version 7.0.1 20170210 (experimental) [trunk revision 245324] (GCC) 

		=== gfortran tests ===


Running target unix

		=== gfortran Summary for unix ===

# of expected passes		44661
# of expected failures		87
# of unsupported tests		79

Running target unix/-m32

		=== gfortran Summary for unix/-m32 ===

# of expected passes		44444
# of expected failures		87
# of unsupported tests		182

		=== gfortran Summary ===

# of expected passes		89105
# of expected failures		174
# of unsupported tests		261
/var/gcc/regression/trunk/11-gcc-gas-64/build/gcc/testsuite/gfortran/../../gfortran  version 7.0.1 20170210 (experimental) [trunk revision 245324] (GCC) 

		=== gnat tests ===


Running target unix

		=== gnat Summary for unix ===

# of expected passes		2563
# of expected failures		24
# of unsupported tests		7

Running target unix/-m32

		=== gnat Summary for unix/-m32 ===

# of expected passes		2563
# of expected failures		24
# of unsupported tests		7

		=== gnat Summary ===

# of expected passes		5126
# of expected failures		48
# of unsupported tests		14
/var/gcc/regression/trunk/11-gcc-gas-64/build/gcc/gnatmake version 7.0.1 20170210 (experimental) [trunk revision 245324]

		=== go tests ===


Running target unix

		=== go Summary for unix ===

# of expected passes		7246
# of expected failures		1
# of untested testcases		10
# of unsupported tests		1

Running target unix/-m32

		=== go Summary for unix/-m32 ===

# of expected passes		7365
# of expected failures		1
# of untested testcases		10
# of unsupported tests		2

		=== go Summary ===

# of expected passes		14611
# of expected failures		2
# of untested testcases		20
# of unsupported tests		3
		=== obj-c++ tests ===


Running target unix/-m32

		=== obj-c++ Summary for unix/-m32 ===

# of expected passes		1459
# of expected failures		2
# of unsupported tests		77

Running target unix

		=== obj-c++ Summary for unix ===

# of expected passes		1451
# of expected failures		10
# of unsupported tests		77

		=== obj-c++ Summary ===

# of expected passes		2910
# of expected failures		12
# of unsupported tests		154
/var/gcc/regression/trunk/11-gcc-gas-64/build/gcc/testsuite/obj-c++/../../xg++  version 7.0.1 20170210 (experimental) [trunk revision 245324] (GCC) 

		=== objc tests ===


Running target unix

		=== objc Summary for unix ===

# of expected passes		2797
# of expected failures		6
# of unsupported tests		68

Running target unix/-m32

		=== objc Summary for unix/-m32 ===

# of expected passes		2797
# of expected failures		6
# of unsupported tests		68

		=== objc Summary ===

# of expected passes		5594
# of expected failures		12
# of unsupported tests		136
/var/gcc/regression/trunk/11-gcc-gas-64/build/gcc/xgcc  version 7.0.1 20170210 (experimental) [trunk revision 245324] (GCC) 


Compiler version: 7.0.1 20170210 (experimental) [trunk revision 245324] (GCC) 
Platform: x86_64-pc-solaris2.11
configure flags: --prefix=/vol/gcc --target=amd64-pc-solaris2.11 --enable-objc-gc --with-target-bdw-gc-include=/vol/gcc/include --with-target-bdw-gc-lib=/vol/gcc/lib/amd64,32=/vol/gcc/lib --enable-libmudflap --with-as=/vol/gcc/bin/amd64/gas-2.27 --with-gnu-as --with-gmp-include=/vol/gcc/include --with-gmp-lib=/vol/gcc/lib/amd64 --with-mpfr-include=/vol/gcc/include --with-mpfr-lib=/vol/gcc/lib/amd64 --with-mpc-include=/vol/gcc/include --with-mpc-lib=/vol/gcc/lib/amd64 --enable-languages=all,ada,obj-c++,go --with-isl-include=/vol/gcc/include --with-isl-lib=/vol/gcc/lib/amd64 --build=amd64-pc-solaris2.11 --host=amd64-pc-solaris2.11
BOOT_CFLAGS=-g -O2


Index Nav: [Date Index] [Subject Index] [Author Index] [Thread Index]
Message Nav: [Date Prev] [Date Next] [Thread Prev] [Thread Next]