This is the mail archive of the
gcc-testresults@gcc.gnu.org
mailing list for the GCC project.
Results for 7.0.1 20170131 (experimental) [trunk revision 245058] (Debian 20170131-1) testsuite on x86_64-pc-kfreebsd-gnu
- From: Matthias Klose <doko at debian dot org>
- To: gcc-testresults at gcc dot gnu dot org
- Cc: debian-gcc at lists dot debian dot org
- Date: Fri, 10 Feb 2017 17:54:43 +0000
- Subject: Results for 7.0.1 20170131 (experimental) [trunk revision 245058] (Debian 20170131-1) testsuite on x86_64-pc-kfreebsd-gnu
- Authentication-results: sourceware.org; auth=none
- Reply-to: Matthias Klose <doko at debian dot org>
LAST_UPDATED: Tue Jan 31 12:19:32 UTC 2017 (revision 245058)
=== acats tests ===
FAIL: c52103x
FAIL: c52104x
FAIL: c52104y
FAIL: cb1010a
FAIL: cb1010c
FAIL: cb1010d
=== acats Summary ===
# of expected passes 2314
# of unexpected failures 6
Native configuration is x86_64-pc-kfreebsd-gnu
=== gfortran tests ===
Running target unix
FAIL: gfortran.dg/read_dir.f90 -O0 execution test
FAIL: gfortran.dg/read_dir.f90 -O0 execution test
FAIL: gfortran.dg/read_dir.f90 -O1 execution test
FAIL: gfortran.dg/read_dir.f90 -O1 execution test
FAIL: gfortran.dg/read_dir.f90 -O2 execution test
FAIL: gfortran.dg/read_dir.f90 -O2 execution test
FAIL: gfortran.dg/read_dir.f90 -O3 -fomit-frame-pointer -funroll-loops -fpeel-loops -ftracer -finline-functions execution test
FAIL: gfortran.dg/read_dir.f90 -O3 -fomit-frame-pointer -funroll-loops -fpeel-loops -ftracer -finline-functions execution test
FAIL: gfortran.dg/read_dir.f90 -O3 -g execution test
FAIL: gfortran.dg/read_dir.f90 -O3 -g execution test
FAIL: gfortran.dg/read_dir.f90 -Os execution test
FAIL: gfortran.dg/read_dir.f90 -Os execution test
FAIL: gfortran.dg/graphite/pr68279.f90 -O (internal compiler error)
FAIL: gfortran.dg/graphite/pr68279.f90 -O (internal compiler error)
FAIL: gfortran.dg/graphite/pr68279.f90 -O (test for excess errors)
FAIL: gfortran.dg/graphite/pr68279.f90 -O (test for excess errors)
=== gfortran Summary ===
# of expected passes 89244
# of unexpected failures 16
# of expected failures 176
# of unsupported tests 146
/build/gcc-snapshot-PhK6s5/gcc-snapshot-20170131/build/gcc/gfortran version 7.0.1 20170131 (experimental) [trunk revision 245058] (Debian 20170131-1)
=== gnat tests ===
Running target unix
FAIL: gnat.dg/null_pointer_deref1.adb execution test
FAIL: gnat.dg/null_pointer_deref1.adb execution test
FAIL: gnat.dg/null_pointer_deref2.adb execution test
FAIL: gnat.dg/null_pointer_deref2.adb execution test
FAIL: gnat.dg/null_pointer_deref3.adb execution test
FAIL: gnat.dg/null_pointer_deref3.adb execution test
FAIL: gnat.dg/stack_check1.adb execution test
FAIL: gnat.dg/stack_check1.adb execution test
FAIL: gnat.dg/stack_check2.adb execution test
FAIL: gnat.dg/stack_check2.adb execution test
FAIL: gnat.dg/vect14.adb (test for excess errors)
FAIL: gnat.dg/vect14.adb (test for excess errors)
UNRESOLVED: gnat.dg/vect14.adb scan-tree-dump-not optimized "VIEW_CONVERT_EXPR"
UNRESOLVED: gnat.dg/vect14.adb scan-tree-dump-not optimized "VIEW_CONVERT_EXPR"
=== gnat Summary ===
# of expected passes 5114
# of unexpected failures 12
# of expected failures 48
# of unresolved testcases 2
# of unsupported tests 12
/build/gcc-snapshot-PhK6s5/gcc-snapshot-20170131/build/gcc/gnatmake version 7.0.1 20170131 (experimental) [trunk revision 245058]
=== obj-c++ tests ===
Running target unix
=== obj-c++ Summary for unix ===
# of expected passes 1451
# of expected failures 10
# of unsupported tests 77
Running target unix
=== obj-c++ Summary for unix ===
# of expected passes 1451
# of expected failures 10
# of unsupported tests 77
=== obj-c++ Summary ===
# of expected passes 2902
# of expected failures 20
# of unsupported tests 154
/build/gcc-snapshot-PhK6s5/gcc-snapshot-20170131/build/gcc/xg++ version 7.0.1 20170131 (experimental) [trunk revision 245058] (Debian 20170131-1)
=== objc tests ===
Running target unix
=== objc Summary ===
# of expected passes 5594
# of expected failures 12
# of unsupported tests 136
/build/gcc-snapshot-PhK6s5/gcc-snapshot-20170131/build/gcc/xgcc version 7.0.1 20170131 (experimental) [trunk revision 245058] (Debian 20170131-1)
=== libatomic tests ===
Running target unix
=== libatomic Summary for unix ===
# of expected passes 54
Running target unix
=== libatomic Summary for unix ===
# of expected passes 54
=== libatomic Summary ===
# of expected passes 108
=== libgomp tests ===
Running target unix
FAIL: libgomp.c/lock-2.c execution test
=== libgomp Summary for unix ===
# of expected passes 5145
# of unexpected failures 1
# of unsupported tests 332
Running target unix
FAIL: libgomp.c/lock-2.c execution test
=== libgomp Summary for unix ===
# of expected passes 5145
# of unexpected failures 1
# of unsupported tests 332
=== libgomp Summary ===
# of expected passes 10290
# of unexpected failures 2
# of unsupported tests 664
=== libstdc++ tests ===
Running target unix
FAIL: 22_locale/time_get/get_date/wchar_t/4.cc execution test
FAIL: 22_locale/time_get/get_date/wchar_t/4.cc execution test
=== libstdc++ Summary ===
# of expected passes 23512
# of unexpected failures 2
# of expected failures 132
# of unsupported tests 620
Compiler version: 7.0.1 20170131 (experimental) [trunk revision 245058] (Debian 20170131-1)
Platform: x86_64-pc-kfreebsd-gnu
configure flags: -v --with-pkgversion='Debian 20170131-1' --with-bugurl=file:///usr/share/doc/gcc-snapshot/README.Bugs --enable-languages=c,ada,c++,fortran,objc,obj-c++ --prefix=/usr/lib/gcc-snapshot --with-gcc-major-version-only --program-prefix= --enable-shared --enable-linker-build-id --disable-nls --with-sysroot=/ --enable-clocale=gnu --enable-libstdcxx-debug --enable-libstdcxx-time=yes --with-default-libstdcxx-abi=new --disable-libitm --disable-libsanitizer --enable-plugin --with-system-zlib --enable-objc-gc=auto --enable-multiarch --disable-werror --with-arch-32=i686 --enable-multilib --with-tune=generic --enable-checking=yes --build=x86_64-kfreebsd-gnu --host=x86_64-kfreebsd-gnu --target=x86_64-kfreebsd-gnu
BOOT_CFLAGS=
Build Dependencies:
Desired=Unknown/Install/Remove/Purge/Hold
| Status=Not/Inst/Conf-files/Unpacked/halF-conf/Half-inst/trig-aWait/Trig-pend
|/ Err?=(none)/Reinst-required (Status,Err: uppercase=bad)
||/ Name Version Architecture Description
+++-==========================-==================-==============-===============================================================================
ii binutils 2.27.90.20170124-2 kfreebsd-amd64 GNU assembler, linker and binary utilities
ii g++-6 6.3.0-5 kfreebsd-amd64 GNU C++ compiler
ii g++-6-multilib 6.3.0-5 kfreebsd-amd64 GNU C++ compiler (multilib support)
ii g++-multilib 4:6.3.0-1 kfreebsd-amd64 GNU C++ compiler (multilib files)
ii libc0.1:kfreebsd-amd64 2.24-9 kfreebsd-amd64 GNU C Library: Shared libraries
ii libgmp-dev:kfreebsd-amd64 2:6.1.2+dfsg-1 kfreebsd-amd64 Multiprecision arithmetic library developers tools
ii libisl-dev:kfreebsd-amd64 0.18-1 kfreebsd-amd64 manipulating sets and relations of integer points bounded by linear constraints
ii libmpc-dev:kfreebsd-amd64 1.0.3-1 kfreebsd-amd64 multiple precision complex floating-point library development package
ii libmpfr-dev:kfreebsd-amd64 3.1.5-1 kfreebsd-amd64 multiple precision floating-point computation developers tools
sys-auxv-header:
Check for the sys/auxv.h header file.
libcilkrts-targets:
Disable libcilkrts on KFreeBSD and the Hurd. See #734973.
arm-multilib-soft:
ARM hard/soft float multilib support
arm-multilib-defaults:
Set MULTILIB_DEFAULTS for ARM multilib builds
gcc-ice-dump:
For ICEs, dump the preprocessed source file to stderr
when in a distro build environment.
gcc-ice-apport:
Report an ICE to apport (if apport is available
and the environment variable GCC_NOAPPORT is not set)
skip-bootstrap-multilib:
Skip non-default multilib and libstdc++-v3 debug builds in bootstrap builds
libffi-ro-eh_frame_sect:
PR libffi/47248, force a read only eh frame section.
libffi-mips:
Backport Mips go closure support, taken from libffi issue #197.
ada-kfreebsd:
add support for GNU/kFreeBSD.
gcc-multiarch:
- Remaining multiarch patches, not yet submitted upstream.
- Add MULTIARCH_DIRNAME definitions for multilib configurations,
which are used for the non-multilib builds.
config-ml:
- Disable some biarch libraries for biarch builds.
- Fix multilib builds on kernels which don't support all multilibs.
gcc-multilib-multiarch:
Don't auto-detect multilib osdirnames.
libgomp-kfreebsd-testsuite:
Disable lock-2.c test on kfreebsd-*
go-testsuite:
Skip Go testcase on AArch64 which hangs on the buildds.
ada-749574:
Counting all warnings,
there are 0 warnings in stage3 of this bootstrap.
Number of warnings per file:
Number of warning types: