This is the mail archive of the
gcc-testresults@gcc.gnu.org
mailing list for the GCC project.
Results for 7.0.1 20170207 (experimental) [master revision b06ecd3:d001be2:ca30e8c44ffb11020b8ededb084a2ba8c40e505d] (Cavium Inc. (Build 1085)) testsuite on aarch64-unknown-linux-gnu
- From: Jenkins <jenkins at cavium dot com>
- To: gcc-testresults at gcc dot gnu dot org
- Date: Mon, 6 Feb 2017 21:22:48 -0800
- Subject: Results for 7.0.1 20170207 (experimental) [master revision b06ecd3:d001be2:ca30e8c44ffb11020b8ededb084a2ba8c40e505d] (Cavium Inc. (Build 1085)) testsuite on aarch64-unknown-linux-gnu
- Authentication-results: sourceware.org; auth=none
LAST_UPDATED: Tue Feb 7 03:24:10 UTC 2017 (revision b06ecd3:d001be2:ca30e8c44ffb11020b8ededb084a2ba8c40e505d)
Native configuration is aarch64-unknown-linux-gnu
=== libatomic tests ===
Running target unix
=== libatomic Summary ===
# of expected passes 54
=== libffi tests ===
Running target unix
=== libffi Summary ===
# of expected passes 2214
=== libgo tests ===
Running target unix
=== libgo Summary ===
# of expected passes 145
/home/jenkins/workspace/BuildThunderX_native_gcc_upstream/objdir/./gcc/gccgo version 7.0.1 20170207 (experimental) [master revision b06ecd3:d001be2:ca30e8c44ffb11020b8ededb084a2ba8c40e505d] (Cavium Inc. (Build 1085))
=== libgomp tests ===
Running target unix
=== libgomp Summary ===
# of expected passes 5004
# of unsupported tests 380
=== libitm tests ===
Running target unix
=== libitm Summary ===
# of expected passes 42
# of expected failures 3
# of unsupported tests 1
=== libstdc++ tests ===
Running target unix
FAIL: 27_io/manipulators/extended/get_money/char/1.cc execution test
=== libstdc++ Summary ===
# of expected passes 11266
# of unexpected failures 1
# of expected failures 66
# of unsupported tests 556
=== gcc tests ===
Running target unix
XPASS: gcc.dg/attr-alloc_size-11.c missing range info for short (test for warnings, line 50)
XPASS: gcc.dg/attr-alloc_size-11.c missing range info for signed char (test for warnings, line 49)
FAIL: c-c++-common/ubsan/float-cast-overflow-1.c -O0 output pattern test
FAIL: c-c++-common/ubsan/overflow-mul-4.c -O0 output pattern test
FAIL: c-c++-common/ubsan/overflow-mul-4.c -O3 -g output pattern test
FAIL: gcc.target/aarch64/test_frame_1.c scan-assembler-times ldr\\tx30, \\\\[sp\\\\], [0-9]+ 2
FAIL: gcc.target/aarch64/test_frame_2.c scan-assembler-times ldp\\tx19, x30, \\\\[sp\\\\], [0-9]+ 1
FAIL: gcc.target/aarch64/test_frame_4.c scan-assembler-times ldp\\tx19, x30, \\\\[sp\\\\], [0-9]+ 1
FAIL: gcc.target/aarch64/test_frame_6.c scan-assembler-times ldr\\tx30, \\\\[sp\\\\] 2
FAIL: gcc.target/aarch64/test_frame_7.c scan-assembler-times ldp\\tx19, x30, \\\\[sp\\\\] 1
FAIL: gcc.target/aarch64/vect-abs-compile.c scan-assembler abs\\\\tv[0-9]+.16b
FAIL: gcc.target/aarch64/vect-abs-compile.c scan-assembler abs\\\\tv[0-9]+.8h
=== gcc Summary ===
# of expected passes 111309
# of unexpected failures 10
# of unexpected successes 2
# of expected failures 317
# of unsupported tests 3127
/home/jenkins/workspace/BuildThunderX_native_gcc_upstream/objdir/gcc/xgcc version 7.0.1 20170207 (experimental) [master revision b06ecd3:d001be2:ca30e8c44ffb11020b8ededb084a2ba8c40e505d] (Cavium Inc. (Build 1085))
=== gfortran tests ===
Running target unix
=== gfortran Summary ===
# of expected passes 43888
# of expected failures 85
# of unsupported tests 68
/home/jenkins/workspace/BuildThunderX_native_gcc_upstream/objdir/gcc/testsuite/gfortran/../../gfortran version 7.0.1 20170207 (experimental) [master revision b06ecd3:d001be2:ca30e8c44ffb11020b8ededb084a2ba8c40e505d] (Cavium Inc. (Build 1085))
=== g++ tests ===
Running target unix
XPASS: g++.dg/tls/thread_local-order2.C -std=c++11 execution test
XPASS: g++.dg/tls/thread_local-order2.C -std=c++14 execution test
FAIL: c-c++-common/ubsan/float-cast-overflow-1.c -O1 output pattern test
FAIL: c-c++-common/ubsan/overflow-mul-4.c -O3 -fomit-frame-pointer -funroll-loops -fpeel-loops -ftracer -finline-functions output pattern test
FAIL: c-c++-common/ubsan/overflow-mul-4.c -O3 -g output pattern test
=== g++ Summary ===
# of expected passes 107238
# of unexpected failures 3
# of unexpected successes 2
# of expected failures 377
# of unsupported tests 4552
/home/jenkins/workspace/BuildThunderX_native_gcc_upstream/objdir/gcc/testsuite/g++/../../xg++ version 7.0.1 20170207 (experimental) [master revision b06ecd3:d001be2:ca30e8c44ffb11020b8ededb084a2ba8c40e505d] (Cavium Inc. (Build 1085))
=== go tests ===
Running target unix
FAIL: go.test/test/ken/cplx2.go execution, -O2 -g
=== go Summary ===
# of expected passes 7243
# of unexpected failures 1
# of expected failures 1
# of untested testcases 10
# of unsupported tests 3
/home/jenkins/workspace/BuildThunderX_native_gcc_upstream/objdir/gcc/testsuite/go/../../gccgo version 7.0.1 20170207 (experimental) [master revision b06ecd3:d001be2:ca30e8c44ffb11020b8ededb084a2ba8c40e505d] (Cavium Inc. (Build 1085))
Compiler version: 7.0.1 20170207 (experimental) [master revision b06ecd3:d001be2:ca30e8c44ffb11020b8ededb084a2ba8c40e505d] (Cavium Inc. (Build 1085))
Platform: aarch64-unknown-linux-gnu
configure flags: --prefix=/home/jenkins/workspace/BuildThunderX_native_gcc_upstream/objdir/../tools --enable-languages=c,c++,fortran,go --disable-werror --with-sysroot=/ --enable-plugins --enable-gnu-indirect-function --with-pkgversion='Cavium Inc. (Build 1085)'