This is the mail archive of the gcc-testresults@gcc.gnu.org mailing list for the GCC project.


Index Nav: [Date Index] [Subject Index] [Author Index] [Thread Index]
Message Nav: [Date Prev] [Date Next] [Thread Prev] [Thread Next]
Other format: [Raw text]

Results for 6.3.1 20170201 [gcc-6-branch revision 245079] (GCC) testsuite on powerpc64le-unknown-linux-gnu


Linux 3.13.0-35-generic ppc64le
GNU C Library (Ubuntu EGLIBC 2.19-0ubuntu6.6) stable release version 2.19
GNU ld (GNU Binutils) 2.26.20160125
GNU assembler (GNU Binutils) 2.26.20160125
GNU Make 3.81

DejaGnu:
	Expect version is	5.45
	Tcl version is		8.6
	Framework version is	1.5

64-bit

LAST_UPDATED: Wed Feb  1 04:29:41 UTC 2017 (revision 245079)

Native configuration is powerpc64le-unknown-linux-gnu

		=== gcc tests ===


Running target unix
FAIL: c-c++-common/asan/null-deref-1.c   -O2  output pattern test, is ASAN:DEADLYSIGNAL
FAIL: c-c++-common/asan/null-deref-1.c   -O2 -flto -fno-use-linker-plugin -flto-partition=none  output pattern test, is ASAN:DEADLYSIGNAL
FAIL: c-c++-common/asan/null-deref-1.c   -O2 -flto -fuse-linker-plugin -fno-fat-lto-objects  output pattern test, is ASAN:DEADLYSIGNAL
FAIL: c-c++-common/asan/null-deref-1.c   -O3 -g  output pattern test, is ASAN:DEADLYSIGNAL
FAIL: gcc.dg/loop-8.c scan-rtl-dump-times loop2_invariant "Decided" 1
FAIL: gcc.dg/sms-4.c scan-rtl-dump-times sms "SMS succeeded" 1
FAIL: gcc.dg/ipa/iinline-attr.c scan-ipa-dump inline "hooray[^\\\\n]*inline copy in test"
FAIL: gcc.dg/simulate-thread/atomic-other-short.c   -O0 -g  thread simulation test
FAIL: gcc.dg/simulate-thread/atomic-other-short.c   -O2 -g  thread simulation test
FAIL: gcc.dg/simulate-thread/atomic-other-short.c   -O3 -g  thread simulation test
FAIL: gcc.dg/tree-ssa/ivopts-lt-2.c scan-tree-dump-times ivopts "PHI <p_" 1
FAIL: gcc.dg/tree-ssa/ivopts-lt-2.c scan-tree-dump-times ivopts "PHI" 1
FAIL: gcc.dg/tree-ssa/ivopts-lt-2.c scan-tree-dump-times ivopts "p_[0-9]* <" 1
FAIL: gcc.dg/tree-ssa/pr15826.c scan-tree-dump-times optimized " & | goto " 0
XPASS: gcc.dg/tree-ssa/ssa-dom-cse-2.c scan-tree-dump optimized "return 28;"
FAIL: gcc.dg/vect/costmodel/ppc/costmodel-vect-33.c scan-tree-dump-times vect "vectorization not profitable" 1

		=== gcc Summary ===

# of expected passes		99935
# of unexpected failures	15
# of unexpected successes	1
# of expected failures		318
# of unsupported tests		1850
/home/gccbuild/build/nightly/build-gcc-6/gcc/xgcc  version 6.3.1 20170201 [gcc-6-branch revision 245079] (GCC) 

		=== gfortran tests ===


Running target unix
FAIL: gfortran.dg/ieee/large_2.f90   -O0  execution test
FAIL: gfortran.dg/ieee/large_2.f90   -O1  execution test
FAIL: gfortran.dg/ieee/large_2.f90   -O2  execution test
FAIL: gfortran.dg/ieee/large_2.f90   -O3 -fomit-frame-pointer -funroll-loops -fpeel-loops -ftracer -finline-functions  execution test
FAIL: gfortran.dg/ieee/large_2.f90   -O3 -g  execution test
FAIL: gfortran.dg/ieee/large_2.f90   -Os  execution test

		=== gfortran Summary ===

# of expected passes		42747
# of unexpected failures	6
# of expected failures		85
# of unsupported tests		83
/home/gccbuild/build/nightly/build-gcc-6/gcc/testsuite/gfortran/../../gfortran  version 6.3.1 20170201 [gcc-6-branch revision 245079] (GCC) 

		=== g++ tests ===


Running target unix
FAIL: c-c++-common/asan/null-deref-1.c   -O2  output pattern test, is ASAN:DEADLYSIGNAL
FAIL: c-c++-common/asan/null-deref-1.c   -O2 -flto -fno-use-linker-plugin -flto-partition=none  output pattern test, is ASAN:DEADLYSIGNAL
FAIL: c-c++-common/asan/null-deref-1.c   -O2 -flto -fuse-linker-plugin -fno-fat-lto-objects  output pattern test, is ASAN:DEADLYSIGNAL
FAIL: c-c++-common/asan/null-deref-1.c   -O3 -g  output pattern test, is ASAN:DEADLYSIGNAL
FAIL: g++.dg/cpp1y/vla-initlist1.C  -std=gnu++11 execution test
FAIL: g++.dg/cpp1y/vla-initlist1.C  -std=gnu++14 execution test
XPASS: g++.dg/tls/thread_local-order2.C  -std=c++11 execution test
XPASS: g++.dg/tls/thread_local-order2.C  -std=c++14 execution test

		=== g++ Summary ===

# of expected passes		101111
# of unexpected failures	6
# of unexpected successes	2
# of expected failures		309
# of unsupported tests		4075
/home/gccbuild/build/nightly/build-gcc-6/gcc/testsuite/g++/../../xg++  version 6.3.1 20170201 [gcc-6-branch revision 245079] (GCC) 

		=== go tests ===


Running target unix
FAIL: go.test/test/ken/cplx2.go execution,  -O2 -g 

		=== go Summary ===

# of expected passes		7250
# of unexpected failures	1
# of expected failures		1
# of untested testcases		7
# of unsupported tests		3
/home/gccbuild/build/nightly/build-gcc-6/gcc/testsuite/go/../../gccgo  version 6.3.1 20170201 [gcc-6-branch revision 245079] (GCC) 

		=== obj-c++ tests ===


Running target unix

		=== obj-c++ Summary ===

# of expected passes		1446
# of expected failures		10
# of unsupported tests		77
/home/gccbuild/build/nightly/build-gcc-6/gcc/testsuite/obj-c++/../../xg++  version 6.3.1 20170201 [gcc-6-branch revision 245079] (GCC) 

		=== objc tests ===


Running target unix

		=== objc Summary ===

# of expected passes		2789
# of unsupported tests		68
/home/gccbuild/build/nightly/build-gcc-6/gcc/xgcc  version 6.3.1 20170201 [gcc-6-branch revision 245079] (GCC) 

		=== libatomic tests ===


Running target unix

		=== libatomic Summary ===

# of expected passes		54
		=== libffi tests ===


Running target unix

		=== libffi Summary ===

# of expected passes		1934
# of unsupported tests		28
		=== libgo tests ===


Running target unix

		=== libgo Summary ===

# of expected passes		134
/home/gccbuild/build/nightly/build-gcc-6/./gcc/gccgo version 6.3.1 20170201 [gcc-6-branch revision 245079] (GCC)

		=== libgomp tests ===


Running target unix

		=== libgomp Summary ===

# of expected passes		5010
# of unsupported tests		320
		=== libitm tests ===


Running target unix

		=== libitm Summary ===

# of expected passes		42
# of expected failures		3
# of unsupported tests		1
		=== libstdc++ tests ===


Running target unix

		=== libstdc++ Summary ===

# of expected passes		10972
# of expected failures		66
# of unsupported tests		381

Compiler version: 6.3.1 20170201 [gcc-6-branch revision 245079] (GCC) 
Platform: powerpc64le-unknown-linux-gnu
configure flags: --prefix=/opt/gcc-nightly/6 --with-as=/home/gccbuild/binutils/install/binutils-2.26/bin/as --with-ld=/home/gccbuild/binutils/install/binutils-2.26/bin/ld --enable-languages=c,c++,fortran,objc,obj-c++,go --with-cpu=power8


Index Nav: [Date Index] [Subject Index] [Author Index] [Thread Index]
Message Nav: [Date Prev] [Date Next] [Thread Prev] [Thread Next]