This is the mail archive of the gcc-testresults@gcc.gnu.org mailing list for the GCC project.
Index Nav: | [Date Index] [Subject Index] [Author Index] [Thread Index] | |
---|---|---|
Message Nav: | [Date Prev] [Date Next] | [Thread Prev] [Thread Next] |
Other format: | [Raw text] |
** Patches (bootstrap fixes) 1. [PATCH 1/4] [Darwin, powerpc] Fix bootstrap (PR77359) by copying AIX amendment. PowerPC Darwin also requires 128b stack alignment (for all versions I currently have access to). It's quite possible that it would be suitable to #define STACK_BOUNDARY 128, but for now I've left it as defined in rs6000.h. 2. [PATCH 2/4] [Darwin,PPC] Remove uses of LR in restore_world. r 239866 removed most of the uses of LR in returns and subclass Darwin had an additional use of LR in the restore_world machinery. This patch removes it from the pattern in altivec.md and the relevant predicate. (fortran FE bootstrap fix) 3. [PATCH 3/4] [Darwin PPC] Fix Fortran bootstrap by fixing ppc/setjmp.h Earlier Darwin headers do not declare longjmp as noreturn, this was already fixed for i386, but also affects the powerpc port. (Ada bootstrap fix) 4, [PATCH 4/4] Update of __gnat_lwp_self(), with fixes for Darwin9. ====== LAST_UPDATED: Thu Jan 26 02:18:49 UTC 2017 (revision 244915) === acats tests === FAIL: c52103x FAIL: c52104x FAIL: c52104y FAIL: cb1010c === acats Summary === # of expected passes 2316 # of unexpected failures 4 Native configuration is powerpc-apple-darwin9 === g++ tests === Running target unix/-m32 FAIL: g++.dg/cpp1z/aligned-new1.C execution test FAIL: g++.dg/cpp1z/aligned-new2.C execution test FAIL: g++.dg/cpp1z/aligned-new3.C execution test FAIL: g++.dg/cpp1z/aligned-new5.C -std=gnu++11 execution test FAIL: g++.dg/cpp1z/aligned-new5.C -std=gnu++14 execution test FAIL: g++.dg/cpp1z/aligned-new5.C -std=gnu++98 execution test FAIL: g++.dg/cpp1z/aligned-new6.C -std=gnu++11 execution test FAIL: g++.dg/cpp1z/aligned-new6.C -std=gnu++14 execution test FAIL: g++.dg/eh/simd-3.C -std=gnu++11 execution test FAIL: g++.dg/eh/simd-3.C -std=gnu++14 execution test FAIL: g++.dg/eh/simd-3.C -std=gnu++98 execution test FAIL: g++.dg/eh/simd-4.C -std=gnu++11 execution test FAIL: g++.dg/eh/simd-4.C -std=gnu++14 execution test FAIL: g++.dg/eh/simd-4.C -std=gnu++98 execution test FAIL: g++.dg/ext/alignof2.C -std=c++11 execution test FAIL: g++.dg/ext/alignof2.C -std=c++14 execution test FAIL: g++.dg/ext/alignof2.C -std=c++98 execution test FAIL: g++.dg/ipa/pr67056.C scan-ipa-dump cp "Speculative outer type:struct CompositeClass" FAIL: g++.dg/gcov/pr16855.C -std=gnu++11 gcov: 2 failures in line counts, 0 in branch percentages, 0 in return percentages, 0 in intermediate format FAIL: g++.dg/gcov/pr16855.C -std=gnu++11 line 21: is #####:should be 1 FAIL: g++.dg/gcov/pr16855.C -std=gnu++11 line 45: is #####:should be 1 FAIL: g++.dg/gcov/pr16855.C -std=gnu++14 gcov: 2 failures in line counts, 0 in branch percentages, 0 in return percentages, 0 in intermediate format FAIL: g++.dg/gcov/pr16855.C -std=gnu++14 line 21: is #####:should be 1 FAIL: g++.dg/gcov/pr16855.C -std=gnu++14 line 45: is #####:should be 1 FAIL: g++.dg/gcov/pr16855.C -std=gnu++98 gcov: 2 failures in line counts, 0 in branch percentages, 0 in return percentages, 0 in intermediate format FAIL: g++.dg/gcov/pr16855.C -std=gnu++98 line 21: is #####:should be 1 FAIL: g++.dg/gcov/pr16855.C -std=gnu++98 line 45: is #####:should be 1 UNRESOLVED: g++.dg/lto/pr65276 cp_lto_pr65276_0.o-cp_lto_pr65276_1.o execute -flto -O0 -std=c++11 FAIL: g++.dg/lto/pr65276 cp_lto_pr65276_0.o-cp_lto_pr65276_1.o link, -flto -O0 -std=c++11 UNRESOLVED: g++.dg/lto/pr65549 cp_lto_pr65549_0.o-cp_lto_pr65549_0.o execute -std=gnu++14 -flto -g -O2 -fno-inline -flto-partition=max FAIL: g++.dg/lto/pr65549 cp_lto_pr65549_0.o-cp_lto_pr65549_0.o link, -std=gnu++14 -flto -g -O2 -fno-inline -flto-partition=max FAIL: g++.dg/tls/pr77285-2.C -std=c++11 scan-assembler _ZTH4var1B3tag FAIL: g++.dg/tls/pr77285-2.C -std=c++14 scan-assembler _ZTH4var1B3tag FAIL: g++.dg/tree-prof/pr57451.C compilation, -fprofile-generate -D_PROFILE_GENERATE UNRESOLVED: g++.dg/tree-prof/pr57451.C compilation, -fprofile-use -D_PROFILE_USE UNRESOLVED: g++.dg/tree-prof/pr57451.C execution, -fprofile-generate -D_PROFILE_GENERATE UNRESOLVED: g++.dg/tree-prof/pr57451.C execution, -fprofile-use -D_PROFILE_USE FAIL: g++.dg/tree-prof/pr63581.C compilation, -fprofile-generate -D_PROFILE_GENERATE UNRESOLVED: g++.dg/tree-prof/pr63581.C compilation, -fprofile-use -D_PROFILE_USE UNRESOLVED: g++.dg/tree-prof/pr63581.C execution, -fprofile-generate -D_PROFILE_GENERATE UNRESOLVED: g++.dg/tree-prof/pr63581.C execution, -fprofile-use -D_PROFILE_USE FAIL: g++.dg/vect/pr36648.cc -std=c++11 scan-tree-dump-times vect "vectorized 1 loops" 1 FAIL: g++.dg/vect/pr36648.cc -std=c++11 scan-tree-dump-times vect "vectorizing stmts using SLP" 1 FAIL: g++.dg/vect/pr36648.cc -std=c++14 scan-tree-dump-times vect "vectorized 1 loops" 1 FAIL: g++.dg/vect/pr36648.cc -std=c++14 scan-tree-dump-times vect "vectorizing stmts using SLP" 1 FAIL: g++.dg/vect/pr36648.cc -std=c++98 scan-tree-dump-times vect "vectorized 1 loops" 1 FAIL: g++.dg/vect/pr36648.cc -std=c++98 scan-tree-dump-times vect "vectorizing stmts using SLP" 1 === g++ Summary for unix/-m32 === # of expected passes 99517 # of unexpected failures 39 # of expected failures 377 # of unresolved testcases 8 # of unsupported tests 4296 Running target unix/-m64 FAIL: g++.dg/cpp1z/aligned-new1.C execution test FAIL: g++.dg/cpp1z/aligned-new2.C execution test FAIL: g++.dg/cpp1z/aligned-new3.C execution test FAIL: g++.dg/cpp1z/aligned-new5.C -std=gnu++11 execution test FAIL: g++.dg/cpp1z/aligned-new5.C -std=gnu++14 execution test FAIL: g++.dg/cpp1z/aligned-new5.C -std=gnu++98 execution test FAIL: g++.dg/cpp1z/aligned-new6.C -std=gnu++11 execution test FAIL: g++.dg/cpp1z/aligned-new6.C -std=gnu++14 execution test FAIL: g++.dg/ipa/pr67056.C scan-ipa-dump cp "Speculative outer type:struct CompositeClass" FAIL: g++.dg/gcov/pr16855.C -std=gnu++11 gcov: 2 failures in line counts, 0 in branch percentages, 0 in return percentages, 0 in intermediate format FAIL: g++.dg/gcov/pr16855.C -std=gnu++11 line 21: is #####:should be 1 FAIL: g++.dg/gcov/pr16855.C -std=gnu++11 line 45: is #####:should be 1 FAIL: g++.dg/gcov/pr16855.C -std=gnu++14 gcov: 2 failures in line counts, 0 in branch percentages, 0 in return percentages, 0 in intermediate format FAIL: g++.dg/gcov/pr16855.C -std=gnu++14 line 21: is #####:should be 1 FAIL: g++.dg/gcov/pr16855.C -std=gnu++14 line 45: is #####:should be 1 FAIL: g++.dg/gcov/pr16855.C -std=gnu++98 gcov: 2 failures in line counts, 0 in branch percentages, 0 in return percentages, 0 in intermediate format FAIL: g++.dg/gcov/pr16855.C -std=gnu++98 line 21: is #####:should be 1 FAIL: g++.dg/gcov/pr16855.C -std=gnu++98 line 45: is #####:should be 1 UNRESOLVED: g++.dg/lto/pr65276 cp_lto_pr65276_0.o-cp_lto_pr65276_1.o execute -flto -O0 -std=c++11 FAIL: g++.dg/lto/pr65276 cp_lto_pr65276_0.o-cp_lto_pr65276_1.o link, -flto -O0 -std=c++11 UNRESOLVED: g++.dg/lto/pr65549 cp_lto_pr65549_0.o-cp_lto_pr65549_0.o execute -std=gnu++14 -flto -g -O2 -fno-inline -flto-partition=max FAIL: g++.dg/lto/pr65549 cp_lto_pr65549_0.o-cp_lto_pr65549_0.o link, -std=gnu++14 -flto -g -O2 -fno-inline -flto-partition=max FAIL: g++.dg/tls/pr77285-2.C -std=c++11 scan-assembler _ZTH4var1B3tag FAIL: g++.dg/tls/pr77285-2.C -std=c++14 scan-assembler _ZTH4var1B3tag FAIL: g++.dg/torture/pr45843.C -O3 -g (test for excess errors) UNRESOLVED: g++.dg/torture/pr45843.C -O3 -g compilation failed to produce executable FAIL: g++.dg/tree-prof/pr57451.C compilation, -fprofile-generate -D_PROFILE_GENERATE UNRESOLVED: g++.dg/tree-prof/pr57451.C compilation, -fprofile-use -D_PROFILE_USE UNRESOLVED: g++.dg/tree-prof/pr57451.C execution, -fprofile-generate -D_PROFILE_GENERATE UNRESOLVED: g++.dg/tree-prof/pr57451.C execution, -fprofile-use -D_PROFILE_USE FAIL: g++.dg/tree-prof/pr63581.C compilation, -fprofile-generate -D_PROFILE_GENERATE UNRESOLVED: g++.dg/tree-prof/pr63581.C compilation, -fprofile-use -D_PROFILE_USE UNRESOLVED: g++.dg/tree-prof/pr63581.C execution, -fprofile-generate -D_PROFILE_GENERATE UNRESOLVED: g++.dg/tree-prof/pr63581.C execution, -fprofile-use -D_PROFILE_USE FAIL: g++.dg/vect/pr36648.cc -std=c++11 scan-tree-dump-times vect "vectorized 1 loops" 1 FAIL: g++.dg/vect/pr36648.cc -std=c++11 scan-tree-dump-times vect "vectorizing stmts using SLP" 1 FAIL: g++.dg/vect/pr36648.cc -std=c++14 scan-tree-dump-times vect "vectorized 1 loops" 1 FAIL: g++.dg/vect/pr36648.cc -std=c++14 scan-tree-dump-times vect "vectorizing stmts using SLP" 1 FAIL: g++.dg/vect/pr36648.cc -std=c++98 scan-tree-dump-times vect "vectorized 1 loops" 1 FAIL: g++.dg/vect/pr36648.cc -std=c++98 scan-tree-dump-times vect "vectorizing stmts using SLP" 1 === g++ Summary for unix/-m64 === # of expected passes 101434 # of unexpected failures 31 # of expected failures 377 # of unresolved testcases 9 # of unsupported tests 4267 === g++ Summary === # of expected passes 200951 # of unexpected failures 70 # of expected failures 754 # of unresolved testcases 17 # of unsupported tests 8563 /Volumes/scratch/10-5-leo/powerpc-trunk/gcc/testsuite/g++/../../xg++ version 7.0.1 20170126 (experimental) [trunk revision 244915] (GCC) === gcc tests === Running target unix/-m32 FAIL: gcc.c-torture/compile/pr72802.c -O0 (test for excess errors) FAIL: gcc.c-torture/compile/pr72802.c -O1 (test for excess errors) FAIL: gcc.c-torture/compile/pr72802.c -O2 (test for excess errors) FAIL: gcc.c-torture/compile/pr72802.c -O2 -flto (test for excess errors) FAIL: gcc.c-torture/compile/pr72802.c -O2 -flto -flto-partition=none (test for excess errors) FAIL: gcc.c-torture/compile/pr72802.c -O3 -fomit-frame-pointer -funroll-loops -fpeel-loops -ftracer -finline-functions (test for excess errors) FAIL: gcc.c-torture/compile/pr72802.c -O3 -g (test for excess errors) FAIL: gcc.c-torture/compile/pr72802.c -Os (test for excess errors) FAIL: gcc.c-torture/execute/20141107-1.c -O0 execution test FAIL: gcc.c-torture/execute/20141107-1.c -O1 execution test FAIL: gcc.c-torture/execute/20141107-1.c -O2 execution test FAIL: gcc.c-torture/execute/20141107-1.c -O2 -flto execution test FAIL: gcc.c-torture/execute/20141107-1.c -O2 -flto -flto-partition=none execution test FAIL: gcc.c-torture/execute/20141107-1.c -O3 -g execution test FAIL: gcc.c-torture/execute/20141107-1.c -Os execution test FAIL: gcc.dg/atomic/c11-atomic-exec-5.c -O2 -flto execution test FAIL: gcc.dg/atomic/c11-atomic-exec-5.c -O2 -flto -flto-partition=none execution test FAIL: gcc.dg/atomic/c11-atomic-exec-5.c -O3 -g execution test FAIL: gcc.dg/atomic/c11-atomic-exec-5.c -Os execution test WARNING: program timed out. WARNING: program timed out. WARNING: program timed out. WARNING: program timed out. FAIL: gcc.dg/debug/dwarf2/pr53948.c scan-assembler .loc 1 8 0|[#/!][ \\t]+line 8 FAIL: gcc.dg/debug/dwarf2/prod-options.c scan-assembler DW_AT_producer: "GNU C FAIL: gcc.dg/atomic-flag.c execution test XPASS: gcc.dg/attr-alloc_size-11.c missing range info for short (test for warnings, line 50) XPASS: gcc.dg/attr-alloc_size-11.c missing range info for signed char (test for warnings, line 49) FAIL: gcc.dg/attr-weakref-1-darwin.c (test for excess errors) UNRESOLVED: gcc.dg/attr-weakref-1-darwin.c compilation failed to produce executable FAIL: gcc.dg/builtin-apply4.c execution test FAIL: gcc.dg/builtins-18.c (test for excess errors) FAIL: gcc.dg/builtins-20.c (test for excess errors) FAIL: gcc.dg/builtins-55.c (test for excess errors) FAIL: gcc.dg/builtins-67.c (test for excess errors) FAIL: gcc.dg/darwin-version-1.c (test for excess errors) FAIL: gcc.dg/pow-sqrt-synth-1.c scan-tree-dump-times sincos "synthesizing" 7 FAIL: gcc.dg/pr56228.c (test for excess errors) FAIL: gcc.dg/pr56837.c scan-tree-dump-times optimized "memset ..b, 1, 1024.;" 1 FAIL: gcc.dg/pr77587.c (test for excess errors) FAIL: gcc.dg/pr77587a.c (test for excess errors) XPASS: gcc.dg/pr78768.c -Wformat-overflow (test for warnings, line 11) FAIL: gcc.dg/pr78965.c (test for excess errors) UNRESOLVED: gcc.dg/pr78965.c compilation failed to produce executable FAIL: gcc.dg/single-precision-constant.c (test for excess errors) UNRESOLVED: gcc.dg/single-precision-constant.c compilation failed to produce executable FAIL: gcc.dg/sms-1.c scan-rtl-dump-times sms "SMS succeeded" 1 FAIL: gcc.dg/sms-8.c scan-rtl-dump-times sms "SMS succeeded" 0 FAIL: gcc.dg/uninit-19.c (test for warnings, line 23) FAIL: gcc.dg/uninit-19.c (test for excess errors) FAIL: gcc.dg/ipa/inline-8.c (test for excess errors) UNRESOLVED: gcc.dg/ipa/inline-8.c compilation failed to produce executable FAIL: gcc.dg/ipa/pr77653.c scan-ipa-dump icf "Not unifying; alias cannot be created; target is discardable" FAIL: gcc.dg/simulate-thread/atomic-other-int.c -O0 -g thread simulation test FAIL: gcc.dg/simulate-thread/atomic-other-int.c -O2 -g thread simulation test FAIL: gcc.dg/simulate-thread/atomic-other-int.c -O3 -g thread simulation test FAIL: gcc.dg/simulate-thread/atomic-other-short.c -O0 -g thread simulation test FAIL: gcc.dg/simulate-thread/atomic-other-short.c -O2 -g thread simulation test FAIL: gcc.dg/simulate-thread/atomic-other-short.c -O3 -g thread simulation test FAIL: gcc.dg/torture/builtin-convert-1.c -O0 (test for excess errors) FAIL: gcc.dg/torture/builtin-convert-1.c -O1 (test for excess errors) FAIL: gcc.dg/torture/builtin-convert-1.c -O2 (test for excess errors) FAIL: gcc.dg/torture/builtin-convert-1.c -O2 -flto (test for excess errors) FAIL: gcc.dg/torture/builtin-convert-1.c -O2 -flto -flto-partition=none (test for excess errors) FAIL: gcc.dg/torture/builtin-convert-1.c -O3 -g (test for excess errors) FAIL: gcc.dg/torture/builtin-convert-1.c -Os (test for excess errors) FAIL: gcc.dg/torture/builtin-convert-2.c -O0 (test for excess errors) FAIL: gcc.dg/torture/builtin-convert-2.c -O1 (test for excess errors) FAIL: gcc.dg/torture/builtin-convert-2.c -O2 (test for excess errors) FAIL: gcc.dg/torture/builtin-convert-2.c -O2 -flto (test for excess errors) FAIL: gcc.dg/torture/builtin-convert-2.c -O2 -flto -flto-partition=none (test for excess errors) FAIL: gcc.dg/torture/builtin-convert-2.c -O3 -g (test for excess errors) FAIL: gcc.dg/torture/builtin-convert-2.c -Os (test for excess errors) FAIL: gcc.dg/torture/builtin-convert-3.c -O0 (test for excess errors) FAIL: gcc.dg/torture/builtin-convert-3.c -O1 (test for excess errors) FAIL: gcc.dg/torture/builtin-convert-3.c -O2 (test for excess errors) FAIL: gcc.dg/torture/builtin-convert-3.c -O2 -flto (test for excess errors) FAIL: gcc.dg/torture/builtin-convert-3.c -O2 -flto -flto-partition=none (test for excess errors) FAIL: gcc.dg/torture/builtin-convert-3.c -O3 -g (test for excess errors) FAIL: gcc.dg/torture/builtin-convert-3.c -Os (test for excess errors) FAIL: gcc.dg/torture/builtin-fp-int-inexact.c -O0 (test for excess errors) UNRESOLVED: gcc.dg/torture/builtin-fp-int-inexact.c -O0 compilation failed to produce executable FAIL: gcc.dg/torture/builtin-fp-int-inexact.c -O1 (test for excess errors) UNRESOLVED: gcc.dg/torture/builtin-fp-int-inexact.c -O1 compilation failed to produce executable FAIL: gcc.dg/torture/builtin-fp-int-inexact.c -O2 (test for excess errors) UNRESOLVED: gcc.dg/torture/builtin-fp-int-inexact.c -O2 compilation failed to produce executable FAIL: gcc.dg/torture/builtin-fp-int-inexact.c -O2 -flto (test for excess errors) UNRESOLVED: gcc.dg/torture/builtin-fp-int-inexact.c -O2 -flto compilation failed to produce executable FAIL: gcc.dg/torture/builtin-fp-int-inexact.c -O2 -flto -flto-partition=none (test for excess errors) UNRESOLVED: gcc.dg/torture/builtin-fp-int-inexact.c -O2 -flto -flto-partition=none compilation failed to produce executable FAIL: gcc.dg/torture/builtin-fp-int-inexact.c -O3 -fomit-frame-pointer -funroll-loops -fpeel-loops -ftracer -finline-functions (test for excess errors) UNRESOLVED: gcc.dg/torture/builtin-fp-int-inexact.c -O3 -fomit-frame-pointer -funroll-loops -fpeel-loops -ftracer -finline-functions compilation failed to produce executable FAIL: gcc.dg/torture/builtin-fp-int-inexact.c -O3 -g (test for excess errors) UNRESOLVED: gcc.dg/torture/builtin-fp-int-inexact.c -O3 -g compilation failed to produce executable FAIL: gcc.dg/torture/builtin-fp-int-inexact.c -Os (test for excess errors) UNRESOLVED: gcc.dg/torture/builtin-fp-int-inexact.c -Os compilation failed to produce executable FAIL: gcc.dg/torture/builtin-integral-1.c -O1 (test for excess errors) FAIL: gcc.dg/torture/builtin-integral-1.c -O2 (test for excess errors) FAIL: gcc.dg/torture/builtin-integral-1.c -O2 -flto (test for excess errors) FAIL: gcc.dg/torture/builtin-integral-1.c -O2 -flto -flto-partition=none (test for excess errors) FAIL: gcc.dg/torture/builtin-integral-1.c -O3 -g (test for excess errors) FAIL: gcc.dg/torture/builtin-integral-1.c -Os (test for excess errors) FAIL: gcc.dg/torture/builtin-power-1.c -O1 (test for excess errors) FAIL: gcc.dg/torture/builtin-power-1.c -O2 (test for excess errors) FAIL: gcc.dg/torture/builtin-power-1.c -O2 -flto (test for excess errors) FAIL: gcc.dg/torture/builtin-power-1.c -O2 -flto -flto-partition=none (test for excess errors) FAIL: gcc.dg/torture/builtin-power-1.c -O3 -g (test for excess errors) FAIL: gcc.dg/torture/builtin-power-1.c -Os (test for excess errors) FAIL: gcc.dg/torture/pr68264.c -O0 execution test FAIL: gcc.dg/torture/pr68264.c -O1 execution test FAIL: gcc.dg/torture/pr68264.c -O2 execution test FAIL: gcc.dg/torture/pr68264.c -O2 -flto execution test FAIL: gcc.dg/torture/pr68264.c -O2 -flto -flto-partition=none execution test FAIL: gcc.dg/torture/pr68264.c -O3 -g execution test FAIL: gcc.dg/torture/pr68264.c -Os execution test FAIL: gcc.dg/torture/stackalign/builtin-apply-4.c -O0 execution test FAIL: gcc.dg/torture/stackalign/builtin-apply-4.c -O0 -fpic execution test FAIL: gcc.dg/torture/stackalign/builtin-apply-4.c -O1 execution test FAIL: gcc.dg/torture/stackalign/builtin-apply-4.c -O1 -fpic execution test FAIL: gcc.dg/torture/stackalign/builtin-apply-4.c -O2 execution test FAIL: gcc.dg/torture/stackalign/builtin-apply-4.c -O2 -flto execution test FAIL: gcc.dg/torture/stackalign/builtin-apply-4.c -O2 -flto -flto-partition=none execution test FAIL: gcc.dg/torture/stackalign/builtin-apply-4.c -O2 -flto -flto-partition=none -fpic execution test FAIL: gcc.dg/torture/stackalign/builtin-apply-4.c -O2 -flto -fpic execution test FAIL: gcc.dg/torture/stackalign/builtin-apply-4.c -O2 -fpic execution test FAIL: gcc.dg/torture/stackalign/builtin-apply-4.c -O3 -g execution test FAIL: gcc.dg/torture/stackalign/builtin-apply-4.c -O3 -g -fpic execution test FAIL: gcc.dg/torture/stackalign/builtin-apply-4.c -Os execution test FAIL: gcc.dg/torture/stackalign/builtin-apply-4.c -Os -fpic execution test FAIL: gcc.dg/tree-prof/section-attr-1.c compilation, -fprofile-generate -D_PROFILE_GENERATE UNRESOLVED: gcc.dg/tree-prof/section-attr-1.c compilation, -fprofile-use -D_PROFILE_USE UNRESOLVED: gcc.dg/tree-prof/section-attr-1.c execution, -fprofile-generate -D_PROFILE_GENERATE UNRESOLVED: gcc.dg/tree-prof/section-attr-1.c execution, -fprofile-use -D_PROFILE_USE FAIL: gcc.dg/tree-prof/section-attr-2.c compilation, -fprofile-generate -D_PROFILE_GENERATE UNRESOLVED: gcc.dg/tree-prof/section-attr-2.c compilation, -fprofile-use -D_PROFILE_USE UNRESOLVED: gcc.dg/tree-prof/section-attr-2.c execution, -fprofile-generate -D_PROFILE_GENERATE UNRESOLVED: gcc.dg/tree-prof/section-attr-2.c execution, -fprofile-use -D_PROFILE_USE FAIL: gcc.dg/tree-prof/section-attr-3.c compilation, -fprofile-generate -D_PROFILE_GENERATE UNRESOLVED: gcc.dg/tree-prof/section-attr-3.c compilation, -fprofile-use -D_PROFILE_USE UNRESOLVED: gcc.dg/tree-prof/section-attr-3.c execution, -fprofile-generate -D_PROFILE_GENERATE UNRESOLVED: gcc.dg/tree-prof/section-attr-3.c execution, -fprofile-use -D_PROFILE_USE FAIL: gcc.dg/tree-ssa/ivopts-lt-2.c scan-tree-dump-times ivopts "PHI <p_" 1 FAIL: gcc.dg/tree-ssa/ivopts-lt-2.c scan-tree-dump-times ivopts "PHI" 1 FAIL: gcc.dg/tree-ssa/ivopts-lt-2.c scan-tree-dump-times ivopts "p_[0-9]* <" 1 FAIL: gcc.dg/tree-ssa/sra-17.c scan-tree-dump-times esra "Removing load: a = \\\\*.?L.?C.?.?.?0;" 1 FAIL: gcc.dg/tree-ssa/sra-17.c scan-tree-dump-times esra "SR\\\\.[0-9_]+ = \\\\*.?L.?C.?.?.?0\\\\[" 4 FAIL: gcc.dg/tree-ssa/sra-18.c scan-tree-dump-times esra "Removing load: a = \\\\*.?L.?C.?.?.?0;" 1 FAIL: gcc.dg/tree-ssa/sra-18.c scan-tree-dump-times esra "SR\\\\.[0-9_]+ = \\\\*.?L.?C.?.?.?0\\\\.b\\\\[0\\\\]\\\\.f\\\\[0\\\\]\\\\.x" 1 FAIL: gcc.dg/tree-ssa/sra-18.c scan-tree-dump-times esra "SR\\\\.[0-9_]+ = \\\\*.?L.?C.?.?.?0\\\\.b\\\\[0\\\\]\\\\.f\\\\[1\\\\]\\\\.x" 1 FAIL: gcc.dg/tree-ssa/sra-18.c scan-tree-dump-times esra "SR\\\\.[0-9_]+ = \\\\*.?L.?C.?.?.?0\\\\.b\\\\[1\\\\]\\\\.f\\\\[0\\\\]\\\\.x" 1 FAIL: gcc.dg/tree-ssa/sra-18.c scan-tree-dump-times esra "SR\\\\.[0-9_]+ = \\\\*.?L.?C.?.?.?0\\\\.b\\\\[1\\\\]\\\\.f\\\\[1\\\\]\\\\.x" 1 FAIL: gcc.dg/vect/costmodel/ppc/costmodel-bb-slp-9a-pr63175.c scan-assembler-not \\tlwz?u?x? FAIL: gcc.dg/vect/costmodel/ppc/costmodel-bb-slp-9a-pr63175.c scan-assembler-not \\tstwu?x? FAIL: gcc.dg/vect/costmodel/ppc/costmodel-vect-33.c scan-tree-dump-times vect "vectorization not profitable" 1 FAIL: gcc.dg/vect/bb-slp-subgroups-1.c -flto -ffat-lto-objects scan-tree-dump-times slp2 "Basic block will be vectorized using SLP" 1 FAIL: gcc.dg/vect/bb-slp-subgroups-1.c -flto -ffat-lto-objects scan-tree-dump-times slp2 "basic block vectorized" 1 FAIL: gcc.dg/vect/bb-slp-subgroups-1.c scan-tree-dump-times slp2 "Basic block will be vectorized using SLP" 1 FAIL: gcc.dg/vect/bb-slp-subgroups-1.c scan-tree-dump-times slp2 "basic block vectorized" 1 FAIL: gcc.dg/vect/bb-slp-subgroups-2.c -flto -ffat-lto-objects scan-tree-dump-times slp2 "Basic block will be vectorized using SLP" 1 FAIL: gcc.dg/vect/bb-slp-subgroups-2.c -flto -ffat-lto-objects scan-tree-dump-times slp2 "basic block vectorized" 1 FAIL: gcc.dg/vect/bb-slp-subgroups-2.c scan-tree-dump-times slp2 "Basic block will be vectorized using SLP" 1 FAIL: gcc.dg/vect/bb-slp-subgroups-2.c scan-tree-dump-times slp2 "basic block vectorized" 1 FAIL: gcc.dg/vect/bb-slp-subgroups-3.c -flto -ffat-lto-objects scan-tree-dump-times slp2 "Basic block will be vectorized using SLP" 1 FAIL: gcc.dg/vect/bb-slp-subgroups-3.c -flto -ffat-lto-objects scan-tree-dump-times slp2 "basic block vectorized" 1 FAIL: gcc.dg/vect/bb-slp-subgroups-3.c scan-tree-dump-times slp2 "Basic block will be vectorized using SLP" 1 FAIL: gcc.dg/vect/bb-slp-subgroups-3.c scan-tree-dump-times slp2 "basic block vectorized" 1 FAIL: gcc.dg/vect/no-tree-sra-bb-slp-pr50730.c scan-tree-dump-times slp2 "basic block vectorized" 1 FAIL: gcc.dg/vect/no-vfa-vect-depend-2.c scan-tree-dump-times vect "vectorized 1 loops" 1 FAIL: gcc.dg/vect/no-vfa-vect-depend-3.c scan-tree-dump-times vect "vectorized 1 loops" 4 FAIL: gcc.dg/vect/pr46032.c -flto -ffat-lto-objects scan-tree-dump-times vect "note: vectorized 1 loop" 1 FAIL: gcc.dg/vect/pr46032.c scan-tree-dump-times vect "note: vectorized 1 loop" 1 FAIL: gcc.dg/vect/pr48765.c (test for excess errors) FAIL: gcc.dg/vect/pr48765.c -flto -ffat-lto-objects (test for excess errors) FAIL: gcc.dg/vect/slp-43.c -flto -ffat-lto-objects scan-tree-dump-times vect "vectorized 1 loops" 2 FAIL: gcc.dg/vect/slp-43.c scan-tree-dump-times vect "vectorized 1 loops" 2 FAIL: gcc.dg/vect/vect-117.c -flto -ffat-lto-objects scan-tree-dump-times vect "vectorized 1 loops" 1 FAIL: gcc.dg/vect/vect-117.c scan-tree-dump-times vect "vectorized 1 loops" 1 XPASS: gcc.dg/vect/vect-24.c -flto -ffat-lto-objects scan-tree-dump-times vect "vectorized 3 loops" 1 XPASS: gcc.dg/vect/vect-24.c scan-tree-dump-times vect "vectorized 3 loops" 1 FAIL: gcc.dg/vect/vect-31.c -flto -ffat-lto-objects scan-tree-dump-times vect "vectorized 4 loops" 1 FAIL: gcc.dg/vect/vect-31.c scan-tree-dump-times vect "vectorized 4 loops" 1 FAIL: gcc.dg/vect/vect-strided-a-u8-i2-gap.c -flto -ffat-lto-objects scan-tree-dump-times vect "vectorized 1 loops" 1 FAIL: gcc.dg/vect/vect-strided-a-u8-i2-gap.c scan-tree-dump-times vect "vectorized 1 loops" 1 FAIL: gcc.dg/vect/vect-tail-nomask-1.c (test for excess errors) FAIL: gcc.dg/vect/vect-tail-nomask-1.c -flto -ffat-lto-objects (test for excess errors) UNRESOLVED: gcc.dg/vect/vect-tail-nomask-1.c -flto -ffat-lto-objects compilation failed to produce executable UNRESOLVED: gcc.dg/vect/vect-tail-nomask-1.c compilation failed to produce executable XPASS: gcc.target/powerpc/20050830-1.c scan-assembler bdn FAIL: gcc.target/powerpc/compress-float-ppc-pic.c (test for excess errors) FAIL: gcc.target/powerpc/compress-float-ppc.c (test for excess errors) FAIL: gcc.target/powerpc/darwin-bool-1.c (test for excess errors) UNRESOLVED: gcc.target/powerpc/darwin-bool-1.c compilation failed to produce executable UNRESOLVED: gcc.target/powerpc/dfmode_off.c object-size text == 320 UNRESOLVED: gcc.target/powerpc/dimode_off.c object-size text <= 640 FAIL: gcc.target/powerpc/optimize-bswapsi-2.c (test for excess errors) FAIL: gcc.target/powerpc/ppc-fsel-1.c scan-assembler fsel FAIL: gcc.target/powerpc/pr17381.c scan-assembler-times fmr 1 FAIL: gcc.target/powerpc/pr46728-16.c (test for excess errors) FAIL: gcc.target/powerpc/pr46728-16.c scan-assembler fmadd FAIL: gcc.target/powerpc/pr64205.c (test for excess errors) FAIL: gcc.target/powerpc/pr67071-1.c (test for excess errors) FAIL: gcc.target/powerpc/pr67071-2.c (test for excess errors) FAIL: gcc.target/powerpc/pr67071-3.c (test for excess errors) FAIL: gcc.target/powerpc/pr69969.c (test for excess errors) FAIL: gcc.target/powerpc/pr71310.c scan-assembler-not \\\\mlwz FAIL: gcc.target/powerpc/pr71785.c scan-assembler-not \\\\mb\\\\M FAIL: gcc.target/powerpc/pr77416.c (test for excess errors) FAIL: gcc.target/powerpc/recip-4.c (test for excess errors) FAIL: gcc.target/powerpc/recip-4.c scan-assembler-times xvmadd.dp 3 FAIL: gcc.target/powerpc/recip-4.c scan-assembler-times xvmadd.sp 1 FAIL: gcc.target/powerpc/recip-4.c scan-assembler-times xvmuldp 2 FAIL: gcc.target/powerpc/recip-4.c scan-assembler-times xvmulsp 2 FAIL: gcc.target/powerpc/recip-4.c scan-assembler-times xvnmsub.dp 2 FAIL: gcc.target/powerpc/recip-4.c scan-assembler-times xvnmsub.sp 1 FAIL: gcc.target/powerpc/recip-4.c scan-assembler-times xvrsqrtedp 1 FAIL: gcc.target/powerpc/recip-4.c scan-assembler-times xvrsqrtesp 1 FAIL: gcc.target/powerpc/recip-sqrtf.c (test for excess errors) FAIL: gcc.target/powerpc/recip-sqrtf.c scan-assembler-times frsqrtes 3 FAIL: gcc.target/powerpc/rlwimi-0.c scan-assembler-times (?n)^\\\\s+[a-z] 16485 FAIL: gcc.target/powerpc/rlwimi-1.c scan-assembler-times (?n)^\\\\s+[a-z] 13977 FAIL: gcc.target/powerpc/rlwimi-2.c scan-assembler-times (?n)^\\\\s+[a-z] 14121 FAIL: gcc.target/powerpc/rlwinm-0.c scan-assembler-times (?n)^\\\\s+[a-z] 6739 FAIL: gcc.target/powerpc/rlwinm-1.c scan-assembler-times (?n)^\\\\s+[a-z] 6739 FAIL: gcc.target/powerpc/rlwinm-2.c scan-assembler-times (?n)^\\\\s+[a-z] 6739 FAIL: gcc.target/powerpc/shift-int.c scan-assembler-times (?n)^\\\\s+[a-z] 16 FAIL: gcc.target/powerpc/shrink-wrap-separate-0.c scan-assembler #before\\\\M.*\\\\mmflr\\\\M FAIL: gcc.target/powerpc/shrink-wrap-separate-1.c scan-assembler \\\\mmflr\\\\M.*\\\\mbl\\\\M.*\\\\mmflr\\\\M.*\\\\mbl\\\\M UNRESOLVED: gcc.target/powerpc/tfmode_off.c object-size text == 544 === gcc Summary for unix/-m32 === # of expected passes 97800 # of unexpected failures 191 # of unexpected successes 6 # of expected failures 318 # of unresolved testcases 27 # of unsupported tests 3234 Running target unix/-m64 FAIL: gcc.c-torture/compile/pr72802.c -O0 (test for excess errors) FAIL: gcc.c-torture/compile/pr72802.c -O1 (test for excess errors) FAIL: gcc.c-torture/compile/pr72802.c -O2 (test for excess errors) FAIL: gcc.c-torture/compile/pr72802.c -O2 -flto (test for excess errors) FAIL: gcc.c-torture/compile/pr72802.c -O2 -flto -flto-partition=none (test for excess errors) FAIL: gcc.c-torture/compile/pr72802.c -O3 -fomit-frame-pointer -funroll-loops -fpeel-loops -ftracer -finline-functions (test for excess errors) FAIL: gcc.c-torture/compile/pr72802.c -O3 -g (test for excess errors) FAIL: gcc.c-torture/compile/pr72802.c -Os (test for excess errors) FAIL: gcc.c-torture/execute/builtins/memcpy-chk.c execution, -Os FAIL: gcc.c-torture/execute/builtins/memmove-chk.c execution, -Os FAIL: gcc.c-torture/execute/builtins/memops-asm.c execution, -Os FAIL: gcc.c-torture/execute/builtins/mempcpy-2.c execution, -Os FAIL: gcc.c-torture/execute/builtins/mempcpy-chk.c execution, -Os FAIL: gcc.c-torture/execute/builtins/mempcpy.c execution, -Os FAIL: gcc.c-torture/execute/builtins/pr23484-chk.c execution, -Os FAIL: gcc.c-torture/execute/builtins/snprintf-chk.c execution, -Os FAIL: gcc.c-torture/execute/builtins/stpcpy-chk.c execution, -Os FAIL: gcc.c-torture/execute/builtins/strcpy-chk.c execution, -Os FAIL: gcc.c-torture/execute/builtins/strcpy.c execution, -Os FAIL: gcc.c-torture/execute/builtins/strpcpy.c execution, -Os FAIL: gcc.c-torture/execute/builtins/vsnprintf-chk.c execution, -Os FAIL: gcc.c-torture/execute/20050502-2.c -Os execution test FAIL: gcc.c-torture/execute/pr42691.c -O1 execution test FAIL: gcc.c-torture/execute/pr42691.c -O2 execution test FAIL: gcc.c-torture/execute/pr42691.c -O2 -flto execution test FAIL: gcc.c-torture/execute/pr42691.c -O2 -flto -flto-partition=none execution test FAIL: gcc.c-torture/execute/pr42691.c -O3 -fomit-frame-pointer -funroll-loops -fpeel-loops -ftracer -finline-functions execution test FAIL: gcc.c-torture/execute/pr42691.c -O3 -g execution test FAIL: gcc.c-torture/execute/pr42691.c -Os execution test FAIL: gcc.c-torture/execute/string-opt-5.c -Os execution test FAIL: gcc.c-torture/execute/struct-ret-1.c -O1 (test for excess errors) UNRESOLVED: gcc.c-torture/execute/struct-ret-1.c -O1 compilation failed to produce executable FAIL: gcc.c-torture/execute/struct-ret-1.c -O2 (test for excess errors) UNRESOLVED: gcc.c-torture/execute/struct-ret-1.c -O2 compilation failed to produce executable FAIL: gcc.c-torture/execute/struct-ret-1.c -O2 -flto (test for excess errors) UNRESOLVED: gcc.c-torture/execute/struct-ret-1.c -O2 -flto compilation failed to produce executable FAIL: gcc.c-torture/execute/struct-ret-1.c -O2 -flto -flto-partition=none (test for excess errors) UNRESOLVED: gcc.c-torture/execute/struct-ret-1.c -O2 -flto -flto-partition=none compilation failed to produce executable FAIL: gcc.c-torture/execute/struct-ret-1.c -O3 -g (test for excess errors) UNRESOLVED: gcc.c-torture/execute/struct-ret-1.c -O3 -g compilation failed to produce executable FAIL: gcc.c-torture/execute/va-arg-4.c -O1 (test for excess errors) UNRESOLVED: gcc.c-torture/execute/va-arg-4.c -O1 compilation failed to produce executable FAIL: gcc.c-torture/execute/va-arg-4.c -O2 (test for excess errors) UNRESOLVED: gcc.c-torture/execute/va-arg-4.c -O2 compilation failed to produce executable FAIL: gcc.c-torture/execute/va-arg-4.c -O2 -flto (test for excess errors) UNRESOLVED: gcc.c-torture/execute/va-arg-4.c -O2 -flto compilation failed to produce executable FAIL: gcc.c-torture/execute/va-arg-4.c -O2 -flto -flto-partition=none (test for excess errors) UNRESOLVED: gcc.c-torture/execute/va-arg-4.c -O2 -flto -flto-partition=none compilation failed to produce executable FAIL: gcc.c-torture/execute/va-arg-4.c -O3 -g (test for excess errors) UNRESOLVED: gcc.c-torture/execute/va-arg-4.c -O3 -g compilation failed to produce executable FAIL: gcc.c-torture/execute/va-arg-4.c -Os (test for excess errors) UNRESOLVED: gcc.c-torture/execute/va-arg-4.c -Os compilation failed to produce executable FAIL: gcc.dg/debug/dwarf2/pr53948.c scan-assembler .loc 1 8 0|[#/!][ \\t]+line 8 FAIL: gcc.dg/debug/dwarf2/prod-options.c scan-assembler DW_AT_producer: "GNU C FAIL: gcc.dg/20020312-2.c execution test FAIL: gcc.dg/array-init-2.c execution test XPASS: gcc.dg/attr-alloc_size-11.c missing range info for short (test for warnings, line 50) XPASS: gcc.dg/attr-alloc_size-11.c missing range info for signed char (test for warnings, line 49) FAIL: gcc.dg/darwin-segaddr.c execution test FAIL: gcc.dg/ira-shrinkwrap-prep-1.c scan-rtl-dump pro_and_epilogue "Performing shrink-wrapping" FAIL: gcc.dg/pow-sqrt-synth-1.c scan-tree-dump-times sincos "synthesizing" 7 FAIL: gcc.dg/pr56228.c (test for excess errors) FAIL: gcc.dg/pr77587.c (test for excess errors) FAIL: gcc.dg/pr77587a.c (test for excess errors) XPASS: gcc.dg/pr78768.c -Wformat-overflow (test for warnings, line 11) FAIL: gcc.dg/sms-4.c scan-rtl-dump-times sms "SMS succeeded" 1 FAIL: gcc.dg/trampoline-1.c execution test FAIL: gcc.dg/uninit-19.c (test for warnings, line 23) FAIL: gcc.dg/uninit-19.c (test for excess errors) FAIL: gcc.dg/ipa/iinline-attr.c scan-ipa-dump inline "hooray[^\\\\n]*inline copy in test" FAIL: gcc.dg/ipa/pr77653.c scan-ipa-dump icf "Not unifying; alias cannot be created; target is discardable" FAIL: gcc.dg/torture/pr53366-1.c -O3 -fomit-frame-pointer -funroll-loops -fpeel-loops -ftracer -finline-functions execution test FAIL: gcc.dg/torture/pr68264.c -O0 execution test FAIL: gcc.dg/torture/pr68264.c -O1 execution test FAIL: gcc.dg/torture/pr68264.c -O2 execution test FAIL: gcc.dg/torture/pr68264.c -O2 -flto execution test FAIL: gcc.dg/torture/pr68264.c -O2 -flto -flto-partition=none execution test FAIL: gcc.dg/torture/pr68264.c -O3 -g execution test FAIL: gcc.dg/torture/pr68264.c -Os execution test FAIL: gcc.dg/tree-prof/section-attr-1.c compilation, -fprofile-generate -D_PROFILE_GENERATE UNRESOLVED: gcc.dg/tree-prof/section-attr-1.c compilation, -fprofile-use -D_PROFILE_USE UNRESOLVED: gcc.dg/tree-prof/section-attr-1.c execution, -fprofile-generate -D_PROFILE_GENERATE UNRESOLVED: gcc.dg/tree-prof/section-attr-1.c execution, -fprofile-use -D_PROFILE_USE FAIL: gcc.dg/tree-prof/section-attr-2.c compilation, -fprofile-generate -D_PROFILE_GENERATE UNRESOLVED: gcc.dg/tree-prof/section-attr-2.c compilation, -fprofile-use -D_PROFILE_USE UNRESOLVED: gcc.dg/tree-prof/section-attr-2.c execution, -fprofile-generate -D_PROFILE_GENERATE UNRESOLVED: gcc.dg/tree-prof/section-attr-2.c execution, -fprofile-use -D_PROFILE_USE FAIL: gcc.dg/tree-prof/section-attr-3.c compilation, -fprofile-generate -D_PROFILE_GENERATE UNRESOLVED: gcc.dg/tree-prof/section-attr-3.c compilation, -fprofile-use -D_PROFILE_USE UNRESOLVED: gcc.dg/tree-prof/section-attr-3.c execution, -fprofile-generate -D_PROFILE_GENERATE UNRESOLVED: gcc.dg/tree-prof/section-attr-3.c execution, -fprofile-use -D_PROFILE_USE FAIL: gcc.dg/tree-ssa/ivopts-lt-2.c scan-tree-dump-times ivopts "PHI <p_" 1 FAIL: gcc.dg/tree-ssa/ivopts-lt-2.c scan-tree-dump-times ivopts "PHI" 1 FAIL: gcc.dg/tree-ssa/ivopts-lt-2.c scan-tree-dump-times ivopts "p_[0-9]* <" 1 FAIL: gcc.dg/tree-ssa/sra-17.c scan-tree-dump-times esra "Removing load: a = \\\\*.?L.?C.?.?.?0;" 1 FAIL: gcc.dg/tree-ssa/sra-17.c scan-tree-dump-times esra "SR\\\\.[0-9_]+ = \\\\*.?L.?C.?.?.?0\\\\[" 4 FAIL: gcc.dg/tree-ssa/sra-18.c scan-tree-dump-times esra "Removing load: a = \\\\*.?L.?C.?.?.?0;" 1 FAIL: gcc.dg/tree-ssa/sra-18.c scan-tree-dump-times esra "SR\\\\.[0-9_]+ = \\\\*.?L.?C.?.?.?0\\\\.b\\\\[0\\\\]\\\\.f\\\\[0\\\\]\\\\.x" 1 FAIL: gcc.dg/tree-ssa/sra-18.c scan-tree-dump-times esra "SR\\\\.[0-9_]+ = \\\\*.?L.?C.?.?.?0\\\\.b\\\\[0\\\\]\\\\.f\\\\[1\\\\]\\\\.x" 1 FAIL: gcc.dg/tree-ssa/sra-18.c scan-tree-dump-times esra "SR\\\\.[0-9_]+ = \\\\*.?L.?C.?.?.?0\\\\.b\\\\[1\\\\]\\\\.f\\\\[0\\\\]\\\\.x" 1 FAIL: gcc.dg/tree-ssa/sra-18.c scan-tree-dump-times esra "SR\\\\.[0-9_]+ = \\\\*.?L.?C.?.?.?0\\\\.b\\\\[1\\\\]\\\\.f\\\\[1\\\\]\\\\.x" 1 FAIL: gcc.dg/vect/costmodel/ppc/costmodel-bb-slp-9a-pr63175.c scan-assembler-not \\tlwz?u?x? FAIL: gcc.dg/vect/costmodel/ppc/costmodel-bb-slp-9a-pr63175.c scan-assembler-not \\tstwu?x? FAIL: gcc.dg/vect/costmodel/ppc/costmodel-pr37194.c scan-tree-dump-times vect "vectorization not profitable" 1 FAIL: gcc.dg/vect/costmodel/ppc/costmodel-pr37194.c scan-tree-dump-times vect "vectorized 1 loops" 1 FAIL: gcc.dg/vect/bb-slp-subgroups-1.c -flto -ffat-lto-objects scan-tree-dump-times slp2 "Basic block will be vectorized using SLP" 1 FAIL: gcc.dg/vect/bb-slp-subgroups-1.c -flto -ffat-lto-objects scan-tree-dump-times slp2 "basic block vectorized" 1 FAIL: gcc.dg/vect/bb-slp-subgroups-1.c scan-tree-dump-times slp2 "Basic block will be vectorized using SLP" 1 FAIL: gcc.dg/vect/bb-slp-subgroups-1.c scan-tree-dump-times slp2 "basic block vectorized" 1 FAIL: gcc.dg/vect/bb-slp-subgroups-2.c -flto -ffat-lto-objects scan-tree-dump-times slp2 "Basic block will be vectorized using SLP" 1 FAIL: gcc.dg/vect/bb-slp-subgroups-2.c -flto -ffat-lto-objects scan-tree-dump-times slp2 "basic block vectorized" 1 FAIL: gcc.dg/vect/bb-slp-subgroups-2.c scan-tree-dump-times slp2 "Basic block will be vectorized using SLP" 1 FAIL: gcc.dg/vect/bb-slp-subgroups-2.c scan-tree-dump-times slp2 "basic block vectorized" 1 FAIL: gcc.dg/vect/bb-slp-subgroups-3.c -flto -ffat-lto-objects scan-tree-dump-times slp2 "Basic block will be vectorized using SLP" 1 FAIL: gcc.dg/vect/bb-slp-subgroups-3.c -flto -ffat-lto-objects scan-tree-dump-times slp2 "basic block vectorized" 1 FAIL: gcc.dg/vect/bb-slp-subgroups-3.c scan-tree-dump-times slp2 "Basic block will be vectorized using SLP" 1 FAIL: gcc.dg/vect/bb-slp-subgroups-3.c scan-tree-dump-times slp2 "basic block vectorized" 1 FAIL: gcc.dg/vect/no-tree-sra-bb-slp-pr50730.c scan-tree-dump-times slp2 "basic block vectorized" 1 FAIL: gcc.dg/vect/no-vfa-vect-depend-2.c scan-tree-dump-times vect "vectorized 1 loops" 1 FAIL: gcc.dg/vect/no-vfa-vect-depend-3.c scan-tree-dump-times vect "vectorized 1 loops" 4 FAIL: gcc.dg/vect/pr46032.c -flto -ffat-lto-objects scan-tree-dump-times vect "note: vectorized 1 loop" 1 FAIL: gcc.dg/vect/pr46032.c scan-tree-dump-times vect "note: vectorized 1 loop" 1 FAIL: gcc.dg/vect/pr48765.c (test for excess errors) FAIL: gcc.dg/vect/pr48765.c -flto -ffat-lto-objects (test for excess errors) FAIL: gcc.dg/vect/section-anchors-vect-69.c scan-tree-dump-times vect "Alignment of access forced using versioning" 4 FAIL: gcc.dg/vect/slp-43.c -flto -ffat-lto-objects scan-tree-dump-times vect "vectorized 1 loops" 2 FAIL: gcc.dg/vect/slp-43.c scan-tree-dump-times vect "vectorized 1 loops" 2 FAIL: gcc.dg/vect/vect-117.c -flto -ffat-lto-objects scan-tree-dump-times vect "vectorized 1 loops" 1 FAIL: gcc.dg/vect/vect-117.c scan-tree-dump-times vect "vectorized 1 loops" 1 XPASS: gcc.dg/vect/vect-24.c -flto -ffat-lto-objects scan-tree-dump-times vect "vectorized 3 loops" 1 XPASS: gcc.dg/vect/vect-24.c scan-tree-dump-times vect "vectorized 3 loops" 1 FAIL: gcc.dg/vect/vect-31.c -flto -ffat-lto-objects scan-tree-dump-times vect "vectorized 4 loops" 1 FAIL: gcc.dg/vect/vect-31.c scan-tree-dump-times vect "vectorized 4 loops" 1 FAIL: gcc.dg/vect/vect-strided-a-u8-i2-gap.c -flto -ffat-lto-objects scan-tree-dump-times vect "vectorized 1 loops" 1 FAIL: gcc.dg/vect/vect-strided-a-u8-i2-gap.c scan-tree-dump-times vect "vectorized 1 loops" 1 FAIL: gcc.dg/vect/vect-tail-nomask-1.c (test for excess errors) FAIL: gcc.dg/vect/vect-tail-nomask-1.c -flto -ffat-lto-objects (test for excess errors) UNRESOLVED: gcc.dg/vect/vect-tail-nomask-1.c -flto -ffat-lto-objects compilation failed to produce executable UNRESOLVED: gcc.dg/vect/vect-tail-nomask-1.c compilation failed to produce executable FAIL: gcc.target/powerpc/bswap64-1.c (test for excess errors) FAIL: gcc.target/powerpc/compress-float-ppc-pic.c (test for excess errors) FAIL: gcc.target/powerpc/compress-float-ppc.c (test for excess errors) UNRESOLVED: gcc.target/powerpc/dfmode_off.c object-size text == 320 UNRESOLVED: gcc.target/powerpc/dimode_off.c object-size text == 440 FAIL: gcc.target/powerpc/optimize-bswapdi-2.c (test for excess errors) FAIL: gcc.target/powerpc/optimize-bswapdi-3.c (test for excess errors) FAIL: gcc.target/powerpc/optimize-bswapdi-3.c scan-assembler ldbrx FAIL: gcc.target/powerpc/optimize-bswapdi-3.c scan-assembler stdbrx FAIL: gcc.target/powerpc/optimize-bswapsi-2.c (test for excess errors) FAIL: gcc.target/powerpc/ppc-fsel-1.c scan-assembler fsel FAIL: gcc.target/powerpc/pr17381.c scan-assembler-times fmr 1 FAIL: gcc.target/powerpc/pr46728-16.c (test for excess errors) FAIL: gcc.target/powerpc/pr46728-16.c scan-assembler fmadd FAIL: gcc.target/powerpc/pr63491.c (test for excess errors) FAIL: gcc.target/powerpc/pr67071-1.c (test for excess errors) FAIL: gcc.target/powerpc/pr67071-2.c (test for excess errors) FAIL: gcc.target/powerpc/pr67071-3.c (test for excess errors) FAIL: gcc.target/powerpc/pr69969.c (test for excess errors) FAIL: gcc.target/powerpc/pr71310.c scan-assembler-not \\\\mld FAIL: gcc.target/powerpc/pr71785.c scan-assembler-not \\\\mb\\\\M FAIL: gcc.target/powerpc/recip-4.c (test for excess errors) FAIL: gcc.target/powerpc/recip-4.c scan-assembler-times xvmadd.dp 3 FAIL: gcc.target/powerpc/recip-4.c scan-assembler-times xvmadd.sp 1 FAIL: gcc.target/powerpc/recip-4.c scan-assembler-times xvmuldp 2 FAIL: gcc.target/powerpc/recip-4.c scan-assembler-times xvmulsp 2 FAIL: gcc.target/powerpc/recip-4.c scan-assembler-times xvnmsub.dp 2 FAIL: gcc.target/powerpc/recip-4.c scan-assembler-times xvnmsub.sp 1 FAIL: gcc.target/powerpc/recip-4.c scan-assembler-times xvrsqrtedp 1 FAIL: gcc.target/powerpc/recip-4.c scan-assembler-times xvrsqrtesp 1 FAIL: gcc.target/powerpc/recip-sqrtf.c (test for excess errors) FAIL: gcc.target/powerpc/recip-sqrtf.c scan-assembler-times frsqrtes 3 FAIL: gcc.target/powerpc/rldic-0.c scan-assembler-times (?n)^\\\\s+[a-z] 1799 FAIL: gcc.target/powerpc/rldic-1.c scan-assembler-times (?n)^\\\\s+[a-z] 1799 FAIL: gcc.target/powerpc/rldic-2.c scan-assembler-times (?n)^\\\\s+[a-z] 1799 FAIL: gcc.target/powerpc/rldicl-0.c scan-assembler-times (?n)^\\\\s+[a-z] 1799 FAIL: gcc.target/powerpc/rldicl-1.c scan-assembler-times (?n)^\\\\s+[a-z] 1799 FAIL: gcc.target/powerpc/rldicl-2.c scan-assembler-times (?n)^\\\\s+[a-z] 1799 FAIL: gcc.target/powerpc/rldicr-0.c scan-assembler-times (?n)^\\\\s+[a-z] 1799 FAIL: gcc.target/powerpc/rldicr-1.c scan-assembler-times (?n)^\\\\s+[a-z] 1799 FAIL: gcc.target/powerpc/rldicr-2.c scan-assembler-times (?n)^\\\\s+[a-z] 1799 FAIL: gcc.target/powerpc/rldimi-0.c scan-assembler-times (?n)^\\\\s+[a-z] 4471 FAIL: gcc.target/powerpc/rldimi-1.c scan-assembler-times (?n)^\\\\s+[a-z] 4045 FAIL: gcc.target/powerpc/rldimi-2.c scan-assembler-times (?n)^\\\\s+[a-z] 3628 FAIL: gcc.target/powerpc/rlwimi-0.c scan-assembler-times (?n)^\\\\s+[a-z] 19909 FAIL: gcc.target/powerpc/rlwimi-1.c scan-assembler-times (?n)^\\\\s+[a-z] 20217 FAIL: gcc.target/powerpc/rlwimi-2.c scan-assembler-times (?n)^\\\\s+[a-z] 20217 FAIL: gcc.target/powerpc/rlwinm-0.c scan-assembler-times (?n)^\\\\s+[a-z] 9730 FAIL: gcc.target/powerpc/rlwinm-1.c scan-assembler-times (?n)^\\\\s+[a-z] 9606 FAIL: gcc.target/powerpc/rlwinm-2.c scan-assembler-times (?n)^\\\\s+[a-z] 9466 FAIL: gcc.target/powerpc/savres.c -O2 execution test FAIL: gcc.target/powerpc/savres.c -O2 -mno-multiple execution test FAIL: gcc.target/powerpc/savres.c -Os execution test FAIL: gcc.target/powerpc/savres.c -Os -mno-multiple execution test FAIL: gcc.target/powerpc/savres.c execution test FAIL: gcc.target/powerpc/shift-int.c scan-assembler-times (?n)^\\\\s+[a-z] 16 FAIL: gcc.target/powerpc/shrink-wrap-separate-0.c scan-assembler #before\\\\M.*\\\\mmflr\\\\M FAIL: gcc.target/powerpc/shrink-wrap-separate-1.c scan-assembler \\\\mmflr\\\\M.*\\\\mbl\\\\M.*\\\\mmflr\\\\M.*\\\\mbl\\\\M UNRESOLVED: gcc.target/powerpc/tfmode_off.c object-size text == 544 FAIL: gcc.target/powerpc/timode_off.c (test for excess errors) UNRESOLVED: gcc.target/powerpc/timode_off.c object-size text <= 700 === gcc Summary for unix/-m64 === # of expected passes 98742 # of unexpected failures 169 # of unexpected successes 5 # of expected failures 332 # of unresolved testcases 26 # of unsupported tests 3144 === gcc Summary === # of expected passes 196542 # of unexpected failures 360 # of unexpected successes 11 # of expected failures 650 # of unresolved testcases 53 # of unsupported tests 6378 /Volumes/scratch/10-5-leo/powerpc-trunk/gcc/xgcc version 7.0.1 20170126 (experimental) [trunk revision 244915] (GCC) === gfortran tests === Running target unix/-m32 FAIL: gfortran.dg/erf_3.F90 -O0 execution test FAIL: gfortran.dg/erf_3.F90 -O1 execution test FAIL: gfortran.dg/erf_3.F90 -O2 execution test FAIL: gfortran.dg/erf_3.F90 -O3 -fomit-frame-pointer -funroll-loops -fpeel-loops -ftracer -finline-functions execution test FAIL: gfortran.dg/erf_3.F90 -O3 -g execution test FAIL: gfortran.dg/erf_3.F90 -Os execution test FAIL: gfortran.dg/large_real_kind_3.F90 -O0 execution test XPASS: gfortran.dg/namelist_utf8.f90 -O0 execution test XPASS: gfortran.dg/namelist_utf8.f90 -O1 execution test XPASS: gfortran.dg/namelist_utf8.f90 -O2 execution test XPASS: gfortran.dg/namelist_utf8.f90 -O3 -fomit-frame-pointer -funroll-loops -fpeel-loops -ftracer -finline-functions execution test XPASS: gfortran.dg/namelist_utf8.f90 -O3 -g execution test XPASS: gfortran.dg/namelist_utf8.f90 -Os execution test FAIL: gfortran.dg/gomp/target1.f90 -O (internal compiler error) FAIL: gfortran.dg/gomp/target1.f90 -O (test for excess errors) FAIL: gfortran.dg/vect/pr45714-b.f -O (test for excess errors) FAIL: gfortran.dg/vect/pr48329.f90 -O scan-tree-dump-times vect "vectorized 1 loops" 1 FAIL: gfortran.dg/vect/pr62283-2.f -O scan-tree-dump slp2 "basic block vectorized" === gfortran Summary for unix/-m32 === # of expected passes 43918 # of unexpected failures 12 # of unexpected successes 6 # of expected failures 102 # of unsupported tests 215 Running target unix/-m64 FAIL: gfortran.dg/allocatable_scalar_13.f90 -Os execution test FAIL: gfortran.dg/argument_checking_1.f90 -Os execution test FAIL: gfortran.dg/array_assignment_1.F90 -Os execution test FAIL: gfortran.dg/array_constructor_36.f90 -Os execution test FAIL: gfortran.dg/array_constructor_49.f90 -Os execution test FAIL: gfortran.dg/arrayio_11.f90 -Os execution test FAIL: gfortran.dg/arrayio_12.f90 -Os execution test FAIL: gfortran.dg/arrayio_2.f90 -Os execution test FAIL: gfortran.dg/arrayio_6.f90 -Os execution test FAIL: gfortran.dg/arrayio_8.f90 -Os execution test FAIL: gfortran.dg/char4_iunit_2.f03 -Os execution test FAIL: gfortran.dg/char_result_12.f90 -Os execution test FAIL: gfortran.dg/character_array_constructor_1.f90 -Os execution test FAIL: gfortran.dg/dec_union_4.f90 -Os execution test FAIL: gfortran.dg/deferred_character_7.f90 -Os execution test FAIL: gfortran.dg/deferred_type_component_1.f90 -Os execution test FAIL: gfortran.dg/dtio_4.f90 -Os execution test FAIL: gfortran.dg/erf_3.F90 -O0 execution test FAIL: gfortran.dg/erf_3.F90 -O1 execution test FAIL: gfortran.dg/erf_3.F90 -O2 execution test FAIL: gfortran.dg/erf_3.F90 -O3 -fomit-frame-pointer -funroll-loops -fpeel-loops -ftracer -finline-functions execution test FAIL: gfortran.dg/erf_3.F90 -O3 -g execution test FAIL: gfortran.dg/erf_3.F90 -Os execution test FAIL: gfortran.dg/filename_null.f90 -Os execution test FAIL: gfortran.dg/fmt_error_10.f -Os execution test FAIL: gfortran.dg/fmt_tl.f -Os execution test FAIL: gfortran.dg/func_result_2.f90 -Os execution test FAIL: gfortran.dg/generic_15.f90 -Os execution test FAIL: gfortran.dg/inquire_7.f90 -Os execution test FAIL: gfortran.dg/intrinsic_pack_1.f90 -O1 execution test FAIL: gfortran.dg/intrinsic_pack_1.f90 -O2 execution test FAIL: gfortran.dg/intrinsic_unpack_1.f90 -O1 execution test FAIL: gfortran.dg/intrinsic_unpack_1.f90 -O2 execution test FAIL: gfortran.dg/intrinsic_unpack_1.f90 -O3 -fomit-frame-pointer -funroll-loops -fpeel-loops -ftracer -finline-functions execution test FAIL: gfortran.dg/intrinsic_unpack_1.f90 -O3 -g execution test FAIL: gfortran.dg/large_real_kind_3.F90 -O0 execution test FAIL: gfortran.dg/namelist_14.f90 -Os execution test FAIL: gfortran.dg/namelist_22.f90 -Os execution test FAIL: gfortran.dg/namelist_79.f90 -Os execution test XPASS: gfortran.dg/namelist_utf8.f90 -O0 execution test XPASS: gfortran.dg/namelist_utf8.f90 -O1 execution test XPASS: gfortran.dg/namelist_utf8.f90 -O2 execution test XPASS: gfortran.dg/namelist_utf8.f90 -O3 -fomit-frame-pointer -funroll-loops -fpeel-loops -ftracer -finline-functions execution test XPASS: gfortran.dg/namelist_utf8.f90 -O3 -g execution test XPASS: gfortran.dg/namelist_utf8.f90 -Os execution test FAIL: gfortran.dg/nan_3.f90 -Os execution test FAIL: gfortran.dg/pointer_assign_4.f90 -O3 -fomit-frame-pointer -funroll-loops -fpeel-loops -ftracer -finline-functions execution test FAIL: gfortran.dg/pr47757-1.f90 -O1 execution test FAIL: gfortran.dg/pr47757-2.f90 -O1 execution test FAIL: gfortran.dg/read_comma.f -Os execution test FAIL: gfortran.dg/reshape_pad_1.f90 -Os execution test FAIL: gfortran.dg/streamio_14.f90 -Os execution test FAIL: gfortran.dg/string_pad_trunc.f90 -Os execution test FAIL: gfortran.dg/trim_optimize_4.f90 -Os execution test FAIL: gfortran.dg/unlimited_polymorphic_1.f03 -Os execution test FAIL: gfortran.dg/unlimited_polymorphic_18.f90 -O3 -fomit-frame-pointer -funroll-loops -fpeel-loops -ftracer -finline-functions execution test FAIL: gfortran.dg/used_interface_ref.f90 -O3 -fomit-frame-pointer -funroll-loops -fpeel-loops -ftracer -finline-functions execution test FAIL: gfortran.dg/vector_subscript_1.f90 -O1 execution test FAIL: gfortran.dg/x_slash_1.f -Os execution test FAIL: gfortran.dg/vect/pr45714-b.f -O (test for excess errors) FAIL: gfortran.dg/vect/pr48329.f90 -O scan-tree-dump-times vect "vectorized 1 loops" 1 FAIL: gfortran.dg/vect/pr62283-2.f -O scan-tree-dump slp2 "basic block vectorized" FAIL: gfortran.fortran-torture/execute/adjustr.f90 execution, -Os FAIL: gfortran.fortran-torture/execute/internal_write.f90 execution, -Os FAIL: gfortran.fortran-torture/execute/intrinsic_mmval.f90 execution, -Os FAIL: gfortran.fortran-torture/execute/intrinsic_product.f90 execution, -Os FAIL: gfortran.fortran-torture/execute/intrinsic_sum.f90 execution, -Os FAIL: gfortran.fortran-torture/execute/intrinsic_trim.f90 execution, -Os FAIL: gfortran.fortran-torture/execute/straret.f90 execution, -Os === gfortran Summary for unix/-m64 === # of expected passes 44112 # of unexpected failures 63 # of unexpected successes 6 # of expected failures 108 # of unsupported tests 94 === gfortran Summary === # of expected passes 88030 # of unexpected failures 75 # of unexpected successes 12 # of expected failures 210 # of unsupported tests 309 /Volumes/scratch/10-5-leo/powerpc-trunk/gcc/testsuite/gfortran/../../gfortran version 7.0.1 20170126 (experimental) [trunk revision 244915] (GCC) === gnat tests === Running target unix/-m32 FAIL: gnat.dg/opt49.adb (test for excess errors) UNRESOLVED: gnat.dg/opt49.adb compilation failed to produce executable FAIL: gnat.dg/stack_check2.adb (test for excess errors) UNRESOLVED: gnat.dg/stack_check2.adb compilation failed to produce executable === gnat Summary for unix/-m32 === # of expected passes 2523 # of unexpected failures 2 # of expected failures 24 # of unresolved testcases 2 # of unsupported tests 23 Running target unix/-m64 FAIL: gnat.dg/opt49.adb (test for excess errors) UNRESOLVED: gnat.dg/opt49.adb compilation failed to produce executable FAIL: gnat.dg/socket1.adb execution test FAIL: gnat.dg/stack_check2.adb (test for excess errors) UNRESOLVED: gnat.dg/stack_check2.adb compilation failed to produce executable === gnat Summary for unix/-m64 === # of expected passes 2522 # of unexpected failures 3 # of expected failures 24 # of unresolved testcases 2 # of unsupported tests 23 === gnat Summary === # of expected passes 5045 # of unexpected failures 5 # of expected failures 48 # of unresolved testcases 4 # of unsupported tests 46 /Volumes/scratch/10-5-leo/powerpc-trunk/gcc/gnatmake version 7.0.1 20170126 (experimental) [trunk revision 244915] === obj-c++ tests === Running target unix/-m32 FAIL: obj-c++.dg/cxx-ivars-3.mm -fnext-runtime (test for excess errors) UNRESOLVED: obj-c++.dg/cxx-ivars-3.mm -fnext-runtime compilation failed to produce executable FAIL: obj-c++.dg/stubify-1.mm -fnext-runtime (test for excess errors) FAIL: obj-c++.dg/property/at-property-23.mm -fgnu-runtime (test for excess errors) FAIL: obj-c++.dg/property/at-property-23.mm -fnext-runtime (test for excess errors) === obj-c++ Summary for unix/-m32 === # of expected passes 3110 # of unexpected failures 4 # of expected failures 2 # of unresolved testcases 1 # of unsupported tests 62 Running target unix/-m64 FAIL: obj-c++.dg/cxx-ivars-3.mm -fnext-runtime (test for excess errors) UNRESOLVED: obj-c++.dg/cxx-ivars-3.mm -fnext-runtime compilation failed to produce executable FAIL: obj-c++.dg/property/at-property-23.mm -fgnu-runtime (test for excess errors) FAIL: obj-c++.dg/property/at-property-23.mm -fnext-runtime (test for excess errors) === obj-c++ Summary for unix/-m64 === # of expected passes 3062 # of unexpected failures 3 # of expected failures 18 # of unresolved testcases 1 # of unsupported tests 67 === obj-c++ Summary === # of expected passes 6172 # of unexpected failures 7 # of expected failures 20 # of unresolved testcases 2 # of unsupported tests 129 /Volumes/scratch/10-5-leo/powerpc-trunk/gcc/testsuite/obj-c++/../../xg++ version 7.0.1 20170126 (experimental) [trunk revision 244915] (GCC) === objc tests === Running target unix/-m32 FAIL: objc.dg/fix-and-continue-1.m -fgnu-runtime execution test FAIL: objc.dg/ivar-scope-4.m -fnext-runtime execution test === objc Summary for unix/-m32 === # of expected passes 5674 # of unexpected failures 2 # of expected failures 4 # of unsupported tests 78 Running target unix/-m64 FAIL: objc.dg/fix-and-continue-1.m -fgnu-runtime execution test FAIL: objc.dg/ivar-scope-4.m -fnext-runtime execution test === objc Summary for unix/-m64 === # of expected passes 5630 # of unexpected failures 2 # of expected failures 6 # of unsupported tests 85 === objc Summary === # of expected passes 11304 # of unexpected failures 4 # of expected failures 10 # of unsupported tests 163 /Volumes/scratch/10-5-leo/powerpc-trunk/gcc/xgcc version 7.0.1 20170126 (experimental) [trunk revision 244915] (GCC) === libatomic tests === Running target unix/-m32 === libatomic Summary for unix/-m32 === # of expected passes 44 # of unsupported tests 5 Running target unix/-m64 === libatomic Summary for unix/-m64 === # of expected passes 54 === libatomic Summary === # of expected passes 98 # of unsupported tests 5 === libgomp tests === Running target unix/-m32 FAIL: libgomp.oacc-c/../libgomp.oacc-c-c++-common/atomic_update-1.c -DACC_DEVICE_TYPE_host=1 -DACC_MEM_SHARED=1 -O2 execution test FAIL: libgomp.oacc-c++/../libgomp.oacc-c-c++-common/atomic_update-1.c -DACC_DEVICE_TYPE_host=1 -DACC_MEM_SHARED=1 -O2 execution test === libgomp Summary for unix/-m32 === # of expected passes 4998 # of unexpected failures 2 # of unsupported tests 382 Running target unix/-m64 FAIL: libgomp.fortran/character1.f90 -Os execution test FAIL: libgomp.fortran/doacross1.f90 -O1 execution test FAIL: libgomp.fortran/doacross2.f90 -O1 execution test FAIL: libgomp.fortran/examples-4/target-1.f90 -O3 -fomit-frame-pointer -funroll-loops -fpeel-loops -ftracer -finline-functions execution test FAIL: libgomp.fortran/examples-4/target-2.f90 -O3 -fomit-frame-pointer -funroll-loops -fpeel-loops -ftracer -finline-functions execution test FAIL: libgomp.fortran/examples-4/target-3.f90 -O3 -fomit-frame-pointer -funroll-loops -fpeel-loops -ftracer -finline-functions execution test FAIL: libgomp.fortran/examples-4/target-4.f90 -O3 -fomit-frame-pointer -funroll-loops -fpeel-loops -ftracer -finline-functions execution test FAIL: libgomp.fortran/examples-4/target_data-1.f90 -O3 -fomit-frame-pointer -funroll-loops -fpeel-loops -ftracer -finline-functions execution test FAIL: libgomp.fortran/examples-4/target_data-2.f90 -O3 -fomit-frame-pointer -funroll-loops -fpeel-loops -ftracer -finline-functions execution test FAIL: libgomp.fortran/examples-4/target_data-4.f90 -O3 -fomit-frame-pointer -funroll-loops -fpeel-loops -ftracer -finline-functions execution test FAIL: libgomp.fortran/examples-4/target_data-5.f90 -O3 -fomit-frame-pointer -funroll-loops -fpeel-loops -ftracer -finline-functions execution test FAIL: libgomp.fortran/examples-4/target_update-1.f90 -O3 -fomit-frame-pointer -funroll-loops -fpeel-loops -ftracer -finline-functions execution test FAIL: libgomp.fortran/examples-4/teams-5.f90 -O3 -fomit-frame-pointer -funroll-loops -fpeel-loops -ftracer -finline-functions execution test FAIL: libgomp.fortran/examples-4/teams-6.f90 -O3 -fomit-frame-pointer -funroll-loops -fpeel-loops -ftracer -finline-functions execution test FAIL: libgomp.fortran/nestedfn5.f90 -O1 (internal compiler error) FAIL: libgomp.fortran/nestedfn5.f90 -O1 (test for excess errors) UNRESOLVED: libgomp.fortran/nestedfn5.f90 -O1 compilation failed to produce executable FAIL: libgomp.fortran/nestedfn5.f90 -O3 -fomit-frame-pointer -funroll-loops -fpeel-loops -ftracer -finline-functions (internal compiler error) FAIL: libgomp.fortran/nestedfn5.f90 -O3 -fomit-frame-pointer -funroll-loops -fpeel-loops -ftracer -finline-functions (test for excess errors) UNRESOLVED: libgomp.fortran/nestedfn5.f90 -O3 -fomit-frame-pointer -funroll-loops -fpeel-loops -ftracer -finline-functions compilation failed to produce executable FAIL: libgomp.fortran/nestedfn5.f90 -O3 -g (internal compiler error) FAIL: libgomp.fortran/nestedfn5.f90 -O3 -g (test for excess errors) UNRESOLVED: libgomp.fortran/nestedfn5.f90 -O3 -g compilation failed to produce executable FAIL: libgomp.fortran/target1.f90 -O3 -fomit-frame-pointer -funroll-loops -fpeel-loops -ftracer -finline-functions execution test FAIL: libgomp.fortran/target2.f90 -O1 execution test FAIL: libgomp.fortran/target6.f90 -O3 -fomit-frame-pointer -funroll-loops -fpeel-loops -ftracer -finline-functions execution test === libgomp Summary for unix/-m64 === # of expected passes 4977 # of unexpected failures 23 # of unresolved testcases 3 # of unsupported tests 382 === libgomp Summary === # of expected passes 9975 # of unexpected failures 25 # of unresolved testcases 3 # of unsupported tests 764 === libitm tests === Running target unix/-m32 FAIL: libitm.c/alloc-1.c (test for excess errors) UNRESOLVED: libitm.c/alloc-1.c compilation failed to produce executable FAIL: libitm.c/cancel.c (test for excess errors) UNRESOLVED: libitm.c/cancel.c compilation failed to produce executable FAIL: libitm.c/clone-1.c (test for excess errors) UNRESOLVED: libitm.c/clone-1.c compilation failed to produce executable FAIL: libitm.c/dropref-2.c (test for excess errors) UNRESOLVED: libitm.c/dropref-2.c compilation failed to produce executable FAIL: libitm.c/dropref.c (test for excess errors) UNRESOLVED: libitm.c/dropref.c compilation failed to produce executable FAIL: libitm.c/memcpy-1.c (test for excess errors) UNRESOLVED: libitm.c/memcpy-1.c compilation failed to produce executable FAIL: libitm.c/memset-1.c (test for excess errors) UNRESOLVED: libitm.c/memset-1.c compilation failed to produce executable FAIL: libitm.c/notx.c (test for excess errors) UNRESOLVED: libitm.c/notx.c compilation failed to produce executable FAIL: libitm.c/priv-1.c (test for excess errors) UNRESOLVED: libitm.c/priv-1.c compilation failed to produce executable FAIL: libitm.c/reentrant.c (test for excess errors) UNRESOLVED: libitm.c/reentrant.c compilation failed to produce executable FAIL: libitm.c/simple-1.c (test for excess errors) UNRESOLVED: libitm.c/simple-1.c compilation failed to produce executable FAIL: libitm.c/simple-2.c (test for excess errors) UNRESOLVED: libitm.c/simple-2.c compilation failed to produce executable FAIL: libitm.c/stackundo.c (test for excess errors) UNRESOLVED: libitm.c/stackundo.c compilation failed to produce executable FAIL: libitm.c/txrelease.c (test for excess errors) UNRESOLVED: libitm.c/txrelease.c compilation failed to produce executable FAIL: libitm.c++/dropref.C (test for excess errors) UNRESOLVED: libitm.c++/dropref.C compilation failed to produce executable FAIL: libitm.c++/eh-1.C (test for excess errors) UNRESOLVED: libitm.c++/eh-1.C compilation failed to produce executable FAIL: libitm.c++/eh-2.C (test for excess errors) UNRESOLVED: libitm.c++/eh-2.C compilation failed to produce executable FAIL: libitm.c++/eh-3.C (test for excess errors) UNRESOLVED: libitm.c++/eh-3.C compilation failed to produce executable FAIL: libitm.c++/eh-4.C (test for excess errors) UNRESOLVED: libitm.c++/eh-4.C compilation failed to produce executable FAIL: libitm.c++/eh-5.C (test for excess errors) UNRESOLVED: libitm.c++/eh-5.C compilation failed to produce executable FAIL: libitm.c++/newdelete.C (test for excess errors) UNRESOLVED: libitm.c++/newdelete.C compilation failed to produce executable === libitm Summary for unix/-m32 === # of expected passes 1 # of unexpected failures 21 # of unresolved testcases 21 # of unsupported tests 2 Running target unix/-m64 FAIL: libitm.c/alloc-1.c (test for excess errors) UNRESOLVED: libitm.c/alloc-1.c compilation failed to produce executable FAIL: libitm.c/cancel.c (test for excess errors) UNRESOLVED: libitm.c/cancel.c compilation failed to produce executable FAIL: libitm.c/clone-1.c (test for excess errors) UNRESOLVED: libitm.c/clone-1.c compilation failed to produce executable FAIL: libitm.c/dropref-2.c (test for excess errors) UNRESOLVED: libitm.c/dropref-2.c compilation failed to produce executable FAIL: libitm.c/dropref.c (test for excess errors) UNRESOLVED: libitm.c/dropref.c compilation failed to produce executable FAIL: libitm.c/memcpy-1.c (test for excess errors) UNRESOLVED: libitm.c/memcpy-1.c compilation failed to produce executable FAIL: libitm.c/memset-1.c (test for excess errors) UNRESOLVED: libitm.c/memset-1.c compilation failed to produce executable FAIL: libitm.c/notx.c (test for excess errors) UNRESOLVED: libitm.c/notx.c compilation failed to produce executable FAIL: libitm.c/priv-1.c (test for excess errors) UNRESOLVED: libitm.c/priv-1.c compilation failed to produce executable FAIL: libitm.c/reentrant.c (test for excess errors) UNRESOLVED: libitm.c/reentrant.c compilation failed to produce executable FAIL: libitm.c/simple-1.c (test for excess errors) UNRESOLVED: libitm.c/simple-1.c compilation failed to produce executable FAIL: libitm.c/simple-2.c (test for excess errors) UNRESOLVED: libitm.c/simple-2.c compilation failed to produce executable FAIL: libitm.c/stackundo.c (test for excess errors) UNRESOLVED: libitm.c/stackundo.c compilation failed to produce executable FAIL: libitm.c/txrelease.c (test for excess errors) UNRESOLVED: libitm.c/txrelease.c compilation failed to produce executable FAIL: libitm.c++/dropref.C (test for excess errors) UNRESOLVED: libitm.c++/dropref.C compilation failed to produce executable FAIL: libitm.c++/eh-1.C (test for excess errors) UNRESOLVED: libitm.c++/eh-1.C compilation failed to produce executable FAIL: libitm.c++/eh-2.C (test for excess errors) UNRESOLVED: libitm.c++/eh-2.C compilation failed to produce executable FAIL: libitm.c++/eh-3.C (test for excess errors) UNRESOLVED: libitm.c++/eh-3.C compilation failed to produce executable FAIL: libitm.c++/eh-4.C (test for excess errors) UNRESOLVED: libitm.c++/eh-4.C compilation failed to produce executable FAIL: libitm.c++/eh-5.C (test for excess errors) UNRESOLVED: libitm.c++/eh-5.C compilation failed to produce executable FAIL: libitm.c++/newdelete.C (test for excess errors) UNRESOLVED: libitm.c++/newdelete.C compilation failed to produce executable === libitm Summary for unix/-m64 === # of expected passes 1 # of unexpected failures 21 # of unresolved testcases 21 # of unsupported tests 2 === libitm Summary === # of expected passes 2 # of unexpected failures 42 # of unresolved testcases 42 # of unsupported tests 4 === libstdc++ tests === Running target unix/-m32 FAIL: 17_intro/headers/c++1998/all_attributes.cc (test for excess errors) FAIL: 17_intro/headers/c++2011/all_attributes.cc (test for excess errors) FAIL: 17_intro/headers/c++2014/all_attributes.cc (test for excess errors) FAIL: 20_util/allocator/overaligned.cc execution test FAIL: ext/bitmap_allocator/overaligned.cc execution test FAIL: ext/mt_allocator/deallocate_global_thread-1.cc execution test FAIL: ext/mt_allocator/deallocate_global_thread-3.cc execution test FAIL: ext/mt_allocator/overaligned.cc execution test FAIL: ext/new_allocator/overaligned.cc execution test FAIL: ext/pool_allocator/overaligned.cc execution test FAIL: tr1/8_c_compatibility/cmath/pow_cmath.cc (test for excess errors) === libstdc++ Summary for unix/-m32 === # of expected passes 10631 # of unexpected failures 11 # of expected failures 66 # of unsupported tests 676 Running target unix/-m64 FAIL: 17_intro/headers/c++1998/all_attributes.cc (test for excess errors) FAIL: 17_intro/headers/c++2011/all_attributes.cc (test for excess errors) FAIL: 17_intro/headers/c++2014/all_attributes.cc (test for excess errors) FAIL: 20_util/allocator/overaligned.cc execution test FAIL: 21_strings/char_traits/requirements/short/1.cc execution test FAIL: experimental/filesystem/operations/last_write_time.cc execution test FAIL: ext/bitmap_allocator/overaligned.cc execution test FAIL: ext/mt_allocator/deallocate_global_thread-1.cc execution test FAIL: ext/mt_allocator/deallocate_global_thread-3.cc execution test FAIL: ext/mt_allocator/overaligned.cc execution test FAIL: ext/new_allocator/overaligned.cc execution test FAIL: ext/pool_allocator/overaligned.cc execution test FAIL: tr1/8_c_compatibility/cmath/pow_cmath.cc (test for excess errors) === libstdc++ Summary for unix/-m64 === # of expected passes 10627 # of unexpected failures 13 # of expected failures 66 # of unsupported tests 677 === libstdc++ Summary === # of expected passes 21258 # of unexpected failures 24 # of expected failures 132 # of unsupported tests 1353 Compiler version: 7.0.1 20170126 (experimental) [trunk revision 244915] (GCC) Platform: powerpc-apple-darwin9 configure flags: --prefix=/opt/iains/powerpc-apple-darwin9/gcc-7-0 --target=powerpc-apple-darwin9 --host=powerpc-apple-darwin9 --build=powerpc-apple-darwin9 --enable-checking=yes,tree,rtl --disable-nls --enable-lto --disable-libstdcxx-pch --enable-languages=all,ada,obj-c++ CC=powerpc-apple-darwin-gcc CXX=powerpc-apple-darwin-g++
Attachment:
0001-Darwin-powerpc-Fix-bootstrap-PR77359-by-copying-AIX-.txt
Description: Text document
Attachment:
0002-Darwin-PPC-Remove-uses-of-LR-in-restore_world.txt
Description: Text document
Attachment:
0003-Darwin-PPC-Fix-Fortran-bootstrap-by-fixing-ppc-setjm.txt
Description: Text document
Attachment:
0004-Update-of-__gnat_lwp_self-with-fixes-for-Darwin9.txt
Description: Text document
Index Nav: | [Date Index] [Subject Index] [Author Index] [Thread Index] | |
---|---|---|
Message Nav: | [Date Prev] [Date Next] | [Thread Prev] [Thread Next] |