This is the mail archive of the
gcc-testresults@gcc.gnu.org
mailing list for the GCC project.
Results for 7.0.1 20170127 (experimental) [trunk revision 244964] (GCC) testsuite on sparcv9-sun-solaris2.12
- From: Rainer Orth <ro at CeBiTec dot Uni-Bielefeld dot DE>
- To: gcc-testresults at gcc dot gnu dot org
- Date: Sun, 29 Jan 2017 00:12:16 +0100 (MET)
- Subject: Results for 7.0.1 20170127 (experimental) [trunk revision 244964] (GCC) testsuite on sparcv9-sun-solaris2.12
- Authentication-results: sourceware.org; auth=none
LAST_UPDATED: Fri Jan 27 11:14:23 UTC 2017 (revision 244964)
=== acats tests ===
=== acats Summary ===
# of expected passes 2320
# of unexpected failures 0
Native configuration is sparcv9-sun-solaris2.12
=== g++ tests ===
Running target unix
FAIL: g++.dg/gcov/pr16855-priority.C -std=gnu++11 gcov: 1 failures in line counts, 0 in branch percentages, 0 in return percentages, 0 in intermediate format
FAIL: g++.dg/gcov/pr16855-priority.C -std=gnu++11 line 22: is #####:should be 1
FAIL: g++.dg/gcov/pr16855-priority.C -std=gnu++14 gcov: 1 failures in line counts, 0 in branch percentages, 0 in return percentages, 0 in intermediate format
FAIL: g++.dg/gcov/pr16855-priority.C -std=gnu++14 line 22: is #####:should be 1
FAIL: g++.dg/gcov/pr16855-priority.C -std=gnu++98 gcov: 1 failures in line counts, 0 in branch percentages, 0 in return percentages, 0 in intermediate format
FAIL: g++.dg/gcov/pr16855-priority.C -std=gnu++98 line 22: is #####:should be 1
FAIL: g++.dg/gcov/pr16855.C -std=gnu++11 gcov: 1 failures in line counts, 0 in branch percentages, 0 in return percentages, 0 in intermediate format
FAIL: g++.dg/gcov/pr16855.C -std=gnu++11 line 21: is #####:should be 1
FAIL: g++.dg/gcov/pr16855.C -std=gnu++14 gcov: 1 failures in line counts, 0 in branch percentages, 0 in return percentages, 0 in intermediate format
FAIL: g++.dg/gcov/pr16855.C -std=gnu++14 line 21: is #####:should be 1
FAIL: g++.dg/gcov/pr16855.C -std=gnu++98 gcov: 1 failures in line counts, 0 in branch percentages, 0 in return percentages, 0 in intermediate format
FAIL: g++.dg/gcov/pr16855.C -std=gnu++98 line 21: is #####:should be 1
FAIL: c-c++-common/torture/builtin-arith-overflow-17.c -O2 -flto (test for excess errors)
WARNING: program timed out.
=== g++ Summary for unix ===
# of expected passes 104229
# of unexpected failures 13
# of expected failures 385
# of unsupported tests 4323
Running target unix/-m32
FAIL: c-c++-common/Wduplicated-branches-13.c -std=gnu++98 (test for excess errors)
FAIL: g++.dg/gcov/pr16855-priority.C -std=gnu++11 gcov: 1 failures in line counts, 0 in branch percentages, 0 in return percentages, 0 in intermediate format
FAIL: g++.dg/gcov/pr16855-priority.C -std=gnu++11 line 22: is #####:should be 1
FAIL: g++.dg/gcov/pr16855-priority.C -std=gnu++14 gcov: 1 failures in line counts, 0 in branch percentages, 0 in return percentages, 0 in intermediate format
FAIL: g++.dg/gcov/pr16855-priority.C -std=gnu++14 line 22: is #####:should be 1
FAIL: g++.dg/gcov/pr16855-priority.C -std=gnu++98 gcov: 1 failures in line counts, 0 in branch percentages, 0 in return percentages, 0 in intermediate format
FAIL: g++.dg/gcov/pr16855-priority.C -std=gnu++98 line 22: is #####:should be 1
FAIL: g++.dg/gcov/pr16855.C -std=gnu++11 gcov: 1 failures in line counts, 0 in branch percentages, 0 in return percentages, 0 in intermediate format
FAIL: g++.dg/gcov/pr16855.C -std=gnu++11 line 21: is #####:should be 1
FAIL: g++.dg/gcov/pr16855.C -std=gnu++14 gcov: 1 failures in line counts, 0 in branch percentages, 0 in return percentages, 0 in intermediate format
FAIL: g++.dg/gcov/pr16855.C -std=gnu++14 line 21: is #####:should be 1
FAIL: g++.dg/gcov/pr16855.C -std=gnu++98 gcov: 1 failures in line counts, 0 in branch percentages, 0 in return percentages, 0 in intermediate format
FAIL: g++.dg/gcov/pr16855.C -std=gnu++98 line 21: is #####:should be 1
=== g++ Summary for unix/-m32 ===
# of expected passes 102341
# of unexpected failures 13
# of expected failures 385
# of unsupported tests 4354
=== g++ Summary ===
# of expected passes 206570
# of unexpected failures 26
# of expected failures 770
# of unsupported tests 8677
/var/gcc/regression/trunk/12-gcc-gas-64/build/gcc/testsuite/g++/../../xg++ version 7.0.1 20170127 (experimental) [trunk revision 244964] (GCC)
=== gcc tests ===
Running target unix
FAIL: gcc.c-torture/execute/mayalias-1.c -O2 -flto (test for excess errors)
WARNING: program timed out.
XPASS: gcc.dg/attr-alloc_size-11.c missing range info for short (test for warnings, line 50)
XPASS: gcc.dg/attr-alloc_size-11.c missing range info for signed char (test for warnings, line 49)
XPASS: gcc.dg/pr78768.c -Wformat-overflow (test for warnings, line 11)
FAIL: gcc.dg/plugin/must-tail-call-1.c -fplugin=./must_tail_call_plugin.so (test for excess errors)
=== gcc Summary for unix ===
# of expected passes 99137
# of unexpected failures 2
# of unexpected successes 3
# of expected failures 386
# of unsupported tests 2376
Running target unix/-m32
FAIL: c-c++-common/cilk-plus/CK/spawner_inline.c -O3 -flto -g execution test
XPASS: gcc.dg/attr-alloc_size-11.c missing range info for short (test for warnings, line 50)
XPASS: gcc.dg/attr-alloc_size-11.c missing range info for signed char (test for warnings, line 49)
XPASS: gcc.dg/pr78768.c -Wformat-overflow (test for warnings, line 11)
FAIL: gcc.dg/graphite/scop-dsyr2k.c scan-tree-dump-times graphite "number of SCoPs: 1" 1
FAIL: gcc.dg/graphite/scop-dsyrk.c scan-tree-dump-times graphite "number of SCoPs: 1" 1
FAIL: gcc.dg/plugin/must-tail-call-1.c -fplugin=./must_tail_call_plugin.so (test for excess errors)
FAIL: gcc.dg/simulate-thread/atomic-other-int.c -O2 -g thread simulation test
FAIL: gcc.dg/simulate-thread/atomic-other-int.c -O3 -g thread simulation test
FAIL: gcc.dg/simulate-thread/atomic-other-short.c -O0 -g thread simulation test
FAIL: gcc.dg/simulate-thread/speculative-store-4.c -O0 -g thread simulation test
FAIL: gcc.dg/simulate-thread/speculative-store.c -O0 -g thread simulation test
=== gcc Summary for unix/-m32 ===
# of expected passes 98083
# of unexpected failures 9
# of unexpected successes 3
# of expected failures 401
# of unsupported tests 2575
=== gcc Summary ===
# of expected passes 197220
# of unexpected failures 11
# of unexpected successes 6
# of expected failures 787
# of unsupported tests 4951
/var/gcc/regression/trunk/12-gcc-gas-64/build/gcc/xgcc version 7.0.1 20170127 (experimental) [trunk revision 244964] (GCC)
=== gfortran tests ===
Running target unix
FAIL: gfortran.dg/graphite/pr68279.f90 -O (internal compiler error)
FAIL: gfortran.dg/graphite/pr68279.f90 -O (test for excess errors)
=== gfortran Summary for unix ===
# of expected passes 44501
# of unexpected failures 2
# of expected failures 90
# of unsupported tests 115
Running target unix/-m32
=== gfortran Summary for unix/-m32 ===
# of expected passes 44255
# of expected failures 90
# of unsupported tests 236
=== gfortran Summary ===
# of expected passes 88756
# of unexpected failures 2
# of expected failures 180
# of unsupported tests 351
/var/gcc/regression/trunk/12-gcc-gas-64/build/gcc/testsuite/gfortran/../../gfortran version 7.0.1 20170127 (experimental) [trunk revision 244964] (GCC)
=== gnat tests ===
Running target unix
=== gnat Summary for unix ===
# of expected passes 2529
# of expected failures 24
# of unsupported tests 23
Running target unix/-m32
=== gnat Summary for unix/-m32 ===
# of expected passes 2529
# of expected failures 24
# of unsupported tests 23
=== gnat Summary ===
# of expected passes 5058
# of expected failures 48
# of unsupported tests 46
/var/gcc/regression/trunk/12-gcc-gas-64/build/gcc/gnatmake version 7.0.1 20170127 (experimental) [trunk revision 244964]
=== go tests ===
Running target unix
FAIL: go.test/test/cmplxdivide.go
WARNING: program timed out.
=== go Summary for unix ===
# of expected passes 7241
# of unexpected failures 1
# of expected failures 1
# of untested testcases 11
# of unsupported tests 3
Running target unix/-m32
FAIL: go.test/test/cmplxdivide.go
WARNING: program timed out.
=== go Summary for unix/-m32 ===
# of expected passes 7361
# of unexpected failures 1
# of expected failures 1
# of untested testcases 11
# of unsupported tests 3
=== go Summary ===
# of expected passes 14602
# of unexpected failures 2
# of expected failures 2
# of untested testcases 22
# of unsupported tests 6
=== obj-c++ tests ===
Running target unix/-m32
FAIL: obj-c++.dg/property/at-property-23.mm -fgnu-runtime (test for excess errors)
=== obj-c++ Summary for unix/-m32 ===
# of expected passes 1457
# of unexpected failures 1
# of expected failures 2
# of unsupported tests 77
Running target unix
FAIL: obj-c++.dg/property/at-property-23.mm -fgnu-runtime (test for excess errors)
=== obj-c++ Summary for unix ===
# of expected passes 1449
# of unexpected failures 1
# of expected failures 10
# of unsupported tests 77
=== obj-c++ Summary ===
# of expected passes 2906
# of unexpected failures 2
# of expected failures 12
# of unsupported tests 154
/var/gcc/regression/trunk/12-gcc-gas-64/build/gcc/testsuite/obj-c++/../../xg++ version 7.0.1 20170127 (experimental) [trunk revision 244964] (GCC)
=== objc tests ===
Running target unix
=== objc Summary for unix ===
# of expected passes 2803
# of unsupported tests 68
Running target unix/-m32
=== objc Summary for unix/-m32 ===
# of expected passes 2803
# of unsupported tests 68
=== objc Summary ===
# of expected passes 5606
# of unsupported tests 136
/var/gcc/regression/trunk/12-gcc-gas-64/build/gcc/xgcc version 7.0.1 20170127 (experimental) [trunk revision 244964] (GCC)
=== libatomic tests ===
Running target unix/-m32
=== libatomic Summary for unix/-m32 ===
# of expected passes 44
# of unsupported tests 5
Running target unix
=== libatomic Summary for unix ===
# of expected passes 54
=== libatomic Summary ===
# of expected passes 98
# of unsupported tests 5
=== libffi tests ===
Running target unix/-m32
=== libffi Summary for unix/-m32 ===
# of expected passes 2214
Running target unix
=== libffi Summary for unix ===
# of expected passes 2214
=== libffi Summary ===
# of expected passes 4428
=== libgo tests ===
Running target unix
FAIL: net
FAIL: go/build
=== libgo Summary for unix ===
# of expected passes 144
# of unexpected failures 2
Running target unix/-m32
FAIL: net
FAIL: go/build
FAIL: net/http
FAIL: os/signal
=== libgo Summary for unix/-m32 ===
# of expected passes 142
# of unexpected failures 4
=== libgo Summary ===
# of expected passes 286
# of unexpected failures 6
/var/gcc/regression/trunk/12-gcc-gas-64/build/./gcc/gccgo version 7.0.1 20170127 (experimental) [trunk revision 244964] (GCC)
=== libgomp tests ===
Running target unix/-m32
=== libgomp Summary for unix/-m32 ===
# of expected passes 5046
# of unsupported tests 382
Running target unix
=== libgomp Summary for unix ===
# of expected passes 5046
# of unsupported tests 382
=== libgomp Summary ===
# of expected passes 10092
# of unsupported tests 764
=== libitm tests ===
Running target unix/-m32
=== libitm Summary for unix/-m32 ===
# of expected passes 42
# of expected failures 3
# of unsupported tests 1
Running target unix
=== libitm Summary for unix ===
# of expected passes 42
# of expected failures 3
# of unsupported tests 1
=== libitm Summary ===
# of expected passes 84
# of expected failures 6
# of unsupported tests 2
=== libstdc++ tests ===
Running target unix
=== libstdc++ Summary for unix ===
# of expected passes 10733
# of expected failures 66
# of unsupported tests 630
Running target unix/-m32
=== libstdc++ Summary for unix/-m32 ===
# of expected passes 10733
# of expected failures 66
# of unsupported tests 630
=== libstdc++ Summary ===
# of expected passes 21466
# of expected failures 132
# of unsupported tests 1260
Compiler version: 7.0.1 20170127 (experimental) [trunk revision 244964] (GCC)
Platform: sparcv9-sun-solaris2.12
configure flags: --prefix=/vol/gcc --target=sparcv9-sun-solaris2.12 --enable-objc-gc --with-target-bdw-gc-include=/vol/gcc/include --with-target-bdw-gc-lib=/vol/gcc/lib/sparcv9,sparcv8plus=/vol/gcc/lib --with-as=/vol/gcc/bin/sparcv9/gas-2.27 --with-gnu-as --with-gmp-include=/vol/gcc/include --with-gmp-lib=/vol/gcc/lib/sparcv9 --with-mpfr-include=/vol/gcc/include --with-mpfr-lib=/vol/gcc/lib/sparcv9 --with-mpc-include=/vol/gcc/include --with-mpc-lib=/vol/gcc/lib/sparcv9 --enable-languages=all,ada,obj-c++,go --with-isl-include=/vol/gcc/include --with-isl-lib=/vol/gcc/lib/sparcv9 --build=sparcv9-sun-solaris2.12 --host=sparcv9-sun-solaris2.12
BOOT_CFLAGS=-g -O2