This is the mail archive of the
gcc-testresults@gcc.gnu.org
mailing list for the GCC project.
Results for 7.0.1 20170121 (experimental) [trunk revision 244749] (GCC) testsuite on x86_64-pc-linux-gnu
- From: intel64corei7 at gnu-34 dot sc dot intel dot com (H.J. Lu (Intel64 Core i7))
- To: gcc-testresults at gcc dot gnu dot org
- Date: Sat, 21 Jan 2017 14:55:34 -0800
- Subject: Results for 7.0.1 20170121 (experimental) [trunk revision 244749] (GCC) testsuite on x86_64-pc-linux-gnu
- Authentication-results: sourceware.org; auth=none
Native configuration is x86_64-pc-linux-gnu
=== gfortran tests ===
Running target unix
FAIL: gfortran.dg/graphite/pr68279.f90 -O (internal compiler error)
FAIL: gfortran.dg/graphite/pr68279.f90 -O (test for excess errors)
=== gfortran Summary for unix ===
# of expected passes 44624
# of unexpected failures 2
# of expected failures 88
# of unsupported tests 67
Running target unix/-m32
FAIL: gfortran.dg/bessel_6.f90 -O0 execution test
FAIL: gfortran.dg/bessel_6.f90 -O1 execution test
FAIL: gfortran.dg/bessel_6.f90 -O2 execution test
FAIL: gfortran.dg/bessel_6.f90 -O3 -fomit-frame-pointer -funroll-loops -fpeel-loops -ftracer -finline-functions execution test
FAIL: gfortran.dg/bessel_6.f90 -O3 -g execution test
FAIL: gfortran.dg/bessel_6.f90 -Os execution test
=== gfortran Summary for unix/-m32 ===
# of expected passes 44402
# of unexpected failures 6
# of expected failures 88
# of unsupported tests 170
=== gfortran Summary ===
# of expected passes 89026
# of unexpected failures 8
# of expected failures 176
# of unsupported tests 237
/export/gnu/import/git/gcc-test-intel64corei7/bld/gcc/testsuite/gfortran/../../gfortran version 7.0.1 20170121 (experimental) [trunk revision 244749] (GCC)
=== g++ tests ===
Running target unix
FAIL: g++.dg/guality/pr55665.C -O2 line 23 p == 40
FAIL: g++.dg/guality/pr55665.C -O3 -g line 23 p == 40
XPASS: g++.dg/tls/thread_local-order2.C -std=c++11 execution test
XPASS: g++.dg/tls/thread_local-order2.C -std=c++14 execution test
=== g++ Summary for unix ===
# of expected passes 112900
# of unexpected failures 2
# of unexpected successes 2
# of expected failures 383
# of unsupported tests 4132
Running target unix/-m32
FAIL: g++.dg/guality/pr55665.C -O2 line 23 p == 40
FAIL: g++.dg/guality/pr55665.C -O3 -g line 23 p == 40
XPASS: g++.dg/tls/thread_local-order2.C -std=c++11 execution test
XPASS: g++.dg/tls/thread_local-order2.C -std=c++14 execution test
=== g++ Summary for unix/-m32 ===
# of expected passes 111330
# of unexpected failures 2
# of unexpected successes 2
# of expected failures 383
# of unsupported tests 3904
=== g++ Summary ===
# of expected passes 224230
# of unexpected failures 4
# of unexpected successes 4
# of expected failures 766
# of unsupported tests 8036
/export/gnu/import/git/gcc-test-intel64corei7/bld/gcc/testsuite/g++/../../xg++ version 7.0.1 20170121 (experimental) [trunk revision 244749] (GCC)
=== objc tests ===
Running target unix
=== objc Summary for unix ===
# of expected passes 2797
# of expected failures 6
# of unsupported tests 68
Running target unix/-m32
=== objc Summary for unix/-m32 ===
# of expected passes 2797
# of expected failures 6
# of unsupported tests 68
=== objc Summary ===
# of expected passes 5594
# of expected failures 12
# of unsupported tests 136
/export/gnu/import/git/gcc-test-intel64corei7/bld/gcc/xgcc version 7.0.1 20170121 (experimental) [trunk revision 244749] (GCC)
=== libatomic tests ===
Running target unix/-m32
=== libatomic Summary for unix/-m32 ===
# of expected passes 44
# of unsupported tests 5
Running target unix
=== libatomic Summary for unix ===
# of expected passes 54
=== libatomic Summary ===
# of expected passes 98
# of unsupported tests 5
=== libgomp tests ===
Running target unix/-m32
=== libgomp Summary for unix/-m32 ===
# of expected passes 5148
# of unsupported tests 331
Running target unix
=== libgomp Summary for unix ===
# of expected passes 5148
# of unsupported tests 331
=== libgomp Summary ===
# of expected passes 10296
# of unsupported tests 662
=== libitm tests ===
Running target unix/-m32
=== libitm Summary for unix/-m32 ===
# of expected passes 42
# of expected failures 3
# of unsupported tests 1
Running target unix
=== libitm Summary for unix ===
# of expected passes 42
# of expected failures 3
# of unsupported tests 1
=== libitm Summary ===
# of expected passes 84
# of expected failures 6
# of unsupported tests 2
=== libstdc++ tests ===
Running target unix
=== libstdc++ Summary for unix ===
# of expected passes 12078
# of expected failures 66
# of unsupported tests 245
Running target unix/-m32
=== libstdc++ Summary for unix/-m32 ===
# of expected passes 12086
# of expected failures 66
# of unsupported tests 241
=== libstdc++ Summary ===
# of expected passes 24164
# of expected failures 132
# of unsupported tests 486
Compiler version: 7.0.1 20170121 (experimental) [trunk revision 244749] (GCC)
Platform: x86_64-pc-linux-gnu
configure flags: --with-arch=corei7 --with-cpu=corei7 --prefix=/usr/7.0.1 --enable-clocale=gnu --with-system-zlib --enable-shared --with-demangler-in-ld --enable-libmpx --with-fpmath=sse