This is the mail archive of the
gcc-testresults@gcc.gnu.org
mailing list for the GCC project.
Results for 7.0.0 20161216 (experimental) [trunk revision 243740] (GCC) testsuite on sparc-sun-solaris2.12
- From: Rainer Orth <ro at CeBiTec dot Uni-Bielefeld dot DE>
- To: gcc-testresults at gcc dot gnu dot org
- Date: Sat, 17 Dec 2016 00:17:00 +0100 (MET)
- Subject: Results for 7.0.0 20161216 (experimental) [trunk revision 243740] (GCC) testsuite on sparc-sun-solaris2.12
- Authentication-results: sourceware.org; auth=none
LAST_UPDATED: Fri Dec 16 12:34:16 2016 (revision 243740)
=== acats tests ===
=== acats Summary ===
# of expected passes 2320
# of unexpected failures 0
Native configuration is sparc-sun-solaris2.12
=== g++ tests ===
Running target unix
FAIL: g++.dg/gcov/pr16855-priority.C -std=gnu++11 gcov: 1 failures in line counts, 0 in branch percentages, 0 in return percentages, 0 in intermediate format
FAIL: g++.dg/gcov/pr16855-priority.C -std=gnu++11 line 22: is #####:should be 1
FAIL: g++.dg/gcov/pr16855-priority.C -std=gnu++14 gcov: 1 failures in line counts, 0 in branch percentages, 0 in return percentages, 0 in intermediate format
FAIL: g++.dg/gcov/pr16855-priority.C -std=gnu++14 line 22: is #####:should be 1
FAIL: g++.dg/gcov/pr16855-priority.C -std=gnu++98 gcov: 1 failures in line counts, 0 in branch percentages, 0 in return percentages, 0 in intermediate format
FAIL: g++.dg/gcov/pr16855-priority.C -std=gnu++98 line 22: is #####:should be 1
FAIL: g++.dg/gcov/pr16855.C -std=gnu++11 gcov: 1 failures in line counts, 0 in branch percentages, 0 in return percentages, 0 in intermediate format
FAIL: g++.dg/gcov/pr16855.C -std=gnu++11 line 21: is #####:should be 1
FAIL: g++.dg/gcov/pr16855.C -std=gnu++14 gcov: 1 failures in line counts, 0 in branch percentages, 0 in return percentages, 0 in intermediate format
FAIL: g++.dg/gcov/pr16855.C -std=gnu++14 line 21: is #####:should be 1
FAIL: g++.dg/gcov/pr16855.C -std=gnu++98 gcov: 1 failures in line counts, 0 in branch percentages, 0 in return percentages, 0 in intermediate format
FAIL: g++.dg/gcov/pr16855.C -std=gnu++98 line 21: is #####:should be 1
=== g++ Summary for unix ===
# of expected passes 101570
# of unexpected failures 12
# of expected failures 337
# of unsupported tests 4290
Running target unix/-m64
FAIL: g++.dg/gcov/pr16855-priority.C -std=gnu++11 gcov: 1 failures in line counts, 0 in branch percentages, 0 in return percentages, 0 in intermediate format
FAIL: g++.dg/gcov/pr16855-priority.C -std=gnu++11 line 22: is #####:should be 1
FAIL: g++.dg/gcov/pr16855-priority.C -std=gnu++14 gcov: 1 failures in line counts, 0 in branch percentages, 0 in return percentages, 0 in intermediate format
FAIL: g++.dg/gcov/pr16855-priority.C -std=gnu++14 line 22: is #####:should be 1
FAIL: g++.dg/gcov/pr16855-priority.C -std=gnu++98 gcov: 1 failures in line counts, 0 in branch percentages, 0 in return percentages, 0 in intermediate format
FAIL: g++.dg/gcov/pr16855-priority.C -std=gnu++98 line 22: is #####:should be 1
FAIL: g++.dg/gcov/pr16855.C -std=gnu++11 gcov: 1 failures in line counts, 0 in branch percentages, 0 in return percentages, 0 in intermediate format
FAIL: g++.dg/gcov/pr16855.C -std=gnu++11 line 21: is #####:should be 1
FAIL: g++.dg/gcov/pr16855.C -std=gnu++14 gcov: 1 failures in line counts, 0 in branch percentages, 0 in return percentages, 0 in intermediate format
FAIL: g++.dg/gcov/pr16855.C -std=gnu++14 line 21: is #####:should be 1
FAIL: g++.dg/gcov/pr16855.C -std=gnu++98 gcov: 1 failures in line counts, 0 in branch percentages, 0 in return percentages, 0 in intermediate format
FAIL: g++.dg/gcov/pr16855.C -std=gnu++98 line 21: is #####:should be 1
=== g++ Summary for unix/-m64 ===
# of expected passes 103458
# of unexpected failures 12
# of expected failures 337
# of unsupported tests 4259
=== g++ Summary ===
# of expected passes 205028
# of unexpected failures 24
# of expected failures 674
# of unsupported tests 8549
/var/gcc/regression/trunk/12-gcc-gas/build/gcc/testsuite/g++/../../xg++ version 7.0.0 20161216 (experimental) [trunk revision 243740] (GCC)
=== gcc tests ===
Running target unix
FAIL: c-c++-common/cilk-plus/CK/spawner_inline.c -O2 -ftree-vectorize execution test
FAIL: gcc.dg/graphite/scop-dsyr2k.c scan-tree-dump-times graphite "number of SCoPs: 1" 1
FAIL: gcc.dg/graphite/scop-dsyrk.c scan-tree-dump-times graphite "number of SCoPs: 1" 1
FAIL: gcc.dg/plugin/must-tail-call-1.c -fplugin=./must_tail_call_plugin.so (test for excess errors)
FAIL: gcc.dg/simulate-thread/atomic-other-int.c -O2 -g thread simulation test
FAIL: gcc.dg/simulate-thread/atomic-other-int.c -O3 -g thread simulation test
FAIL: gcc.dg/simulate-thread/atomic-other-short.c -O0 -g thread simulation test
FAIL: gcc.dg/simulate-thread/speculative-store-4.c -O0 -g thread simulation test
FAIL: gcc.dg/simulate-thread/speculative-store.c -O0 -g thread simulation test
FAIL: gcc.dg/tree-ssa/pr69270-3.c scan-tree-dump-times uncprop1 ", 1" 4
FAIL: gcc.dg/tree-ssa/scev-3.c scan-tree-dump-times optimized "&a" 1
FAIL: gcc.dg/tree-ssa/scev-4.c scan-tree-dump-times optimized "&a" 1
FAIL: gcc.dg/tree-ssa/scev-5.c scan-tree-dump-times optimized "&a" 1
=== gcc Summary for unix ===
# of expected passes 97207
# of unexpected failures 13
# of expected failures 389
# of unsupported tests 2559
Running target unix/-m64
FAIL: gcc.dg/plugin/must-tail-call-1.c -fplugin=./must_tail_call_plugin.so (test for excess errors)
FAIL: gcc.dg/tree-ssa/pr69270-3.c scan-tree-dump-times uncprop1 ", 1" 4
FAIL: gcc.dg/tree-ssa/scev-3.c scan-tree-dump-times optimized "&a" 1
FAIL: gcc.dg/tree-ssa/scev-4.c scan-tree-dump-times optimized "&a" 1
FAIL: gcc.dg/tree-ssa/scev-5.c scan-tree-dump-times optimized "&a" 1
=== gcc Summary for unix/-m64 ===
# of expected passes 98260
# of unexpected failures 5
# of expected failures 376
# of unsupported tests 2360
=== gcc Summary ===
# of expected passes 195467
# of unexpected failures 18
# of expected failures 765
# of unsupported tests 4919
/var/gcc/regression/trunk/12-gcc-gas/build/gcc/xgcc version 7.0.0 20161216 (experimental) [trunk revision 243740] (GCC)
=== gfortran tests ===
Running target unix
FAIL: gfortran.dg/coarray/event_2.f90 -fcoarray=lib -O2 -lcaf_single -latomic execution test
XPASS: gfortran.dg/charlen_03.f90 -O (test for excess errors)
XPASS: gfortran.dg/charlen_10.f90 -O (test for excess errors)
=== gfortran Summary for unix ===
# of expected passes 44061
# of unexpected failures 1
# of unexpected successes 2
# of expected failures 91
# of unsupported tests 236
Running target unix/-m64
XPASS: gfortran.dg/charlen_03.f90 -O (test for excess errors)
XPASS: gfortran.dg/charlen_10.f90 -O (test for excess errors)
FAIL: gfortran.dg/graphite/pr68279.f90 -O (internal compiler error)
FAIL: gfortran.dg/graphite/pr68279.f90 -O (test for excess errors)
=== gfortran Summary for unix/-m64 ===
# of expected passes 44308
# of unexpected failures 2
# of unexpected successes 2
# of expected failures 91
# of unsupported tests 115
=== gfortran Summary ===
# of expected passes 88369
# of unexpected failures 3
# of unexpected successes 4
# of expected failures 182
# of unsupported tests 351
/var/gcc/regression/trunk/12-gcc-gas/build/gcc/testsuite/gfortran/../../gfortran version 7.0.0 20161216 (experimental) [trunk revision 243740] (GCC)
=== gnat tests ===
Running target unix
=== gnat Summary for unix ===
# of expected passes 2518
# of expected failures 24
# of unsupported tests 23
Running target unix/-m64
=== gnat Summary for unix/-m64 ===
# of expected passes 2518
# of expected failures 24
# of unsupported tests 23
=== gnat Summary ===
# of expected passes 5036
# of expected failures 48
# of unsupported tests 46
/var/gcc/regression/trunk/12-gcc-gas/build/gcc/gnatmake version 7.0.0 20161216 (experimental) [trunk revision 243740]
=== go tests ===
Running target unix
=== go Summary for unix ===
# of expected passes 7363
# of expected failures 1
# of untested testcases 11
# of unsupported tests 3
Running target unix/-m64
=== go Summary for unix/-m64 ===
# of expected passes 7243
# of expected failures 1
# of untested testcases 11
# of unsupported tests 3
=== go Summary ===
# of expected passes 14606
# of expected failures 2
# of untested testcases 22
# of unsupported tests 6
=== obj-c++ tests ===
Running target unix
=== obj-c++ Summary for unix ===
# of expected passes 1458
# of expected failures 2
# of unsupported tests 77
Running target unix/-m64
=== obj-c++ Summary for unix/-m64 ===
# of expected passes 1450
# of expected failures 10
# of unsupported tests 77
=== obj-c++ Summary ===
# of expected passes 2908
# of expected failures 12
# of unsupported tests 154
/var/gcc/regression/trunk/12-gcc-gas/build/gcc/testsuite/obj-c++/../../xg++ version 7.0.0 20161216 (experimental) [trunk revision 243740] (GCC)
=== objc tests ===
Running target unix
=== objc Summary for unix ===
# of expected passes 2803
# of unsupported tests 68
Running target unix/-m64
=== objc Summary for unix/-m64 ===
# of expected passes 2803
# of unsupported tests 68
=== objc Summary ===
# of expected passes 5606
# of unsupported tests 136
/var/gcc/regression/trunk/12-gcc-gas/build/gcc/xgcc version 7.0.0 20161216 (experimental) [trunk revision 243740] (GCC)
=== libatomic tests ===
Running target unix
=== libatomic Summary for unix ===
# of expected passes 44
# of unsupported tests 5
Running target unix/-m64
=== libatomic Summary for unix/-m64 ===
# of expected passes 54
=== libatomic Summary ===
# of expected passes 98
# of unsupported tests 5
=== libffi tests ===
Running target unix
=== libffi Summary for unix ===
# of expected passes 2214
Running target unix/-m64
=== libffi Summary for unix/-m64 ===
# of expected passes 2214
=== libffi Summary ===
# of expected passes 4428
=== libgo tests ===
Running target unix
FAIL: go/build
FAIL: net/http
FAIL: runtime/internal/atomic
=== libgo Summary for unix ===
# of expected passes 135
# of unexpected failures 3
Running target unix/-m64
FAIL: go/build
FAIL: os/signal
=== libgo Summary for unix/-m64 ===
# of expected passes 136
# of unexpected failures 2
=== libgo Summary ===
# of expected passes 271
# of unexpected failures 5
/var/gcc/regression/trunk/12-gcc-gas/build/./gcc/gccgo version 7.0.0 20161216 (experimental) [trunk revision 243740] (GCC)
=== libgomp tests ===
Running target unix
FAIL: libgomp.c/reduction-10.c execution test
FAIL: libgomp.c/reduction-13.c execution test
FAIL: libgomp.c/reduction-14.c execution test
FAIL: libgomp.c/reduction-9.c execution test
FAIL: libgomp.c++/reduction-10.C execution test
FAIL: libgomp.c++/reduction-12.C execution test
FAIL: libgomp.c++/reduction-7.C execution test
FAIL: libgomp.c++/reduction-8.C execution test
FAIL: libgomp.fortran/vla1.f90 -O0 execution test
FAIL: libgomp.fortran/vla1.f90 -O1 execution test
FAIL: libgomp.fortran/vla1.f90 -O2 execution test
FAIL: libgomp.fortran/vla1.f90 -O3 -fomit-frame-pointer -funroll-loops -fpeel-loops -ftracer -finline-functions execution test
FAIL: libgomp.fortran/vla1.f90 -O3 -g execution test
FAIL: libgomp.fortran/vla1.f90 -Os execution test
FAIL: libgomp.fortran/vla4.f90 -O0 execution test
FAIL: libgomp.fortran/vla4.f90 -O1 execution test
FAIL: libgomp.fortran/vla4.f90 -O2 execution test
FAIL: libgomp.fortran/vla4.f90 -O3 -fomit-frame-pointer -funroll-loops -fpeel-loops -ftracer -finline-functions execution test
FAIL: libgomp.fortran/vla4.f90 -O3 -g execution test
FAIL: libgomp.fortran/vla4.f90 -Os execution test
=== libgomp Summary for unix ===
# of expected passes 5026
# of unexpected failures 20
# of unsupported tests 382
Running target unix/-m64
=== libgomp Summary for unix/-m64 ===
# of expected passes 5046
# of unsupported tests 382
=== libgomp Summary ===
# of expected passes 10072
# of unexpected failures 20
# of unsupported tests 764
=== libitm tests ===
Running target unix
=== libitm Summary for unix ===
# of expected passes 42
# of expected failures 3
# of unsupported tests 1
Running target unix/-m64
=== libitm Summary for unix/-m64 ===
# of expected passes 42
# of expected failures 3
# of unsupported tests 1
=== libitm Summary ===
# of expected passes 84
# of expected failures 6
# of unsupported tests 2
=== libstdc++ tests ===
Running target unix
FAIL: 27_io/headers/cstdio/functions_neg.cc (test for errors, line 24)
=== libstdc++ Summary for unix ===
# of expected passes 10693
# of unexpected failures 1
# of expected failures 66
# of unsupported tests 629
Running target unix/-m64
FAIL: 27_io/headers/cstdio/functions_neg.cc (test for errors, line 24)
=== libstdc++ Summary for unix/-m64 ===
# of expected passes 10693
# of unexpected failures 1
# of expected failures 66
# of unsupported tests 629
=== libstdc++ Summary ===
# of expected passes 21386
# of unexpected failures 2
# of expected failures 132
# of unsupported tests 1258
Compiler version: 7.0.0 20161216 (experimental) [trunk revision 243740] (GCC)
Platform: sparc-sun-solaris2.12
configure flags: --prefix=/vol/gcc --target=sparc-sun-solaris2.12 --enable-objc-gc --with-target-bdw-gc-include=/vol/gcc/include,sparcv9=/vol/gcc/include --with-target-bdw-gc-lib=/vol/gcc/lib,sparcv9=/vol/gcc/lib/sparcv9 --with-as=/vol/gcc/bin/gas-2.27 --with-gnu-as --with-gmp-include=/vol/gcc/include --with-gmp-lib=/vol/gcc/lib --with-mpfr-include=/vol/gcc/include --with-mpfr-lib=/vol/gcc/lib --with-mpc-include=/vol/gcc/include --with-mpc-lib=/vol/gcc/lib --enable-languages=all,ada,obj-c++,go --with-isl-include=/vol/gcc/include --with-isl-lib=/vol/gcc/lib --build=sparc-sun-solaris2.12 --host=sparc-sun-solaris2.12
BOOT_CFLAGS=-g -O2