This is the mail archive of the
gcc-testresults@gcc.gnu.org
mailing list for the GCC project.
Results for 6.2.1 20161209 [gcc-6-branch revision 243475] (GCC) testsuite on i386-pc-solaris2.11
- From: Rainer Orth <ro at CeBiTec dot Uni-Bielefeld dot DE>
- To: gcc-testresults at gcc dot gnu dot org
- Date: Fri, 9 Dec 2016 21:10:35 +0100 (MET)
- Subject: Results for 6.2.1 20161209 [gcc-6-branch revision 243475] (GCC) testsuite on i386-pc-solaris2.11
- Authentication-results: sourceware.org; auth=none
LAST_UPDATED: Fri Dec 9 10:32:43 2016 (revision 243475)
=== acats tests ===
=== acats Summary ===
# of expected passes 2320
# of unexpected failures 0
Native configuration is i386-pc-solaris2.11
=== g++ tests ===
Running target unix
=== g++ Summary for unix ===
# of expected passes 97175
# of expected failures 326
# of unsupported tests 3547
Running target unix/-m64
=== g++ Summary for unix/-m64 ===
# of expected passes 98517
# of expected failures 326
# of unsupported tests 3799
=== g++ Summary ===
# of expected passes 195692
# of expected failures 652
# of unsupported tests 7346
/var/gcc/regression/gcc-6-branch/11-gcc/build/gcc/testsuite/g++/../../xg++ version 6.2.1 20161209 [gcc-6-branch revision 243475] (GCC)
=== gcc tests ===
Running target unix
FAIL: gcc.c-torture/execute/alias-3.c -O0 execution test
FAIL: gcc.c-torture/execute/alias-3.c -O1 execution test
FAIL: gcc.c-torture/execute/alias-3.c -O2 execution test
FAIL: gcc.c-torture/execute/alias-3.c -O2 -flto execution test
FAIL: gcc.c-torture/execute/alias-3.c -O2 -flto -flto-partition=none execution test
FAIL: gcc.c-torture/execute/alias-3.c -O3 -g execution test
FAIL: gcc.c-torture/execute/alias-3.c -Os execution test
FAIL: gcc.dg/attr-weakref-1.c (test for excess errors)
WARNING: gcc.dg/attr-weakref-1.c compilation failed to produce executable
FAIL: gcc.dg/visibility-22.c execution test
=== gcc Summary for unix ===
# of expected passes 105895
# of unexpected failures 9
# of expected failures 325
# of unsupported tests 2578
Running target unix/-m64
FAIL: gcc.c-torture/execute/alias-3.c -O0 execution test
FAIL: gcc.c-torture/execute/alias-3.c -O1 execution test
FAIL: gcc.c-torture/execute/alias-3.c -O2 execution test
FAIL: gcc.c-torture/execute/alias-3.c -O2 -flto execution test
FAIL: gcc.c-torture/execute/alias-3.c -O2 -flto -flto-partition=none execution test
FAIL: gcc.c-torture/execute/alias-3.c -O3 -g execution test
FAIL: gcc.c-torture/execute/alias-3.c -Os execution test
FAIL: gcc.dg/attr-weakref-1.c (test for excess errors)
WARNING: gcc.dg/attr-weakref-1.c compilation failed to produce executable
FAIL: gcc.dg/visibility-22.c execution test
FAIL: gcc.dg/simulate-thread/atomic-load-int128.c -O3 -g thread simulation test
FAIL: gcc.dg/simulate-thread/speculative-store.c -O0 -g (test for excess errors)
WARNING: program timed out.
FAIL: c-c++-common/torture/builtin-arith-overflow-6.c -O2 (test for excess errors)
FAIL: gcc.dg/torture/pr69714.c -O3 -g (test for excess errors)
FAIL: gcc.dg/torture/pr71423.c -O2 -flto -flto-partition=none (test for excess errors)
FAIL: gcc.dg/torture/pr77855.c -O3 -g (test for excess errors)
WARNING: gcc.dg/torture/pr77855.c -O3 -g compilation failed to produce executable
FAIL: gcc.dg/torture/pr78546-1.c -O2 -flto (test for excess errors)
FAIL: gcc.dg/torture/restrict-1.c -O1 (test for excess errors)
WARNING: gcc.dg/torture/restrict-1.c -O1 compilation failed to produce executable
FAIL: gcc.dg/torture/transpose-3.c -O2 -flto (test for excess errors)
FAIL: gcc.dg/torture/vector-1.c -O0 (test for excess errors)
WARNING: program timed out.
WARNING: program timed out.
WARNING: program timed out.
WARNING: program timed out.
WARNING: program timed out.
WARNING: program timed out.
WARNING: program timed out.
WARNING: program timed out.
FAIL: gcc.dg/torture/stackalign/alloca-1.c -O2 -mforce-drap (test for excess errors)
FAIL: gcc.dg/torture/stackalign/builtin-apply-2.c -Os -mforce-drap (test for excess errors)
FAIL: gcc.dg/torture/stackalign/global-1.c -O2 -flto -fpic (test for excess errors)
FAIL: gcc.dg/torture/stackalign/non-local-goto-2.c -O2 -flto -flto-partition=none -fpic (test for excess errors)
WARNING: program timed out.
WARNING: program timed out.
WARNING: program timed out.
WARNING: program timed out.
FAIL: gcc.dg/torture/tls/run-ie.c -O1 -fpic (test for excess errors)
WARNING: program timed out.
FAIL: gcc.dg/tree-prof/ic-misattribution-1.c compilation, -fprofile-generate -D_PROFILE_GENERATE
UNRESOLVED: gcc.dg/tree-prof/ic-misattribution-1.c compilation, -fprofile-use -D_PROFILE_USE
UNRESOLVED: gcc.dg/tree-prof/ic-misattribution-1.c execution, -fprofile-generate -D_PROFILE_GENERATE
UNRESOLVED: gcc.dg/tree-prof/ic-misattribution-1.c execution, -fprofile-use -D_PROFILE_USE
FAIL: gcc.dg/tree-prof/pr49299-1.c compilation, -fprofile-use -D_PROFILE_USE
UNRESOLVED: gcc.dg/tree-prof/pr49299-1.c execution, -fprofile-use -D_PROFILE_USE
FAIL: gcc.dg/tree-prof/switch-case-1.c compilation, -fprofile-generate -D_PROFILE_GENERATE
UNRESOLVED: gcc.dg/tree-prof/switch-case-1.c compilation, -fprofile-use -D_PROFILE_USE
UNRESOLVED: gcc.dg/tree-prof/switch-case-1.c execution, -fprofile-generate -D_PROFILE_GENERATE
UNRESOLVED: gcc.dg/tree-prof/switch-case-1.c execution, -fprofile-use -D_PROFILE_USE
FAIL: gcc.dg/tree-prof/update-tailcall.c compilation, -fprofile-use -D_PROFILE_USE
UNRESOLVED: gcc.dg/tree-prof/update-tailcall.c execution, -fprofile-use -D_PROFILE_USE
WARNING: program timed out.
WARNING: program timed out.
WARNING: program timed out.
WARNING: program timed out.
WARNING: program timed out.
FAIL: gcc.target/i386/pr58218.c (test for excess errors)
FAIL: gcc.target/i386/pr61599-1.c (test for excess errors)
WARNING: gcc.target/i386/pr61599-1.c compilation failed to produce executable
=== gcc Summary for unix/-m64 ===
# of expected passes 107043
# of unexpected failures 30
# of expected failures 327
# of unresolved testcases 8
# of unsupported tests 2748
=== gcc Summary ===
# of expected passes 212938
# of unexpected failures 39
# of expected failures 652
# of unresolved testcases 8
# of unsupported tests 5326
/var/gcc/regression/gcc-6-branch/11-gcc/build/gcc/xgcc version 6.2.1 20161209 [gcc-6-branch revision 243475] (GCC)
=== gfortran tests ===
Running target unix
FAIL: gfortran.dg/coarray/event_1.f90 -fcoarray=lib -O2 -lcaf_single -latomic execution test
FAIL: gfortran.dg/coarray/event_2.f90 -fcoarray=lib -O2 -lcaf_single -latomic execution test
=== gfortran Summary for unix ===
# of expected passes 42646
# of unexpected failures 2
# of expected failures 78
# of unsupported tests 175
Running target unix/-m64
FAIL: gfortran.dg/coarray/event_1.f90 -fcoarray=lib -O2 -lcaf_single -latomic execution test
=== gfortran Summary for unix/-m64 ===
# of expected passes 42864
# of unexpected failures 1
# of expected failures 78
# of unsupported tests 72
=== gfortran Summary ===
# of expected passes 85510
# of unexpected failures 3
# of expected failures 156
# of unsupported tests 247
/var/gcc/regression/gcc-6-branch/11-gcc/build/gcc/testsuite/gfortran/../../gfortran version 6.2.1 20161209 [gcc-6-branch revision 243475] (GCC)
=== gnat tests ===
Running target unix
=== gnat Summary for unix ===
# of expected passes 2518
# of expected failures 22
# of unsupported tests 5
Running target unix/-m64
=== gnat Summary for unix/-m64 ===
# of expected passes 2518
# of expected failures 22
# of unsupported tests 5
=== gnat Summary ===
# of expected passes 5036
# of expected failures 44
# of unsupported tests 10
/var/gcc/regression/gcc-6-branch/11-gcc/build/gcc/gnatmake version 6.2.1 20161209 [gcc-6-branch revision 243475]
=== go tests ===
Running target unix
=== go Summary for unix ===
# of expected passes 7366
# of expected failures 1
# of untested testcases 10
# of unsupported tests 2
Running target unix/-m64
=== go Summary for unix/-m64 ===
# of expected passes 7247
# of expected failures 1
# of untested testcases 10
# of unsupported tests 1
=== go Summary ===
# of expected passes 14613
# of expected failures 2
# of untested testcases 20
# of unsupported tests 3
=== obj-c++ tests ===
Running target unix
=== obj-c++ Summary for unix ===
# of expected passes 1454
# of expected failures 2
# of unsupported tests 77
Running target unix/-m64
=== obj-c++ Summary for unix/-m64 ===
# of expected passes 1446
# of expected failures 10
# of unsupported tests 77
=== obj-c++ Summary ===
# of expected passes 2900
# of expected failures 12
# of unsupported tests 154
/var/gcc/regression/gcc-6-branch/11-gcc/build/gcc/testsuite/obj-c++/../../xg++ version 6.2.1 20161209 [gcc-6-branch revision 243475] (GCC)
=== objc tests ===
Running target unix
=== objc Summary for unix ===
# of expected passes 2783
# of expected failures 6
# of unsupported tests 68
Running target unix/-m64
=== objc Summary for unix/-m64 ===
# of expected passes 2783
# of expected failures 6
# of unsupported tests 68
=== objc Summary ===
# of expected passes 5566
# of expected failures 12
# of unsupported tests 136
/var/gcc/regression/gcc-6-branch/11-gcc/build/gcc/xgcc version 6.2.1 20161209 [gcc-6-branch revision 243475] (GCC)
=== boehm-gc tests ===
Running target unix
=== boehm-gc Summary for unix ===
# of expected passes 12
# of unsupported tests 1
Running target unix/-m64
=== boehm-gc Summary for unix/-m64 ===
# of expected passes 12
# of unsupported tests 1
=== boehm-gc Summary ===
# of expected passes 24
# of unsupported tests 2
=== libatomic tests ===
Running target unix
=== libatomic Summary for unix ===
# of expected passes 44
# of unsupported tests 5
Running target unix/-m64
=== libatomic Summary for unix/-m64 ===
# of expected passes 54
=== libatomic Summary ===
# of expected passes 98
# of unsupported tests 5
=== libffi tests ===
Running target unix
=== libffi Summary for unix ===
# of expected passes 2799
Running target unix/-m64
=== libffi Summary for unix/-m64 ===
# of expected passes 2214
=== libffi Summary ===
# of expected passes 5013
=== libgo tests ===
Running target unix
FAIL: go/build
=== libgo Summary for unix ===
# of expected passes 133
# of unexpected failures 1
Running target unix/-m64
FAIL: go/build
=== libgo Summary for unix/-m64 ===
# of expected passes 133
# of unexpected failures 1
=== libgo Summary ===
# of expected passes 266
# of unexpected failures 2
/var/gcc/regression/gcc-6-branch/11-gcc/build/./gcc/gccgo version 6.2.1 20161209 [gcc-6-branch revision 243475] (GCC)
=== libgomp tests ===
Running target unix
=== libgomp Summary for unix ===
# of expected passes 5050
# of unsupported tests 322
Running target unix/-m64
=== libgomp Summary for unix/-m64 ===
# of expected passes 5050
# of unsupported tests 322
=== libgomp Summary ===
# of expected passes 10100
# of unsupported tests 644
=== libitm tests ===
Running target unix
=== libitm Summary for unix ===
# of expected passes 42
# of expected failures 3
# of unsupported tests 1
Running target unix/-m64
=== libitm Summary for unix/-m64 ===
# of expected passes 42
# of expected failures 3
# of unsupported tests 1
=== libitm Summary ===
# of expected passes 84
# of expected failures 6
# of unsupported tests 2
=== libjava tests ===
Running target unix
=== libjava Summary for unix ===
# of expected passes 2582
# of expected failures 4
Running target unix/-m64
=== libjava Summary for unix/-m64 ===
# of expected passes 2582
# of expected failures 4
=== libjava Summary ===
# of expected passes 5164
# of expected failures 8
=== libstdc++ tests ===
Running target unix
FAIL: 25_algorithms/headers/algorithm/parallel_algorithm_assert2.cc (test for excess errors)
WARNING: 25_algorithms/headers/algorithm/parallel_algorithm_assert2.cc compilation failed to produce executable
FAIL: 27_io/headers/cstdio/functions_neg.cc (test for errors, line 25)
=== libstdc++ Summary for unix ===
# of expected passes 10136
# of unexpected failures 2
# of expected failures 67
# of unsupported tests 614
Running target unix/-m64
FAIL: 25_algorithms/headers/algorithm/parallel_algorithm_assert2.cc (test for excess errors)
WARNING: 25_algorithms/headers/algorithm/parallel_algorithm_assert2.cc compilation failed to produce executable
FAIL: 27_io/headers/cstdio/functions_neg.cc (test for errors, line 25)
=== libstdc++ Summary for unix/-m64 ===
# of expected passes 10136
# of unexpected failures 2
# of expected failures 67
# of unsupported tests 614
=== libstdc++ Summary ===
# of expected passes 20272
# of unexpected failures 4
# of expected failures 134
# of unsupported tests 1228
Compiler version: 6.2.1 20161209 [gcc-6-branch revision 243475] (GCC)
Platform: i386-pc-solaris2.11
configure flags: --prefix=/vol/gcc --target=i386-pc-solaris2.11 --enable-objc-gc --enable-libmudflap --with-as=/usr/ccs/bin/as --without-gnu-as --with-gmp-include=/vol/gcc/include --with-gmp-lib=/vol/gcc/lib --with-mpfr-include=/vol/gcc/include --with-mpfr-lib=/vol/gcc/lib --with-mpc-include=/vol/gcc/include --with-mpc-lib=/vol/gcc/lib --enable-languages=all,ada,obj-c++,go --with-isl-include=/vol/gcc/include --with-isl-lib=/vol/gcc/lib --build=i386-pc-solaris2.11 --host=i386-pc-solaris2.11
BOOT_CFLAGS=-g -O2