This is the mail archive of the
gcc-testresults@gcc.gnu.org
mailing list for the GCC project.
Results for 7.0.0 20161206 (experimental) (GCC) testsuite on x86_64-pc-linux-gnu
- From: Tim Prince <tprince818 dot tp at gmail dot com>
- To: gcc-testresults at gcc dot gnu dot org
- Date: Wed, 7 Dec 2016 07:55:15 -0500
- Subject: Results for 7.0.0 20161206 (experimental) (GCC) testsuite on x86_64-pc-linux-gnu
- Authentication-results: sourceware.org; auth=none
Native configuration is x86_64-pc-linux-gnu
=== gcc tests ===
Running target unix
FAIL: gcc.c-torture/compile/limits-exprparen.c -O0 (internal compiler
error)
...
=== gcc Summary ===
# of expected passes 119150
# of unexpected failures 578
# of expected failures 336
# of unresolved testcases 13
# of unsupported tests 2553
/mnt/c/Users/tim/gnu/gcc/lsw/gcc/xgcc version 7.0.0 20161206
(experimental) (GCC)
=== gfortran tests ===
Running target unix
FAIL: gfortran.dg/elemental_dependency_4.f90 -O0 execution test
FAIL: gfortran.dg/internal_dummy_2.f08 -O0 execution test
FAIL: gfortran.dg/internal_dummy_2.f08 -O1 execution test
FAIL: gfortran.dg/internal_dummy_2.f08 -O2 execution test
FAIL: gfortran.dg/internal_dummy_2.f08 -O3 -fomit-frame-pointer
-funroll-loops -fpeel-loops -ftracer -finline-functions execution test
FAIL: gfortran.dg/internal_dummy_2.f08 -O3 -g execution test
FAIL: gfortran.dg/internal_dummy_2.f08 -Os execution test
FAIL: gfortran.dg/internal_dummy_3.f08 -O0 execution test
FAIL: gfortran.dg/internal_dummy_3.f08 -O1 execution test
FAIL: gfortran.dg/internal_dummy_3.f08 -O2 execution test
FAIL: gfortran.dg/internal_dummy_3.f08 -O3 -fomit-frame-pointer
-funroll-loops -fpeel-loops -ftracer -finline-functions execution test
FAIL: gfortran.dg/internal_dummy_3.f08 -O3 -g execution test
FAIL: gfortran.dg/internal_dummy_3.f08 -Os execution test
FAIL: gfortran.dg/internal_dummy_4.f08 -O0 execution test
FAIL: gfortran.dg/io_constraints_8.f90 -O (test for errors, line 60)
FAIL: gfortran.dg/io_constraints_8.f90 -O (test for errors, line 61)
FAIL: gfortran.dg/io_constraints_8.f90 -O (test for errors, line 62)
FAIL: gfortran.dg/io_constraints_8.f90 -O (test for errors, line 63)
FAIL: gfortran.dg/io_constraints_8.f90 -O (test for errors, line 64)
FAIL: gfortran.dg/io_constraints_8.f90 -O (test for errors, line 65)
FAIL: gfortran.dg/io_constraints_8.f90 -O (test for errors, line 66)
FAIL: gfortran.dg/io_constraints_8.f90 -O (test for errors, line 67)
FAIL: gfortran.dg/io_constraints_8.f90 -O (test for errors, line 68)
FAIL: gfortran.dg/io_constraints_8.f90 -O (test for errors, line 70)
FAIL: gfortran.dg/io_constraints_8.f90 -O (test for errors, line 71)
FAIL: gfortran.dg/io_constraints_8.f90 -O (test for excess errors)
FAIL: gfortran.dg/norm2_3.f90 -O0 execution test
FAIL: gfortran.dg/norm2_3.f90 -O1 execution test
FAIL: gfortran.dg/norm2_3.f90 -O2 execution test
FAIL: gfortran.dg/norm2_3.f90 -O3 -fomit-frame-pointer -funroll-loops
-fpeel-loops -ftracer -finline-functions execution test
FAIL: gfortran.dg/norm2_3.f90 -O3 -g execution test
FAIL: gfortran.dg/norm2_3.f90 -Os execution test
FAIL: gfortran.dg/pointer_check_1.f90 -O0 output pattern test, is
FAIL: gfortran.dg/pointer_check_2.f90 -O0 output pattern test, is
FAIL: gfortran.dg/pointer_check_3.f90 -O0 output pattern test, is
FAIL: gfortran.dg/pointer_check_4.f90 -O0 output pattern test, is
WARNING: program timed out.
FAIL: gfortran.dg/pr68078.f90 -O0 execution test
WARNING: program timed out.
FAIL: gfortran.dg/pr68078.f90 -O1 execution test
WARNING: program timed out.
FAIL: gfortran.dg/pr68078.f90 -O2 execution test
WARNING: program timed out.
FAIL: gfortran.dg/pr68078.f90 -O3 -fomit-frame-pointer -funroll-loops
-fpeel-loops -ftracer -finline-functions execution test
WARNING: program timed out.
FAIL: gfortran.dg/pr68078.f90 -O3 -g execution test
WARNING: program timed out.
FAIL: gfortran.dg/pr68078.f90 -Os execution test
FAIL: gfortran.dg/proc_ptr_18.f90 -O0 execution test
FAIL: gfortran.dg/proc_ptr_19.f90 -O0 execution test
FAIL: gfortran.dg/proc_ptr_20.f90 -O0 execution test
FAIL: gfortran.dg/proc_ptr_21.f90 -O0 execution test
FAIL: gfortran.dg/proc_ptr_23.f90 -O0 execution test
FAIL: gfortran.dg/proc_ptr_25.f90 -O0 execution test
FAIL: gfortran.dg/proc_ptr_47.f90 -O0 execution test
FAIL: gfortran.dg/proc_ptr_48.f90 -O0 execution test
FAIL: gfortran.dg/proc_ptr_5.f90 -O0 execution test
FAIL: gfortran.dg/proc_ptr_7.f90 -O0 execution test
FAIL: gfortran.dg/proc_ptr_comp_1.f90 -O0 execution test
FAIL: gfortran.dg/proc_ptr_comp_11.f90 -O0 execution test
FAIL: gfortran.dg/proc_ptr_comp_13.f90 -O0 execution test
FAIL: gfortran.dg/proc_ptr_comp_14.f90 -O0 execution test
FAIL: gfortran.dg/proc_ptr_comp_18.f90 -O0 execution test
FAIL: gfortran.dg/proc_ptr_comp_19.f90 -O0 execution test
FAIL: gfortran.dg/proc_ptr_comp_2.f90 -O0 execution test
FAIL: gfortran.dg/proc_ptr_comp_29.f90 -O0 execution test
FAIL: gfortran.dg/proc_ptr_comp_34.f90 -O0 execution test
FAIL: gfortran.dg/proc_ptr_comp_5.f90 -O0 execution test
FAIL: gfortran.dg/proc_ptr_comp_8.f90 -O0 execution test
FAIL: gfortran.dg/proc_ptr_comp_9.f90 -O0 execution test
FAIL: gfortran.dg/proc_ptr_comp_pass_3.f90 -O0 execution test
FAIL: gfortran.dg/proc_ptr_result_7.f90 -O0 execution test
FAIL: gfortran.dg/stat_1.f90 -O0 execution test
FAIL: gfortran.dg/stat_1.f90 -O1 execution test
FAIL: gfortran.dg/stat_1.f90 -O2 execution test
FAIL: gfortran.dg/stat_1.f90 -O3 -fomit-frame-pointer -funroll-loops
-fpeel-loops -ftracer -finline-functions execution test
FAIL: gfortran.dg/stat_1.f90 -O3 -g execution test
FAIL: gfortran.dg/stat_1.f90 -Os execution test
FAIL: gfortran.dg/stat_2.f90 -O0 execution test
FAIL: gfortran.dg/stat_2.f90 -O1 execution test
FAIL: gfortran.dg/stat_2.f90 -O2 execution test
FAIL: gfortran.dg/stat_2.f90 -O3 -fomit-frame-pointer -funroll-loops
-fpeel-loops -ftracer -finline-functions execution test
FAIL: gfortran.dg/stat_2.f90 -O3 -g execution test
FAIL: gfortran.dg/stat_2.f90 -Os execution test
FAIL: gfortran.dg/structure_constructor_11.f90 -O0 execution test
FAIL: gfortran.dg/structure_constructor_11.f90 -O1 execution test
FAIL: gfortran.dg/structure_constructor_11.f90 -O2 execution test
FAIL: gfortran.dg/structure_constructor_11.f90 -O3
-fomit-frame-pointer -funroll-loops -fpeel-loops -ftracer
-finline-functions execution test
FAIL: gfortran.dg/structure_constructor_11.f90 -O3 -g execution test
FAIL: gfortran.dg/structure_constructor_11.f90 -Os execution test
FAIL: gfortran.dg/unlimited_polymorphic_19.f90 -O0 execution test
FAIL: gfortran.dg/widechar_3.f90 -O (test for errors, line 100)
FAIL: gfortran.dg/widechar_3.f90 -O (test for errors, line 102)
FAIL: gfortran.dg/widechar_3.f90 -O (test for errors, line 104)
FAIL: gfortran.dg/widechar_3.f90 -O (test for errors, line 106)
FAIL: gfortran.dg/widechar_3.f90 -O (test for errors, line 108)
FAIL: gfortran.dg/widechar_3.f90 -O (test for errors, line 110)
FAIL: gfortran.dg/widechar_3.f90 -O (test for excess errors)
FAIL: gfortran.dg/goacc/enter-exit-data.f95 -O (test for errors,
line 83)
FAIL: gfortran.dg/goacc/enter-exit-data.f95 -O (test for errors,
line 84)
FAIL: gfortran.dg/goacc/enter-exit-data.f95 -O (test for errors,
line 85)
FAIL: gfortran.dg/goacc/enter-exit-data.f95 -O (test for errors,
line 86)
FAIL: gfortran.dg/goacc/enter-exit-data.f95 -O (test for excess errors)
FAIL: gfortran.dg/goacc/sie.f95 -O (test for errors, line 242)
FAIL: gfortran.dg/goacc/sie.f95 -O (test for errors, line 245)
FAIL: gfortran.dg/goacc/sie.f95 -O (test for errors, line 248)
FAIL: gfortran.dg/goacc/sie.f95 -O (test for excess errors)
FAIL: gfortran.dg/ieee/large_1.f90 -O0 execution test
FAIL: gfortran.dg/ieee/large_2.f90 -O0 execution test
FAIL: gfortran.dg/ieee/large_2.f90 -O1 execution test
FAIL: gfortran.dg/ieee/large_2.f90 -O2 execution test
FAIL: gfortran.dg/ieee/large_2.f90 -O3 -fomit-frame-pointer
-funroll-loops -fpeel-loops -ftracer -finline-functions execution test
FAIL: gfortran.dg/ieee/large_2.f90 -O3 -g execution test
FAIL: gfortran.dg/ieee/large_2.f90 -Os execution test
=== gfortran Summary ===
# of expected passes 44008
# of unexpected failures 108
# of expected failures 75
# of unsupported tests 77
/mnt/c/Users/tim/gnu/gcc/lsw/gcc/testsuite/gfortran/../../gfortran
version 7.0.0 20161206 (experimental) (GCC)
=== libatomic tests ===
Running target unix
=== libatomic Summary ===
# of expected passes 54
=== libgomp tests ===
Running target unix
FAIL: libgomp.c/pr52547.c execution test
=== libgomp Summary ===
# of expected passes 5101
# of unexpected failures 1
# of unsupported tests 331
=== libstdc++ tests ===
Running target unix
FAIL: 26_numerics/headers/cmath/hypot.cc execution test
FAIL: 27_io/basic_filebuf/close/char/4879.cc execution test
FAIL: 27_io/basic_filebuf/close/char/9964.cc execution test
FAIL: 27_io/basic_filebuf/seekoff/char/26777.cc execution test
FAIL: 27_io/basic_filebuf/showmanyc/char/9533-1.cc execution test
FAIL: 27_io/basic_filebuf/underflow/char/10097.cc execution test
FAIL: 27_io/objects/char/7.cc execution test
FAIL: 27_io/objects/char/9661-1.cc execution test
FAIL: 27_io/objects/wchar_t/7.cc execution test
FAIL: 27_io/objects/wchar_t/9661-1.cc execution test
WARNING: program timed out.
FAIL: 28_regex/algorithms/regex_match/extended/string_any.cc (test for
excess errors)
UNRESOLVED: 28_regex/algorithms/regex_match/extended/string_any.cc
compilation failed to produce executable
WARNING: program timed out.
FAIL: 28_regex/algorithms/regex_match/extended/string_range_00_03.cc
(test for excess errors)
UNRESOLVED:
28_regex/algorithms/regex_match/extended/string_range_00_03.cc
compilation failed to produce executable
WARNING: program timed out.
FAIL: 28_regex/algorithms/regex_match/extended/string_range_02_03.cc
(test for excess errors)
UNRESOLVED:
28_regex/algorithms/regex_match/extended/string_range_02_03.cc
compilation failed to produce executable
WARNING: program timed out.
FAIL: 28_regex/algorithms/regex_replace/char/51711.cc (test for excess
errors)
WARNING: program timed out.
FAIL: 28_regex/algorithms/regex_replace/char/basic_replace.cc (test for
excess errors)
UNRESOLVED: 28_regex/algorithms/regex_replace/char/basic_replace.cc
compilation failed to produce executable
WARNING: program timed out.
FAIL: 28_regex/algorithms/regex_replace/char/dr2213.cc (test for excess
errors)
UNRESOLVED: 28_regex/algorithms/regex_replace/char/dr2213.cc compilation
failed to produce executable
FAIL: experimental/filesystem/iterators/directory_iterator.cc execution test
FAIL: experimental/filesystem/iterators/recursive_directory_iterator.cc
execution test
FAIL: experimental/filesystem/operations/exists.cc execution test
FAIL: experimental/filesystem/operations/is_empty.cc execution test
FAIL: experimental/filesystem/operations/last_write_time.cc execution test
FAIL: experimental/filesystem/operations/permissions.cc execution test
FAIL: experimental/filesystem/operations/temp_directory_path.cc
execution test
=== libstdc++ Summary ===
# of expected passes 10996
# of unexpected failures 23
# of expected failures 65
# of unresolved testcases 5
# of unsupported tests 562
Compiler version: 7.0.0 20161206 (experimental) (GCC)
Platform: x86_64-pc-linux-gnu
configure flags: --enable-languages='c c++ fortran' --disable-multilib