This is the mail archive of the
gcc-testresults@gcc.gnu.org
mailing list for the GCC project.
Results for 7.0.0 20161202 (experimental) [trunk revision 243171] (GCC) testsuite on sparcv9-sun-solaris2.11
- From: Rainer Orth <ro at CeBiTec dot Uni-Bielefeld dot DE>
- To: gcc-testresults at gcc dot gnu dot org
- Date: Sat, 3 Dec 2016 23:21:34 +0100 (MET)
- Subject: Results for 7.0.0 20161202 (experimental) [trunk revision 243171] (GCC) testsuite on sparcv9-sun-solaris2.11
- Authentication-results: sourceware.org; auth=none
LAST_UPDATED: Fri Dec 2 10:44:07 2016 (revision 243171)
=== acats tests ===
=== acats Summary ===
# of expected passes 2320
# of unexpected failures 0
Native configuration is sparcv9-sun-solaris2.11
=== g++ tests ===
Running target unix
FAIL: g++.dg/concepts/expression.C (internal compiler error)
FAIL: g++.dg/concepts/expression.C (test for excess errors)
WARNING: g++.dg/concepts/expression.C compilation failed to produce executable
FAIL: g++.dg/cpp1z/eval-order2.C (internal compiler error)
FAIL: g++.dg/cpp1z/eval-order2.C (test for excess errors)
WARNING: g++.dg/cpp1z/eval-order2.C compilation failed to produce executable
FAIL: g++.dg/cpp1z/init-statement6.C (internal compiler error)
FAIL: g++.dg/cpp1z/init-statement6.C (test for excess errors)
=== g++ Summary for unix ===
# of expected passes 102821
# of unexpected failures 6
# of expected failures 340
# of unsupported tests 4284
Running target unix/-m32
FAIL: g++.dg/concepts/expression.C (internal compiler error)
FAIL: g++.dg/concepts/expression.C (test for excess errors)
WARNING: g++.dg/concepts/expression.C compilation failed to produce executable
FAIL: g++.dg/cpp1z/eval-order2.C (internal compiler error)
FAIL: g++.dg/cpp1z/eval-order2.C (test for excess errors)
WARNING: g++.dg/cpp1z/eval-order2.C compilation failed to produce executable
FAIL: g++.dg/cpp1z/init-statement6.C (internal compiler error)
FAIL: g++.dg/cpp1z/init-statement6.C (test for excess errors)
=== g++ Summary for unix/-m32 ===
# of expected passes 100933
# of unexpected failures 6
# of expected failures 340
# of unsupported tests 4315
=== g++ Summary ===
# of expected passes 203754
# of unexpected failures 12
# of expected failures 680
# of unsupported tests 8599
/var/gcc/regression/trunk/11-gcc-gas-64/build/gcc/testsuite/g++/../../xg++ version 7.0.0 20161202 (experimental) [trunk revision 243171] (GCC)
=== gcc tests ===
Running target unix
FAIL: gcc.c-torture/compile/20070121.c -O2 (internal compiler error)
FAIL: gcc.c-torture/compile/20070121.c -O2 (test for excess errors)
FAIL: gcc.c-torture/compile/20070121.c -O2 -flto (internal compiler error)
FAIL: gcc.c-torture/compile/20070121.c -O2 -flto (test for excess errors)
FAIL: gcc.c-torture/compile/20070121.c -O2 -flto -flto-partition=none (internal compiler error)
FAIL: gcc.c-torture/compile/20070121.c -O2 -flto -flto-partition=none (test for excess errors)
FAIL: gcc.c-torture/compile/921111-1.c -O2 (internal compiler error)
FAIL: gcc.c-torture/compile/921111-1.c -O2 (test for excess errors)
FAIL: gcc.c-torture/compile/921111-1.c -O2 -flto (internal compiler error)
FAIL: gcc.c-torture/compile/921111-1.c -O2 -flto (test for excess errors)
FAIL: gcc.c-torture/compile/921111-1.c -O2 -flto -flto-partition=none (internal compiler error)
FAIL: gcc.c-torture/compile/921111-1.c -O2 -flto -flto-partition=none (test for excess errors)
FAIL: gcc.c-torture/compile/921111-1.c -O3 -g (internal compiler error)
FAIL: gcc.c-torture/compile/921111-1.c -O3 -g (test for excess errors)
FAIL: gcc.c-torture/compile/990523-1.c -O3 -fomit-frame-pointer -funroll-loops -fpeel-loops -ftracer -finline-functions (internal compiler error)
FAIL: gcc.c-torture/compile/990523-1.c -O3 -fomit-frame-pointer -funroll-loops -fpeel-loops -ftracer -finline-functions (test for excess errors)
FAIL: gcc.c-torture/compile/990523-1.c -O3 -g (internal compiler error)
FAIL: gcc.c-torture/compile/990523-1.c -O3 -g (test for excess errors)
FAIL: gcc.c-torture/compile/conv_tst.c -O2 (internal compiler error)
FAIL: gcc.c-torture/compile/conv_tst.c -O2 (test for excess errors)
FAIL: gcc.c-torture/compile/conv_tst.c -O2 -flto (internal compiler error)
FAIL: gcc.c-torture/compile/conv_tst.c -O2 -flto (test for excess errors)
FAIL: gcc.c-torture/compile/conv_tst.c -O2 -flto -flto-partition=none (internal compiler error)
FAIL: gcc.c-torture/compile/conv_tst.c -O2 -flto -flto-partition=none (test for excess errors)
FAIL: gcc.c-torture/compile/conv_tst.c -O3 -g (internal compiler error)
FAIL: gcc.c-torture/compile/conv_tst.c -O3 -g (test for excess errors)
FAIL: gcc.c-torture/compile/pr38554.c -O2 (internal compiler error)
FAIL: gcc.c-torture/compile/pr38554.c -O2 (test for excess errors)
FAIL: gcc.c-torture/compile/pr38554.c -O2 -flto (internal compiler error)
FAIL: gcc.c-torture/compile/pr38554.c -O2 -flto (test for excess errors)
FAIL: gcc.c-torture/compile/pr38554.c -O2 -flto -flto-partition=none (internal compiler error)
FAIL: gcc.c-torture/compile/pr38554.c -O2 -flto -flto-partition=none (test for excess errors)
FAIL: gcc.c-torture/compile/pr38554.c -O3 -g (internal compiler error)
FAIL: gcc.c-torture/compile/pr38554.c -O3 -g (test for excess errors)
FAIL: gcc.c-torture/execute/920302-1.c -O2 (internal compiler error)
FAIL: gcc.c-torture/execute/920302-1.c -O2 (test for excess errors)
WARNING: gcc.c-torture/execute/920302-1.c -O2 compilation failed to produce executable
FAIL: gcc.c-torture/execute/920302-1.c -O2 -flto (internal compiler error)
FAIL: gcc.c-torture/execute/920302-1.c -O2 -flto (test for excess errors)
WARNING: gcc.c-torture/execute/920302-1.c -O2 -flto compilation failed to produce executable
FAIL: gcc.c-torture/execute/920302-1.c -O2 -flto -flto-partition=none (internal compiler error)
FAIL: gcc.c-torture/execute/920302-1.c -O2 -flto -flto-partition=none (test for excess errors)
WARNING: gcc.c-torture/execute/920302-1.c -O2 -flto -flto-partition=none compilation failed to produce executable
FAIL: gcc.c-torture/execute/920302-1.c -O3 -g (internal compiler error)
FAIL: gcc.c-torture/execute/920302-1.c -O3 -g (test for excess errors)
WARNING: gcc.c-torture/execute/920302-1.c -O3 -g compilation failed to produce executable
FAIL: gcc.dg/visibility-22.c execution test
FAIL: gcc.dg/graphite/id-25.c (internal compiler error)
FAIL: gcc.dg/graphite/id-25.c (test for excess errors)
FAIL: gcc.dg/graphite/pr39335.c (internal compiler error)
FAIL: gcc.dg/graphite/pr39335.c (test for excess errors)
FAIL: gcc.dg/graphite/pr46185.c (internal compiler error)
FAIL: gcc.dg/graphite/pr46185.c (test for excess errors)
WARNING: gcc.dg/graphite/pr46185.c compilation failed to produce executable
UNRESOLVED: gcc.dg/lto/20100423-2 c_lto_20100423-2_0.o-c_lto_20100423-2_1.o execute -O2 -flto -flto-partition=1to1
UNRESOLVED: gcc.dg/lto/20100423-2 c_lto_20100423-2_0.o-c_lto_20100423-2_1.o execute -O2 -flto -flto-partition=none
UNRESOLVED: gcc.dg/lto/20100423-2 c_lto_20100423-2_0.o-c_lto_20100423-2_1.o execute -O3 -flto -flto-partition=1to1
UNRESOLVED: gcc.dg/lto/20100423-2 c_lto_20100423-2_0.o-c_lto_20100423-2_1.o execute -O3 -flto -flto-partition=none
UNRESOLVED: gcc.dg/lto/20100423-2 c_lto_20100423-2_0.o-c_lto_20100423-2_1.o link -O2 -flto -flto-partition=1to1
UNRESOLVED: gcc.dg/lto/20100423-2 c_lto_20100423-2_0.o-c_lto_20100423-2_1.o link -O2 -flto -flto-partition=none
UNRESOLVED: gcc.dg/lto/20100423-2 c_lto_20100423-2_0.o-c_lto_20100423-2_1.o link -O3 -flto -flto-partition=1to1
UNRESOLVED: gcc.dg/lto/20100423-2 c_lto_20100423-2_0.o-c_lto_20100423-2_1.o link -O3 -flto -flto-partition=none
FAIL: gcc.dg/lto/20100423-2 c_lto_20100423-2_1.o assemble, -O2 -flto -flto-partition=1to1 (internal compiler error)
FAIL: gcc.dg/lto/20100423-2 c_lto_20100423-2_1.o assemble, -O2 -flto -flto-partition=none (internal compiler error)
FAIL: gcc.dg/lto/20100423-2 c_lto_20100423-2_1.o assemble, -O3 -flto -flto-partition=1to1 (internal compiler error)
FAIL: gcc.dg/lto/20100423-2 c_lto_20100423-2_1.o assemble, -O3 -flto -flto-partition=none (internal compiler error)
FAIL: gcc.dg/plugin/must-tail-call-1.c -fplugin=./must_tail_call_plugin.so (test for excess errors)
FAIL: gcc.dg/torture/pr28900.c -O3 -fomit-frame-pointer -funroll-loops -fpeel-loops -ftracer -finline-functions (internal compiler error)
FAIL: gcc.dg/torture/pr28900.c -O3 -fomit-frame-pointer -funroll-loops -fpeel-loops -ftracer -finline-functions (test for excess errors)
FAIL: gcc.dg/tree-ssa/cunroll-10.c (internal compiler error)
FAIL: gcc.dg/tree-ssa/cunroll-10.c (test for excess errors)
FAIL: gcc.dg/tree-ssa/pr69270-3.c scan-tree-dump-times uncprop1 ", 1" 4
FAIL: gcc.dg/tree-ssa/scev-3.c scan-tree-dump-times optimized "&a" 1
FAIL: gcc.dg/tree-ssa/scev-4.c scan-tree-dump-times optimized "&a" 1
FAIL: gcc.dg/tree-ssa/scev-5.c scan-tree-dump-times optimized "&a" 1
=== gcc Summary for unix ===
# of expected passes 97259
# of unexpected failures 62
# of expected failures 364
# of unresolved testcases 8
# of unsupported tests 2369
Running target unix/-m32
FAIL: gcc.c-torture/compile/20030917-1.c -O3 -fomit-frame-pointer -funroll-loops -fpeel-loops -ftracer -finline-functions (internal compiler error)
FAIL: gcc.c-torture/compile/20030917-1.c -O3 -fomit-frame-pointer -funroll-loops -fpeel-loops -ftracer -finline-functions (test for excess errors)
FAIL: gcc.c-torture/compile/20120917-1.c -O2 (internal compiler error)
FAIL: gcc.c-torture/compile/20120917-1.c -O2 (test for excess errors)
FAIL: gcc.c-torture/compile/20120917-1.c -O2 -flto (internal compiler error)
FAIL: gcc.c-torture/compile/20120917-1.c -O2 -flto (test for excess errors)
FAIL: gcc.c-torture/compile/20120917-1.c -O2 -flto -flto-partition=none (internal compiler error)
FAIL: gcc.c-torture/compile/20120917-1.c -O2 -flto -flto-partition=none (test for excess errors)
FAIL: gcc.c-torture/compile/20120917-1.c -O3 -fomit-frame-pointer -funroll-loops -fpeel-loops -ftracer -finline-functions (internal compiler error)
FAIL: gcc.c-torture/compile/20120917-1.c -O3 -fomit-frame-pointer -funroll-loops -fpeel-loops -ftracer -finline-functions (test for excess errors)
FAIL: gcc.c-torture/compile/20120917-1.c -O3 -g (internal compiler error)
FAIL: gcc.c-torture/compile/20120917-1.c -O3 -g (test for excess errors)
FAIL: gcc.c-torture/compile/921111-1.c -O2 (internal compiler error)
FAIL: gcc.c-torture/compile/921111-1.c -O2 (test for excess errors)
FAIL: gcc.c-torture/compile/921111-1.c -O2 -flto (internal compiler error)
FAIL: gcc.c-torture/compile/921111-1.c -O2 -flto (test for excess errors)
FAIL: gcc.c-torture/compile/921111-1.c -O2 -flto -flto-partition=none (internal compiler error)
FAIL: gcc.c-torture/compile/921111-1.c -O2 -flto -flto-partition=none (test for excess errors)
FAIL: gcc.c-torture/compile/921111-1.c -O3 -g (internal compiler error)
FAIL: gcc.c-torture/compile/921111-1.c -O3 -g (test for excess errors)
FAIL: gcc.c-torture/compile/990523-1.c -O3 -fomit-frame-pointer -funroll-loops -fpeel-loops -ftracer -finline-functions (internal compiler error)
FAIL: gcc.c-torture/compile/990523-1.c -O3 -fomit-frame-pointer -funroll-loops -fpeel-loops -ftracer -finline-functions (test for excess errors)
FAIL: gcc.c-torture/compile/990523-1.c -O3 -g (internal compiler error)
FAIL: gcc.c-torture/compile/990523-1.c -O3 -g (test for excess errors)
FAIL: gcc.c-torture/compile/pr38554.c -O2 (internal compiler error)
FAIL: gcc.c-torture/compile/pr38554.c -O2 (test for excess errors)
FAIL: gcc.c-torture/compile/pr38554.c -O2 -flto (internal compiler error)
FAIL: gcc.c-torture/compile/pr38554.c -O2 -flto (test for excess errors)
FAIL: gcc.c-torture/compile/pr38554.c -O2 -flto -flto-partition=none (internal compiler error)
FAIL: gcc.c-torture/compile/pr38554.c -O2 -flto -flto-partition=none (test for excess errors)
FAIL: gcc.c-torture/compile/pr38554.c -O3 -g (internal compiler error)
FAIL: gcc.c-torture/compile/pr38554.c -O3 -g (test for excess errors)
FAIL: gcc.c-torture/execute/920302-1.c -O2 (internal compiler error)
FAIL: gcc.c-torture/execute/920302-1.c -O2 (test for excess errors)
WARNING: gcc.c-torture/execute/920302-1.c -O2 compilation failed to produce executable
FAIL: gcc.c-torture/execute/920302-1.c -O2 -flto (internal compiler error)
FAIL: gcc.c-torture/execute/920302-1.c -O2 -flto (test for excess errors)
WARNING: gcc.c-torture/execute/920302-1.c -O2 -flto compilation failed to produce executable
FAIL: gcc.c-torture/execute/920302-1.c -O2 -flto -flto-partition=none (internal compiler error)
FAIL: gcc.c-torture/execute/920302-1.c -O2 -flto -flto-partition=none (test for excess errors)
WARNING: gcc.c-torture/execute/920302-1.c -O2 -flto -flto-partition=none compilation failed to produce executable
FAIL: gcc.c-torture/execute/920302-1.c -O3 -g (internal compiler error)
FAIL: gcc.c-torture/execute/920302-1.c -O3 -g (test for excess errors)
WARNING: gcc.c-torture/execute/920302-1.c -O3 -g compilation failed to produce executable
FAIL: gcc.dg/visibility-22.c execution test
FAIL: gcc.dg/graphite/id-25.c (internal compiler error)
FAIL: gcc.dg/graphite/id-25.c (test for excess errors)
FAIL: gcc.dg/graphite/pr39335.c (internal compiler error)
FAIL: gcc.dg/graphite/pr39335.c (test for excess errors)
FAIL: gcc.dg/graphite/scop-dsyr2k.c scan-tree-dump-times graphite "number of SCoPs: 1" 1
FAIL: gcc.dg/graphite/scop-dsyrk.c scan-tree-dump-times graphite "number of SCoPs: 1" 1
FAIL: gcc.dg/plugin/must-tail-call-1.c -fplugin=./must_tail_call_plugin.so (test for excess errors)
FAIL: gcc.dg/simulate-thread/atomic-other-int.c -O2 -g thread simulation test
FAIL: gcc.dg/simulate-thread/atomic-other-int.c -O3 -g thread simulation test
FAIL: gcc.dg/simulate-thread/speculative-store-4.c -O0 -g thread simulation test
FAIL: gcc.dg/simulate-thread/speculative-store.c -O0 -g thread simulation test
FAIL: gcc.dg/torture/pr28900.c -O3 -fomit-frame-pointer -funroll-loops -fpeel-loops -ftracer -finline-functions (internal compiler error)
FAIL: gcc.dg/torture/pr28900.c -O3 -fomit-frame-pointer -funroll-loops -fpeel-loops -ftracer -finline-functions (test for excess errors)
FAIL: gcc.dg/tree-ssa/cunroll-10.c (internal compiler error)
FAIL: gcc.dg/tree-ssa/cunroll-10.c (test for excess errors)
FAIL: gcc.dg/tree-ssa/pr69270-3.c scan-tree-dump-times uncprop1 ", 1" 4
FAIL: gcc.dg/tree-ssa/scev-3.c scan-tree-dump-times optimized "&a" 1
FAIL: gcc.dg/tree-ssa/scev-4.c scan-tree-dump-times optimized "&a" 1
FAIL: gcc.dg/tree-ssa/scev-5.c scan-tree-dump-times optimized "&a" 1
=== gcc Summary for unix/-m32 ===
# of expected passes 96237
# of unexpected failures 60
# of expected failures 376
# of unsupported tests 2560
=== gcc Summary ===
# of expected passes 193496
# of unexpected failures 122
# of expected failures 740
# of unresolved testcases 8
# of unsupported tests 4929
/var/gcc/regression/trunk/11-gcc-gas-64/build/gcc/xgcc version 7.0.0 20161202 (experimental) [trunk revision 243171] (GCC)
=== gfortran tests ===
Running target unix
FAIL: gfortran.dg/coarray/event_1.f90 -fcoarray=lib -O2 -lcaf_single -latomic execution test
FAIL: gfortran.dg/coarray/event_2.f90 -fcoarray=lib -O2 -lcaf_single -latomic execution test
FAIL: gfortran.dg/graphite/pr68279.f90 -O (internal compiler error)
FAIL: gfortran.dg/graphite/pr68279.f90 -O (test for excess errors)
=== gfortran Summary for unix ===
# of expected passes 44113
# of unexpected failures 4
# of expected failures 87
# of unsupported tests 115
Running target unix/-m32
FAIL: gfortran.dg/coarray/event_1.f90 -fcoarray=lib -O2 -lcaf_single -latomic execution test
FAIL: gfortran.dg/coarray/event_2.f90 -fcoarray=lib -O2 -lcaf_single -latomic execution test
=== gfortran Summary for unix/-m32 ===
# of expected passes 43867
# of unexpected failures 2
# of expected failures 87
# of unsupported tests 236
=== gfortran Summary ===
# of expected passes 87980
# of unexpected failures 6
# of expected failures 174
# of unsupported tests 351
/var/gcc/regression/trunk/11-gcc-gas-64/build/gcc/testsuite/gfortran/../../gfortran version 7.0.0 20161202 (experimental) [trunk revision 243171] (GCC)
=== gnat tests ===
Running target unix
=== gnat Summary for unix ===
# of expected passes 2515
# of expected failures 24
# of unsupported tests 23
Running target unix/-m32
=== gnat Summary for unix/-m32 ===
# of expected passes 2515
# of expected failures 24
# of unsupported tests 23
=== gnat Summary ===
# of expected passes 5030
# of expected failures 48
# of unsupported tests 46
/var/gcc/regression/trunk/11-gcc-gas-64/build/gcc/gnatmake version 7.0.0 20161202 (experimental) [trunk revision 243171]
=== go tests ===
Running target unix
=== go Summary for unix ===
# of expected passes 7243
# of expected failures 1
# of untested testcases 11
# of unsupported tests 3
Running target unix/-m32
=== go Summary for unix/-m32 ===
# of expected passes 7363
# of expected failures 1
# of untested testcases 11
# of unsupported tests 3
=== go Summary ===
# of expected passes 14606
# of expected failures 2
# of untested testcases 22
# of unsupported tests 6
=== obj-c++ tests ===
Running target unix/-m32
=== obj-c++ Summary for unix/-m32 ===
# of expected passes 1458
# of expected failures 2
# of unsupported tests 77
Running target unix
=== obj-c++ Summary for unix ===
# of expected passes 1450
# of expected failures 10
# of unsupported tests 77
=== obj-c++ Summary ===
# of expected passes 2908
# of expected failures 12
# of unsupported tests 154
/var/gcc/regression/trunk/11-gcc-gas-64/build/gcc/testsuite/obj-c++/../../xg++ version 7.0.0 20161202 (experimental) [trunk revision 243171] (GCC)
=== objc tests ===
Running target unix
=== objc Summary for unix ===
# of expected passes 2803
# of unsupported tests 68
Running target unix/-m32
=== objc Summary for unix/-m32 ===
# of expected passes 2803
# of unsupported tests 68
=== objc Summary ===
# of expected passes 5606
# of unsupported tests 136
/var/gcc/regression/trunk/11-gcc-gas-64/build/gcc/xgcc version 7.0.0 20161202 (experimental) [trunk revision 243171] (GCC)
=== libatomic tests ===
Running target unix/-m32
=== libatomic Summary for unix/-m32 ===
# of expected passes 44
# of unsupported tests 5
Running target unix
=== libatomic Summary for unix ===
# of expected passes 54
=== libatomic Summary ===
# of expected passes 98
# of unsupported tests 5
=== libffi tests ===
Running target unix/-m32
=== libffi Summary for unix/-m32 ===
# of expected passes 2214
Running target unix
=== libffi Summary for unix ===
# of expected passes 2214
=== libffi Summary ===
# of expected passes 4428
=== libgo tests ===
Running target unix
FAIL: go/build
=== libgo Summary for unix ===
# of expected passes 137
# of unexpected failures 1
Running target unix/-m32
FAIL: net
FAIL: go/build
FAIL: net/http
FAIL: os/signal
FAIL: runtime/internal/atomic
=== libgo Summary for unix/-m32 ===
# of expected passes 133
# of unexpected failures 5
=== libgo Summary ===
# of expected passes 270
# of unexpected failures 6
=== libgomp tests ===
Running target unix/-m32
FAIL: libgomp.c/reduction-10.c execution test
FAIL: libgomp.c/reduction-13.c execution test
FAIL: libgomp.c/reduction-14.c execution test
FAIL: libgomp.c/reduction-9.c execution test
FAIL: libgomp.c++/reduction-10.C execution test
FAIL: libgomp.c++/reduction-12.C execution test
FAIL: libgomp.c++/reduction-7.C execution test
FAIL: libgomp.c++/reduction-8.C execution test
FAIL: libgomp.fortran/vla1.f90 -O0 execution test
FAIL: libgomp.fortran/vla1.f90 -O1 execution test
FAIL: libgomp.fortran/vla1.f90 -O2 execution test
FAIL: libgomp.fortran/vla1.f90 -O3 -fomit-frame-pointer -funroll-loops -fpeel-loops -ftracer -finline-functions execution test
FAIL: libgomp.fortran/vla1.f90 -O3 -g execution test
FAIL: libgomp.fortran/vla1.f90 -Os execution test
FAIL: libgomp.fortran/vla4.f90 -O0 execution test
FAIL: libgomp.fortran/vla4.f90 -O1 execution test
FAIL: libgomp.fortran/vla4.f90 -O2 execution test
FAIL: libgomp.fortran/vla4.f90 -O3 -fomit-frame-pointer -funroll-loops -fpeel-loops -ftracer -finline-functions execution test
FAIL: libgomp.fortran/vla4.f90 -O3 -g execution test
FAIL: libgomp.fortran/vla4.f90 -Os execution test
=== libgomp Summary for unix/-m32 ===
# of expected passes 5026
# of unexpected failures 20
# of unsupported tests 382
Running target unix
=== libgomp Summary for unix ===
# of expected passes 5046
# of unsupported tests 382
=== libgomp Summary ===
# of expected passes 10072
# of unexpected failures 20
# of unsupported tests 764
=== libitm tests ===
Running target unix/-m32
=== libitm Summary for unix/-m32 ===
# of expected passes 42
# of expected failures 3
# of unsupported tests 1
Running target unix
=== libitm Summary for unix ===
# of expected passes 42
# of expected failures 3
# of unsupported tests 1
=== libitm Summary ===
# of expected passes 84
# of expected failures 6
# of unsupported tests 2
=== libstdc++ tests ===
Running target unix
FAIL: 19_diagnostics/error_code/is_error_code_v.cc (test for excess errors)
FAIL: 21_strings/basic_string/cons/char/7.cc (test for excess errors)
WARNING: 21_strings/basic_string/cons/char/7.cc compilation failed to produce executable
FAIL: 21_strings/basic_string/cons/char/9.cc (test for excess errors)
WARNING: 21_strings/basic_string/cons/char/9.cc compilation failed to produce executable
FAIL: 21_strings/basic_string/cons/wchar_t/7.cc (test for excess errors)
WARNING: 21_strings/basic_string/cons/wchar_t/7.cc compilation failed to produce executable
FAIL: 21_strings/basic_string/cons/wchar_t/9.cc (test for excess errors)
WARNING: 21_strings/basic_string/cons/wchar_t/9.cc compilation failed to produce executable
FAIL: 21_strings/basic_string/lwg2758.cc (test for excess errors)
FAIL: 21_strings/basic_string/modifiers/append/char/4.cc (test for excess errors)
WARNING: 21_strings/basic_string/modifiers/append/char/4.cc compilation failed to produce executable
FAIL: 21_strings/basic_string/modifiers/append/wchar_t/4.cc (test for excess errors)
WARNING: 21_strings/basic_string/modifiers/append/wchar_t/4.cc compilation failed to produce executable
FAIL: 21_strings/basic_string/modifiers/assign/char/4.cc (test for excess errors)
WARNING: 21_strings/basic_string/modifiers/assign/char/4.cc compilation failed to produce executable
FAIL: 21_strings/basic_string/modifiers/assign/wchar_t/4.cc (test for excess errors)
WARNING: 21_strings/basic_string/modifiers/assign/wchar_t/4.cc compilation failed to produce executable
FAIL: 21_strings/basic_string/modifiers/insert/char/3.cc (test for excess errors)
WARNING: 21_strings/basic_string/modifiers/insert/char/3.cc compilation failed to produce executable
FAIL: 21_strings/basic_string/modifiers/insert/wchar_t/3.cc (test for excess errors)
WARNING: 21_strings/basic_string/modifiers/insert/wchar_t/3.cc compilation failed to produce executable
FAIL: 21_strings/basic_string/modifiers/replace/char/7.cc (test for excess errors)
WARNING: 21_strings/basic_string/modifiers/replace/char/7.cc compilation failed to produce executable
FAIL: 21_strings/basic_string/modifiers/replace/wchar_t/7.cc (test for excess errors)
WARNING: 21_strings/basic_string/modifiers/replace/wchar_t/7.cc compilation failed to produce executable
FAIL: 21_strings/basic_string/operations/compare/char/2.cc (test for excess errors)
WARNING: 21_strings/basic_string/operations/compare/char/2.cc compilation failed to produce executable
FAIL: 21_strings/basic_string/operations/compare/wchar_t/2.cc (test for excess errors)
WARNING: 21_strings/basic_string/operations/compare/wchar_t/2.cc compilation failed to produce executable
FAIL: 21_strings/basic_string/operations/data/char/2.cc (test for excess errors)
WARNING: 21_strings/basic_string/operations/data/char/2.cc compilation failed to produce executable
FAIL: 21_strings/basic_string/operations/data/wchar_t/2.cc (test for excess errors)
WARNING: 21_strings/basic_string/operations/data/wchar_t/2.cc compilation failed to produce executable
FAIL: 21_strings/basic_string/operations/find/char/5.cc (test for excess errors)
WARNING: 21_strings/basic_string/operations/find/char/5.cc compilation failed to produce executable
FAIL: 21_strings/basic_string/operations/find/wchar_t/5.cc (test for excess errors)
WARNING: 21_strings/basic_string/operations/find/wchar_t/5.cc compilation failed to produce executable
FAIL: 21_strings/basic_string/operators/char/5.cc (test for excess errors)
WARNING: 21_strings/basic_string/operators/char/5.cc compilation failed to produce executable
FAIL: 21_strings/basic_string/operators/wchar_t/5.cc (test for excess errors)
WARNING: 21_strings/basic_string/operators/wchar_t/5.cc compilation failed to produce executable
FAIL: 21_strings/basic_string_view/capacity/1.cc (test for excess errors)
WARNING: 21_strings/basic_string_view/capacity/1.cc compilation failed to produce executable
FAIL: 21_strings/basic_string_view/cons/char/1.cc (test for excess errors)
WARNING: 21_strings/basic_string_view/cons/char/1.cc compilation failed to produce executable
FAIL: 21_strings/basic_string_view/cons/char/3.cc (test for excess errors)
WARNING: 21_strings/basic_string_view/cons/char/3.cc compilation failed to produce executable
FAIL: 21_strings/basic_string_view/cons/wchar_t/1.cc (test for excess errors)
WARNING: 21_strings/basic_string_view/cons/wchar_t/1.cc compilation failed to produce executable
FAIL: 21_strings/basic_string_view/cons/wchar_t/2.cc (test for excess errors)
WARNING: 21_strings/basic_string_view/cons/wchar_t/2.cc compilation failed to produce executable
FAIL: 21_strings/basic_string_view/cons/wchar_t/3.cc (test for excess errors)
WARNING: 21_strings/basic_string_view/cons/wchar_t/3.cc compilation failed to produce executable
FAIL: 21_strings/basic_string_view/element_access/char/1.cc (test for excess errors)
WARNING: 21_strings/basic_string_view/element_access/char/1.cc compilation failed to produce executable
FAIL: 21_strings/basic_string_view/element_access/char/empty.cc (test for excess errors)
WARNING: 21_strings/basic_string_view/element_access/char/empty.cc compilation failed to produce executable
FAIL: 21_strings/basic_string_view/element_access/char/front_back.cc (test for excess errors)
WARNING: 21_strings/basic_string_view/element_access/char/front_back.cc compilation failed to produce executable
FAIL: 21_strings/basic_string_view/element_access/wchar_t/1.cc (test for excess errors)
WARNING: 21_strings/basic_string_view/element_access/wchar_t/1.cc compilation failed to produce executable
FAIL: 21_strings/basic_string_view/element_access/wchar_t/empty.cc (test for excess errors)
WARNING: 21_strings/basic_string_view/element_access/wchar_t/empty.cc compilation failed to produce executable
FAIL: 21_strings/basic_string_view/element_access/wchar_t/front_back.cc (test for excess errors)
WARNING: 21_strings/basic_string_view/element_access/wchar_t/front_back.cc compilation failed to produce executable
FAIL: 21_strings/basic_string_view/include.cc (test for excess errors)
FAIL: 21_strings/basic_string_view/inserters/char/1.cc (test for excess errors)
WARNING: 21_strings/basic_string_view/inserters/char/1.cc compilation failed to produce executable
FAIL: 21_strings/basic_string_view/inserters/char/2.cc (test for excess errors)
WARNING: 21_strings/basic_string_view/inserters/char/2.cc compilation failed to produce executable
FAIL: 21_strings/basic_string_view/inserters/char/3.cc (test for excess errors)
WARNING: 21_strings/basic_string_view/inserters/char/3.cc compilation failed to produce executable
FAIL: 21_strings/basic_string_view/inserters/pod/10081-out.cc (test for excess errors)
WARNING: 21_strings/basic_string_view/inserters/pod/10081-out.cc compilation failed to produce executable
FAIL: 21_strings/basic_string_view/inserters/wchar_t/1.cc (test for excess errors)
WARNING: 21_strings/basic_string_view/inserters/wchar_t/1.cc compilation failed to produce executable
FAIL: 21_strings/basic_string_view/inserters/wchar_t/2.cc (test for excess errors)
WARNING: 21_strings/basic_string_view/inserters/wchar_t/2.cc compilation failed to produce executable
FAIL: 21_strings/basic_string_view/inserters/wchar_t/3.cc (test for excess errors)
WARNING: 21_strings/basic_string_view/inserters/wchar_t/3.cc compilation failed to produce executable
FAIL: 21_strings/basic_string_view/literals/types.cc (test for excess errors)
FAIL: 21_strings/basic_string_view/literals/values.cc (test for excess errors)
WARNING: 21_strings/basic_string_view/literals/values.cc compilation failed to produce executable
FAIL: 21_strings/basic_string_view/modifiers/remove_prefix/char/1.cc (test for excess errors)
WARNING: 21_strings/basic_string_view/modifiers/remove_prefix/char/1.cc compilation failed to produce executable
FAIL: 21_strings/basic_string_view/modifiers/remove_prefix/wchar_t/1.cc (test for excess errors)
WARNING: 21_strings/basic_string_view/modifiers/remove_prefix/wchar_t/1.cc compilation failed to produce executable
FAIL: 21_strings/basic_string_view/modifiers/remove_suffix/char/1.cc (test for excess errors)
WARNING: 21_strings/basic_string_view/modifiers/remove_suffix/char/1.cc compilation failed to produce executable
FAIL: 21_strings/basic_string_view/modifiers/remove_suffix/wchar_t/1.cc (test for excess errors)
WARNING: 21_strings/basic_string_view/modifiers/remove_suffix/wchar_t/1.cc compilation failed to produce executable
FAIL: 21_strings/basic_string_view/operations/compare/char/1.cc (test for excess errors)
WARNING: 21_strings/basic_string_view/operations/compare/char/1.cc compilation failed to produce executable
FAIL: 21_strings/basic_string_view/operations/compare/char/13650.cc (test for excess errors)
WARNING: 21_strings/basic_string_view/operations/compare/char/13650.cc compilation failed to produce executable
FAIL: 21_strings/basic_string_view/operations/compare/wchar_t/1.cc (test for excess errors)
WARNING: 21_strings/basic_string_view/operations/compare/wchar_t/1.cc compilation failed to produce executable
FAIL: 21_strings/basic_string_view/operations/compare/wchar_t/13650.cc (test for excess errors)
WARNING: 21_strings/basic_string_view/operations/compare/wchar_t/13650.cc compilation failed to produce executable
FAIL: 21_strings/basic_string_view/operations/copy/char/1.cc (test for excess errors)
WARNING: 21_strings/basic_string_view/operations/copy/char/1.cc compilation failed to produce executable
FAIL: 21_strings/basic_string_view/operations/copy/wchar_t/1.cc (test for excess errors)
WARNING: 21_strings/basic_string_view/operations/copy/wchar_t/1.cc compilation failed to produce executable
FAIL: 21_strings/basic_string_view/operations/data/char/1.cc (test for excess errors)
WARNING: 21_strings/basic_string_view/operations/data/char/1.cc compilation failed to produce executable
FAIL: 21_strings/basic_string_view/operations/data/wchar_t/1.cc (test for excess errors)
WARNING: 21_strings/basic_string_view/operations/data/wchar_t/1.cc compilation failed to produce executable
FAIL: 21_strings/basic_string_view/operations/find/char/1.cc (test for excess errors)
WARNING: 21_strings/basic_string_view/operations/find/char/1.cc compilation failed to produce executable
FAIL: 21_strings/basic_string_view/operations/find/char/2.cc (test for excess errors)
WARNING: 21_strings/basic_string_view/operations/find/char/2.cc compilation failed to produce executable
FAIL: 21_strings/basic_string_view/operations/find/char/3.cc (test for excess errors)
WARNING: 21_strings/basic_string_view/operations/find/char/3.cc compilation failed to produce executable
FAIL: 21_strings/basic_string_view/operations/find/char/4.cc (test for excess errors)
WARNING: 21_strings/basic_string_view/operations/find/char/4.cc compilation failed to produce executable
FAIL: 21_strings/basic_string_view/operations/find/wchar_t/1.cc (test for excess errors)
WARNING: 21_strings/basic_string_view/operations/find/wchar_t/1.cc compilation failed to produce executable
FAIL: 21_strings/basic_string_view/operations/find/wchar_t/2.cc (test for excess errors)
WARNING: 21_strings/basic_string_view/operations/find/wchar_t/2.cc compilation failed to produce executable
FAIL: 21_strings/basic_string_view/operations/find/wchar_t/3.cc (test for excess errors)
WARNING: 21_strings/basic_string_view/operations/find/wchar_t/3.cc compilation failed to produce executable
FAIL: 21_strings/basic_string_view/operations/find/wchar_t/4.cc (test for excess errors)
WARNING: 21_strings/basic_string_view/operations/find/wchar_t/4.cc compilation failed to produce executable
FAIL: 21_strings/basic_string_view/operations/rfind/char/1.cc (test for excess errors)
WARNING: 21_strings/basic_string_view/operations/rfind/char/1.cc compilation failed to produce executable
FAIL: 21_strings/basic_string_view/operations/rfind/char/2.cc (test for excess errors)
WARNING: 21_strings/basic_string_view/operations/rfind/char/2.cc compilation failed to produce executable
FAIL: 21_strings/basic_string_view/operations/rfind/char/3.cc (test for excess errors)
WARNING: 21_strings/basic_string_view/operations/rfind/char/3.cc compilation failed to produce executable
FAIL: 21_strings/basic_string_view/operations/rfind/wchar_t/1.cc (test for excess errors)
WARNING: 21_strings/basic_string_view/operations/rfind/wchar_t/1.cc compilation failed to produce executable
FAIL: 21_strings/basic_string_view/operations/rfind/wchar_t/2.cc (test for excess errors)
WARNING: 21_strings/basic_string_view/operations/rfind/wchar_t/2.cc compilation failed to produce executable
FAIL: 21_strings/basic_string_view/operations/rfind/wchar_t/3.cc (test for excess errors)
WARNING: 21_strings/basic_string_view/operations/rfind/wchar_t/3.cc compilation failed to produce executable
FAIL: 21_strings/basic_string_view/operations/string_conversion/1.cc (test for excess errors)
WARNING: 21_strings/basic_string_view/operations/string_conversion/1.cc compilation failed to produce executable
FAIL: 21_strings/basic_string_view/operations/substr/char/1.cc (test for excess errors)
WARNING: 21_strings/basic_string_view/operations/substr/char/1.cc compilation failed to produce executable
FAIL: 21_strings/basic_string_view/operations/substr/wchar_t/1.cc (test for excess errors)
WARNING: 21_strings/basic_string_view/operations/substr/wchar_t/1.cc compilation failed to produce executable
FAIL: 21_strings/basic_string_view/operators/char/2.cc (test for excess errors)
WARNING: 21_strings/basic_string_view/operators/char/2.cc compilation failed to produce executable
FAIL: 21_strings/basic_string_view/operators/wchar_t/2.cc (test for excess errors)
WARNING: 21_strings/basic_string_view/operators/wchar_t/2.cc compilation failed to produce executable
FAIL: 21_strings/basic_string_view/range_access/char/1.cc (test for excess errors)
FAIL: 21_strings/basic_string_view/range_access/wchar_t/1.cc (test for excess errors)
FAIL: 21_strings/basic_string_view/requirements/explicit_instantiation/1.cc (test for excess errors)
FAIL: 21_strings/basic_string_view/requirements/explicit_instantiation/char/1.cc (test for excess errors)
FAIL: 21_strings/basic_string_view/requirements/explicit_instantiation/char16_t/1.cc (test for excess errors)
FAIL: 21_strings/basic_string_view/requirements/explicit_instantiation/char32_t/1.cc (test for excess errors)
FAIL: 21_strings/basic_string_view/requirements/explicit_instantiation/wchar_t/1.cc (test for excess errors)
FAIL: 21_strings/basic_string_view/requirements/typedefs.cc (test for excess errors)
FAIL: 21_strings/basic_string_view/typedefs.cc (test for excess errors)
FAIL: 21_strings/basic_string_view/types/1.cc (test for excess errors)
FAIL: 24_iterators/container_access.cc (test for excess errors)
WARNING: 24_iterators/container_access.cc compilation failed to produce executable
FAIL: 24_iterators/headers/iterator/range_access_c++17.cc (test for excess errors)
FAIL: 24_iterators/headers/iterator/synopsis_c++17.cc (test for excess errors)
FAIL: 27_io/headers/cstdio/functions_neg.cc (test for errors, line 24)
FAIL: 30_threads/shared_lock/70766.cc (test for excess errors)
FAIL: 30_threads/shared_mutex/cons/1.cc (test for excess errors)
WARNING: 30_threads/shared_mutex/cons/1.cc compilation failed to produce executable
FAIL: 30_threads/shared_mutex/cons/assign_neg.cc (test for errors, line 32)
FAIL: 30_threads/shared_mutex/cons/assign_neg.cc (test for excess errors)
FAIL: 30_threads/shared_mutex/cons/copy_neg.cc (test for errors, line 31)
FAIL: 30_threads/shared_mutex/cons/copy_neg.cc (test for excess errors)
FAIL: 30_threads/shared_mutex/requirements/standard_layout.cc (test for excess errors)
FAIL: 30_threads/shared_mutex/try_lock/1.cc (test for excess errors)
WARNING: 30_threads/shared_mutex/try_lock/1.cc compilation failed to produce executable
FAIL: 30_threads/shared_mutex/try_lock/2.cc (test for excess errors)
WARNING: 30_threads/shared_mutex/try_lock/2.cc compilation failed to produce executable
FAIL: 30_threads/shared_mutex/unlock/1.cc (test for excess errors)
WARNING: 30_threads/shared_mutex/unlock/1.cc compilation failed to produce executable
FAIL: experimental/filesystem/path/construct/string_view.cc (test for excess errors)
WARNING: experimental/filesystem/path/construct/string_view.cc compilation failed to produce executable
=== libstdc++ Summary for unix ===
# of expected passes 10504
# of unexpected failures 100
# of expected failures 66
# of unsupported tests 634
Running target unix/-m32
FAIL: 19_diagnostics/error_code/is_error_code_v.cc (test for excess errors)
FAIL: 21_strings/basic_string/cons/char/7.cc (test for excess errors)
WARNING: 21_strings/basic_string/cons/char/7.cc compilation failed to produce executable
FAIL: 21_strings/basic_string/cons/char/9.cc (test for excess errors)
WARNING: 21_strings/basic_string/cons/char/9.cc compilation failed to produce executable
FAIL: 21_strings/basic_string/cons/wchar_t/7.cc (test for excess errors)
WARNING: 21_strings/basic_string/cons/wchar_t/7.cc compilation failed to produce executable
FAIL: 21_strings/basic_string/cons/wchar_t/9.cc (test for excess errors)
WARNING: 21_strings/basic_string/cons/wchar_t/9.cc compilation failed to produce executable
FAIL: 21_strings/basic_string/lwg2758.cc (test for excess errors)
FAIL: 21_strings/basic_string/modifiers/append/char/4.cc (test for excess errors)
WARNING: 21_strings/basic_string/modifiers/append/char/4.cc compilation failed to produce executable
FAIL: 21_strings/basic_string/modifiers/append/wchar_t/4.cc (test for excess errors)
WARNING: 21_strings/basic_string/modifiers/append/wchar_t/4.cc compilation failed to produce executable
FAIL: 21_strings/basic_string/modifiers/assign/char/4.cc (test for excess errors)
WARNING: 21_strings/basic_string/modifiers/assign/char/4.cc compilation failed to produce executable
FAIL: 21_strings/basic_string/modifiers/assign/wchar_t/4.cc (test for excess errors)
WARNING: 21_strings/basic_string/modifiers/assign/wchar_t/4.cc compilation failed to produce executable
FAIL: 21_strings/basic_string/modifiers/insert/char/3.cc (test for excess errors)
WARNING: 21_strings/basic_string/modifiers/insert/char/3.cc compilation failed to produce executable
FAIL: 21_strings/basic_string/modifiers/insert/wchar_t/3.cc (test for excess errors)
WARNING: 21_strings/basic_string/modifiers/insert/wchar_t/3.cc compilation failed to produce executable
FAIL: 21_strings/basic_string/modifiers/replace/char/7.cc (test for excess errors)
WARNING: 21_strings/basic_string/modifiers/replace/char/7.cc compilation failed to produce executable
FAIL: 21_strings/basic_string/modifiers/replace/wchar_t/7.cc (test for excess errors)
WARNING: 21_strings/basic_string/modifiers/replace/wchar_t/7.cc compilation failed to produce executable
FAIL: 21_strings/basic_string/operations/compare/char/2.cc (test for excess errors)
WARNING: 21_strings/basic_string/operations/compare/char/2.cc compilation failed to produce executable
FAIL: 21_strings/basic_string/operations/compare/wchar_t/2.cc (test for excess errors)
WARNING: 21_strings/basic_string/operations/compare/wchar_t/2.cc compilation failed to produce executable
FAIL: 21_strings/basic_string/operations/data/char/2.cc (test for excess errors)
WARNING: 21_strings/basic_string/operations/data/char/2.cc compilation failed to produce executable
FAIL: 21_strings/basic_string/operations/data/wchar_t/2.cc (test for excess errors)
WARNING: 21_strings/basic_string/operations/data/wchar_t/2.cc compilation failed to produce executable
FAIL: 21_strings/basic_string/operations/find/char/5.cc (test for excess errors)
WARNING: 21_strings/basic_string/operations/find/char/5.cc compilation failed to produce executable
FAIL: 21_strings/basic_string/operations/find/wchar_t/5.cc (test for excess errors)
WARNING: 21_strings/basic_string/operations/find/wchar_t/5.cc compilation failed to produce executable
FAIL: 21_strings/basic_string/operators/char/5.cc (test for excess errors)
WARNING: 21_strings/basic_string/operators/char/5.cc compilation failed to produce executable
FAIL: 21_strings/basic_string/operators/wchar_t/5.cc (test for excess errors)
WARNING: 21_strings/basic_string/operators/wchar_t/5.cc compilation failed to produce executable
FAIL: 21_strings/basic_string_view/capacity/1.cc (test for excess errors)
WARNING: 21_strings/basic_string_view/capacity/1.cc compilation failed to produce executable
FAIL: 21_strings/basic_string_view/cons/char/1.cc (test for excess errors)
WARNING: 21_strings/basic_string_view/cons/char/1.cc compilation failed to produce executable
FAIL: 21_strings/basic_string_view/cons/char/3.cc (test for excess errors)
WARNING: 21_strings/basic_string_view/cons/char/3.cc compilation failed to produce executable
FAIL: 21_strings/basic_string_view/cons/wchar_t/1.cc (test for excess errors)
WARNING: 21_strings/basic_string_view/cons/wchar_t/1.cc compilation failed to produce executable
FAIL: 21_strings/basic_string_view/cons/wchar_t/2.cc (test for excess errors)
WARNING: 21_strings/basic_string_view/cons/wchar_t/2.cc compilation failed to produce executable
FAIL: 21_strings/basic_string_view/cons/wchar_t/3.cc (test for excess errors)
WARNING: 21_strings/basic_string_view/cons/wchar_t/3.cc compilation failed to produce executable
FAIL: 21_strings/basic_string_view/element_access/char/1.cc (test for excess errors)
WARNING: 21_strings/basic_string_view/element_access/char/1.cc compilation failed to produce executable
FAIL: 21_strings/basic_string_view/element_access/char/empty.cc (test for excess errors)
WARNING: 21_strings/basic_string_view/element_access/char/empty.cc compilation failed to produce executable
FAIL: 21_strings/basic_string_view/element_access/char/front_back.cc (test for excess errors)
WARNING: 21_strings/basic_string_view/element_access/char/front_back.cc compilation failed to produce executable
FAIL: 21_strings/basic_string_view/element_access/wchar_t/1.cc (test for excess errors)
WARNING: 21_strings/basic_string_view/element_access/wchar_t/1.cc compilation failed to produce executable
FAIL: 21_strings/basic_string_view/element_access/wchar_t/empty.cc (test for excess errors)
WARNING: 21_strings/basic_string_view/element_access/wchar_t/empty.cc compilation failed to produce executable
FAIL: 21_strings/basic_string_view/element_access/wchar_t/front_back.cc (test for excess errors)
WARNING: 21_strings/basic_string_view/element_access/wchar_t/front_back.cc compilation failed to produce executable
FAIL: 21_strings/basic_string_view/include.cc (test for excess errors)
FAIL: 21_strings/basic_string_view/inserters/char/1.cc (test for excess errors)
WARNING: 21_strings/basic_string_view/inserters/char/1.cc compilation failed to produce executable
FAIL: 21_strings/basic_string_view/inserters/char/2.cc (test for excess errors)
WARNING: 21_strings/basic_string_view/inserters/char/2.cc compilation failed to produce executable
FAIL: 21_strings/basic_string_view/inserters/char/3.cc (test for excess errors)
WARNING: 21_strings/basic_string_view/inserters/char/3.cc compilation failed to produce executable
FAIL: 21_strings/basic_string_view/inserters/pod/10081-out.cc (test for excess errors)
WARNING: 21_strings/basic_string_view/inserters/pod/10081-out.cc compilation failed to produce executable
FAIL: 21_strings/basic_string_view/inserters/wchar_t/1.cc (test for excess errors)
WARNING: 21_strings/basic_string_view/inserters/wchar_t/1.cc compilation failed to produce executable
FAIL: 21_strings/basic_string_view/inserters/wchar_t/2.cc (test for excess errors)
WARNING: 21_strings/basic_string_view/inserters/wchar_t/2.cc compilation failed to produce executable
FAIL: 21_strings/basic_string_view/inserters/wchar_t/3.cc (test for excess errors)
WARNING: 21_strings/basic_string_view/inserters/wchar_t/3.cc compilation failed to produce executable
FAIL: 21_strings/basic_string_view/literals/types.cc (test for excess errors)
FAIL: 21_strings/basic_string_view/literals/values.cc (test for excess errors)
WARNING: 21_strings/basic_string_view/literals/values.cc compilation failed to produce executable
FAIL: 21_strings/basic_string_view/modifiers/remove_prefix/char/1.cc (test for excess errors)
WARNING: 21_strings/basic_string_view/modifiers/remove_prefix/char/1.cc compilation failed to produce executable
FAIL: 21_strings/basic_string_view/modifiers/remove_prefix/wchar_t/1.cc (test for excess errors)
WARNING: 21_strings/basic_string_view/modifiers/remove_prefix/wchar_t/1.cc compilation failed to produce executable
FAIL: 21_strings/basic_string_view/modifiers/remove_suffix/char/1.cc (test for excess errors)
WARNING: 21_strings/basic_string_view/modifiers/remove_suffix/char/1.cc compilation failed to produce executable
FAIL: 21_strings/basic_string_view/modifiers/remove_suffix/wchar_t/1.cc (test for excess errors)
WARNING: 21_strings/basic_string_view/modifiers/remove_suffix/wchar_t/1.cc compilation failed to produce executable
FAIL: 21_strings/basic_string_view/operations/compare/char/1.cc (test for excess errors)
WARNING: 21_strings/basic_string_view/operations/compare/char/1.cc compilation failed to produce executable
FAIL: 21_strings/basic_string_view/operations/compare/char/13650.cc (test for excess errors)
WARNING: 21_strings/basic_string_view/operations/compare/char/13650.cc compilation failed to produce executable
FAIL: 21_strings/basic_string_view/operations/compare/wchar_t/1.cc (test for excess errors)
WARNING: 21_strings/basic_string_view/operations/compare/wchar_t/1.cc compilation failed to produce executable
FAIL: 21_strings/basic_string_view/operations/compare/wchar_t/13650.cc (test for excess errors)
WARNING: 21_strings/basic_string_view/operations/compare/wchar_t/13650.cc compilation failed to produce executable
FAIL: 21_strings/basic_string_view/operations/copy/char/1.cc (test for excess errors)
WARNING: 21_strings/basic_string_view/operations/copy/char/1.cc compilation failed to produce executable
FAIL: 21_strings/basic_string_view/operations/copy/wchar_t/1.cc (test for excess errors)
WARNING: 21_strings/basic_string_view/operations/copy/wchar_t/1.cc compilation failed to produce executable
FAIL: 21_strings/basic_string_view/operations/data/char/1.cc (test for excess errors)
WARNING: 21_strings/basic_string_view/operations/data/char/1.cc compilation failed to produce executable
FAIL: 21_strings/basic_string_view/operations/data/wchar_t/1.cc (test for excess errors)
WARNING: 21_strings/basic_string_view/operations/data/wchar_t/1.cc compilation failed to produce executable
FAIL: 21_strings/basic_string_view/operations/find/char/1.cc (test for excess errors)
WARNING: 21_strings/basic_string_view/operations/find/char/1.cc compilation failed to produce executable
FAIL: 21_strings/basic_string_view/operations/find/char/2.cc (test for excess errors)
WARNING: 21_strings/basic_string_view/operations/find/char/2.cc compilation failed to produce executable
FAIL: 21_strings/basic_string_view/operations/find/char/3.cc (test for excess errors)
WARNING: 21_strings/basic_string_view/operations/find/char/3.cc compilation failed to produce executable
FAIL: 21_strings/basic_string_view/operations/find/char/4.cc (test for excess errors)
WARNING: 21_strings/basic_string_view/operations/find/char/4.cc compilation failed to produce executable
FAIL: 21_strings/basic_string_view/operations/find/wchar_t/1.cc (test for excess errors)
WARNING: 21_strings/basic_string_view/operations/find/wchar_t/1.cc compilation failed to produce executable
FAIL: 21_strings/basic_string_view/operations/find/wchar_t/2.cc (test for excess errors)
WARNING: 21_strings/basic_string_view/operations/find/wchar_t/2.cc compilation failed to produce executable
FAIL: 21_strings/basic_string_view/operations/find/wchar_t/3.cc (test for excess errors)
WARNING: 21_strings/basic_string_view/operations/find/wchar_t/3.cc compilation failed to produce executable
FAIL: 21_strings/basic_string_view/operations/find/wchar_t/4.cc (test for excess errors)
WARNING: 21_strings/basic_string_view/operations/find/wchar_t/4.cc compilation failed to produce executable
FAIL: 21_strings/basic_string_view/operations/rfind/char/1.cc (test for excess errors)
WARNING: 21_strings/basic_string_view/operations/rfind/char/1.cc compilation failed to produce executable
FAIL: 21_strings/basic_string_view/operations/rfind/char/2.cc (test for excess errors)
WARNING: 21_strings/basic_string_view/operations/rfind/char/2.cc compilation failed to produce executable
FAIL: 21_strings/basic_string_view/operations/rfind/char/3.cc (test for excess errors)
WARNING: 21_strings/basic_string_view/operations/rfind/char/3.cc compilation failed to produce executable
FAIL: 21_strings/basic_string_view/operations/rfind/wchar_t/1.cc (test for excess errors)
WARNING: 21_strings/basic_string_view/operations/rfind/wchar_t/1.cc compilation failed to produce executable
FAIL: 21_strings/basic_string_view/operations/rfind/wchar_t/2.cc (test for excess errors)
WARNING: 21_strings/basic_string_view/operations/rfind/wchar_t/2.cc compilation failed to produce executable
FAIL: 21_strings/basic_string_view/operations/rfind/wchar_t/3.cc (test for excess errors)
WARNING: 21_strings/basic_string_view/operations/rfind/wchar_t/3.cc compilation failed to produce executable
FAIL: 21_strings/basic_string_view/operations/string_conversion/1.cc (test for excess errors)
WARNING: 21_strings/basic_string_view/operations/string_conversion/1.cc compilation failed to produce executable
FAIL: 21_strings/basic_string_view/operations/substr/char/1.cc (test for excess errors)
WARNING: 21_strings/basic_string_view/operations/substr/char/1.cc compilation failed to produce executable
FAIL: 21_strings/basic_string_view/operations/substr/wchar_t/1.cc (test for excess errors)
WARNING: 21_strings/basic_string_view/operations/substr/wchar_t/1.cc compilation failed to produce executable
FAIL: 21_strings/basic_string_view/operators/char/2.cc (test for excess errors)
WARNING: 21_strings/basic_string_view/operators/char/2.cc compilation failed to produce executable
FAIL: 21_strings/basic_string_view/operators/wchar_t/2.cc (test for excess errors)
WARNING: 21_strings/basic_string_view/operators/wchar_t/2.cc compilation failed to produce executable
FAIL: 21_strings/basic_string_view/range_access/char/1.cc (test for excess errors)
FAIL: 21_strings/basic_string_view/range_access/wchar_t/1.cc (test for excess errors)
FAIL: 21_strings/basic_string_view/requirements/explicit_instantiation/1.cc (test for excess errors)
FAIL: 21_strings/basic_string_view/requirements/explicit_instantiation/char/1.cc (test for excess errors)
FAIL: 21_strings/basic_string_view/requirements/explicit_instantiation/char16_t/1.cc (test for excess errors)
FAIL: 21_strings/basic_string_view/requirements/explicit_instantiation/char32_t/1.cc (test for excess errors)
FAIL: 21_strings/basic_string_view/requirements/explicit_instantiation/wchar_t/1.cc (test for excess errors)
FAIL: 21_strings/basic_string_view/requirements/typedefs.cc (test for excess errors)
FAIL: 21_strings/basic_string_view/typedefs.cc (test for excess errors)
FAIL: 21_strings/basic_string_view/types/1.cc (test for excess errors)
FAIL: 24_iterators/container_access.cc (test for excess errors)
WARNING: 24_iterators/container_access.cc compilation failed to produce executable
FAIL: 24_iterators/headers/iterator/range_access_c++17.cc (test for excess errors)
FAIL: 24_iterators/headers/iterator/synopsis_c++17.cc (test for excess errors)
FAIL: 27_io/headers/cstdio/functions_neg.cc (test for errors, line 24)
FAIL: 30_threads/shared_lock/70766.cc (test for excess errors)
FAIL: 30_threads/shared_mutex/cons/1.cc (test for excess errors)
WARNING: 30_threads/shared_mutex/cons/1.cc compilation failed to produce executable
FAIL: 30_threads/shared_mutex/cons/assign_neg.cc (test for errors, line 32)
FAIL: 30_threads/shared_mutex/cons/assign_neg.cc (test for excess errors)
FAIL: 30_threads/shared_mutex/cons/copy_neg.cc (test for errors, line 31)
FAIL: 30_threads/shared_mutex/cons/copy_neg.cc (test for excess errors)
FAIL: 30_threads/shared_mutex/requirements/standard_layout.cc (test for excess errors)
FAIL: 30_threads/shared_mutex/try_lock/1.cc (test for excess errors)
WARNING: 30_threads/shared_mutex/try_lock/1.cc compilation failed to produce executable
FAIL: 30_threads/shared_mutex/try_lock/2.cc (test for excess errors)
WARNING: 30_threads/shared_mutex/try_lock/2.cc compilation failed to produce executable
FAIL: 30_threads/shared_mutex/unlock/1.cc (test for excess errors)
WARNING: 30_threads/shared_mutex/unlock/1.cc compilation failed to produce executable
FAIL: experimental/filesystem/path/construct/string_view.cc (test for excess errors)
WARNING: experimental/filesystem/path/construct/string_view.cc compilation failed to produce executable
=== libstdc++ Summary for unix/-m32 ===
# of expected passes 10504
# of unexpected failures 100
# of expected failures 66
# of unsupported tests 634
=== libstdc++ Summary ===
# of expected passes 21008
# of unexpected failures 200
# of expected failures 132
# of unsupported tests 1268
Compiler version: 7.0.0 20161202 (experimental) [trunk revision 243171] (GCC)
Platform: sparcv9-sun-solaris2.11
configure flags: --prefix=/vol/gcc --target=sparcv9-sun-solaris2.11 --enable-objc-gc --with-target-bdw-gc-include=/vol/gcc/include,sparcv8plus=/vol/gcc/include --with-target-bdw-gc-lib=/vol/gcc/lib/sparcv9,sparcv8plus=/vol/gcc/lib --enable-libmudflap --with-as=/vol/gcc/bin/sparcv9/gas-2.27 --with-gnu-as --with-gmp-include=/vol/gcc/include --with-gmp-lib=/vol/gcc/lib/sparcv9 --with-mpfr-include=/vol/gcc/include --with-mpfr-lib=/vol/gcc/lib/sparcv9 --with-mpc-include=/vol/gcc/include --with-mpc-lib=/vol/gcc/lib/sparcv9 --enable-languages=all,ada,obj-c++,go --with-isl-include=/vol/gcc/include --with-isl-lib=/vol/gcc/lib/sparcv9 --build=sparcv9-sun-solaris2.11 --host=sparcv9-sun-solaris2.11
BOOT_CFLAGS=-g -O2