This is the mail archive of the
gcc-testresults@gcc.gnu.org
mailing list for the GCC project.
Results for 7.0.0 20161201 (experimental) [master revision 873271f:4c58372:74dfdbe33fb2a54e00091de5a91be334d0d531c6] (Cavium Inc. (Build 1387)) testsuite on aarch64-thunderx-elf
- From: jenkins at cavium dot com
- To: gcc-testresults at gcc dot gnu dot org
- Date: Fri, 2 Dec 2016 19:02:21 -0800
- Subject: Results for 7.0.0 20161201 (experimental) [master revision 873271f:4c58372:74dfdbe33fb2a54e00091de5a91be334d0d531c6] (Cavium Inc. (Build 1387)) testsuite on aarch64-thunderx-elf
- Authentication-results: sourceware.org; auth=none
Target is aarch64-thunderx-elf
Host is x86_64-unknown-linux-gnu
=== gcc tests ===
Running target thunderx-elf-sim
FAIL: gcc.c-torture/execute/builtins/strcat-chk.c execution, -O2 -flto -fuse-linker-plugin -fno-fat-lto-objects
FAIL: gcc.c-torture/unsorted/dump-noaddr.c, -O0 -dumpbase dump1/dump-noaddr.c -DMASK=1 -x c --param ggc-min-heapsize=1 -fdump-ipa-all -fdump-rtl-all -fdump-tree-all -fdump-noaddr
FAIL: gcc.c-torture/unsorted/dump-noaddr.c, -O0 -dumpbase dump2/dump-noaddr.c -DMASK=2 -x c -fdump-ipa-all -fdump-rtl-all -fdump-tree-all -fdump-noaddr
FAIL: gcc.c-torture/unsorted/dump-noaddr.c, -O1 -dumpbase dump1/dump-noaddr.c -DMASK=1 -x c --param ggc-min-heapsize=1 -fdump-ipa-all -fdump-rtl-all -fdump-tree-all -fdump-noaddr
FAIL: gcc.c-torture/unsorted/dump-noaddr.c, -O1 -dumpbase dump2/dump-noaddr.c -DMASK=2 -x c -fdump-ipa-all -fdump-rtl-all -fdump-tree-all -fdump-noaddr
FAIL: gcc.c-torture/unsorted/dump-noaddr.c, -O2 -dumpbase dump1/dump-noaddr.c -DMASK=1 -x c --param ggc-min-heapsize=1 -fdump-ipa-all -fdump-rtl-all -fdump-tree-all -fdump-noaddr
FAIL: gcc.c-torture/unsorted/dump-noaddr.c, -O2 -dumpbase dump2/dump-noaddr.c -DMASK=2 -x c -fdump-ipa-all -fdump-rtl-all -fdump-tree-all -fdump-noaddr
FAIL: gcc.c-torture/unsorted/dump-noaddr.c, -O3 -fomit-frame-pointer -funroll-loops -fpeel-loops -ftracer -finline-functions -dumpbase dump1/dump-noaddr.c -DMASK=1 -x c --param ggc-min-heapsize=1 -fdump-ipa-all -fdump-rtl-all -fdump-tree-all -fdump-noaddr
FAIL: gcc.c-torture/unsorted/dump-noaddr.c, -O3 -fomit-frame-pointer -funroll-loops -fpeel-loops -ftracer -finline-functions -dumpbase dump2/dump-noaddr.c -DMASK=2 -x c -fdump-ipa-all -fdump-rtl-all -fdump-tree-all -fdump-noaddr
FAIL: gcc.c-torture/unsorted/dump-noaddr.c, -O3 -g -dumpbase dump1/dump-noaddr.c -DMASK=1 -x c --param ggc-min-heapsize=1 -fdump-ipa-all -fdump-rtl-all -fdump-tree-all -fdump-noaddr
FAIL: gcc.c-torture/unsorted/dump-noaddr.c, -O3 -g -dumpbase dump2/dump-noaddr.c -DMASK=2 -x c -fdump-ipa-all -fdump-rtl-all -fdump-tree-all -fdump-noaddr
FAIL: gcc.c-torture/unsorted/dump-noaddr.c, -Os -dumpbase dump1/dump-noaddr.c -DMASK=1 -x c --param ggc-min-heapsize=1 -fdump-ipa-all -fdump-rtl-all -fdump-tree-all -fdump-noaddr
FAIL: gcc.c-torture/unsorted/dump-noaddr.c, -Os -dumpbase dump2/dump-noaddr.c -DMASK=2 -x c -fdump-ipa-all -fdump-rtl-all -fdump-tree-all -fdump-noaddr
FAIL: gcc.c-torture/unsorted/dump-noaddr.c, -Og -g -dumpbase dump1/dump-noaddr.c -DMASK=1 -x c --param ggc-min-heapsize=1 -fdump-ipa-all -fdump-rtl-all -fdump-tree-all -fdump-noaddr
FAIL: gcc.c-torture/unsorted/dump-noaddr.c, -Og -g -dumpbase dump2/dump-noaddr.c -DMASK=2 -x c -fdump-ipa-all -fdump-rtl-all -fdump-tree-all -fdump-noaddr
FAIL: gcc.c-torture/unsorted/dump-noaddr.c, -O2 -flto -fno-use-linker-plugin -flto-partition=none -dumpbase dump1/dump-noaddr.c -DMASK=1 -x c --param ggc-min-heapsize=1 -fdump-ipa-all -fdump-rtl-all -fdump-tree-all -fdump-noaddr
FAIL: gcc.c-torture/unsorted/dump-noaddr.c, -O2 -flto -fno-use-linker-plugin -flto-partition=none -dumpbase dump2/dump-noaddr.c -DMASK=2 -x c -fdump-ipa-all -fdump-rtl-all -fdump-tree-all -fdump-noaddr
FAIL: gcc.c-torture/unsorted/dump-noaddr.c, -O2 -flto -fuse-linker-plugin -fno-fat-lto-objects -dumpbase dump1/dump-noaddr.c -DMASK=1 -x c --param ggc-min-heapsize=1 -fdump-ipa-all -fdump-rtl-all -fdump-tree-all -fdump-noaddr
FAIL: gcc.c-torture/unsorted/dump-noaddr.c, -O2 -flto -fuse-linker-plugin -fno-fat-lto-objects -dumpbase dump2/dump-noaddr.c -DMASK=2 -x c -fdump-ipa-all -fdump-rtl-all -fdump-tree-all -fdump-noaddr
FAIL: gcc.dg/gimplefe-14.c execution test
FAIL: gcc.dg/pr78582.c (test for excess errors)
FAIL: gcc.dg/zero_bits_compound-2.c scan-assembler-times \\\\(and: 2
FAIL: gcc.dg/lto/pr54709 c_lto_pr54709_0.o-c_lto_pr54709_1.o link, -fPIC -fvisibility=hidden -flto
UNRESOLVED: gcc.dg/lto/pr54709 c_lto_pr54709_0.o-c_lto_pr54709_1.o execute -fPIC -fvisibility=hidden -flto
FAIL: gcc.dg/lto/pr61526 c_lto_pr61526_0.o-c_lto_pr61526_1.o link, -fPIC -flto -flto-partition=1to1
UNRESOLVED: gcc.dg/lto/pr61526 c_lto_pr61526_0.o-c_lto_pr61526_1.o execute -fPIC -flto -flto-partition=1to1
FAIL: gcc.dg/lto/pr64415 c_lto_pr64415_0.o-c_lto_pr64415_1.o link, -O -flto -fpic
UNRESOLVED: gcc.dg/lto/pr64415 c_lto_pr64415_0.o-c_lto_pr64415_1.o execute -O -flto -fpic
FAIL: gcc.dg/sso/t6.c -O2 output pattern test
FAIL: gcc.dg/tree-ssa/builtin-sprintf.c execution test
FAIL: gcc.dg/tree-ssa/pr69270-3.c scan-tree-dump-times uncprop1 ", 1" 4
FAIL: gcc.dg/tree-ssa/scev-4.c scan-tree-dump-times optimized "&a" 1
FAIL: gcc.dg/tree-ssa/tailcall-8-run.c (test for excess errors)
UNRESOLVED: gcc.dg/tree-ssa/tailcall-8-run.c compilation failed to produce executable
XPASS: gcc.dg/vect/vect-24.c scan-tree-dump-times vect "vectorized 3 loops" 1
XPASS: gcc.dg/vect/vect-24.c -flto -ffat-lto-objects scan-tree-dump-times vect "vectorized 3 loops" 1
FAIL: gcc.target/aarch64/ldp_vec_64_1.c scan-assembler ldp\\td[0-9]+, d[0-9]
FAIL: gcc.target/aarch64/vect-abs-compile.c scan-assembler abs\\\\tv[0-9]+.16b
FAIL: gcc.target/aarch64/vect-abs-compile.c scan-assembler abs\\\\tv[0-9]+.8h
FAIL: gcc.target/aarch64/vect-compile.c scan-assembler-times addv 2
FAIL: gcc.target/aarch64/vect-compile.c scan-assembler-times addp 2
FAIL: gcc.target/aarch64/vect-faddv-compile.c scan-assembler-times faddp\\\\tv 2
FAIL: gcc.target/aarch64/vector_initialization_nostack.c scan-assembler-not sp
FAIL: gcc.target/aarch64/advsimd-intrinsics/vbsl.c -O0 (test for excess errors)
UNRESOLVED: gcc.target/aarch64/advsimd-intrinsics/vbsl.c -O0 compilation failed to produce executable
FAIL: gcc.target/aarch64/advsimd-intrinsics/vbsl.c -O1 (test for excess errors)
UNRESOLVED: gcc.target/aarch64/advsimd-intrinsics/vbsl.c -O1 compilation failed to produce executable
FAIL: gcc.target/aarch64/advsimd-intrinsics/vbsl.c -O2 (test for excess errors)
UNRESOLVED: gcc.target/aarch64/advsimd-intrinsics/vbsl.c -O2 compilation failed to produce executable
FAIL: gcc.target/aarch64/advsimd-intrinsics/vbsl.c -O3 -g (test for excess errors)
UNRESOLVED: gcc.target/aarch64/advsimd-intrinsics/vbsl.c -O3 -g compilation failed to produce executable
FAIL: gcc.target/aarch64/advsimd-intrinsics/vbsl.c -Os (test for excess errors)
UNRESOLVED: gcc.target/aarch64/advsimd-intrinsics/vbsl.c -Os compilation failed to produce executable
FAIL: gcc.target/aarch64/advsimd-intrinsics/vbsl.c -Og -g (test for excess errors)
UNRESOLVED: gcc.target/aarch64/advsimd-intrinsics/vbsl.c -Og -g compilation failed to produce executable
FAIL: gcc.target/aarch64/advsimd-intrinsics/vbsl.c -O2 -flto -fno-use-linker-plugin -flto-partition=none (test for excess errors)
UNRESOLVED: gcc.target/aarch64/advsimd-intrinsics/vbsl.c -O2 -flto -fno-use-linker-plugin -flto-partition=none compilation failed to produce executable
FAIL: gcc.target/aarch64/advsimd-intrinsics/vbsl.c -O2 -flto -fuse-linker-plugin -fno-fat-lto-objects (test for excess errors)
UNRESOLVED: gcc.target/aarch64/advsimd-intrinsics/vbsl.c -O2 -flto -fuse-linker-plugin -fno-fat-lto-objects compilation failed to produce executable
FAIL: gcc.target/aarch64/advsimd-intrinsics/vdup-vmov.c -O0 (test for excess errors)
UNRESOLVED: gcc.target/aarch64/advsimd-intrinsics/vdup-vmov.c -O0 compilation failed to produce executable
FAIL: gcc.target/aarch64/advsimd-intrinsics/vdup-vmov.c -O1 (test for excess errors)
UNRESOLVED: gcc.target/aarch64/advsimd-intrinsics/vdup-vmov.c -O1 compilation failed to produce executable
FAIL: gcc.target/aarch64/advsimd-intrinsics/vdup-vmov.c -O2 (test for excess errors)
UNRESOLVED: gcc.target/aarch64/advsimd-intrinsics/vdup-vmov.c -O2 compilation failed to produce executable
FAIL: gcc.target/aarch64/advsimd-intrinsics/vdup-vmov.c -O3 -fomit-frame-pointer -funroll-loops -fpeel-loops -ftracer -finline-functions (test for excess errors)
UNRESOLVED: gcc.target/aarch64/advsimd-intrinsics/vdup-vmov.c -O3 -fomit-frame-pointer -funroll-loops -fpeel-loops -ftracer -finline-functions compilation failed to produce executable
FAIL: gcc.target/aarch64/advsimd-intrinsics/vdup-vmov.c -O3 -g (test for excess errors)
UNRESOLVED: gcc.target/aarch64/advsimd-intrinsics/vdup-vmov.c -O3 -g compilation failed to produce executable
FAIL: gcc.target/aarch64/advsimd-intrinsics/vdup-vmov.c -Os (test for excess errors)
UNRESOLVED: gcc.target/aarch64/advsimd-intrinsics/vdup-vmov.c -Os compilation failed to produce executable
FAIL: gcc.target/aarch64/advsimd-intrinsics/vdup-vmov.c -Og -g (test for excess errors)
UNRESOLVED: gcc.target/aarch64/advsimd-intrinsics/vdup-vmov.c -Og -g compilation failed to produce executable
FAIL: gcc.target/aarch64/advsimd-intrinsics/vdup-vmov.c -O2 -flto -fno-use-linker-plugin -flto-partition=none (test for excess errors)
UNRESOLVED: gcc.target/aarch64/advsimd-intrinsics/vdup-vmov.c -O2 -flto -fno-use-linker-plugin -flto-partition=none compilation failed to produce executable
FAIL: gcc.target/aarch64/advsimd-intrinsics/vdup-vmov.c -O2 -flto -fuse-linker-plugin -fno-fat-lto-objects (test for excess errors)
UNRESOLVED: gcc.target/aarch64/advsimd-intrinsics/vdup-vmov.c -O2 -flto -fuse-linker-plugin -fno-fat-lto-objects compilation failed to produce executable
FAIL: gcc.target/aarch64/advsimd-intrinsics/vdup_lane.c -O0 (test for excess errors)
UNRESOLVED: gcc.target/aarch64/advsimd-intrinsics/vdup_lane.c -O0 compilation failed to produce executable
FAIL: gcc.target/aarch64/advsimd-intrinsics/vdup_lane.c -O1 (test for excess errors)
UNRESOLVED: gcc.target/aarch64/advsimd-intrinsics/vdup_lane.c -O1 compilation failed to produce executable
FAIL: gcc.target/aarch64/advsimd-intrinsics/vdup_lane.c -O2 (test for excess errors)
UNRESOLVED: gcc.target/aarch64/advsimd-intrinsics/vdup_lane.c -O2 compilation failed to produce executable
FAIL: gcc.target/aarch64/advsimd-intrinsics/vdup_lane.c -O3 -g (test for excess errors)
UNRESOLVED: gcc.target/aarch64/advsimd-intrinsics/vdup_lane.c -O3 -g compilation failed to produce executable
FAIL: gcc.target/aarch64/advsimd-intrinsics/vdup_lane.c -Os (test for excess errors)
UNRESOLVED: gcc.target/aarch64/advsimd-intrinsics/vdup_lane.c -Os compilation failed to produce executable
FAIL: gcc.target/aarch64/advsimd-intrinsics/vdup_lane.c -Og -g (test for excess errors)
UNRESOLVED: gcc.target/aarch64/advsimd-intrinsics/vdup_lane.c -Og -g compilation failed to produce executable
FAIL: gcc.target/aarch64/advsimd-intrinsics/vdup_lane.c -O2 -flto -fno-use-linker-plugin -flto-partition=none (test for excess errors)
UNRESOLVED: gcc.target/aarch64/advsimd-intrinsics/vdup_lane.c -O2 -flto -fno-use-linker-plugin -flto-partition=none compilation failed to produce executable
FAIL: gcc.target/aarch64/advsimd-intrinsics/vdup_lane.c -O2 -flto -fuse-linker-plugin -fno-fat-lto-objects (test for excess errors)
UNRESOLVED: gcc.target/aarch64/advsimd-intrinsics/vdup_lane.c -O2 -flto -fuse-linker-plugin -fno-fat-lto-objects compilation failed to produce executable
FAIL: gcc.target/aarch64/advsimd-intrinsics/vext.c -O0 (test for excess errors)
UNRESOLVED: gcc.target/aarch64/advsimd-intrinsics/vext.c -O0 compilation failed to produce executable
FAIL: gcc.target/aarch64/advsimd-intrinsics/vext.c -O1 (test for excess errors)
UNRESOLVED: gcc.target/aarch64/advsimd-intrinsics/vext.c -O1 compilation failed to produce executable
FAIL: gcc.target/aarch64/advsimd-intrinsics/vext.c -O2 (test for excess errors)
UNRESOLVED: gcc.target/aarch64/advsimd-intrinsics/vext.c -O2 compilation failed to produce executable
FAIL: gcc.target/aarch64/advsimd-intrinsics/vext.c -O3 -g (test for excess errors)
UNRESOLVED: gcc.target/aarch64/advsimd-intrinsics/vext.c -O3 -g compilation failed to produce executable
FAIL: gcc.target/aarch64/advsimd-intrinsics/vext.c -Os (test for excess errors)
UNRESOLVED: gcc.target/aarch64/advsimd-intrinsics/vext.c -Os compilation failed to produce executable
FAIL: gcc.target/aarch64/advsimd-intrinsics/vext.c -Og -g (test for excess errors)
UNRESOLVED: gcc.target/aarch64/advsimd-intrinsics/vext.c -Og -g compilation failed to produce executable
FAIL: gcc.target/aarch64/advsimd-intrinsics/vext.c -O2 -flto -fno-use-linker-plugin -flto-partition=none (test for excess errors)
UNRESOLVED: gcc.target/aarch64/advsimd-intrinsics/vext.c -O2 -flto -fno-use-linker-plugin -flto-partition=none compilation failed to produce executable
FAIL: gcc.target/aarch64/advsimd-intrinsics/vext.c -O2 -flto -fuse-linker-plugin -fno-fat-lto-objects (test for excess errors)
UNRESOLVED: gcc.target/aarch64/advsimd-intrinsics/vext.c -O2 -flto -fuse-linker-plugin -fno-fat-lto-objects compilation failed to produce executable
FAIL: gcc.target/aarch64/advsimd-intrinsics/vld1.c -O0 (test for excess errors)
UNRESOLVED: gcc.target/aarch64/advsimd-intrinsics/vld1.c -O0 compilation failed to produce executable
FAIL: gcc.target/aarch64/advsimd-intrinsics/vld1.c -O1 (test for excess errors)
UNRESOLVED: gcc.target/aarch64/advsimd-intrinsics/vld1.c -O1 compilation failed to produce executable
FAIL: gcc.target/aarch64/advsimd-intrinsics/vld1.c -O2 (test for excess errors)
UNRESOLVED: gcc.target/aarch64/advsimd-intrinsics/vld1.c -O2 compilation failed to produce executable
FAIL: gcc.target/aarch64/advsimd-intrinsics/vld1.c -O3 -g (test for excess errors)
UNRESOLVED: gcc.target/aarch64/advsimd-intrinsics/vld1.c -O3 -g compilation failed to produce executable
FAIL: gcc.target/aarch64/advsimd-intrinsics/vld1.c -Os (test for excess errors)
UNRESOLVED: gcc.target/aarch64/advsimd-intrinsics/vld1.c -Os compilation failed to produce executable
FAIL: gcc.target/aarch64/advsimd-intrinsics/vld1.c -Og -g (test for excess errors)
UNRESOLVED: gcc.target/aarch64/advsimd-intrinsics/vld1.c -Og -g compilation failed to produce executable
FAIL: gcc.target/aarch64/advsimd-intrinsics/vld1.c -O2 -flto -fno-use-linker-plugin -flto-partition=none (test for excess errors)
UNRESOLVED: gcc.target/aarch64/advsimd-intrinsics/vld1.c -O2 -flto -fno-use-linker-plugin -flto-partition=none compilation failed to produce executable
FAIL: gcc.target/aarch64/advsimd-intrinsics/vld1.c -O2 -flto -fuse-linker-plugin -fno-fat-lto-objects (test for excess errors)
UNRESOLVED: gcc.target/aarch64/advsimd-intrinsics/vld1.c -O2 -flto -fuse-linker-plugin -fno-fat-lto-objects compilation failed to produce executable
FAIL: gcc.target/aarch64/advsimd-intrinsics/vld1_dup.c -O0 (test for excess errors)
UNRESOLVED: gcc.target/aarch64/advsimd-intrinsics/vld1_dup.c -O0 compilation failed to produce executable
FAIL: gcc.target/aarch64/advsimd-intrinsics/vld1_dup.c -O1 (test for excess errors)
UNRESOLVED: gcc.target/aarch64/advsimd-intrinsics/vld1_dup.c -O1 compilation failed to produce executable
FAIL: gcc.target/aarch64/advsimd-intrinsics/vld1_dup.c -O2 (test for excess errors)
UNRESOLVED: gcc.target/aarch64/advsimd-intrinsics/vld1_dup.c -O2 compilation failed to produce executable
FAIL: gcc.target/aarch64/advsimd-intrinsics/vld1_dup.c -O3 -fomit-frame-pointer -funroll-loops -fpeel-loops -ftracer -finline-functions (test for excess errors)
UNRESOLVED: gcc.target/aarch64/advsimd-intrinsics/vld1_dup.c -O3 -fomit-frame-pointer -funroll-loops -fpeel-loops -ftracer -finline-functions compilation failed to produce executable
FAIL: gcc.target/aarch64/advsimd-intrinsics/vld1_dup.c -O3 -g (test for excess errors)
UNRESOLVED: gcc.target/aarch64/advsimd-intrinsics/vld1_dup.c -O3 -g compilation failed to produce executable
FAIL: gcc.target/aarch64/advsimd-intrinsics/vld1_dup.c -Os (test for excess errors)
UNRESOLVED: gcc.target/aarch64/advsimd-intrinsics/vld1_dup.c -Os compilation failed to produce executable
FAIL: gcc.target/aarch64/advsimd-intrinsics/vld1_dup.c -Og -g (test for excess errors)
UNRESOLVED: gcc.target/aarch64/advsimd-intrinsics/vld1_dup.c -Og -g compilation failed to produce executable
FAIL: gcc.target/aarch64/advsimd-intrinsics/vld1_dup.c -O2 -flto -fno-use-linker-plugin -flto-partition=none (test for excess errors)
UNRESOLVED: gcc.target/aarch64/advsimd-intrinsics/vld1_dup.c -O2 -flto -fno-use-linker-plugin -flto-partition=none compilation failed to produce executable
FAIL: gcc.target/aarch64/advsimd-intrinsics/vld1_dup.c -O2 -flto -fuse-linker-plugin -fno-fat-lto-objects (test for excess errors)
UNRESOLVED: gcc.target/aarch64/advsimd-intrinsics/vld1_dup.c -O2 -flto -fuse-linker-plugin -fno-fat-lto-objects compilation failed to produce executable
FAIL: gcc.target/aarch64/advsimd-intrinsics/vld1_lane.c -O0 (test for excess errors)
UNRESOLVED: gcc.target/aarch64/advsimd-intrinsics/vld1_lane.c -O0 compilation failed to produce executable
FAIL: gcc.target/aarch64/advsimd-intrinsics/vld1_lane.c -O1 (test for excess errors)
UNRESOLVED: gcc.target/aarch64/advsimd-intrinsics/vld1_lane.c -O1 compilation failed to produce executable
FAIL: gcc.target/aarch64/advsimd-intrinsics/vld1_lane.c -O2 (test for excess errors)
UNRESOLVED: gcc.target/aarch64/advsimd-intrinsics/vld1_lane.c -O2 compilation failed to produce executable
FAIL: gcc.target/aarch64/advsimd-intrinsics/vld1_lane.c -O3 -g (test for excess errors)
UNRESOLVED: gcc.target/aarch64/advsimd-intrinsics/vld1_lane.c -O3 -g compilation failed to produce executable
FAIL: gcc.target/aarch64/advsimd-intrinsics/vld1_lane.c -Os (test for excess errors)
UNRESOLVED: gcc.target/aarch64/advsimd-intrinsics/vld1_lane.c -Os compilation failed to produce executable
FAIL: gcc.target/aarch64/advsimd-intrinsics/vld1_lane.c -Og -g (test for excess errors)
UNRESOLVED: gcc.target/aarch64/advsimd-intrinsics/vld1_lane.c -Og -g compilation failed to produce executable
FAIL: gcc.target/aarch64/advsimd-intrinsics/vld1_lane.c -O2 -flto -fno-use-linker-plugin -flto-partition=none (test for excess errors)
UNRESOLVED: gcc.target/aarch64/advsimd-intrinsics/vld1_lane.c -O2 -flto -fno-use-linker-plugin -flto-partition=none compilation failed to produce executable
FAIL: gcc.target/aarch64/advsimd-intrinsics/vld1_lane.c -O2 -flto -fuse-linker-plugin -fno-fat-lto-objects (test for excess errors)
UNRESOLVED: gcc.target/aarch64/advsimd-intrinsics/vld1_lane.c -O2 -flto -fuse-linker-plugin -fno-fat-lto-objects compilation failed to produce executable
FAIL: gcc.target/aarch64/advsimd-intrinsics/vreinterpret_p128.c -O0 (test for excess errors)
UNRESOLVED: gcc.target/aarch64/advsimd-intrinsics/vreinterpret_p128.c -O0 compilation failed to produce executable
FAIL: gcc.target/aarch64/advsimd-intrinsics/vreinterpret_p128.c -O1 (test for excess errors)
UNRESOLVED: gcc.target/aarch64/advsimd-intrinsics/vreinterpret_p128.c -O1 compilation failed to produce executable
FAIL: gcc.target/aarch64/advsimd-intrinsics/vreinterpret_p128.c -O2 (test for excess errors)
UNRESOLVED: gcc.target/aarch64/advsimd-intrinsics/vreinterpret_p128.c -O2 compilation failed to produce executable
FAIL: gcc.target/aarch64/advsimd-intrinsics/vreinterpret_p128.c -O3 -g (test for excess errors)
UNRESOLVED: gcc.target/aarch64/advsimd-intrinsics/vreinterpret_p128.c -O3 -g compilation failed to produce executable
FAIL: gcc.target/aarch64/advsimd-intrinsics/vreinterpret_p128.c -Os (test for excess errors)
UNRESOLVED: gcc.target/aarch64/advsimd-intrinsics/vreinterpret_p128.c -Os compilation failed to produce executable
FAIL: gcc.target/aarch64/advsimd-intrinsics/vreinterpret_p128.c -Og -g (test for excess errors)
UNRESOLVED: gcc.target/aarch64/advsimd-intrinsics/vreinterpret_p128.c -Og -g compilation failed to produce executable
FAIL: gcc.target/aarch64/advsimd-intrinsics/vreinterpret_p128.c -O2 -flto -fno-use-linker-plugin -flto-partition=none (test for excess errors)
UNRESOLVED: gcc.target/aarch64/advsimd-intrinsics/vreinterpret_p128.c -O2 -flto -fno-use-linker-plugin -flto-partition=none compilation failed to produce executable
FAIL: gcc.target/aarch64/advsimd-intrinsics/vreinterpret_p128.c -O2 -flto -fuse-linker-plugin -fno-fat-lto-objects (test for excess errors)
UNRESOLVED: gcc.target/aarch64/advsimd-intrinsics/vreinterpret_p128.c -O2 -flto -fuse-linker-plugin -fno-fat-lto-objects compilation failed to produce executable
FAIL: gcc.target/aarch64/advsimd-intrinsics/vreinterpret_p64.c -O0 (test for excess errors)
UNRESOLVED: gcc.target/aarch64/advsimd-intrinsics/vreinterpret_p64.c -O0 compilation failed to produce executable
FAIL: gcc.target/aarch64/advsimd-intrinsics/vreinterpret_p64.c -O1 (test for excess errors)
UNRESOLVED: gcc.target/aarch64/advsimd-intrinsics/vreinterpret_p64.c -O1 compilation failed to produce executable
FAIL: gcc.target/aarch64/advsimd-intrinsics/vreinterpret_p64.c -O2 (test for excess errors)
UNRESOLVED: gcc.target/aarch64/advsimd-intrinsics/vreinterpret_p64.c -O2 compilation failed to produce executable
FAIL: gcc.target/aarch64/advsimd-intrinsics/vreinterpret_p64.c -O3 -g (test for excess errors)
UNRESOLVED: gcc.target/aarch64/advsimd-intrinsics/vreinterpret_p64.c -O3 -g compilation failed to produce executable
FAIL: gcc.target/aarch64/advsimd-intrinsics/vreinterpret_p64.c -Os (test for excess errors)
UNRESOLVED: gcc.target/aarch64/advsimd-intrinsics/vreinterpret_p64.c -Os compilation failed to produce executable
FAIL: gcc.target/aarch64/advsimd-intrinsics/vreinterpret_p64.c -Og -g (test for excess errors)
UNRESOLVED: gcc.target/aarch64/advsimd-intrinsics/vreinterpret_p64.c -Og -g compilation failed to produce executable
FAIL: gcc.target/aarch64/advsimd-intrinsics/vreinterpret_p64.c -O2 -flto -fno-use-linker-plugin -flto-partition=none (test for excess errors)
UNRESOLVED: gcc.target/aarch64/advsimd-intrinsics/vreinterpret_p64.c -O2 -flto -fno-use-linker-plugin -flto-partition=none compilation failed to produce executable
FAIL: gcc.target/aarch64/advsimd-intrinsics/vreinterpret_p64.c -O2 -flto -fuse-linker-plugin -fno-fat-lto-objects (test for excess errors)
UNRESOLVED: gcc.target/aarch64/advsimd-intrinsics/vreinterpret_p64.c -O2 -flto -fuse-linker-plugin -fno-fat-lto-objects compilation failed to produce executable
FAIL: gcc.target/aarch64/advsimd-intrinsics/vset_lane.c -O0 (test for excess errors)
UNRESOLVED: gcc.target/aarch64/advsimd-intrinsics/vset_lane.c -O0 compilation failed to produce executable
FAIL: gcc.target/aarch64/advsimd-intrinsics/vset_lane.c -O1 (test for excess errors)
UNRESOLVED: gcc.target/aarch64/advsimd-intrinsics/vset_lane.c -O1 compilation failed to produce executable
FAIL: gcc.target/aarch64/advsimd-intrinsics/vset_lane.c -O2 (test for excess errors)
UNRESOLVED: gcc.target/aarch64/advsimd-intrinsics/vset_lane.c -O2 compilation failed to produce executable
FAIL: gcc.target/aarch64/advsimd-intrinsics/vset_lane.c -O3 -g (test for excess errors)
UNRESOLVED: gcc.target/aarch64/advsimd-intrinsics/vset_lane.c -O3 -g compilation failed to produce executable
FAIL: gcc.target/aarch64/advsimd-intrinsics/vset_lane.c -Os (test for excess errors)
UNRESOLVED: gcc.target/aarch64/advsimd-intrinsics/vset_lane.c -Os compilation failed to produce executable
FAIL: gcc.target/aarch64/advsimd-intrinsics/vset_lane.c -Og -g (test for excess errors)
UNRESOLVED: gcc.target/aarch64/advsimd-intrinsics/vset_lane.c -Og -g compilation failed to produce executable
FAIL: gcc.target/aarch64/advsimd-intrinsics/vset_lane.c -O2 -flto -fno-use-linker-plugin -flto-partition=none (test for excess errors)
UNRESOLVED: gcc.target/aarch64/advsimd-intrinsics/vset_lane.c -O2 -flto -fno-use-linker-plugin -flto-partition=none compilation failed to produce executable
FAIL: gcc.target/aarch64/advsimd-intrinsics/vset_lane.c -O2 -flto -fuse-linker-plugin -fno-fat-lto-objects (test for excess errors)
UNRESOLVED: gcc.target/aarch64/advsimd-intrinsics/vset_lane.c -O2 -flto -fuse-linker-plugin -fno-fat-lto-objects compilation failed to produce executable
FAIL: gcc.target/aarch64/advsimd-intrinsics/vst1_lane.c -O0 (test for excess errors)
UNRESOLVED: gcc.target/aarch64/advsimd-intrinsics/vst1_lane.c -O0 compilation failed to produce executable
FAIL: gcc.target/aarch64/advsimd-intrinsics/vst1_lane.c -O1 (test for excess errors)
UNRESOLVED: gcc.target/aarch64/advsimd-intrinsics/vst1_lane.c -O1 compilation failed to produce executable
FAIL: gcc.target/aarch64/advsimd-intrinsics/vst1_lane.c -O2 (test for excess errors)
UNRESOLVED: gcc.target/aarch64/advsimd-intrinsics/vst1_lane.c -O2 compilation failed to produce executable
FAIL: gcc.target/aarch64/advsimd-intrinsics/vst1_lane.c -O3 -g (test for excess errors)
UNRESOLVED: gcc.target/aarch64/advsimd-intrinsics/vst1_lane.c -O3 -g compilation failed to produce executable
FAIL: gcc.target/aarch64/advsimd-intrinsics/vst1_lane.c -Os (test for excess errors)
UNRESOLVED: gcc.target/aarch64/advsimd-intrinsics/vst1_lane.c -Os compilation failed to produce executable
FAIL: gcc.target/aarch64/advsimd-intrinsics/vst1_lane.c -Og -g (test for excess errors)
UNRESOLVED: gcc.target/aarch64/advsimd-intrinsics/vst1_lane.c -Og -g compilation failed to produce executable
FAIL: gcc.target/aarch64/advsimd-intrinsics/vst1_lane.c -O2 -flto -fno-use-linker-plugin -flto-partition=none (test for excess errors)
UNRESOLVED: gcc.target/aarch64/advsimd-intrinsics/vst1_lane.c -O2 -flto -fno-use-linker-plugin -flto-partition=none compilation failed to produce executable
FAIL: gcc.target/aarch64/advsimd-intrinsics/vst1_lane.c -O2 -flto -fuse-linker-plugin -fno-fat-lto-objects (test for excess errors)
UNRESOLVED: gcc.target/aarch64/advsimd-intrinsics/vst1_lane.c -O2 -flto -fuse-linker-plugin -fno-fat-lto-objects compilation failed to produce executable
FAIL: gcc.target/aarch64/advsimd-intrinsics/vtrn_half.c -O0 (test for excess errors)
UNRESOLVED: gcc.target/aarch64/advsimd-intrinsics/vtrn_half.c -O0 compilation failed to produce executable
FAIL: gcc.target/aarch64/advsimd-intrinsics/vtrn_half.c -O1 (test for excess errors)
UNRESOLVED: gcc.target/aarch64/advsimd-intrinsics/vtrn_half.c -O1 compilation failed to produce executable
FAIL: gcc.target/aarch64/advsimd-intrinsics/vtrn_half.c -O2 (test for excess errors)
UNRESOLVED: gcc.target/aarch64/advsimd-intrinsics/vtrn_half.c -O2 compilation failed to produce executable
FAIL: gcc.target/aarch64/advsimd-intrinsics/vtrn_half.c -O3 -g (test for excess errors)
UNRESOLVED: gcc.target/aarch64/advsimd-intrinsics/vtrn_half.c -O3 -g compilation failed to produce executable
FAIL: gcc.target/aarch64/advsimd-intrinsics/vtrn_half.c -Os (test for excess errors)
UNRESOLVED: gcc.target/aarch64/advsimd-intrinsics/vtrn_half.c -Os compilation failed to produce executable
FAIL: gcc.target/aarch64/advsimd-intrinsics/vtrn_half.c -Og -g (test for excess errors)
UNRESOLVED: gcc.target/aarch64/advsimd-intrinsics/vtrn_half.c -Og -g compilation failed to produce executable
FAIL: gcc.target/aarch64/advsimd-intrinsics/vtrn_half.c -O2 -flto -fno-use-linker-plugin -flto-partition=none (test for excess errors)
UNRESOLVED: gcc.target/aarch64/advsimd-intrinsics/vtrn_half.c -O2 -flto -fno-use-linker-plugin -flto-partition=none compilation failed to produce executable
FAIL: gcc.target/aarch64/advsimd-intrinsics/vtrn_half.c -O2 -flto -fuse-linker-plugin -fno-fat-lto-objects (test for excess errors)
UNRESOLVED: gcc.target/aarch64/advsimd-intrinsics/vtrn_half.c -O2 -flto -fuse-linker-plugin -fno-fat-lto-objects compilation failed to produce executable
FAIL: gcc.target/aarch64/advsimd-intrinsics/vuzp_half.c -O0 (test for excess errors)
UNRESOLVED: gcc.target/aarch64/advsimd-intrinsics/vuzp_half.c -O0 compilation failed to produce executable
FAIL: gcc.target/aarch64/advsimd-intrinsics/vuzp_half.c -O1 (test for excess errors)
UNRESOLVED: gcc.target/aarch64/advsimd-intrinsics/vuzp_half.c -O1 compilation failed to produce executable
FAIL: gcc.target/aarch64/advsimd-intrinsics/vuzp_half.c -O2 (test for excess errors)
UNRESOLVED: gcc.target/aarch64/advsimd-intrinsics/vuzp_half.c -O2 compilation failed to produce executable
FAIL: gcc.target/aarch64/advsimd-intrinsics/vuzp_half.c -O3 -g (test for excess errors)
UNRESOLVED: gcc.target/aarch64/advsimd-intrinsics/vuzp_half.c -O3 -g compilation failed to produce executable
FAIL: gcc.target/aarch64/advsimd-intrinsics/vuzp_half.c -Os (test for excess errors)
UNRESOLVED: gcc.target/aarch64/advsimd-intrinsics/vuzp_half.c -Os compilation failed to produce executable
FAIL: gcc.target/aarch64/advsimd-intrinsics/vuzp_half.c -Og -g (test for excess errors)
UNRESOLVED: gcc.target/aarch64/advsimd-intrinsics/vuzp_half.c -Og -g compilation failed to produce executable
FAIL: gcc.target/aarch64/advsimd-intrinsics/vuzp_half.c -O2 -flto -fno-use-linker-plugin -flto-partition=none (test for excess errors)
UNRESOLVED: gcc.target/aarch64/advsimd-intrinsics/vuzp_half.c -O2 -flto -fno-use-linker-plugin -flto-partition=none compilation failed to produce executable
FAIL: gcc.target/aarch64/advsimd-intrinsics/vuzp_half.c -O2 -flto -fuse-linker-plugin -fno-fat-lto-objects (test for excess errors)
UNRESOLVED: gcc.target/aarch64/advsimd-intrinsics/vuzp_half.c -O2 -flto -fuse-linker-plugin -fno-fat-lto-objects compilation failed to produce executable
FAIL: gcc.target/aarch64/advsimd-intrinsics/vzip_half.c -O0 (test for excess errors)
UNRESOLVED: gcc.target/aarch64/advsimd-intrinsics/vzip_half.c -O0 compilation failed to produce executable
FAIL: gcc.target/aarch64/advsimd-intrinsics/vzip_half.c -O1 (test for excess errors)
UNRESOLVED: gcc.target/aarch64/advsimd-intrinsics/vzip_half.c -O1 compilation failed to produce executable
FAIL: gcc.target/aarch64/advsimd-intrinsics/vzip_half.c -O2 (test for excess errors)
UNRESOLVED: gcc.target/aarch64/advsimd-intrinsics/vzip_half.c -O2 compilation failed to produce executable
FAIL: gcc.target/aarch64/advsimd-intrinsics/vzip_half.c -O3 -g (test for excess errors)
UNRESOLVED: gcc.target/aarch64/advsimd-intrinsics/vzip_half.c -O3 -g compilation failed to produce executable
FAIL: gcc.target/aarch64/advsimd-intrinsics/vzip_half.c -Os (test for excess errors)
UNRESOLVED: gcc.target/aarch64/advsimd-intrinsics/vzip_half.c -Os compilation failed to produce executable
FAIL: gcc.target/aarch64/advsimd-intrinsics/vzip_half.c -Og -g (test for excess errors)
UNRESOLVED: gcc.target/aarch64/advsimd-intrinsics/vzip_half.c -Og -g compilation failed to produce executable
FAIL: gcc.target/aarch64/advsimd-intrinsics/vzip_half.c -O2 -flto -fno-use-linker-plugin -flto-partition=none (test for excess errors)
UNRESOLVED: gcc.target/aarch64/advsimd-intrinsics/vzip_half.c -O2 -flto -fno-use-linker-plugin -flto-partition=none compilation failed to produce executable
FAIL: gcc.target/aarch64/advsimd-intrinsics/vzip_half.c -O2 -flto -fuse-linker-plugin -fno-fat-lto-objects (test for excess errors)
UNRESOLVED: gcc.target/aarch64/advsimd-intrinsics/vzip_half.c -O2 -flto -fuse-linker-plugin -fno-fat-lto-objects compilation failed to produce executable
=== gcc Summary for thunderx-elf-sim ===
# of expected passes 97800
# of unexpected failures 151
# of unexpected successes 2
# of expected failures 246
# of unresolved testcases 118
# of unsupported tests 3013
Running target thunderx-elf-sim/-fPIC
FAIL: gcc.c-torture/execute/20000603-1.c -O2 execution test
FAIL: gcc.c-torture/execute/20000603-1.c -O3 -g execution test
FAIL: gcc.c-torture/execute/20000603-1.c -Os execution test
FAIL: gcc.c-torture/execute/tstdi-1.c -O2 -flto -fuse-linker-plugin -fno-fat-lto-objects (internal compiler error)
FAIL: gcc.c-torture/execute/tstdi-1.c -O2 -flto -fuse-linker-plugin -fno-fat-lto-objects (test for excess errors)
UNRESOLVED: gcc.c-torture/execute/tstdi-1.c -O2 -flto -fuse-linker-plugin -fno-fat-lto-objects compilation failed to produce executable
FAIL: gcc.c-torture/unsorted/dump-noaddr.c, -O0 -dumpbase dump1/dump-noaddr.c -DMASK=1 -x c --param ggc-min-heapsize=1 -fdump-ipa-all -fdump-rtl-all -fdump-tree-all -fdump-noaddr
FAIL: gcc.c-torture/unsorted/dump-noaddr.c, -O0 -dumpbase dump2/dump-noaddr.c -DMASK=2 -x c -fdump-ipa-all -fdump-rtl-all -fdump-tree-all -fdump-noaddr
FAIL: gcc.c-torture/unsorted/dump-noaddr.c, -O1 -dumpbase dump1/dump-noaddr.c -DMASK=1 -x c --param ggc-min-heapsize=1 -fdump-ipa-all -fdump-rtl-all -fdump-tree-all -fdump-noaddr
FAIL: gcc.c-torture/unsorted/dump-noaddr.c, -O1 -dumpbase dump2/dump-noaddr.c -DMASK=2 -x c -fdump-ipa-all -fdump-rtl-all -fdump-tree-all -fdump-noaddr
FAIL: gcc.c-torture/unsorted/dump-noaddr.c, -O2 -dumpbase dump1/dump-noaddr.c -DMASK=1 -x c --param ggc-min-heapsize=1 -fdump-ipa-all -fdump-rtl-all -fdump-tree-all -fdump-noaddr
FAIL: gcc.c-torture/unsorted/dump-noaddr.c, -O2 -dumpbase dump2/dump-noaddr.c -DMASK=2 -x c -fdump-ipa-all -fdump-rtl-all -fdump-tree-all -fdump-noaddr
FAIL: gcc.c-torture/unsorted/dump-noaddr.c, -O3 -fomit-frame-pointer -funroll-loops -fpeel-loops -ftracer -finline-functions -dumpbase dump1/dump-noaddr.c -DMASK=1 -x c --param ggc-min-heapsize=1 -fdump-ipa-all -fdump-rtl-all -fdump-tree-all -fdump-noaddr
FAIL: gcc.c-torture/unsorted/dump-noaddr.c, -O3 -fomit-frame-pointer -funroll-loops -fpeel-loops -ftracer -finline-functions -dumpbase dump2/dump-noaddr.c -DMASK=2 -x c -fdump-ipa-all -fdump-rtl-all -fdump-tree-all -fdump-noaddr
FAIL: gcc.c-torture/unsorted/dump-noaddr.c, -O3 -g -dumpbase dump1/dump-noaddr.c -DMASK=1 -x c --param ggc-min-heapsize=1 -fdump-ipa-all -fdump-rtl-all -fdump-tree-all -fdump-noaddr
FAIL: gcc.c-torture/unsorted/dump-noaddr.c, -O3 -g -dumpbase dump2/dump-noaddr.c -DMASK=2 -x c -fdump-ipa-all -fdump-rtl-all -fdump-tree-all -fdump-noaddr
FAIL: gcc.c-torture/unsorted/dump-noaddr.c, -Os -dumpbase dump1/dump-noaddr.c -DMASK=1 -x c --param ggc-min-heapsize=1 -fdump-ipa-all -fdump-rtl-all -fdump-tree-all -fdump-noaddr
FAIL: gcc.c-torture/unsorted/dump-noaddr.c, -Os -dumpbase dump2/dump-noaddr.c -DMASK=2 -x c -fdump-ipa-all -fdump-rtl-all -fdump-tree-all -fdump-noaddr
FAIL: gcc.c-torture/unsorted/dump-noaddr.c, -Og -g -dumpbase dump1/dump-noaddr.c -DMASK=1 -x c --param ggc-min-heapsize=1 -fdump-ipa-all -fdump-rtl-all -fdump-tree-all -fdump-noaddr
FAIL: gcc.c-torture/unsorted/dump-noaddr.c, -Og -g -dumpbase dump2/dump-noaddr.c -DMASK=2 -x c -fdump-ipa-all -fdump-rtl-all -fdump-tree-all -fdump-noaddr
FAIL: gcc.c-torture/unsorted/dump-noaddr.c, -O2 -flto -fno-use-linker-plugin -flto-partition=none -dumpbase dump1/dump-noaddr.c -DMASK=1 -x c --param ggc-min-heapsize=1 -fdump-ipa-all -fdump-rtl-all -fdump-tree-all -fdump-noaddr
FAIL: gcc.c-torture/unsorted/dump-noaddr.c, -O2 -flto -fno-use-linker-plugin -flto-partition=none -dumpbase dump2/dump-noaddr.c -DMASK=2 -x c -fdump-ipa-all -fdump-rtl-all -fdump-tree-all -fdump-noaddr
FAIL: gcc.c-torture/unsorted/dump-noaddr.c, -O2 -flto -fuse-linker-plugin -fno-fat-lto-objects -dumpbase dump1/dump-noaddr.c -DMASK=1 -x c --param ggc-min-heapsize=1 -fdump-ipa-all -fdump-rtl-all -fdump-tree-all -fdump-noaddr
FAIL: gcc.c-torture/unsorted/dump-noaddr.c, -O2 -flto -fuse-linker-plugin -fno-fat-lto-objects -dumpbase dump2/dump-noaddr.c -DMASK=2 -x c -fdump-ipa-all -fdump-rtl-all -fdump-tree-all -fdump-noaddr
FAIL: gcc.dg/gimplefe-14.c execution test
FAIL: gcc.dg/pr78582.c (test for excess errors)
FAIL: gcc.dg/zero_bits_compound-2.c scan-assembler-times \\\\(and: 2
FAIL: gcc.dg/ipa/inline-7.c scan-tree-dump-times einline "Inlining a into m" 1
FAIL: gcc.dg/ipa/ipa-icf-28.c scan-ipa-dump icf "different decl attributes"
FAIL: gcc.dg/ipa/ipa-icf-merge-1.c scan-ipa-dump icf "= foo \\\\(\\\\);"
FAIL: gcc.dg/lto/pr54709 c_lto_pr54709_0.o-c_lto_pr54709_1.o link, -fPIC -fvisibility=hidden -flto
UNRESOLVED: gcc.dg/lto/pr54709 c_lto_pr54709_0.o-c_lto_pr54709_1.o execute -fPIC -fvisibility=hidden -flto
FAIL: gcc.dg/lto/pr61526 c_lto_pr61526_0.o-c_lto_pr61526_1.o link, -fPIC -flto -flto-partition=1to1
UNRESOLVED: gcc.dg/lto/pr61526 c_lto_pr61526_0.o-c_lto_pr61526_1.o execute -fPIC -flto -flto-partition=1to1
FAIL: gcc.dg/lto/pr64415 c_lto_pr64415_0.o-c_lto_pr64415_1.o link, -O -flto -fpic
UNRESOLVED: gcc.dg/lto/pr64415 c_lto_pr64415_0.o-c_lto_pr64415_1.o execute -O -flto -fpic
FAIL: gcc.dg/torture/pr58956.c -Os execution test
FAIL: gcc.dg/tree-ssa/builtin-sprintf-5.c scan-tree-dump-not optimized "failure_on_line"
FAIL: gcc.dg/tree-ssa/builtin-sprintf-5.c scan-tree-dump-not optimized "snprintf"
FAIL: gcc.dg/tree-ssa/builtin-sprintf-warn-3.c (test for warnings, line 74)
FAIL: gcc.dg/tree-ssa/builtin-sprintf-warn-3.c (test for warnings, line 81)
FAIL: gcc.dg/tree-ssa/builtin-sprintf-warn-3.c (test for warnings, line 88)
FAIL: gcc.dg/tree-ssa/builtin-sprintf-warn-3.c (test for warnings, line 89)
FAIL: gcc.dg/tree-ssa/builtin-sprintf-warn-3.c (test for warnings, line 95)
FAIL: gcc.dg/tree-ssa/builtin-sprintf-warn-3.c (test for warnings, line 96)
FAIL: gcc.dg/tree-ssa/builtin-sprintf-warn-3.c (test for warnings, line 101)
FAIL: gcc.dg/tree-ssa/builtin-sprintf-warn-3.c (test for warnings, line 102)
FAIL: gcc.dg/tree-ssa/builtin-sprintf-warn-3.c (test for warnings, line 103)
FAIL: gcc.dg/tree-ssa/builtin-sprintf-warn-3.c (test for warnings, line 111)
FAIL: gcc.dg/tree-ssa/builtin-sprintf-warn-3.c (test for warnings, line 113)
FAIL: gcc.dg/tree-ssa/builtin-sprintf-warn-3.c (test for warnings, line 168)
FAIL: gcc.dg/tree-ssa/builtin-sprintf-warn-3.c (test for warnings, line 182)
FAIL: gcc.dg/tree-ssa/builtin-sprintf-warn-3.c (test for warnings, line 184)
FAIL: gcc.dg/tree-ssa/builtin-sprintf-warn-3.c (test for warnings, line 189)
FAIL: gcc.dg/tree-ssa/builtin-sprintf-warn-3.c (test for warnings, line 190)
FAIL: gcc.dg/tree-ssa/builtin-sprintf-warn-3.c (test for warnings, line 191)
FAIL: gcc.dg/tree-ssa/builtin-sprintf-warn-3.c (test for warnings, line 192)
FAIL: gcc.dg/tree-ssa/builtin-sprintf-warn-3.c (test for warnings, line 203)
FAIL: gcc.dg/tree-ssa/builtin-sprintf-warn-3.c (test for warnings, line 220)
FAIL: gcc.dg/tree-ssa/builtin-sprintf-warn-3.c (test for excess errors)
FAIL: gcc.dg/tree-ssa/builtin-sprintf.c (test for excess errors)
UNRESOLVED: gcc.dg/tree-ssa/builtin-sprintf.c compilation failed to produce executable
FAIL: gcc.dg/tree-ssa/ifc-10.c scan-tree-dump-times ifcvt "Applying if-conversion" 1
FAIL: gcc.dg/tree-ssa/ifc-12.c scan-tree-dump-times ifcvt "Applying if-conversion" 1
FAIL: gcc.dg/tree-ssa/inline-10.c scan-tree-dump-times optimized "do_something2" 1
FAIL: gcc.dg/tree-ssa/inline-10.c scan-tree-dump-times optimized "do_something3" 1
FAIL: gcc.dg/tree-ssa/inline-10.c scan-tree-dump-not optimized "do_something \\\\(70\\\\)"
FAIL: gcc.dg/tree-ssa/inline-8.c scan-tree-dump-times einline "Inlining" 5
FAIL: gcc.dg/tree-ssa/inline-9.c scan-tree-dump-times optimized "q \\\\(15\\\\)" 1
FAIL: gcc.dg/tree-ssa/ipa-split-6.c scan-tree-dump optimized "part"
FAIL: gcc.dg/tree-ssa/pr69270-3.c scan-tree-dump-times uncprop1 ", 1" 4
FAIL: gcc.dg/tree-ssa/scev-4.c scan-tree-dump-times optimized "&a" 1
FAIL: gcc.dg/tree-ssa/ssa-fre-56.c scan-tree-dump-times fre1 "= x;" 1
FAIL: gcc.dg/tree-ssa/ssa-fre-56.c scan-tree-dump-times fre1 " \\\\+ " 0
FAIL: gcc.dg/tree-ssa/tailcall-8-run.c (test for excess errors)
UNRESOLVED: gcc.dg/tree-ssa/tailcall-8-run.c compilation failed to produce executable
FAIL: gcc.dg/vect/pr65947-1.c scan-tree-dump-times vect "LOOP VECTORIZED" 2
FAIL: gcc.dg/vect/pr65947-1.c scan-tree-dump-times vect "condition expression based on integer induction." 4
FAIL: gcc.dg/vect/pr65947-10.c scan-tree-dump-times vect "LOOP VECTORIZED" 2
FAIL: gcc.dg/vect/pr65947-12.c scan-tree-dump-times vect "LOOP VECTORIZED" 2
FAIL: gcc.dg/vect/pr65947-13.c scan-tree-dump-times vect "LOOP VECTORIZED" 2
FAIL: gcc.dg/vect/pr65947-2.c scan-tree-dump-times vect "LOOP VECTORIZED" 2
FAIL: gcc.dg/vect/pr65947-3.c scan-tree-dump-times vect "LOOP VECTORIZED" 2
FAIL: gcc.dg/vect/pr65947-4.c scan-tree-dump-times vect "LOOP VECTORIZED" 2
FAIL: gcc.dg/vect/pr65947-4.c scan-tree-dump-times vect "condition expression based on integer induction." 4
FAIL: gcc.dg/vect/pr65947-5.c scan-tree-dump-times vect "LOOP VECTORIZED" 1
FAIL: gcc.dg/vect/pr65947-6.c scan-tree-dump-times vect "LOOP VECTORIZED" 2
XPASS: gcc.dg/vect/vect-24.c scan-tree-dump-times vect "vectorized 3 loops" 1
FAIL: gcc.dg/vect/pr65947-1.c -flto -ffat-lto-objects scan-tree-dump-times vect "LOOP VECTORIZED" 2
FAIL: gcc.dg/vect/pr65947-1.c -flto -ffat-lto-objects scan-tree-dump-times vect "condition expression based on integer induction." 4
FAIL: gcc.dg/vect/pr65947-10.c -flto -ffat-lto-objects scan-tree-dump-times vect "LOOP VECTORIZED" 2
FAIL: gcc.dg/vect/pr65947-12.c -flto -ffat-lto-objects scan-tree-dump-times vect "LOOP VECTORIZED" 2
FAIL: gcc.dg/vect/pr65947-13.c -flto -ffat-lto-objects scan-tree-dump-times vect "LOOP VECTORIZED" 2
FAIL: gcc.dg/vect/pr65947-2.c -flto -ffat-lto-objects scan-tree-dump-times vect "LOOP VECTORIZED" 2
FAIL: gcc.dg/vect/pr65947-3.c -flto -ffat-lto-objects scan-tree-dump-times vect "LOOP VECTORIZED" 2
FAIL: gcc.dg/vect/pr65947-4.c -flto -ffat-lto-objects scan-tree-dump-times vect "LOOP VECTORIZED" 2
FAIL: gcc.dg/vect/pr65947-4.c -flto -ffat-lto-objects scan-tree-dump-times vect "condition expression based on integer induction." 4
FAIL: gcc.dg/vect/pr65947-5.c -flto -ffat-lto-objects scan-tree-dump-times vect "LOOP VECTORIZED" 1
FAIL: gcc.dg/vect/pr65947-6.c -flto -ffat-lto-objects scan-tree-dump-times vect "LOOP VECTORIZED" 2
XPASS: gcc.dg/vect/vect-24.c -flto -ffat-lto-objects scan-tree-dump-times vect "vectorized 3 loops" 1
FAIL: gcc.dg/vect/section-anchors-vect-69.c scan-tree-dump-times vect "Alignment of access forced using peeling" 2
FAIL: gcc.target/aarch64/fuse_adrp_add_1.c scan-assembler adrp\\tx.*, fixed_regs\\n\\tadd\\tx.*, x.*fixed_regs
FAIL: gcc.target/aarch64/ldp_stp_2.c scan-assembler-times ldpsw\\tx[0-9]+, x[0-9] 1
FAIL: gcc.target/aarch64/ldp_stp_3.c scan-assembler-times ldp\\tw[0-9]+, w[0-9] 1
FAIL: gcc.target/aarch64/ldp_vec_64_1.c scan-assembler ldp\\td[0-9]+, d[0-9]
FAIL: gcc.target/aarch64/pr63304_1.c (test for excess errors)
FAIL: gcc.target/aarch64/pr63304_1.c scan-assembler-times adrp 6
FAIL: gcc.target/aarch64/pr70120-2.c (test for excess errors)
FAIL: gcc.target/aarch64/vec_init_1.c scan-assembler-not stp\\\\t
FAIL: gcc.target/aarch64/vect-abs-compile.c scan-assembler abs\\\\tv[0-9]+.16b
FAIL: gcc.target/aarch64/vect-abs-compile.c scan-assembler abs\\\\tv[0-9]+.8h
FAIL: gcc.target/aarch64/vect-add-sub-cond.c scan-assembler-not \\tld[^\\t]*\\t[wx]
FAIL: gcc.target/aarch64/vect-compile.c scan-assembler-times addv 2
FAIL: gcc.target/aarch64/vect-compile.c scan-assembler-times addp 2
FAIL: gcc.target/aarch64/vect-faddv-compile.c scan-assembler-times faddp\\\\tv 2
FAIL: gcc.target/aarch64/vector_initialization_nostack.c scan-assembler-not sp
FAIL: gcc.target/aarch64/advsimd-intrinsics/vbsl.c -O0 (test for excess errors)
UNRESOLVED: gcc.target/aarch64/advsimd-intrinsics/vbsl.c -O0 compilation failed to produce executable
FAIL: gcc.target/aarch64/advsimd-intrinsics/vbsl.c -O1 (test for excess errors)
UNRESOLVED: gcc.target/aarch64/advsimd-intrinsics/vbsl.c -O1 compilation failed to produce executable
FAIL: gcc.target/aarch64/advsimd-intrinsics/vbsl.c -O2 (test for excess errors)
UNRESOLVED: gcc.target/aarch64/advsimd-intrinsics/vbsl.c -O2 compilation failed to produce executable
FAIL: gcc.target/aarch64/advsimd-intrinsics/vbsl.c -O3 -g (test for excess errors)
UNRESOLVED: gcc.target/aarch64/advsimd-intrinsics/vbsl.c -O3 -g compilation failed to produce executable
FAIL: gcc.target/aarch64/advsimd-intrinsics/vbsl.c -Os (test for excess errors)
UNRESOLVED: gcc.target/aarch64/advsimd-intrinsics/vbsl.c -Os compilation failed to produce executable
FAIL: gcc.target/aarch64/advsimd-intrinsics/vbsl.c -Og -g (test for excess errors)
UNRESOLVED: gcc.target/aarch64/advsimd-intrinsics/vbsl.c -Og -g compilation failed to produce executable
FAIL: gcc.target/aarch64/advsimd-intrinsics/vbsl.c -O2 -flto -fno-use-linker-plugin -flto-partition=none (test for excess errors)
UNRESOLVED: gcc.target/aarch64/advsimd-intrinsics/vbsl.c -O2 -flto -fno-use-linker-plugin -flto-partition=none compilation failed to produce executable
FAIL: gcc.target/aarch64/advsimd-intrinsics/vbsl.c -O2 -flto -fuse-linker-plugin -fno-fat-lto-objects (test for excess errors)
UNRESOLVED: gcc.target/aarch64/advsimd-intrinsics/vbsl.c -O2 -flto -fuse-linker-plugin -fno-fat-lto-objects compilation failed to produce executable
FAIL: gcc.target/aarch64/advsimd-intrinsics/vdup-vmov.c -O0 (test for excess errors)
UNRESOLVED: gcc.target/aarch64/advsimd-intrinsics/vdup-vmov.c -O0 compilation failed to produce executable
FAIL: gcc.target/aarch64/advsimd-intrinsics/vdup-vmov.c -O1 (test for excess errors)
UNRESOLVED: gcc.target/aarch64/advsimd-intrinsics/vdup-vmov.c -O1 compilation failed to produce executable
FAIL: gcc.target/aarch64/advsimd-intrinsics/vdup-vmov.c -O2 (test for excess errors)
UNRESOLVED: gcc.target/aarch64/advsimd-intrinsics/vdup-vmov.c -O2 compilation failed to produce executable
FAIL: gcc.target/aarch64/advsimd-intrinsics/vdup-vmov.c -O3 -fomit-frame-pointer -funroll-loops -fpeel-loops -ftracer -finline-functions (test for excess errors)
UNRESOLVED: gcc.target/aarch64/advsimd-intrinsics/vdup-vmov.c -O3 -fomit-frame-pointer -funroll-loops -fpeel-loops -ftracer -finline-functions compilation failed to produce executable
FAIL: gcc.target/aarch64/advsimd-intrinsics/vdup-vmov.c -O3 -g (test for excess errors)
UNRESOLVED: gcc.target/aarch64/advsimd-intrinsics/vdup-vmov.c -O3 -g compilation failed to produce executable
FAIL: gcc.target/aarch64/advsimd-intrinsics/vdup-vmov.c -Os (test for excess errors)
UNRESOLVED: gcc.target/aarch64/advsimd-intrinsics/vdup-vmov.c -Os compilation failed to produce executable
FAIL: gcc.target/aarch64/advsimd-intrinsics/vdup-vmov.c -Og -g (test for excess errors)
UNRESOLVED: gcc.target/aarch64/advsimd-intrinsics/vdup-vmov.c -Og -g compilation failed to produce executable
FAIL: gcc.target/aarch64/advsimd-intrinsics/vdup-vmov.c -O2 -flto -fno-use-linker-plugin -flto-partition=none (test for excess errors)
UNRESOLVED: gcc.target/aarch64/advsimd-intrinsics/vdup-vmov.c -O2 -flto -fno-use-linker-plugin -flto-partition=none compilation failed to produce executable
FAIL: gcc.target/aarch64/advsimd-intrinsics/vdup-vmov.c -O2 -flto -fuse-linker-plugin -fno-fat-lto-objects (test for excess errors)
UNRESOLVED: gcc.target/aarch64/advsimd-intrinsics/vdup-vmov.c -O2 -flto -fuse-linker-plugin -fno-fat-lto-objects compilation failed to produce executable
FAIL: gcc.target/aarch64/advsimd-intrinsics/vdup_lane.c -O0 (test for excess errors)
UNRESOLVED: gcc.target/aarch64/advsimd-intrinsics/vdup_lane.c -O0 compilation failed to produce executable
FAIL: gcc.target/aarch64/advsimd-intrinsics/vdup_lane.c -O1 (test for excess errors)
UNRESOLVED: gcc.target/aarch64/advsimd-intrinsics/vdup_lane.c -O1 compilation failed to produce executable
FAIL: gcc.target/aarch64/advsimd-intrinsics/vdup_lane.c -O2 (test for excess errors)
UNRESOLVED: gcc.target/aarch64/advsimd-intrinsics/vdup_lane.c -O2 compilation failed to produce executable
FAIL: gcc.target/aarch64/advsimd-intrinsics/vdup_lane.c -O3 -g (test for excess errors)
UNRESOLVED: gcc.target/aarch64/advsimd-intrinsics/vdup_lane.c -O3 -g compilation failed to produce executable
FAIL: gcc.target/aarch64/advsimd-intrinsics/vdup_lane.c -Os (test for excess errors)
UNRESOLVED: gcc.target/aarch64/advsimd-intrinsics/vdup_lane.c -Os compilation failed to produce executable
FAIL: gcc.target/aarch64/advsimd-intrinsics/vdup_lane.c -Og -g (test for excess errors)
UNRESOLVED: gcc.target/aarch64/advsimd-intrinsics/vdup_lane.c -Og -g compilation failed to produce executable
FAIL: gcc.target/aarch64/advsimd-intrinsics/vdup_lane.c -O2 -flto -fno-use-linker-plugin -flto-partition=none (test for excess errors)
UNRESOLVED: gcc.target/aarch64/advsimd-intrinsics/vdup_lane.c -O2 -flto -fno-use-linker-plugin -flto-partition=none compilation failed to produce executable
FAIL: gcc.target/aarch64/advsimd-intrinsics/vdup_lane.c -O2 -flto -fuse-linker-plugin -fno-fat-lto-objects (test for excess errors)
UNRESOLVED: gcc.target/aarch64/advsimd-intrinsics/vdup_lane.c -O2 -flto -fuse-linker-plugin -fno-fat-lto-objects compilation failed to produce executable
FAIL: gcc.target/aarch64/advsimd-intrinsics/vext.c -O0 (test for excess errors)
UNRESOLVED: gcc.target/aarch64/advsimd-intrinsics/vext.c -O0 compilation failed to produce executable
FAIL: gcc.target/aarch64/advsimd-intrinsics/vext.c -O1 (test for excess errors)
UNRESOLVED: gcc.target/aarch64/advsimd-intrinsics/vext.c -O1 compilation failed to produce executable
FAIL: gcc.target/aarch64/advsimd-intrinsics/vext.c -O2 (test for excess errors)
UNRESOLVED: gcc.target/aarch64/advsimd-intrinsics/vext.c -O2 compilation failed to produce executable
FAIL: gcc.target/aarch64/advsimd-intrinsics/vext.c -O3 -g (test for excess errors)
UNRESOLVED: gcc.target/aarch64/advsimd-intrinsics/vext.c -O3 -g compilation failed to produce executable
FAIL: gcc.target/aarch64/advsimd-intrinsics/vext.c -Os (test for excess errors)
UNRESOLVED: gcc.target/aarch64/advsimd-intrinsics/vext.c -Os compilation failed to produce executable
FAIL: gcc.target/aarch64/advsimd-intrinsics/vext.c -Og -g (test for excess errors)
UNRESOLVED: gcc.target/aarch64/advsimd-intrinsics/vext.c -Og -g compilation failed to produce executable
FAIL: gcc.target/aarch64/advsimd-intrinsics/vext.c -O2 -flto -fno-use-linker-plugin -flto-partition=none (test for excess errors)
UNRESOLVED: gcc.target/aarch64/advsimd-intrinsics/vext.c -O2 -flto -fno-use-linker-plugin -flto-partition=none compilation failed to produce executable
FAIL: gcc.target/aarch64/advsimd-intrinsics/vext.c -O2 -flto -fuse-linker-plugin -fno-fat-lto-objects (test for excess errors)
UNRESOLVED: gcc.target/aarch64/advsimd-intrinsics/vext.c -O2 -flto -fuse-linker-plugin -fno-fat-lto-objects compilation failed to produce executable
FAIL: gcc.target/aarch64/advsimd-intrinsics/vld1.c -O0 (test for excess errors)
UNRESOLVED: gcc.target/aarch64/advsimd-intrinsics/vld1.c -O0 compilation failed to produce executable
FAIL: gcc.target/aarch64/advsimd-intrinsics/vld1.c -O1 (test for excess errors)
UNRESOLVED: gcc.target/aarch64/advsimd-intrinsics/vld1.c -O1 compilation failed to produce executable
FAIL: gcc.target/aarch64/advsimd-intrinsics/vld1.c -O2 (test for excess errors)
UNRESOLVED: gcc.target/aarch64/advsimd-intrinsics/vld1.c -O2 compilation failed to produce executable
FAIL: gcc.target/aarch64/advsimd-intrinsics/vld1.c -O3 -g (test for excess errors)
UNRESOLVED: gcc.target/aarch64/advsimd-intrinsics/vld1.c -O3 -g compilation failed to produce executable
FAIL: gcc.target/aarch64/advsimd-intrinsics/vld1.c -Os (test for excess errors)
UNRESOLVED: gcc.target/aarch64/advsimd-intrinsics/vld1.c -Os compilation failed to produce executable
FAIL: gcc.target/aarch64/advsimd-intrinsics/vld1.c -Og -g (test for excess errors)
UNRESOLVED: gcc.target/aarch64/advsimd-intrinsics/vld1.c -Og -g compilation failed to produce executable
FAIL: gcc.target/aarch64/advsimd-intrinsics/vld1.c -O2 -flto -fno-use-linker-plugin -flto-partition=none (test for excess errors)
UNRESOLVED: gcc.target/aarch64/advsimd-intrinsics/vld1.c -O2 -flto -fno-use-linker-plugin -flto-partition=none compilation failed to produce executable
FAIL: gcc.target/aarch64/advsimd-intrinsics/vld1.c -O2 -flto -fuse-linker-plugin -fno-fat-lto-objects (test for excess errors)
UNRESOLVED: gcc.target/aarch64/advsimd-intrinsics/vld1.c -O2 -flto -fuse-linker-plugin -fno-fat-lto-objects compilation failed to produce executable
FAIL: gcc.target/aarch64/advsimd-intrinsics/vld1_dup.c -O0 (test for excess errors)
UNRESOLVED: gcc.target/aarch64/advsimd-intrinsics/vld1_dup.c -O0 compilation failed to produce executable
FAIL: gcc.target/aarch64/advsimd-intrinsics/vld1_dup.c -O1 (test for excess errors)
UNRESOLVED: gcc.target/aarch64/advsimd-intrinsics/vld1_dup.c -O1 compilation failed to produce executable
FAIL: gcc.target/aarch64/advsimd-intrinsics/vld1_dup.c -O2 (test for excess errors)
UNRESOLVED: gcc.target/aarch64/advsimd-intrinsics/vld1_dup.c -O2 compilation failed to produce executable
FAIL: gcc.target/aarch64/advsimd-intrinsics/vld1_dup.c -O3 -fomit-frame-pointer -funroll-loops -fpeel-loops -ftracer -finline-functions (test for excess errors)
UNRESOLVED: gcc.target/aarch64/advsimd-intrinsics/vld1_dup.c -O3 -fomit-frame-pointer -funroll-loops -fpeel-loops -ftracer -finline-functions compilation failed to produce executable
FAIL: gcc.target/aarch64/advsimd-intrinsics/vld1_dup.c -O3 -g (test for excess errors)
UNRESOLVED: gcc.target/aarch64/advsimd-intrinsics/vld1_dup.c -O3 -g compilation failed to produce executable
FAIL: gcc.target/aarch64/advsimd-intrinsics/vld1_dup.c -Os (test for excess errors)
UNRESOLVED: gcc.target/aarch64/advsimd-intrinsics/vld1_dup.c -Os compilation failed to produce executable
FAIL: gcc.target/aarch64/advsimd-intrinsics/vld1_dup.c -Og -g (test for excess errors)
UNRESOLVED: gcc.target/aarch64/advsimd-intrinsics/vld1_dup.c -Og -g compilation failed to produce executable
FAIL: gcc.target/aarch64/advsimd-intrinsics/vld1_dup.c -O2 -flto -fno-use-linker-plugin -flto-partition=none (test for excess errors)
UNRESOLVED: gcc.target/aarch64/advsimd-intrinsics/vld1_dup.c -O2 -flto -fno-use-linker-plugin -flto-partition=none compilation failed to produce executable
FAIL: gcc.target/aarch64/advsimd-intrinsics/vld1_dup.c -O2 -flto -fuse-linker-plugin -fno-fat-lto-objects (test for excess errors)
UNRESOLVED: gcc.target/aarch64/advsimd-intrinsics/vld1_dup.c -O2 -flto -fuse-linker-plugin -fno-fat-lto-objects compilation failed to produce executable
FAIL: gcc.target/aarch64/advsimd-intrinsics/vld1_lane.c -O0 (test for excess errors)
UNRESOLVED: gcc.target/aarch64/advsimd-intrinsics/vld1_lane.c -O0 compilation failed to produce executable
FAIL: gcc.target/aarch64/advsimd-intrinsics/vld1_lane.c -O1 (test for excess errors)
UNRESOLVED: gcc.target/aarch64/advsimd-intrinsics/vld1_lane.c -O1 compilation failed to produce executable
FAIL: gcc.target/aarch64/advsimd-intrinsics/vld1_lane.c -O2 (test for excess errors)
UNRESOLVED: gcc.target/aarch64/advsimd-intrinsics/vld1_lane.c -O2 compilation failed to produce executable
FAIL: gcc.target/aarch64/advsimd-intrinsics/vld1_lane.c -O3 -g (test for excess errors)
UNRESOLVED: gcc.target/aarch64/advsimd-intrinsics/vld1_lane.c -O3 -g compilation failed to produce executable
FAIL: gcc.target/aarch64/advsimd-intrinsics/vld1_lane.c -Os (test for excess errors)
UNRESOLVED: gcc.target/aarch64/advsimd-intrinsics/vld1_lane.c -Os compilation failed to produce executable
FAIL: gcc.target/aarch64/advsimd-intrinsics/vld1_lane.c -Og -g (test for excess errors)
UNRESOLVED: gcc.target/aarch64/advsimd-intrinsics/vld1_lane.c -Og -g compilation failed to produce executable
FAIL: gcc.target/aarch64/advsimd-intrinsics/vld1_lane.c -O2 -flto -fno-use-linker-plugin -flto-partition=none (test for excess errors)
UNRESOLVED: gcc.target/aarch64/advsimd-intrinsics/vld1_lane.c -O2 -flto -fno-use-linker-plugin -flto-partition=none compilation failed to produce executable
FAIL: gcc.target/aarch64/advsimd-intrinsics/vld1_lane.c -O2 -flto -fuse-linker-plugin -fno-fat-lto-objects (test for excess errors)
UNRESOLVED: gcc.target/aarch64/advsimd-intrinsics/vld1_lane.c -O2 -flto -fuse-linker-plugin -fno-fat-lto-objects compilation failed to produce executable
FAIL: gcc.target/aarch64/advsimd-intrinsics/vreinterpret_p128.c -O0 (test for excess errors)
UNRESOLVED: gcc.target/aarch64/advsimd-intrinsics/vreinterpret_p128.c -O0 compilation failed to produce executable
FAIL: gcc.target/aarch64/advsimd-intrinsics/vreinterpret_p128.c -O1 (test for excess errors)
UNRESOLVED: gcc.target/aarch64/advsimd-intrinsics/vreinterpret_p128.c -O1 compilation failed to produce executable
FAIL: gcc.target/aarch64/advsimd-intrinsics/vreinterpret_p128.c -O2 (test for excess errors)
UNRESOLVED: gcc.target/aarch64/advsimd-intrinsics/vreinterpret_p128.c -O2 compilation failed to produce executable
FAIL: gcc.target/aarch64/advsimd-intrinsics/vreinterpret_p128.c -O3 -g (test for excess errors)
UNRESOLVED: gcc.target/aarch64/advsimd-intrinsics/vreinterpret_p128.c -O3 -g compilation failed to produce executable
FAIL: gcc.target/aarch64/advsimd-intrinsics/vreinterpret_p128.c -Os (test for excess errors)
UNRESOLVED: gcc.target/aarch64/advsimd-intrinsics/vreinterpret_p128.c -Os compilation failed to produce executable
FAIL: gcc.target/aarch64/advsimd-intrinsics/vreinterpret_p128.c -Og -g (test for excess errors)
UNRESOLVED: gcc.target/aarch64/advsimd-intrinsics/vreinterpret_p128.c -Og -g compilation failed to produce executable
FAIL: gcc.target/aarch64/advsimd-intrinsics/vreinterpret_p128.c -O2 -flto -fno-use-linker-plugin -flto-partition=none (test for excess errors)
UNRESOLVED: gcc.target/aarch64/advsimd-intrinsics/vreinterpret_p128.c -O2 -flto -fno-use-linker-plugin -flto-partition=none compilation failed to produce executable
FAIL: gcc.target/aarch64/advsimd-intrinsics/vreinterpret_p128.c -O2 -flto -fuse-linker-plugin -fno-fat-lto-objects (test for excess errors)
UNRESOLVED: gcc.target/aarch64/advsimd-intrinsics/vreinterpret_p128.c -O2 -flto -fuse-linker-plugin -fno-fat-lto-objects compilation failed to produce executable
FAIL: gcc.target/aarch64/advsimd-intrinsics/vreinterpret_p64.c -O0 (test for excess errors)
UNRESOLVED: gcc.target/aarch64/advsimd-intrinsics/vreinterpret_p64.c -O0 compilation failed to produce executable
FAIL: gcc.target/aarch64/advsimd-intrinsics/vreinterpret_p64.c -O1 (test for excess errors)
UNRESOLVED: gcc.target/aarch64/advsimd-intrinsics/vreinterpret_p64.c -O1 compilation failed to produce executable
FAIL: gcc.target/aarch64/advsimd-intrinsics/vreinterpret_p64.c -O2 (test for excess errors)
UNRESOLVED: gcc.target/aarch64/advsimd-intrinsics/vreinterpret_p64.c -O2 compilation failed to produce executable
FAIL: gcc.target/aarch64/advsimd-intrinsics/vreinterpret_p64.c -O3 -g (test for excess errors)
UNRESOLVED: gcc.target/aarch64/advsimd-intrinsics/vreinterpret_p64.c -O3 -g compilation failed to produce executable
FAIL: gcc.target/aarch64/advsimd-intrinsics/vreinterpret_p64.c -Os (test for excess errors)
UNRESOLVED: gcc.target/aarch64/advsimd-intrinsics/vreinterpret_p64.c -Os compilation failed to produce executable
FAIL: gcc.target/aarch64/advsimd-intrinsics/vreinterpret_p64.c -Og -g (test for excess errors)
UNRESOLVED: gcc.target/aarch64/advsimd-intrinsics/vreinterpret_p64.c -Og -g compilation failed to produce executable
FAIL: gcc.target/aarch64/advsimd-intrinsics/vreinterpret_p64.c -O2 -flto -fno-use-linker-plugin -flto-partition=none (test for excess errors)
UNRESOLVED: gcc.target/aarch64/advsimd-intrinsics/vreinterpret_p64.c -O2 -flto -fno-use-linker-plugin -flto-partition=none compilation failed to produce executable
FAIL: gcc.target/aarch64/advsimd-intrinsics/vreinterpret_p64.c -O2 -flto -fuse-linker-plugin -fno-fat-lto-objects (test for excess errors)
UNRESOLVED: gcc.target/aarch64/advsimd-intrinsics/vreinterpret_p64.c -O2 -flto -fuse-linker-plugin -fno-fat-lto-objects compilation failed to produce executable
FAIL: gcc.target/aarch64/advsimd-intrinsics/vset_lane.c -O0 (test for excess errors)
UNRESOLVED: gcc.target/aarch64/advsimd-intrinsics/vset_lane.c -O0 compilation failed to produce executable
FAIL: gcc.target/aarch64/advsimd-intrinsics/vset_lane.c -O1 (test for excess errors)
UNRESOLVED: gcc.target/aarch64/advsimd-intrinsics/vset_lane.c -O1 compilation failed to produce executable
FAIL: gcc.target/aarch64/advsimd-intrinsics/vset_lane.c -O2 (test for excess errors)
UNRESOLVED: gcc.target/aarch64/advsimd-intrinsics/vset_lane.c -O2 compilation failed to produce executable
FAIL: gcc.target/aarch64/advsimd-intrinsics/vset_lane.c -O3 -g (test for excess errors)
UNRESOLVED: gcc.target/aarch64/advsimd-intrinsics/vset_lane.c -O3 -g compilation failed to produce executable
FAIL: gcc.target/aarch64/advsimd-intrinsics/vset_lane.c -Os (test for excess errors)
UNRESOLVED: gcc.target/aarch64/advsimd-intrinsics/vset_lane.c -Os compilation failed to produce executable
FAIL: gcc.target/aarch64/advsimd-intrinsics/vset_lane.c -Og -g (test for excess errors)
UNRESOLVED: gcc.target/aarch64/advsimd-intrinsics/vset_lane.c -Og -g compilation failed to produce executable
FAIL: gcc.target/aarch64/advsimd-intrinsics/vset_lane.c -O2 -flto -fno-use-linker-plugin -flto-partition=none (test for excess errors)
UNRESOLVED: gcc.target/aarch64/advsimd-intrinsics/vset_lane.c -O2 -flto -fno-use-linker-plugin -flto-partition=none compilation failed to produce executable
FAIL: gcc.target/aarch64/advsimd-intrinsics/vset_lane.c -O2 -flto -fuse-linker-plugin -fno-fat-lto-objects (test for excess errors)
UNRESOLVED: gcc.target/aarch64/advsimd-intrinsics/vset_lane.c -O2 -flto -fuse-linker-plugin -fno-fat-lto-objects compilation failed to produce executable
FAIL: gcc.target/aarch64/advsimd-intrinsics/vst1_lane.c -O0 (test for excess errors)
UNRESOLVED: gcc.target/aarch64/advsimd-intrinsics/vst1_lane.c -O0 compilation failed to produce executable
FAIL: gcc.target/aarch64/advsimd-intrinsics/vst1_lane.c -O1 (test for excess errors)
UNRESOLVED: gcc.target/aarch64/advsimd-intrinsics/vst1_lane.c -O1 compilation failed to produce executable
FAIL: gcc.target/aarch64/advsimd-intrinsics/vst1_lane.c -O2 (test for excess errors)
UNRESOLVED: gcc.target/aarch64/advsimd-intrinsics/vst1_lane.c -O2 compilation failed to produce executable
FAIL: gcc.target/aarch64/advsimd-intrinsics/vst1_lane.c -O3 -g (test for excess errors)
UNRESOLVED: gcc.target/aarch64/advsimd-intrinsics/vst1_lane.c -O3 -g compilation failed to produce executable
FAIL: gcc.target/aarch64/advsimd-intrinsics/vst1_lane.c -Os (test for excess errors)
UNRESOLVED: gcc.target/aarch64/advsimd-intrinsics/vst1_lane.c -Os compilation failed to produce executable
FAIL: gcc.target/aarch64/advsimd-intrinsics/vst1_lane.c -Og -g (test for excess errors)
UNRESOLVED: gcc.target/aarch64/advsimd-intrinsics/vst1_lane.c -Og -g compilation failed to produce executable
FAIL: gcc.target/aarch64/advsimd-intrinsics/vst1_lane.c -O2 -flto -fno-use-linker-plugin -flto-partition=none (test for excess errors)
UNRESOLVED: gcc.target/aarch64/advsimd-intrinsics/vst1_lane.c -O2 -flto -fno-use-linker-plugin -flto-partition=none compilation failed to produce executable
FAIL: gcc.target/aarch64/advsimd-intrinsics/vst1_lane.c -O2 -flto -fuse-linker-plugin -fno-fat-lto-objects (test for excess errors)
UNRESOLVED: gcc.target/aarch64/advsimd-intrinsics/vst1_lane.c -O2 -flto -fuse-linker-plugin -fno-fat-lto-objects compilation failed to produce executable
FAIL: gcc.target/aarch64/advsimd-intrinsics/vtrn_half.c -O0 (test for excess errors)
UNRESOLVED: gcc.target/aarch64/advsimd-intrinsics/vtrn_half.c -O0 compilation failed to produce executable
FAIL: gcc.target/aarch64/advsimd-intrinsics/vtrn_half.c -O1 (test for excess errors)
UNRESOLVED: gcc.target/aarch64/advsimd-intrinsics/vtrn_half.c -O1 compilation failed to produce executable
FAIL: gcc.target/aarch64/advsimd-intrinsics/vtrn_half.c -O2 (test for excess errors)
UNRESOLVED: gcc.target/aarch64/advsimd-intrinsics/vtrn_half.c -O2 compilation failed to produce executable
FAIL: gcc.target/aarch64/advsimd-intrinsics/vtrn_half.c -O3 -g (test for excess errors)
UNRESOLVED: gcc.target/aarch64/advsimd-intrinsics/vtrn_half.c -O3 -g compilation failed to produce executable
FAIL: gcc.target/aarch64/advsimd-intrinsics/vtrn_half.c -Os (test for excess errors)
UNRESOLVED: gcc.target/aarch64/advsimd-intrinsics/vtrn_half.c -Os compilation failed to produce executable
FAIL: gcc.target/aarch64/advsimd-intrinsics/vtrn_half.c -Og -g (test for excess errors)
UNRESOLVED: gcc.target/aarch64/advsimd-intrinsics/vtrn_half.c -Og -g compilation failed to produce executable
FAIL: gcc.target/aarch64/advsimd-intrinsics/vtrn_half.c -O2 -flto -fno-use-linker-plugin -flto-partition=none (test for excess errors)
UNRESOLVED: gcc.target/aarch64/advsimd-intrinsics/vtrn_half.c -O2 -flto -fno-use-linker-plugin -flto-partition=none compilation failed to produce executable
FAIL: gcc.target/aarch64/advsimd-intrinsics/vtrn_half.c -O2 -flto -fuse-linker-plugin -fno-fat-lto-objects (test for excess errors)
UNRESOLVED: gcc.target/aarch64/advsimd-intrinsics/vtrn_half.c -O2 -flto -fuse-linker-plugin -fno-fat-lto-objects compilation failed to produce executable
FAIL: gcc.target/aarch64/advsimd-intrinsics/vuzp_half.c -O0 (test for excess errors)
UNRESOLVED: gcc.target/aarch64/advsimd-intrinsics/vuzp_half.c -O0 compilation failed to produce executable
FAIL: gcc.target/aarch64/advsimd-intrinsics/vuzp_half.c -O1 (test for excess errors)
UNRESOLVED: gcc.target/aarch64/advsimd-intrinsics/vuzp_half.c -O1 compilation failed to produce executable
FAIL: gcc.target/aarch64/advsimd-intrinsics/vuzp_half.c -O2 (test for excess errors)
UNRESOLVED: gcc.target/aarch64/advsimd-intrinsics/vuzp_half.c -O2 compilation failed to produce executable
FAIL: gcc.target/aarch64/advsimd-intrinsics/vuzp_half.c -O3 -g (test for excess errors)
UNRESOLVED: gcc.target/aarch64/advsimd-intrinsics/vuzp_half.c -O3 -g compilation failed to produce executable
FAIL: gcc.target/aarch64/advsimd-intrinsics/vuzp_half.c -Os (test for excess errors)
UNRESOLVED: gcc.target/aarch64/advsimd-intrinsics/vuzp_half.c -Os compilation failed to produce executable
FAIL: gcc.target/aarch64/advsimd-intrinsics/vuzp_half.c -Og -g (test for excess errors)
UNRESOLVED: gcc.target/aarch64/advsimd-intrinsics/vuzp_half.c -Og -g compilation failed to produce executable
FAIL: gcc.target/aarch64/advsimd-intrinsics/vuzp_half.c -O2 -flto -fno-use-linker-plugin -flto-partition=none (test for excess errors)
UNRESOLVED: gcc.target/aarch64/advsimd-intrinsics/vuzp_half.c -O2 -flto -fno-use-linker-plugin -flto-partition=none compilation failed to produce executable
FAIL: gcc.target/aarch64/advsimd-intrinsics/vuzp_half.c -O2 -flto -fuse-linker-plugin -fno-fat-lto-objects (test for excess errors)
UNRESOLVED: gcc.target/aarch64/advsimd-intrinsics/vuzp_half.c -O2 -flto -fuse-linker-plugin -fno-fat-lto-objects compilation failed to produce executable
FAIL: gcc.target/aarch64/advsimd-intrinsics/vzip_half.c -O0 (test for excess errors)
UNRESOLVED: gcc.target/aarch64/advsimd-intrinsics/vzip_half.c -O0 compilation failed to produce executable
FAIL: gcc.target/aarch64/advsimd-intrinsics/vzip_half.c -O1 (test for excess errors)
UNRESOLVED: gcc.target/aarch64/advsimd-intrinsics/vzip_half.c -O1 compilation failed to produce executable
FAIL: gcc.target/aarch64/advsimd-intrinsics/vzip_half.c -O2 (test for excess errors)
UNRESOLVED: gcc.target/aarch64/advsimd-intrinsics/vzip_half.c -O2 compilation failed to produce executable
FAIL: gcc.target/aarch64/advsimd-intrinsics/vzip_half.c -O3 -g (test for excess errors)
UNRESOLVED: gcc.target/aarch64/advsimd-intrinsics/vzip_half.c -O3 -g compilation failed to produce executable
FAIL: gcc.target/aarch64/advsimd-intrinsics/vzip_half.c -Os (test for excess errors)
UNRESOLVED: gcc.target/aarch64/advsimd-intrinsics/vzip_half.c -Os compilation failed to produce executable
FAIL: gcc.target/aarch64/advsimd-intrinsics/vzip_half.c -Og -g (test for excess errors)
UNRESOLVED: gcc.target/aarch64/advsimd-intrinsics/vzip_half.c -Og -g compilation failed to produce executable
FAIL: gcc.target/aarch64/advsimd-intrinsics/vzip_half.c -O2 -flto -fno-use-linker-plugin -flto-partition=none (test for excess errors)
UNRESOLVED: gcc.target/aarch64/advsimd-intrinsics/vzip_half.c -O2 -flto -fno-use-linker-plugin -flto-partition=none compilation failed to produce executable
FAIL: gcc.target/aarch64/advsimd-intrinsics/vzip_half.c -O2 -flto -fuse-linker-plugin -fno-fat-lto-objects (test for excess errors)
UNRESOLVED: gcc.target/aarch64/advsimd-intrinsics/vzip_half.c -O2 -flto -fuse-linker-plugin -fno-fat-lto-objects compilation failed to produce executable
=== gcc Summary for thunderx-elf-sim/-fPIC ===
# of expected passes 97662
# of unexpected failures 222
# of unexpected successes 2
# of expected failures 246
# of unresolved testcases 120
# of unsupported tests 3035
Running target thunderx-elf-sim/-mabi=ilp32
FAIL: gcc.c-torture/execute/builtins/strcat-chk.c execution, -O2 -flto -fuse-linker-plugin -fno-fat-lto-objects
FAIL: gcc.c-torture/execute/20051110-1.c -O2 -flto -fno-use-linker-plugin -flto-partition=none execution test
FAIL: gcc.c-torture/execute/pr64255.c -O3 -g execution test
FAIL: gcc.c-torture/execute/pr65401.c -O2 -flto -fuse-linker-plugin -fno-fat-lto-objects execution test
FAIL: gcc.c-torture/execute/va-arg-17.c -O3 -g execution test
FAIL: gcc.c-torture/unsorted/dump-noaddr.c, -O0 -dumpbase dump1/dump-noaddr.c -DMASK=1 -x c --param ggc-min-heapsize=1 -fdump-ipa-all -fdump-rtl-all -fdump-tree-all -fdump-noaddr
FAIL: gcc.c-torture/unsorted/dump-noaddr.c, -O0 -dumpbase dump2/dump-noaddr.c -DMASK=2 -x c -fdump-ipa-all -fdump-rtl-all -fdump-tree-all -fdump-noaddr
FAIL: gcc.c-torture/unsorted/dump-noaddr.c, -O1 -dumpbase dump1/dump-noaddr.c -DMASK=1 -x c --param ggc-min-heapsize=1 -fdump-ipa-all -fdump-rtl-all -fdump-tree-all -fdump-noaddr
FAIL: gcc.c-torture/unsorted/dump-noaddr.c, -O1 -dumpbase dump2/dump-noaddr.c -DMASK=2 -x c -fdump-ipa-all -fdump-rtl-all -fdump-tree-all -fdump-noaddr
FAIL: gcc.c-torture/unsorted/dump-noaddr.c, -O2 -dumpbase dump1/dump-noaddr.c -DMASK=1 -x c --param ggc-min-heapsize=1 -fdump-ipa-all -fdump-rtl-all -fdump-tree-all -fdump-noaddr
FAIL: gcc.c-torture/unsorted/dump-noaddr.c, -O2 -dumpbase dump2/dump-noaddr.c -DMASK=2 -x c -fdump-ipa-all -fdump-rtl-all -fdump-tree-all -fdump-noaddr
FAIL: gcc.c-torture/unsorted/dump-noaddr.c, -O3 -fomit-frame-pointer -funroll-loops -fpeel-loops -ftracer -finline-functions -dumpbase dump1/dump-noaddr.c -DMASK=1 -x c --param ggc-min-heapsize=1 -fdump-ipa-all -fdump-rtl-all -fdump-tree-all -fdump-noaddr
FAIL: gcc.c-torture/unsorted/dump-noaddr.c, -O3 -fomit-frame-pointer -funroll-loops -fpeel-loops -ftracer -finline-functions -dumpbase dump2/dump-noaddr.c -DMASK=2 -x c -fdump-ipa-all -fdump-rtl-all -fdump-tree-all -fdump-noaddr
FAIL: gcc.c-torture/unsorted/dump-noaddr.c, -O3 -g -dumpbase dump1/dump-noaddr.c -DMASK=1 -x c --param ggc-min-heapsize=1 -fdump-ipa-all -fdump-rtl-all -fdump-tree-all -fdump-noaddr
FAIL: gcc.c-torture/unsorted/dump-noaddr.c, -O3 -g -dumpbase dump2/dump-noaddr.c -DMASK=2 -x c -fdump-ipa-all -fdump-rtl-all -fdump-tree-all -fdump-noaddr
FAIL: gcc.c-torture/unsorted/dump-noaddr.c, -Os -dumpbase dump1/dump-noaddr.c -DMASK=1 -x c --param ggc-min-heapsize=1 -fdump-ipa-all -fdump-rtl-all -fdump-tree-all -fdump-noaddr
FAIL: gcc.c-torture/unsorted/dump-noaddr.c, -Os -dumpbase dump2/dump-noaddr.c -DMASK=2 -x c -fdump-ipa-all -fdump-rtl-all -fdump-tree-all -fdump-noaddr
FAIL: gcc.c-torture/unsorted/dump-noaddr.c, -Og -g -dumpbase dump1/dump-noaddr.c -DMASK=1 -x c --param ggc-min-heapsize=1 -fdump-ipa-all -fdump-rtl-all -fdump-tree-all -fdump-noaddr
FAIL: gcc.c-torture/unsorted/dump-noaddr.c, -Og -g -dumpbase dump2/dump-noaddr.c -DMASK=2 -x c -fdump-ipa-all -fdump-rtl-all -fdump-tree-all -fdump-noaddr
FAIL: gcc.c-torture/unsorted/dump-noaddr.c, -O2 -flto -fno-use-linker-plugin -flto-partition=none -dumpbase dump1/dump-noaddr.c -DMASK=1 -x c --param ggc-min-heapsize=1 -fdump-ipa-all -fdump-rtl-all -fdump-tree-all -fdump-noaddr
FAIL: gcc.c-torture/unsorted/dump-noaddr.c, -O2 -flto -fno-use-linker-plugin -flto-partition=none -dumpbase dump2/dump-noaddr.c -DMASK=2 -x c -fdump-ipa-all -fdump-rtl-all -fdump-tree-all -fdump-noaddr
FAIL: gcc.c-torture/unsorted/dump-noaddr.c, -O2 -flto -fuse-linker-plugin -fno-fat-lto-objects -dumpbase dump1/dump-noaddr.c -DMASK=1 -x c --param ggc-min-heapsize=1 -fdump-ipa-all -fdump-rtl-all -fdump-tree-all -fdump-noaddr
FAIL: gcc.c-torture/unsorted/dump-noaddr.c, -O2 -flto -fuse-linker-plugin -fno-fat-lto-objects -dumpbase dump2/dump-noaddr.c -DMASK=2 -x c -fdump-ipa-all -fdump-rtl-all -fdump-tree-all -fdump-noaddr
FAIL: gcc.dg/gimplefe-14.c execution test
FAIL: gcc.dg/pr64434.c scan-rtl-dump-times expand "Swap operands" 1
FAIL: gcc.dg/pr78582.c (test for excess errors)
FAIL: gcc.dg/lto/pr54709 c_lto_pr54709_0.o-c_lto_pr54709_1.o link, -fPIC -fvisibility=hidden -flto
UNRESOLVED: gcc.dg/lto/pr54709 c_lto_pr54709_0.o-c_lto_pr54709_1.o execute -fPIC -fvisibility=hidden -flto
FAIL: gcc.dg/lto/pr61526 c_lto_pr61526_0.o-c_lto_pr61526_1.o link, -fPIC -flto -flto-partition=1to1
UNRESOLVED: gcc.dg/lto/pr61526 c_lto_pr61526_0.o-c_lto_pr61526_1.o execute -fPIC -flto -flto-partition=1to1
FAIL: gcc.dg/lto/pr64415 c_lto_pr64415_0.o-c_lto_pr64415_1.o link, -O -flto -fpic
UNRESOLVED: gcc.dg/lto/pr64415 c_lto_pr64415_0.o-c_lto_pr64415_1.o execute -O -flto -fpic
FAIL: gcc.dg/sso/p9.c -O3 -finline-functions output pattern test
FAIL: gcc.dg/sso/p9.c -Og -g output pattern test
FAIL: gcc.dg/sso/q6.c -O3 -finline-functions output pattern test
FAIL: gcc.dg/tree-ssa/builtin-sprintf.c execution test
FAIL: gcc.dg/tree-ssa/pr69270-3.c scan-tree-dump-times uncprop1 ", 1" 4
FAIL: gcc.dg/tree-ssa/scev-4.c scan-tree-dump-times optimized "&a" 1
FAIL: gcc.dg/tree-ssa/scev-5.c scan-tree-dump-times optimized "&a" 1
FAIL: gcc.dg/tree-ssa/sra-17.c scan-tree-dump-times esra "Removing load: a = \\\\*.?L.?C.?.?.?0;" 1
FAIL: gcc.dg/tree-ssa/sra-17.c scan-tree-dump-times esra "SR\\\\.[0-9_]+ = \\\\*.?L.?C.?.?.?0\\\\[" 4
FAIL: gcc.dg/tree-ssa/sra-18.c scan-tree-dump-times esra "Removing load: a = \\\\*.?L.?C.?.?.?0;" 1
FAIL: gcc.dg/tree-ssa/sra-18.c scan-tree-dump-times esra "SR\\\\.[0-9_]+ = \\\\*.?L.?C.?.?.?0\\\\.b\\\\[0\\\\]\\\\.f\\\\[0\\\\]\\\\.x" 1
FAIL: gcc.dg/tree-ssa/sra-18.c scan-tree-dump-times esra "SR\\\\.[0-9_]+ = \\\\*.?L.?C.?.?.?0\\\\.b\\\\[0\\\\]\\\\.f\\\\[1\\\\]\\\\.x" 1
FAIL: gcc.dg/tree-ssa/sra-18.c scan-tree-dump-times esra "SR\\\\.[0-9_]+ = \\\\*.?L.?C.?.?.?0\\\\.b\\\\[1\\\\]\\\\.f\\\\[0\\\\]\\\\.x" 1
FAIL: gcc.dg/tree-ssa/sra-18.c scan-tree-dump-times esra "SR\\\\.[0-9_]+ = \\\\*.?L.?C.?.?.?0\\\\.b\\\\[1\\\\]\\\\.f\\\\[1\\\\]\\\\.x" 1
FAIL: gcc.dg/tree-ssa/tailcall-8-run.c (test for excess errors)
UNRESOLVED: gcc.dg/tree-ssa/tailcall-8-run.c compilation failed to produce executable
XPASS: gcc.dg/vect/vect-24.c scan-tree-dump-times vect "vectorized 3 loops" 1
FAIL: gcc.dg/vect/vect-mult-const-pattern-1.c scan-tree-dump-times vect "vect_recog_mult_pattern: detected" 2
FAIL: gcc.dg/vect/vect-mult-const-pattern-2.c scan-tree-dump-times vect "vect_recog_mult_pattern: detected" 2
FAIL: gcc.dg/vect/vect-rounding-lceil.c scan-tree-dump-times vect "vectorized 1 loops" 1
FAIL: gcc.dg/vect/vect-rounding-lfloor.c scan-tree-dump-times vect "vectorized 1 loops" 1
XPASS: gcc.dg/vect/vect-24.c -flto -ffat-lto-objects scan-tree-dump-times vect "vectorized 3 loops" 1
FAIL: gcc.dg/vect/vect-mult-const-pattern-1.c -flto -ffat-lto-objects scan-tree-dump-times vect "vect_recog_mult_pattern: detected" 2
FAIL: gcc.dg/vect/vect-mult-const-pattern-2.c -flto -ffat-lto-objects scan-tree-dump-times vect "vect_recog_mult_pattern: detected" 2
FAIL: gcc.dg/vect/vect-rounding-lceil.c -flto -ffat-lto-objects scan-tree-dump-times vect "vectorized 1 loops" 1
FAIL: gcc.dg/vect/vect-rounding-lfloor.c -flto -ffat-lto-objects scan-tree-dump-times vect "vectorized 1 loops" 1
FAIL: gcc.target/aarch64/extend.c scan-assembler ldr\\tw[0-9]+,.*uxtw #?2]
FAIL: gcc.target/aarch64/extend.c scan-assembler ldr\\tw[0-9]+,.*uxtw]
FAIL: gcc.target/aarch64/extend.c scan-assembler ldr\\tw[0-9]+,.*sxtw #?2]
FAIL: gcc.target/aarch64/extend.c scan-assembler ldr\\tw[0-9]+,.*sxtw]
FAIL: gcc.target/aarch64/fmul_fcvt_1.c scan-assembler-times fcvtzs\\tx[0-9], s[0-9]*.*#2 1
FAIL: gcc.target/aarch64/fmul_fcvt_1.c scan-assembler-times fcvtzu\\tx[0-9], s[0-9]*.*#2 1
FAIL: gcc.target/aarch64/fmul_fcvt_1.c scan-assembler-times fcvtzs\\tx[0-9], s[0-9]*.*#3 1
FAIL: gcc.target/aarch64/fmul_fcvt_1.c scan-assembler-times fcvtzu\\tx[0-9], s[0-9]*.*#3 1
FAIL: gcc.target/aarch64/fmul_fcvt_1.c scan-assembler-times fcvtzs\\tx[0-9], s[0-9]*.*#4 1
FAIL: gcc.target/aarch64/fmul_fcvt_1.c scan-assembler-times fcvtzu\\tx[0-9], s[0-9]*.*#4 1
FAIL: gcc.target/aarch64/fmul_fcvt_1.c scan-assembler-times fcvtzs\\tx[0-9], s[0-9]*.*#5 1
FAIL: gcc.target/aarch64/fmul_fcvt_1.c scan-assembler-times fcvtzu\\tx[0-9], s[0-9]*.*#5 1
FAIL: gcc.target/aarch64/index.c scan-assembler-not [us]xtw\\t
FAIL: gcc.target/aarch64/subsp.c scan-assembler sub\\tsp, sp, x[0-9]*, sxtw 4\\n
FAIL: gcc.target/aarch64/symbol-range.c (test for excess errors)
UNRESOLVED: gcc.target/aarch64/symbol-range.c scan-assembler-not adrp\\tx[0-9]+, fixed_regs\\\\+
FAIL: gcc.target/aarch64/vect-abs-compile.c scan-assembler abs\\\\tv[0-9]+.16b
FAIL: gcc.target/aarch64/vect-abs-compile.c scan-assembler abs\\\\tv[0-9]+.8h
FAIL: gcc.target/aarch64/vect-compile.c scan-assembler-times addv 2
FAIL: gcc.target/aarch64/vect-compile.c scan-assembler-times addp 2
FAIL: gcc.target/aarch64/vect-faddv-compile.c scan-assembler-times faddp\\\\tv 2
FAIL: gcc.target/aarch64/vect-fcm-eq-f.c scan-tree-dump-times vect "vectorized 1 loops" 8
FAIL: gcc.target/aarch64/vect-fcm-eq-f.c scan-assembler fcmeq\\\\tv[0-9]+.[24]s, v[0-9]+.[24]s, 0
FAIL: gcc.target/aarch64/vect-fcm-ge-f.c scan-tree-dump-times vect "vectorized 1 loops" 8
FAIL: gcc.target/aarch64/vect-fcm-ge-f.c scan-assembler fcmge\\\\tv[0-9]+.[24]s, v[0-9]+.[24]s, 0
FAIL: gcc.target/aarch64/vect-fcm-ge-f.c scan-assembler fcmlt\\\\tv[0-9]+.[24]s, v[0-9]+.[24]s, 0
FAIL: gcc.target/aarch64/vect-fcm-gt-f.c scan-tree-dump-times vect "vectorized 1 loops" 8
FAIL: gcc.target/aarch64/vect-fcm-gt-f.c scan-assembler fcmgt\\\\tv[0-9]+.[24]s, v[0-9]+.[24]s, 0
FAIL: gcc.target/aarch64/vect-fcm-gt-f.c scan-assembler fcmle\\\\tv[0-9]+.[24]s, v[0-9]+.[24]s, 0
FAIL: gcc.target/aarch64/vect-fp-compile.c scan-assembler fneg\\\\tv
FAIL: gcc.target/aarch64/vect-fp-compile.c scan-assembler fabs\\\\tv
FAIL: gcc.target/aarch64/vect-mull-compile.c scan-assembler smull\\\\tv[0-9]+.2d
FAIL: gcc.target/aarch64/vect-mull-compile.c scan-assembler umull\\\\tv[0-9]+.2d
FAIL: gcc.target/aarch64/vect-mull-compile.c scan-assembler smull2\\\\tv[0-9]+.2d
FAIL: gcc.target/aarch64/vect-mull-compile.c scan-assembler umull2\\\\tv[0-9]+.2d
FAIL: gcc.target/aarch64/vector_initialization_nostack.c scan-assembler-not sp
FAIL: gcc.target/aarch64/advsimd-intrinsics/vbsl.c -O0 (test for excess errors)
UNRESOLVED: gcc.target/aarch64/advsimd-intrinsics/vbsl.c -O0 compilation failed to produce executable
FAIL: gcc.target/aarch64/advsimd-intrinsics/vbsl.c -O1 (test for excess errors)
UNRESOLVED: gcc.target/aarch64/advsimd-intrinsics/vbsl.c -O1 compilation failed to produce executable
FAIL: gcc.target/aarch64/advsimd-intrinsics/vbsl.c -O2 (test for excess errors)
UNRESOLVED: gcc.target/aarch64/advsimd-intrinsics/vbsl.c -O2 compilation failed to produce executable
FAIL: gcc.target/aarch64/advsimd-intrinsics/vbsl.c -O3 -g (test for excess errors)
UNRESOLVED: gcc.target/aarch64/advsimd-intrinsics/vbsl.c -O3 -g compilation failed to produce executable
FAIL: gcc.target/aarch64/advsimd-intrinsics/vbsl.c -Os (test for excess errors)
UNRESOLVED: gcc.target/aarch64/advsimd-intrinsics/vbsl.c -Os compilation failed to produce executable
FAIL: gcc.target/aarch64/advsimd-intrinsics/vbsl.c -Og -g (test for excess errors)
UNRESOLVED: gcc.target/aarch64/advsimd-intrinsics/vbsl.c -Og -g compilation failed to produce executable
FAIL: gcc.target/aarch64/advsimd-intrinsics/vbsl.c -O2 -flto -fno-use-linker-plugin -flto-partition=none (test for excess errors)
UNRESOLVED: gcc.target/aarch64/advsimd-intrinsics/vbsl.c -O2 -flto -fno-use-linker-plugin -flto-partition=none compilation failed to produce executable
FAIL: gcc.target/aarch64/advsimd-intrinsics/vbsl.c -O2 -flto -fuse-linker-plugin -fno-fat-lto-objects (test for excess errors)
UNRESOLVED: gcc.target/aarch64/advsimd-intrinsics/vbsl.c -O2 -flto -fuse-linker-plugin -fno-fat-lto-objects compilation failed to produce executable
FAIL: gcc.target/aarch64/advsimd-intrinsics/vdup-vmov.c -O0 (test for excess errors)
UNRESOLVED: gcc.target/aarch64/advsimd-intrinsics/vdup-vmov.c -O0 compilation failed to produce executable
FAIL: gcc.target/aarch64/advsimd-intrinsics/vdup-vmov.c -O1 (test for excess errors)
UNRESOLVED: gcc.target/aarch64/advsimd-intrinsics/vdup-vmov.c -O1 compilation failed to produce executable
FAIL: gcc.target/aarch64/advsimd-intrinsics/vdup-vmov.c -O2 (test for excess errors)
UNRESOLVED: gcc.target/aarch64/advsimd-intrinsics/vdup-vmov.c -O2 compilation failed to produce executable
FAIL: gcc.target/aarch64/advsimd-intrinsics/vdup-vmov.c -O3 -fomit-frame-pointer -funroll-loops -fpeel-loops -ftracer -finline-functions (test for excess errors)
UNRESOLVED: gcc.target/aarch64/advsimd-intrinsics/vdup-vmov.c -O3 -fomit-frame-pointer -funroll-loops -fpeel-loops -ftracer -finline-functions compilation failed to produce executable
FAIL: gcc.target/aarch64/advsimd-intrinsics/vdup-vmov.c -O3 -g (test for excess errors)
UNRESOLVED: gcc.target/aarch64/advsimd-intrinsics/vdup-vmov.c -O3 -g compilation failed to produce executable
FAIL: gcc.target/aarch64/advsimd-intrinsics/vdup-vmov.c -Os (test for excess errors)
UNRESOLVED: gcc.target/aarch64/advsimd-intrinsics/vdup-vmov.c -Os compilation failed to produce executable
FAIL: gcc.target/aarch64/advsimd-intrinsics/vdup-vmov.c -Og -g (test for excess errors)
UNRESOLVED: gcc.target/aarch64/advsimd-intrinsics/vdup-vmov.c -Og -g compilation failed to produce executable
FAIL: gcc.target/aarch64/advsimd-intrinsics/vdup-vmov.c -O2 -flto -fno-use-linker-plugin -flto-partition=none (test for excess errors)
UNRESOLVED: gcc.target/aarch64/advsimd-intrinsics/vdup-vmov.c -O2 -flto -fno-use-linker-plugin -flto-partition=none compilation failed to produce executable
FAIL: gcc.target/aarch64/advsimd-intrinsics/vdup-vmov.c -O2 -flto -fuse-linker-plugin -fno-fat-lto-objects (test for excess errors)
UNRESOLVED: gcc.target/aarch64/advsimd-intrinsics/vdup-vmov.c -O2 -flto -fuse-linker-plugin -fno-fat-lto-objects compilation failed to produce executable
FAIL: gcc.target/aarch64/advsimd-intrinsics/vdup_lane.c -O0 (test for excess errors)
UNRESOLVED: gcc.target/aarch64/advsimd-intrinsics/vdup_lane.c -O0 compilation failed to produce executable
FAIL: gcc.target/aarch64/advsimd-intrinsics/vdup_lane.c -O1 (test for excess errors)
UNRESOLVED: gcc.target/aarch64/advsimd-intrinsics/vdup_lane.c -O1 compilation failed to produce executable
FAIL: gcc.target/aarch64/advsimd-intrinsics/vdup_lane.c -O2 (test for excess errors)
UNRESOLVED: gcc.target/aarch64/advsimd-intrinsics/vdup_lane.c -O2 compilation failed to produce executable
FAIL: gcc.target/aarch64/advsimd-intrinsics/vdup_lane.c -O3 -g (test for excess errors)
UNRESOLVED: gcc.target/aarch64/advsimd-intrinsics/vdup_lane.c -O3 -g compilation failed to produce executable
FAIL: gcc.target/aarch64/advsimd-intrinsics/vdup_lane.c -Os (test for excess errors)
UNRESOLVED: gcc.target/aarch64/advsimd-intrinsics/vdup_lane.c -Os compilation failed to produce executable
FAIL: gcc.target/aarch64/advsimd-intrinsics/vdup_lane.c -Og -g (test for excess errors)
UNRESOLVED: gcc.target/aarch64/advsimd-intrinsics/vdup_lane.c -Og -g compilation failed to produce executable
FAIL: gcc.target/aarch64/advsimd-intrinsics/vdup_lane.c -O2 -flto -fno-use-linker-plugin -flto-partition=none (test for excess errors)
UNRESOLVED: gcc.target/aarch64/advsimd-intrinsics/vdup_lane.c -O2 -flto -fno-use-linker-plugin -flto-partition=none compilation failed to produce executable
FAIL: gcc.target/aarch64/advsimd-intrinsics/vdup_lane.c -O2 -flto -fuse-linker-plugin -fno-fat-lto-objects (test for excess errors)
UNRESOLVED: gcc.target/aarch64/advsimd-intrinsics/vdup_lane.c -O2 -flto -fuse-linker-plugin -fno-fat-lto-objects compilation failed to produce executable
FAIL: gcc.target/aarch64/advsimd-intrinsics/vext.c -O0 (test for excess errors)
UNRESOLVED: gcc.target/aarch64/advsimd-intrinsics/vext.c -O0 compilation failed to produce executable
FAIL: gcc.target/aarch64/advsimd-intrinsics/vext.c -O1 (test for excess errors)
UNRESOLVED: gcc.target/aarch64/advsimd-intrinsics/vext.c -O1 compilation failed to produce executable
FAIL: gcc.target/aarch64/advsimd-intrinsics/vext.c -O2 (test for excess errors)
UNRESOLVED: gcc.target/aarch64/advsimd-intrinsics/vext.c -O2 compilation failed to produce executable
FAIL: gcc.target/aarch64/advsimd-intrinsics/vext.c -O3 -g (test for excess errors)
UNRESOLVED: gcc.target/aarch64/advsimd-intrinsics/vext.c -O3 -g compilation failed to produce executable
FAIL: gcc.target/aarch64/advsimd-intrinsics/vext.c -Os (test for excess errors)
UNRESOLVED: gcc.target/aarch64/advsimd-intrinsics/vext.c -Os compilation failed to produce executable
FAIL: gcc.target/aarch64/advsimd-intrinsics/vext.c -Og -g (test for excess errors)
UNRESOLVED: gcc.target/aarch64/advsimd-intrinsics/vext.c -Og -g compilation failed to produce executable
FAIL: gcc.target/aarch64/advsimd-intrinsics/vext.c -O2 -flto -fno-use-linker-plugin -flto-partition=none (test for excess errors)
UNRESOLVED: gcc.target/aarch64/advsimd-intrinsics/vext.c -O2 -flto -fno-use-linker-plugin -flto-partition=none compilation failed to produce executable
FAIL: gcc.target/aarch64/advsimd-intrinsics/vext.c -O2 -flto -fuse-linker-plugin -fno-fat-lto-objects (test for excess errors)
UNRESOLVED: gcc.target/aarch64/advsimd-intrinsics/vext.c -O2 -flto -fuse-linker-plugin -fno-fat-lto-objects compilation failed to produce executable
FAIL: gcc.target/aarch64/advsimd-intrinsics/vld1.c -O0 (test for excess errors)
UNRESOLVED: gcc.target/aarch64/advsimd-intrinsics/vld1.c -O0 compilation failed to produce executable
FAIL: gcc.target/aarch64/advsimd-intrinsics/vld1.c -O1 (test for excess errors)
UNRESOLVED: gcc.target/aarch64/advsimd-intrinsics/vld1.c -O1 compilation failed to produce executable
FAIL: gcc.target/aarch64/advsimd-intrinsics/vld1.c -O2 (test for excess errors)
UNRESOLVED: gcc.target/aarch64/advsimd-intrinsics/vld1.c -O2 compilation failed to produce executable
FAIL: gcc.target/aarch64/advsimd-intrinsics/vld1.c -O3 -g (test for excess errors)
UNRESOLVED: gcc.target/aarch64/advsimd-intrinsics/vld1.c -O3 -g compilation failed to produce executable
FAIL: gcc.target/aarch64/advsimd-intrinsics/vld1.c -Os (test for excess errors)
UNRESOLVED: gcc.target/aarch64/advsimd-intrinsics/vld1.c -Os compilation failed to produce executable
FAIL: gcc.target/aarch64/advsimd-intrinsics/vld1.c -Og -g (test for excess errors)
UNRESOLVED: gcc.target/aarch64/advsimd-intrinsics/vld1.c -Og -g compilation failed to produce executable
FAIL: gcc.target/aarch64/advsimd-intrinsics/vld1.c -O2 -flto -fno-use-linker-plugin -flto-partition=none (test for excess errors)
UNRESOLVED: gcc.target/aarch64/advsimd-intrinsics/vld1.c -O2 -flto -fno-use-linker-plugin -flto-partition=none compilation failed to produce executable
FAIL: gcc.target/aarch64/advsimd-intrinsics/vld1.c -O2 -flto -fuse-linker-plugin -fno-fat-lto-objects (test for excess errors)
UNRESOLVED: gcc.target/aarch64/advsimd-intrinsics/vld1.c -O2 -flto -fuse-linker-plugin -fno-fat-lto-objects compilation failed to produce executable
FAIL: gcc.target/aarch64/advsimd-intrinsics/vld1_dup.c -O0 (test for excess errors)
UNRESOLVED: gcc.target/aarch64/advsimd-intrinsics/vld1_dup.c -O0 compilation failed to produce executable
FAIL: gcc.target/aarch64/advsimd-intrinsics/vld1_dup.c -O1 (test for excess errors)
UNRESOLVED: gcc.target/aarch64/advsimd-intrinsics/vld1_dup.c -O1 compilation failed to produce executable
FAIL: gcc.target/aarch64/advsimd-intrinsics/vld1_dup.c -O2 (test for excess errors)
UNRESOLVED: gcc.target/aarch64/advsimd-intrinsics/vld1_dup.c -O2 compilation failed to produce executable
FAIL: gcc.target/aarch64/advsimd-intrinsics/vld1_dup.c -O3 -fomit-frame-pointer -funroll-loops -fpeel-loops -ftracer -finline-functions (test for excess errors)
UNRESOLVED: gcc.target/aarch64/advsimd-intrinsics/vld1_dup.c -O3 -fomit-frame-pointer -funroll-loops -fpeel-loops -ftracer -finline-functions compilation failed to produce executable
FAIL: gcc.target/aarch64/advsimd-intrinsics/vld1_dup.c -O3 -g (test for excess errors)
UNRESOLVED: gcc.target/aarch64/advsimd-intrinsics/vld1_dup.c -O3 -g compilation failed to produce executable
FAIL: gcc.target/aarch64/advsimd-intrinsics/vld1_dup.c -Os (test for excess errors)
UNRESOLVED: gcc.target/aarch64/advsimd-intrinsics/vld1_dup.c -Os compilation failed to produce executable
FAIL: gcc.target/aarch64/advsimd-intrinsics/vld1_dup.c -Og -g (test for excess errors)
UNRESOLVED: gcc.target/aarch64/advsimd-intrinsics/vld1_dup.c -Og -g compilation failed to produce executable
FAIL: gcc.target/aarch64/advsimd-intrinsics/vld1_dup.c -O2 -flto -fno-use-linker-plugin -flto-partition=none (test for excess errors)
UNRESOLVED: gcc.target/aarch64/advsimd-intrinsics/vld1_dup.c -O2 -flto -fno-use-linker-plugin -flto-partition=none compilation failed to produce executable
FAIL: gcc.target/aarch64/advsimd-intrinsics/vld1_dup.c -O2 -flto -fuse-linker-plugin -fno-fat-lto-objects (test for excess errors)
UNRESOLVED: gcc.target/aarch64/advsimd-intrinsics/vld1_dup.c -O2 -flto -fuse-linker-plugin -fno-fat-lto-objects compilation failed to produce executable
FAIL: gcc.target/aarch64/advsimd-intrinsics/vld1_lane.c -O0 (test for excess errors)
UNRESOLVED: gcc.target/aarch64/advsimd-intrinsics/vld1_lane.c -O0 compilation failed to produce executable
FAIL: gcc.target/aarch64/advsimd-intrinsics/vld1_lane.c -O1 (test for excess errors)
UNRESOLVED: gcc.target/aarch64/advsimd-intrinsics/vld1_lane.c -O1 compilation failed to produce executable
FAIL: gcc.target/aarch64/advsimd-intrinsics/vld1_lane.c -O2 (test for excess errors)
UNRESOLVED: gcc.target/aarch64/advsimd-intrinsics/vld1_lane.c -O2 compilation failed to produce executable
FAIL: gcc.target/aarch64/advsimd-intrinsics/vld1_lane.c -O3 -g (test for excess errors)
UNRESOLVED: gcc.target/aarch64/advsimd-intrinsics/vld1_lane.c -O3 -g compilation failed to produce executable
FAIL: gcc.target/aarch64/advsimd-intrinsics/vld1_lane.c -Os (test for excess errors)
UNRESOLVED: gcc.target/aarch64/advsimd-intrinsics/vld1_lane.c -Os compilation failed to produce executable
FAIL: gcc.target/aarch64/advsimd-intrinsics/vld1_lane.c -Og -g (test for excess errors)
UNRESOLVED: gcc.target/aarch64/advsimd-intrinsics/vld1_lane.c -Og -g compilation failed to produce executable
FAIL: gcc.target/aarch64/advsimd-intrinsics/vld1_lane.c -O2 -flto -fno-use-linker-plugin -flto-partition=none (test for excess errors)
UNRESOLVED: gcc.target/aarch64/advsimd-intrinsics/vld1_lane.c -O2 -flto -fno-use-linker-plugin -flto-partition=none compilation failed to produce executable
FAIL: gcc.target/aarch64/advsimd-intrinsics/vld1_lane.c -O2 -flto -fuse-linker-plugin -fno-fat-lto-objects (test for excess errors)
UNRESOLVED: gcc.target/aarch64/advsimd-intrinsics/vld1_lane.c -O2 -flto -fuse-linker-plugin -fno-fat-lto-objects compilation failed to produce executable
FAIL: gcc.target/aarch64/advsimd-intrinsics/vreinterpret_p128.c -O0 (test for excess errors)
UNRESOLVED: gcc.target/aarch64/advsimd-intrinsics/vreinterpret_p128.c -O0 compilation failed to produce executable
FAIL: gcc.target/aarch64/advsimd-intrinsics/vreinterpret_p128.c -O1 (test for excess errors)
UNRESOLVED: gcc.target/aarch64/advsimd-intrinsics/vreinterpret_p128.c -O1 compilation failed to produce executable
FAIL: gcc.target/aarch64/advsimd-intrinsics/vreinterpret_p128.c -O2 (test for excess errors)
UNRESOLVED: gcc.target/aarch64/advsimd-intrinsics/vreinterpret_p128.c -O2 compilation failed to produce executable
FAIL: gcc.target/aarch64/advsimd-intrinsics/vreinterpret_p128.c -O3 -g (test for excess errors)
UNRESOLVED: gcc.target/aarch64/advsimd-intrinsics/vreinterpret_p128.c -O3 -g compilation failed to produce executable
FAIL: gcc.target/aarch64/advsimd-intrinsics/vreinterpret_p128.c -Os (test for excess errors)
UNRESOLVED: gcc.target/aarch64/advsimd-intrinsics/vreinterpret_p128.c -Os compilation failed to produce executable
FAIL: gcc.target/aarch64/advsimd-intrinsics/vreinterpret_p128.c -Og -g (test for excess errors)
UNRESOLVED: gcc.target/aarch64/advsimd-intrinsics/vreinterpret_p128.c -Og -g compilation failed to produce executable
FAIL: gcc.target/aarch64/advsimd-intrinsics/vreinterpret_p128.c -O2 -flto -fno-use-linker-plugin -flto-partition=none (test for excess errors)
UNRESOLVED: gcc.target/aarch64/advsimd-intrinsics/vreinterpret_p128.c -O2 -flto -fno-use-linker-plugin -flto-partition=none compilation failed to produce executable
FAIL: gcc.target/aarch64/advsimd-intrinsics/vreinterpret_p128.c -O2 -flto -fuse-linker-plugin -fno-fat-lto-objects (test for excess errors)
UNRESOLVED: gcc.target/aarch64/advsimd-intrinsics/vreinterpret_p128.c -O2 -flto -fuse-linker-plugin -fno-fat-lto-objects compilation failed to produce executable
FAIL: gcc.target/aarch64/advsimd-intrinsics/vreinterpret_p64.c -O0 (test for excess errors)
UNRESOLVED: gcc.target/aarch64/advsimd-intrinsics/vreinterpret_p64.c -O0 compilation failed to produce executable
FAIL: gcc.target/aarch64/advsimd-intrinsics/vreinterpret_p64.c -O1 (test for excess errors)
UNRESOLVED: gcc.target/aarch64/advsimd-intrinsics/vreinterpret_p64.c -O1 compilation failed to produce executable
FAIL: gcc.target/aarch64/advsimd-intrinsics/vreinterpret_p64.c -O2 (test for excess errors)
UNRESOLVED: gcc.target/aarch64/advsimd-intrinsics/vreinterpret_p64.c -O2 compilation failed to produce executable
FAIL: gcc.target/aarch64/advsimd-intrinsics/vreinterpret_p64.c -O3 -g (test for excess errors)
UNRESOLVED: gcc.target/aarch64/advsimd-intrinsics/vreinterpret_p64.c -O3 -g compilation failed to produce executable
FAIL: gcc.target/aarch64/advsimd-intrinsics/vreinterpret_p64.c -Os (test for excess errors)
UNRESOLVED: gcc.target/aarch64/advsimd-intrinsics/vreinterpret_p64.c -Os compilation failed to produce executable
FAIL: gcc.target/aarch64/advsimd-intrinsics/vreinterpret_p64.c -Og -g (test for excess errors)
UNRESOLVED: gcc.target/aarch64/advsimd-intrinsics/vreinterpret_p64.c -Og -g compilation failed to produce executable
FAIL: gcc.target/aarch64/advsimd-intrinsics/vreinterpret_p64.c -O2 -flto -fno-use-linker-plugin -flto-partition=none (test for excess errors)
UNRESOLVED: gcc.target/aarch64/advsimd-intrinsics/vreinterpret_p64.c -O2 -flto -fno-use-linker-plugin -flto-partition=none compilation failed to produce executable
FAIL: gcc.target/aarch64/advsimd-intrinsics/vreinterpret_p64.c -O2 -flto -fuse-linker-plugin -fno-fat-lto-objects (test for excess errors)
UNRESOLVED: gcc.target/aarch64/advsimd-intrinsics/vreinterpret_p64.c -O2 -flto -fuse-linker-plugin -fno-fat-lto-objects compilation failed to produce executable
FAIL: gcc.target/aarch64/advsimd-intrinsics/vset_lane.c -O0 (test for excess errors)
UNRESOLVED: gcc.target/aarch64/advsimd-intrinsics/vset_lane.c -O0 compilation failed to produce executable
FAIL: gcc.target/aarch64/advsimd-intrinsics/vset_lane.c -O1 (test for excess errors)
UNRESOLVED: gcc.target/aarch64/advsimd-intrinsics/vset_lane.c -O1 compilation failed to produce executable
FAIL: gcc.target/aarch64/advsimd-intrinsics/vset_lane.c -O2 (test for excess errors)
UNRESOLVED: gcc.target/aarch64/advsimd-intrinsics/vset_lane.c -O2 compilation failed to produce executable
FAIL: gcc.target/aarch64/advsimd-intrinsics/vset_lane.c -O3 -g (test for excess errors)
UNRESOLVED: gcc.target/aarch64/advsimd-intrinsics/vset_lane.c -O3 -g compilation failed to produce executable
FAIL: gcc.target/aarch64/advsimd-intrinsics/vset_lane.c -Os (test for excess errors)
UNRESOLVED: gcc.target/aarch64/advsimd-intrinsics/vset_lane.c -Os compilation failed to produce executable
FAIL: gcc.target/aarch64/advsimd-intrinsics/vset_lane.c -Og -g (test for excess errors)
UNRESOLVED: gcc.target/aarch64/advsimd-intrinsics/vset_lane.c -Og -g compilation failed to produce executable
FAIL: gcc.target/aarch64/advsimd-intrinsics/vset_lane.c -O2 -flto -fno-use-linker-plugin -flto-partition=none (test for excess errors)
UNRESOLVED: gcc.target/aarch64/advsimd-intrinsics/vset_lane.c -O2 -flto -fno-use-linker-plugin -flto-partition=none compilation failed to produce executable
FAIL: gcc.target/aarch64/advsimd-intrinsics/vset_lane.c -O2 -flto -fuse-linker-plugin -fno-fat-lto-objects (test for excess errors)
UNRESOLVED: gcc.target/aarch64/advsimd-intrinsics/vset_lane.c -O2 -flto -fuse-linker-plugin -fno-fat-lto-objects compilation failed to produce executable
FAIL: gcc.target/aarch64/advsimd-intrinsics/vst1_lane.c -O0 (test for excess errors)
UNRESOLVED: gcc.target/aarch64/advsimd-intrinsics/vst1_lane.c -O0 compilation failed to produce executable
FAIL: gcc.target/aarch64/advsimd-intrinsics/vst1_lane.c -O1 (test for excess errors)
UNRESOLVED: gcc.target/aarch64/advsimd-intrinsics/vst1_lane.c -O1 compilation failed to produce executable
FAIL: gcc.target/aarch64/advsimd-intrinsics/vst1_lane.c -O2 (test for excess errors)
UNRESOLVED: gcc.target/aarch64/advsimd-intrinsics/vst1_lane.c -O2 compilation failed to produce executable
FAIL: gcc.target/aarch64/advsimd-intrinsics/vst1_lane.c -O3 -g (test for excess errors)
UNRESOLVED: gcc.target/aarch64/advsimd-intrinsics/vst1_lane.c -O3 -g compilation failed to produce executable
FAIL: gcc.target/aarch64/advsimd-intrinsics/vst1_lane.c -Os (test for excess errors)
UNRESOLVED: gcc.target/aarch64/advsimd-intrinsics/vst1_lane.c -Os compilation failed to produce executable
FAIL: gcc.target/aarch64/advsimd-intrinsics/vst1_lane.c -Og -g (test for excess errors)
UNRESOLVED: gcc.target/aarch64/advsimd-intrinsics/vst1_lane.c -Og -g compilation failed to produce executable
FAIL: gcc.target/aarch64/advsimd-intrinsics/vst1_lane.c -O2 -flto -fno-use-linker-plugin -flto-partition=none (test for excess errors)
UNRESOLVED: gcc.target/aarch64/advsimd-intrinsics/vst1_lane.c -O2 -flto -fno-use-linker-plugin -flto-partition=none compilation failed to produce executable
FAIL: gcc.target/aarch64/advsimd-intrinsics/vst1_lane.c -O2 -flto -fuse-linker-plugin -fno-fat-lto-objects (test for excess errors)
UNRESOLVED: gcc.target/aarch64/advsimd-intrinsics/vst1_lane.c -O2 -flto -fuse-linker-plugin -fno-fat-lto-objects compilation failed to produce executable
FAIL: gcc.target/aarch64/advsimd-intrinsics/vtrn_half.c -O0 (test for excess errors)
UNRESOLVED: gcc.target/aarch64/advsimd-intrinsics/vtrn_half.c -O0 compilation failed to produce executable
FAIL: gcc.target/aarch64/advsimd-intrinsics/vtrn_half.c -O1 (test for excess errors)
UNRESOLVED: gcc.target/aarch64/advsimd-intrinsics/vtrn_half.c -O1 compilation failed to produce executable
FAIL: gcc.target/aarch64/advsimd-intrinsics/vtrn_half.c -O2 (test for excess errors)
UNRESOLVED: gcc.target/aarch64/advsimd-intrinsics/vtrn_half.c -O2 compilation failed to produce executable
FAIL: gcc.target/aarch64/advsimd-intrinsics/vtrn_half.c -O3 -g (test for excess errors)
UNRESOLVED: gcc.target/aarch64/advsimd-intrinsics/vtrn_half.c -O3 -g compilation failed to produce executable
FAIL: gcc.target/aarch64/advsimd-intrinsics/vtrn_half.c -Os (test for excess errors)
UNRESOLVED: gcc.target/aarch64/advsimd-intrinsics/vtrn_half.c -Os compilation failed to produce executable
FAIL: gcc.target/aarch64/advsimd-intrinsics/vtrn_half.c -Og -g (test for excess errors)
UNRESOLVED: gcc.target/aarch64/advsimd-intrinsics/vtrn_half.c -Og -g compilation failed to produce executable
FAIL: gcc.target/aarch64/advsimd-intrinsics/vtrn_half.c -O2 -flto -fno-use-linker-plugin -flto-partition=none (test for excess errors)
UNRESOLVED: gcc.target/aarch64/advsimd-intrinsics/vtrn_half.c -O2 -flto -fno-use-linker-plugin -flto-partition=none compilation failed to produce executable
FAIL: gcc.target/aarch64/advsimd-intrinsics/vtrn_half.c -O2 -flto -fuse-linker-plugin -fno-fat-lto-objects (test for excess errors)
UNRESOLVED: gcc.target/aarch64/advsimd-intrinsics/vtrn_half.c -O2 -flto -fuse-linker-plugin -fno-fat-lto-objects compilation failed to produce executable
FAIL: gcc.target/aarch64/advsimd-intrinsics/vuzp_half.c -O0 (test for excess errors)
UNRESOLVED: gcc.target/aarch64/advsimd-intrinsics/vuzp_half.c -O0 compilation failed to produce executable
FAIL: gcc.target/aarch64/advsimd-intrinsics/vuzp_half.c -O1 (test for excess errors)
UNRESOLVED: gcc.target/aarch64/advsimd-intrinsics/vuzp_half.c -O1 compilation failed to produce executable
FAIL: gcc.target/aarch64/advsimd-intrinsics/vuzp_half.c -O2 (test for excess errors)
UNRESOLVED: gcc.target/aarch64/advsimd-intrinsics/vuzp_half.c -O2 compilation failed to produce executable
FAIL: gcc.target/aarch64/advsimd-intrinsics/vuzp_half.c -O3 -g (test for excess errors)
UNRESOLVED: gcc.target/aarch64/advsimd-intrinsics/vuzp_half.c -O3 -g compilation failed to produce executable
FAIL: gcc.target/aarch64/advsimd-intrinsics/vuzp_half.c -Os (test for excess errors)
UNRESOLVED: gcc.target/aarch64/advsimd-intrinsics/vuzp_half.c -Os compilation failed to produce executable
FAIL: gcc.target/aarch64/advsimd-intrinsics/vuzp_half.c -Og -g (test for excess errors)
UNRESOLVED: gcc.target/aarch64/advsimd-intrinsics/vuzp_half.c -Og -g compilation failed to produce executable
FAIL: gcc.target/aarch64/advsimd-intrinsics/vuzp_half.c -O2 -flto -fno-use-linker-plugin -flto-partition=none (test for excess errors)
UNRESOLVED: gcc.target/aarch64/advsimd-intrinsics/vuzp_half.c -O2 -flto -fno-use-linker-plugin -flto-partition=none compilation failed to produce executable
FAIL: gcc.target/aarch64/advsimd-intrinsics/vuzp_half.c -O2 -flto -fuse-linker-plugin -fno-fat-lto-objects (test for excess errors)
UNRESOLVED: gcc.target/aarch64/advsimd-intrinsics/vuzp_half.c -O2 -flto -fuse-linker-plugin -fno-fat-lto-objects compilation failed to produce executable
FAIL: gcc.target/aarch64/advsimd-intrinsics/vzip_half.c -O0 (test for excess errors)
UNRESOLVED: gcc.target/aarch64/advsimd-intrinsics/vzip_half.c -O0 compilation failed to produce executable
FAIL: gcc.target/aarch64/advsimd-intrinsics/vzip_half.c -O1 (test for excess errors)
UNRESOLVED: gcc.target/aarch64/advsimd-intrinsics/vzip_half.c -O1 compilation failed to produce executable
FAIL: gcc.target/aarch64/advsimd-intrinsics/vzip_half.c -O2 (test for excess errors)
UNRESOLVED: gcc.target/aarch64/advsimd-intrinsics/vzip_half.c -O2 compilation failed to produce executable
FAIL: gcc.target/aarch64/advsimd-intrinsics/vzip_half.c -O3 -g (test for excess errors)
UNRESOLVED: gcc.target/aarch64/advsimd-intrinsics/vzip_half.c -O3 -g compilation failed to produce executable
FAIL: gcc.target/aarch64/advsimd-intrinsics/vzip_half.c -Os (test for excess errors)
UNRESOLVED: gcc.target/aarch64/advsimd-intrinsics/vzip_half.c -Os compilation failed to produce executable
FAIL: gcc.target/aarch64/advsimd-intrinsics/vzip_half.c -Og -g (test for excess errors)
UNRESOLVED: gcc.target/aarch64/advsimd-intrinsics/vzip_half.c -Og -g compilation failed to produce executable
FAIL: gcc.target/aarch64/advsimd-intrinsics/vzip_half.c -O2 -flto -fno-use-linker-plugin -flto-partition=none (test for excess errors)
UNRESOLVED: gcc.target/aarch64/advsimd-intrinsics/vzip_half.c -O2 -flto -fno-use-linker-plugin -flto-partition=none compilation failed to produce executable
FAIL: gcc.target/aarch64/advsimd-intrinsics/vzip_half.c -O2 -flto -fuse-linker-plugin -fno-fat-lto-objects (test for excess errors)
UNRESOLVED: gcc.target/aarch64/advsimd-intrinsics/vzip_half.c -O2 -flto -fuse-linker-plugin -fno-fat-lto-objects compilation failed to produce executable
=== gcc Summary for thunderx-elf-sim/-mabi=ilp32 ===
# of expected passes 97641
# of unexpected failures 201
# of unexpected successes 2
# of expected failures 245
# of unresolved testcases 119
# of unsupported tests 3069
Running target thunderx-elf-sim/-mabi=ilp32/-fPIC
FAIL: gcc.c-torture/execute/20000603-1.c -O2 execution test
FAIL: gcc.c-torture/execute/20000603-1.c -O3 -g execution test
FAIL: gcc.c-torture/execute/20000603-1.c -Os execution test
FAIL: gcc.c-torture/execute/tstdi-1.c -O2 -flto -fuse-linker-plugin -fno-fat-lto-objects (internal compiler error)
FAIL: gcc.c-torture/execute/tstdi-1.c -O2 -flto -fuse-linker-plugin -fno-fat-lto-objects (test for excess errors)
UNRESOLVED: gcc.c-torture/execute/tstdi-1.c -O2 -flto -fuse-linker-plugin -fno-fat-lto-objects compilation failed to produce executable
FAIL: gcc.c-torture/unsorted/dump-noaddr.c, -O0 -dumpbase dump1/dump-noaddr.c -DMASK=1 -x c --param ggc-min-heapsize=1 -fdump-ipa-all -fdump-rtl-all -fdump-tree-all -fdump-noaddr
FAIL: gcc.c-torture/unsorted/dump-noaddr.c, -O0 -dumpbase dump2/dump-noaddr.c -DMASK=2 -x c -fdump-ipa-all -fdump-rtl-all -fdump-tree-all -fdump-noaddr
FAIL: gcc.c-torture/unsorted/dump-noaddr.c, -O1 -dumpbase dump1/dump-noaddr.c -DMASK=1 -x c --param ggc-min-heapsize=1 -fdump-ipa-all -fdump-rtl-all -fdump-tree-all -fdump-noaddr
FAIL: gcc.c-torture/unsorted/dump-noaddr.c, -O1 -dumpbase dump2/dump-noaddr.c -DMASK=2 -x c -fdump-ipa-all -fdump-rtl-all -fdump-tree-all -fdump-noaddr
FAIL: gcc.c-torture/unsorted/dump-noaddr.c, -O2 -dumpbase dump1/dump-noaddr.c -DMASK=1 -x c --param ggc-min-heapsize=1 -fdump-ipa-all -fdump-rtl-all -fdump-tree-all -fdump-noaddr
FAIL: gcc.c-torture/unsorted/dump-noaddr.c, -O2 -dumpbase dump2/dump-noaddr.c -DMASK=2 -x c -fdump-ipa-all -fdump-rtl-all -fdump-tree-all -fdump-noaddr
FAIL: gcc.c-torture/unsorted/dump-noaddr.c, -O3 -fomit-frame-pointer -funroll-loops -fpeel-loops -ftracer -finline-functions -dumpbase dump1/dump-noaddr.c -DMASK=1 -x c --param ggc-min-heapsize=1 -fdump-ipa-all -fdump-rtl-all -fdump-tree-all -fdump-noaddr
FAIL: gcc.c-torture/unsorted/dump-noaddr.c, -O3 -fomit-frame-pointer -funroll-loops -fpeel-loops -ftracer -finline-functions -dumpbase dump2/dump-noaddr.c -DMASK=2 -x c -fdump-ipa-all -fdump-rtl-all -fdump-tree-all -fdump-noaddr
FAIL: gcc.c-torture/unsorted/dump-noaddr.c, -O3 -g -dumpbase dump1/dump-noaddr.c -DMASK=1 -x c --param ggc-min-heapsize=1 -fdump-ipa-all -fdump-rtl-all -fdump-tree-all -fdump-noaddr
FAIL: gcc.c-torture/unsorted/dump-noaddr.c, -O3 -g -dumpbase dump2/dump-noaddr.c -DMASK=2 -x c -fdump-ipa-all -fdump-rtl-all -fdump-tree-all -fdump-noaddr
FAIL: gcc.c-torture/unsorted/dump-noaddr.c, -Os -dumpbase dump1/dump-noaddr.c -DMASK=1 -x c --param ggc-min-heapsize=1 -fdump-ipa-all -fdump-rtl-all -fdump-tree-all -fdump-noaddr
FAIL: gcc.c-torture/unsorted/dump-noaddr.c, -Os -dumpbase dump2/dump-noaddr.c -DMASK=2 -x c -fdump-ipa-all -fdump-rtl-all -fdump-tree-all -fdump-noaddr
FAIL: gcc.c-torture/unsorted/dump-noaddr.c, -Og -g -dumpbase dump1/dump-noaddr.c -DMASK=1 -x c --param ggc-min-heapsize=1 -fdump-ipa-all -fdump-rtl-all -fdump-tree-all -fdump-noaddr
FAIL: gcc.c-torture/unsorted/dump-noaddr.c, -Og -g -dumpbase dump2/dump-noaddr.c -DMASK=2 -x c -fdump-ipa-all -fdump-rtl-all -fdump-tree-all -fdump-noaddr
FAIL: gcc.c-torture/unsorted/dump-noaddr.c, -O2 -flto -fno-use-linker-plugin -flto-partition=none -dumpbase dump1/dump-noaddr.c -DMASK=1 -x c --param ggc-min-heapsize=1 -fdump-ipa-all -fdump-rtl-all -fdump-tree-all -fdump-noaddr
FAIL: gcc.c-torture/unsorted/dump-noaddr.c, -O2 -flto -fno-use-linker-plugin -flto-partition=none -dumpbase dump2/dump-noaddr.c -DMASK=2 -x c -fdump-ipa-all -fdump-rtl-all -fdump-tree-all -fdump-noaddr
FAIL: gcc.c-torture/unsorted/dump-noaddr.c, -O2 -flto -fuse-linker-plugin -fno-fat-lto-objects -dumpbase dump1/dump-noaddr.c -DMASK=1 -x c --param ggc-min-heapsize=1 -fdump-ipa-all -fdump-rtl-all -fdump-tree-all -fdump-noaddr
FAIL: gcc.c-torture/unsorted/dump-noaddr.c, -O2 -flto -fuse-linker-plugin -fno-fat-lto-objects -dumpbase dump2/dump-noaddr.c -DMASK=2 -x c -fdump-ipa-all -fdump-rtl-all -fdump-tree-all -fdump-noaddr
FAIL: gcc.dg/gimplefe-14.c execution test
FAIL: gcc.dg/pr64434.c scan-rtl-dump-times expand "Swap operands" 1
FAIL: gcc.dg/pr78582.c (test for excess errors)
FAIL: gcc.dg/ipa/inline-7.c scan-tree-dump-times einline "Inlining a into m" 1
FAIL: gcc.dg/ipa/ipa-icf-28.c scan-ipa-dump icf "different decl attributes"
FAIL: gcc.dg/ipa/ipa-icf-merge-1.c scan-ipa-dump icf "= foo \\\\(\\\\);"
FAIL: gcc.dg/lto/pr54709 c_lto_pr54709_0.o-c_lto_pr54709_1.o link, -fPIC -fvisibility=hidden -flto
UNRESOLVED: gcc.dg/lto/pr54709 c_lto_pr54709_0.o-c_lto_pr54709_1.o execute -fPIC -fvisibility=hidden -flto
FAIL: gcc.dg/lto/pr61526 c_lto_pr61526_0.o-c_lto_pr61526_1.o link, -fPIC -flto -flto-partition=1to1
UNRESOLVED: gcc.dg/lto/pr61526 c_lto_pr61526_0.o-c_lto_pr61526_1.o execute -fPIC -flto -flto-partition=1to1
FAIL: gcc.dg/lto/pr64415 c_lto_pr64415_0.o-c_lto_pr64415_1.o link, -O -flto -fpic
UNRESOLVED: gcc.dg/lto/pr64415 c_lto_pr64415_0.o-c_lto_pr64415_1.o execute -O -flto -fpic
FAIL: gcc.dg/torture/asm-subreg-1.c -O1 (internal compiler error)
FAIL: gcc.dg/torture/asm-subreg-1.c -O1 (test for excess errors)
FAIL: gcc.dg/tree-ssa/builtin-sprintf-5.c scan-tree-dump-not optimized "failure_on_line"
FAIL: gcc.dg/tree-ssa/builtin-sprintf-5.c scan-tree-dump-not optimized "snprintf"
FAIL: gcc.dg/tree-ssa/builtin-sprintf-warn-3.c (test for warnings, line 74)
FAIL: gcc.dg/tree-ssa/builtin-sprintf-warn-3.c (test for warnings, line 81)
FAIL: gcc.dg/tree-ssa/builtin-sprintf-warn-3.c (test for warnings, line 88)
FAIL: gcc.dg/tree-ssa/builtin-sprintf-warn-3.c (test for warnings, line 89)
FAIL: gcc.dg/tree-ssa/builtin-sprintf-warn-3.c (test for warnings, line 95)
FAIL: gcc.dg/tree-ssa/builtin-sprintf-warn-3.c (test for warnings, line 96)
FAIL: gcc.dg/tree-ssa/builtin-sprintf-warn-3.c (test for warnings, line 101)
FAIL: gcc.dg/tree-ssa/builtin-sprintf-warn-3.c (test for warnings, line 102)
FAIL: gcc.dg/tree-ssa/builtin-sprintf-warn-3.c (test for warnings, line 103)
FAIL: gcc.dg/tree-ssa/builtin-sprintf-warn-3.c (test for warnings, line 111)
FAIL: gcc.dg/tree-ssa/builtin-sprintf-warn-3.c (test for warnings, line 113)
FAIL: gcc.dg/tree-ssa/builtin-sprintf-warn-3.c (test for warnings, line 168)
FAIL: gcc.dg/tree-ssa/builtin-sprintf-warn-3.c (test for warnings, line 182)
FAIL: gcc.dg/tree-ssa/builtin-sprintf-warn-3.c (test for warnings, line 184)
FAIL: gcc.dg/tree-ssa/builtin-sprintf-warn-3.c (test for warnings, line 189)
FAIL: gcc.dg/tree-ssa/builtin-sprintf-warn-3.c (test for warnings, line 190)
FAIL: gcc.dg/tree-ssa/builtin-sprintf-warn-3.c (test for warnings, line 191)
FAIL: gcc.dg/tree-ssa/builtin-sprintf-warn-3.c (test for warnings, line 192)
FAIL: gcc.dg/tree-ssa/builtin-sprintf-warn-3.c (test for warnings, line 203)
FAIL: gcc.dg/tree-ssa/builtin-sprintf-warn-3.c (test for warnings, line 220)
FAIL: gcc.dg/tree-ssa/builtin-sprintf-warn-3.c (test for excess errors)
FAIL: gcc.dg/tree-ssa/builtin-sprintf.c (test for excess errors)
UNRESOLVED: gcc.dg/tree-ssa/builtin-sprintf.c compilation failed to produce executable
FAIL: gcc.dg/tree-ssa/ifc-10.c scan-tree-dump-times ifcvt "Applying if-conversion" 1
FAIL: gcc.dg/tree-ssa/ifc-12.c scan-tree-dump-times ifcvt "Applying if-conversion" 1
FAIL: gcc.dg/tree-ssa/inline-10.c scan-tree-dump-times optimized "do_something2" 1
FAIL: gcc.dg/tree-ssa/inline-10.c scan-tree-dump-times optimized "do_something3" 1
FAIL: gcc.dg/tree-ssa/inline-10.c scan-tree-dump-not optimized "do_something \\\\(70\\\\)"
FAIL: gcc.dg/tree-ssa/inline-8.c scan-tree-dump-times einline "Inlining" 5
FAIL: gcc.dg/tree-ssa/inline-9.c scan-tree-dump-times optimized "q \\\\(15\\\\)" 1
FAIL: gcc.dg/tree-ssa/ipa-split-6.c scan-tree-dump optimized "part"
FAIL: gcc.dg/tree-ssa/pr69270-3.c scan-tree-dump-times uncprop1 ", 1" 4
FAIL: gcc.dg/tree-ssa/scev-4.c scan-tree-dump-times optimized "&a" 1
FAIL: gcc.dg/tree-ssa/scev-5.c scan-tree-dump-times optimized "&a" 1
FAIL: gcc.dg/tree-ssa/sra-17.c scan-tree-dump-times esra "Removing load: a = \\\\*.?L.?C.?.?.?0;" 1
FAIL: gcc.dg/tree-ssa/sra-17.c scan-tree-dump-times esra "SR\\\\.[0-9_]+ = \\\\*.?L.?C.?.?.?0\\\\[" 4
FAIL: gcc.dg/tree-ssa/sra-18.c scan-tree-dump-times esra "Removing load: a = \\\\*.?L.?C.?.?.?0;" 1
FAIL: gcc.dg/tree-ssa/sra-18.c scan-tree-dump-times esra "SR\\\\.[0-9_]+ = \\\\*.?L.?C.?.?.?0\\\\.b\\\\[0\\\\]\\\\.f\\\\[0\\\\]\\\\.x" 1
FAIL: gcc.dg/tree-ssa/sra-18.c scan-tree-dump-times esra "SR\\\\.[0-9_]+ = \\\\*.?L.?C.?.?.?0\\\\.b\\\\[0\\\\]\\\\.f\\\\[1\\\\]\\\\.x" 1
FAIL: gcc.dg/tree-ssa/sra-18.c scan-tree-dump-times esra "SR\\\\.[0-9_]+ = \\\\*.?L.?C.?.?.?0\\\\.b\\\\[1\\\\]\\\\.f\\\\[0\\\\]\\\\.x" 1
FAIL: gcc.dg/tree-ssa/sra-18.c scan-tree-dump-times esra "SR\\\\.[0-9_]+ = \\\\*.?L.?C.?.?.?0\\\\.b\\\\[1\\\\]\\\\.f\\\\[1\\\\]\\\\.x" 1
FAIL: gcc.dg/tree-ssa/ssa-fre-56.c scan-tree-dump-times fre1 "= x;" 1
FAIL: gcc.dg/tree-ssa/ssa-fre-56.c scan-tree-dump-times fre1 " \\\\+ " 0
FAIL: gcc.dg/tree-ssa/tailcall-8-run.c (test for excess errors)
UNRESOLVED: gcc.dg/tree-ssa/tailcall-8-run.c compilation failed to produce executable
FAIL: gcc.dg/vect/pr65947-1.c scan-tree-dump-times vect "LOOP VECTORIZED" 2
FAIL: gcc.dg/vect/pr65947-1.c scan-tree-dump-times vect "condition expression based on integer induction." 4
FAIL: gcc.dg/vect/pr65947-10.c scan-tree-dump-times vect "LOOP VECTORIZED" 2
FAIL: gcc.dg/vect/pr65947-12.c scan-tree-dump-times vect "LOOP VECTORIZED" 2
FAIL: gcc.dg/vect/pr65947-13.c scan-tree-dump-times vect "LOOP VECTORIZED" 2
FAIL: gcc.dg/vect/pr65947-2.c scan-tree-dump-times vect "LOOP VECTORIZED" 2
FAIL: gcc.dg/vect/pr65947-3.c scan-tree-dump-times vect "LOOP VECTORIZED" 2
FAIL: gcc.dg/vect/pr65947-4.c scan-tree-dump-times vect "LOOP VECTORIZED" 2
FAIL: gcc.dg/vect/pr65947-4.c scan-tree-dump-times vect "condition expression based on integer induction." 4
FAIL: gcc.dg/vect/pr65947-5.c scan-tree-dump-times vect "LOOP VECTORIZED" 1
FAIL: gcc.dg/vect/pr65947-6.c scan-tree-dump-times vect "LOOP VECTORIZED" 2
XPASS: gcc.dg/vect/vect-24.c scan-tree-dump-times vect "vectorized 3 loops" 1
FAIL: gcc.dg/vect/vect-mult-const-pattern-1.c scan-tree-dump-times vect "vect_recog_mult_pattern: detected" 2
FAIL: gcc.dg/vect/vect-mult-const-pattern-2.c scan-tree-dump-times vect "vect_recog_mult_pattern: detected" 2
FAIL: gcc.dg/vect/vect-rounding-lceil.c scan-tree-dump-times vect "vectorized 1 loops" 1
FAIL: gcc.dg/vect/vect-rounding-lfloor.c scan-tree-dump-times vect "vectorized 1 loops" 1
FAIL: gcc.dg/vect/pr65947-1.c -flto -ffat-lto-objects scan-tree-dump-times vect "LOOP VECTORIZED" 2
FAIL: gcc.dg/vect/pr65947-1.c -flto -ffat-lto-objects scan-tree-dump-times vect "condition expression based on integer induction." 4
FAIL: gcc.dg/vect/pr65947-10.c -flto -ffat-lto-objects scan-tree-dump-times vect "LOOP VECTORIZED" 2
FAIL: gcc.dg/vect/pr65947-12.c -flto -ffat-lto-objects scan-tree-dump-times vect "LOOP VECTORIZED" 2
FAIL: gcc.dg/vect/pr65947-13.c -flto -ffat-lto-objects scan-tree-dump-times vect "LOOP VECTORIZED" 2
FAIL: gcc.dg/vect/pr65947-2.c -flto -ffat-lto-objects scan-tree-dump-times vect "LOOP VECTORIZED" 2
FAIL: gcc.dg/vect/pr65947-3.c -flto -ffat-lto-objects scan-tree-dump-times vect "LOOP VECTORIZED" 2
FAIL: gcc.dg/vect/pr65947-4.c -flto -ffat-lto-objects scan-tree-dump-times vect "LOOP VECTORIZED" 2
FAIL: gcc.dg/vect/pr65947-4.c -flto -ffat-lto-objects scan-tree-dump-times vect "condition expression based on integer induction." 4
FAIL: gcc.dg/vect/pr65947-5.c -flto -ffat-lto-objects scan-tree-dump-times vect "LOOP VECTORIZED" 1
FAIL: gcc.dg/vect/pr65947-6.c -flto -ffat-lto-objects scan-tree-dump-times vect "LOOP VECTORIZED" 2
XPASS: gcc.dg/vect/vect-24.c -flto -ffat-lto-objects scan-tree-dump-times vect "vectorized 3 loops" 1
FAIL: gcc.dg/vect/vect-mult-const-pattern-1.c -flto -ffat-lto-objects scan-tree-dump-times vect "vect_recog_mult_pattern: detected" 2
FAIL: gcc.dg/vect/vect-mult-const-pattern-2.c -flto -ffat-lto-objects scan-tree-dump-times vect "vect_recog_mult_pattern: detected" 2
FAIL: gcc.dg/vect/vect-rounding-lceil.c -flto -ffat-lto-objects scan-tree-dump-times vect "vectorized 1 loops" 1
FAIL: gcc.dg/vect/vect-rounding-lfloor.c -flto -ffat-lto-objects scan-tree-dump-times vect "vectorized 1 loops" 1
FAIL: gcc.dg/vect/section-anchors-vect-69.c scan-tree-dump-times vect "Alignment of access forced using peeling" 2
FAIL: gcc.target/aarch64/extend.c scan-assembler ldr\\tw[0-9]+,.*uxtw #?2]
FAIL: gcc.target/aarch64/extend.c scan-assembler ldr\\tw[0-9]+,.*uxtw]
FAIL: gcc.target/aarch64/extend.c scan-assembler ldr\\tw[0-9]+,.*sxtw #?2]
FAIL: gcc.target/aarch64/extend.c scan-assembler ldr\\tw[0-9]+,.*sxtw]
FAIL: gcc.target/aarch64/fmul_fcvt_1.c scan-assembler-times fcvtzs\\tx[0-9], s[0-9]*.*#2 1
FAIL: gcc.target/aarch64/fmul_fcvt_1.c scan-assembler-times fcvtzu\\tx[0-9], s[0-9]*.*#2 1
FAIL: gcc.target/aarch64/fmul_fcvt_1.c scan-assembler-times fcvtzs\\tx[0-9], s[0-9]*.*#3 1
FAIL: gcc.target/aarch64/fmul_fcvt_1.c scan-assembler-times fcvtzu\\tx[0-9], s[0-9]*.*#3 1
FAIL: gcc.target/aarch64/fmul_fcvt_1.c scan-assembler-times fcvtzs\\tx[0-9], s[0-9]*.*#4 1
FAIL: gcc.target/aarch64/fmul_fcvt_1.c scan-assembler-times fcvtzu\\tx[0-9], s[0-9]*.*#4 1
FAIL: gcc.target/aarch64/fmul_fcvt_1.c scan-assembler-times fcvtzs\\tx[0-9], s[0-9]*.*#5 1
FAIL: gcc.target/aarch64/fmul_fcvt_1.c scan-assembler-times fcvtzu\\tx[0-9], s[0-9]*.*#5 1
FAIL: gcc.target/aarch64/fuse_adrp_add_1.c scan-assembler adrp\\tx.*, fixed_regs\\n\\tadd\\tx.*, x.*fixed_regs
FAIL: gcc.target/aarch64/index.c scan-assembler-not [us]xtw\\t
FAIL: gcc.target/aarch64/ldp_stp_2.c scan-assembler-times ldpsw\\tx[0-9]+, x[0-9] 1
FAIL: gcc.target/aarch64/ldp_stp_3.c scan-assembler-times ldp\\tw[0-9]+, w[0-9] 1
FAIL: gcc.target/aarch64/pr63304_1.c (test for excess errors)
FAIL: gcc.target/aarch64/pr63304_1.c scan-assembler-times adrp 6
FAIL: gcc.target/aarch64/pr70120-2.c (test for excess errors)
FAIL: gcc.target/aarch64/subsp.c scan-assembler sub\\tsp, sp, x[0-9]*, sxtw 4\\n
FAIL: gcc.target/aarch64/symbol-range.c (test for excess errors)
UNRESOLVED: gcc.target/aarch64/symbol-range.c scan-assembler-not adrp\\tx[0-9]+, fixed_regs\\\\+
FAIL: gcc.target/aarch64/vec_init_1.c scan-assembler-not stp\\\\t
FAIL: gcc.target/aarch64/vect-abs-compile.c scan-assembler abs\\\\tv[0-9]+.16b
FAIL: gcc.target/aarch64/vect-abs-compile.c scan-assembler abs\\\\tv[0-9]+.8h
FAIL: gcc.target/aarch64/vect-add-sub-cond.c scan-assembler-not \\tld[^\\t]*\\t[wx]
FAIL: gcc.target/aarch64/vect-compile.c scan-assembler-times addv 2
FAIL: gcc.target/aarch64/vect-compile.c scan-assembler-times addp 2
FAIL: gcc.target/aarch64/vect-faddv-compile.c scan-assembler-times faddp\\\\tv 2
FAIL: gcc.target/aarch64/vect-fcm-eq-f.c scan-tree-dump-times vect "vectorized 1 loops" 8
FAIL: gcc.target/aarch64/vect-fcm-eq-f.c scan-assembler fcmeq\\\\tv[0-9]+.[24]s, v[0-9]+.[24]s, 0
FAIL: gcc.target/aarch64/vect-fcm-ge-f.c scan-tree-dump-times vect "vectorized 1 loops" 8
FAIL: gcc.target/aarch64/vect-fcm-ge-f.c scan-assembler fcmge\\\\tv[0-9]+.[24]s, v[0-9]+.[24]s, 0
FAIL: gcc.target/aarch64/vect-fcm-ge-f.c scan-assembler fcmlt\\\\tv[0-9]+.[24]s, v[0-9]+.[24]s, 0
FAIL: gcc.target/aarch64/vect-fcm-gt-f.c scan-tree-dump-times vect "vectorized 1 loops" 8
FAIL: gcc.target/aarch64/vect-fcm-gt-f.c scan-assembler fcmgt\\\\tv[0-9]+.[24]s, v[0-9]+.[24]s, 0
FAIL: gcc.target/aarch64/vect-fcm-gt-f.c scan-assembler fcmle\\\\tv[0-9]+.[24]s, v[0-9]+.[24]s, 0
FAIL: gcc.target/aarch64/vect-fp-compile.c scan-assembler fneg\\\\tv
FAIL: gcc.target/aarch64/vect-fp-compile.c scan-assembler fabs\\\\tv
FAIL: gcc.target/aarch64/vect-mull-compile.c scan-assembler smull\\\\tv[0-9]+.2d
FAIL: gcc.target/aarch64/vect-mull-compile.c scan-assembler umull\\\\tv[0-9]+.2d
FAIL: gcc.target/aarch64/vect-mull-compile.c scan-assembler smull2\\\\tv[0-9]+.2d
FAIL: gcc.target/aarch64/vect-mull-compile.c scan-assembler umull2\\\\tv[0-9]+.2d
FAIL: gcc.target/aarch64/vector_initialization_nostack.c scan-assembler-not sp
FAIL: gcc.target/aarch64/advsimd-intrinsics/vbsl.c -O0 (test for excess errors)
UNRESOLVED: gcc.target/aarch64/advsimd-intrinsics/vbsl.c -O0 compilation failed to produce executable
FAIL: gcc.target/aarch64/advsimd-intrinsics/vbsl.c -O1 (test for excess errors)
UNRESOLVED: gcc.target/aarch64/advsimd-intrinsics/vbsl.c -O1 compilation failed to produce executable
FAIL: gcc.target/aarch64/advsimd-intrinsics/vbsl.c -O2 (test for excess errors)
UNRESOLVED: gcc.target/aarch64/advsimd-intrinsics/vbsl.c -O2 compilation failed to produce executable
FAIL: gcc.target/aarch64/advsimd-intrinsics/vbsl.c -O3 -g (test for excess errors)
UNRESOLVED: gcc.target/aarch64/advsimd-intrinsics/vbsl.c -O3 -g compilation failed to produce executable
FAIL: gcc.target/aarch64/advsimd-intrinsics/vbsl.c -Os (test for excess errors)
UNRESOLVED: gcc.target/aarch64/advsimd-intrinsics/vbsl.c -Os compilation failed to produce executable
FAIL: gcc.target/aarch64/advsimd-intrinsics/vbsl.c -Og -g (test for excess errors)
UNRESOLVED: gcc.target/aarch64/advsimd-intrinsics/vbsl.c -Og -g compilation failed to produce executable
FAIL: gcc.target/aarch64/advsimd-intrinsics/vbsl.c -O2 -flto -fno-use-linker-plugin -flto-partition=none (test for excess errors)
UNRESOLVED: gcc.target/aarch64/advsimd-intrinsics/vbsl.c -O2 -flto -fno-use-linker-plugin -flto-partition=none compilation failed to produce executable
FAIL: gcc.target/aarch64/advsimd-intrinsics/vbsl.c -O2 -flto -fuse-linker-plugin -fno-fat-lto-objects (test for excess errors)
UNRESOLVED: gcc.target/aarch64/advsimd-intrinsics/vbsl.c -O2 -flto -fuse-linker-plugin -fno-fat-lto-objects compilation failed to produce executable
FAIL: gcc.target/aarch64/advsimd-intrinsics/vdup-vmov.c -O0 (test for excess errors)
UNRESOLVED: gcc.target/aarch64/advsimd-intrinsics/vdup-vmov.c -O0 compilation failed to produce executable
FAIL: gcc.target/aarch64/advsimd-intrinsics/vdup-vmov.c -O1 (test for excess errors)
UNRESOLVED: gcc.target/aarch64/advsimd-intrinsics/vdup-vmov.c -O1 compilation failed to produce executable
FAIL: gcc.target/aarch64/advsimd-intrinsics/vdup-vmov.c -O2 (test for excess errors)
UNRESOLVED: gcc.target/aarch64/advsimd-intrinsics/vdup-vmov.c -O2 compilation failed to produce executable
FAIL: gcc.target/aarch64/advsimd-intrinsics/vdup-vmov.c -O3 -fomit-frame-pointer -funroll-loops -fpeel-loops -ftracer -finline-functions (test for excess errors)
UNRESOLVED: gcc.target/aarch64/advsimd-intrinsics/vdup-vmov.c -O3 -fomit-frame-pointer -funroll-loops -fpeel-loops -ftracer -finline-functions compilation failed to produce executable
FAIL: gcc.target/aarch64/advsimd-intrinsics/vdup-vmov.c -O3 -g (test for excess errors)
UNRESOLVED: gcc.target/aarch64/advsimd-intrinsics/vdup-vmov.c -O3 -g compilation failed to produce executable
FAIL: gcc.target/aarch64/advsimd-intrinsics/vdup-vmov.c -Os (test for excess errors)
UNRESOLVED: gcc.target/aarch64/advsimd-intrinsics/vdup-vmov.c -Os compilation failed to produce executable
FAIL: gcc.target/aarch64/advsimd-intrinsics/vdup-vmov.c -Og -g (test for excess errors)
UNRESOLVED: gcc.target/aarch64/advsimd-intrinsics/vdup-vmov.c -Og -g compilation failed to produce executable
FAIL: gcc.target/aarch64/advsimd-intrinsics/vdup-vmov.c -O2 -flto -fno-use-linker-plugin -flto-partition=none (test for excess errors)
UNRESOLVED: gcc.target/aarch64/advsimd-intrinsics/vdup-vmov.c -O2 -flto -fno-use-linker-plugin -flto-partition=none compilation failed to produce executable
FAIL: gcc.target/aarch64/advsimd-intrinsics/vdup-vmov.c -O2 -flto -fuse-linker-plugin -fno-fat-lto-objects (test for excess errors)
UNRESOLVED: gcc.target/aarch64/advsimd-intrinsics/vdup-vmov.c -O2 -flto -fuse-linker-plugin -fno-fat-lto-objects compilation failed to produce executable
FAIL: gcc.target/aarch64/advsimd-intrinsics/vdup_lane.c -O0 (test for excess errors)
UNRESOLVED: gcc.target/aarch64/advsimd-intrinsics/vdup_lane.c -O0 compilation failed to produce executable
FAIL: gcc.target/aarch64/advsimd-intrinsics/vdup_lane.c -O1 (test for excess errors)
UNRESOLVED: gcc.target/aarch64/advsimd-intrinsics/vdup_lane.c -O1 compilation failed to produce executable
FAIL: gcc.target/aarch64/advsimd-intrinsics/vdup_lane.c -O2 (test for excess errors)
UNRESOLVED: gcc.target/aarch64/advsimd-intrinsics/vdup_lane.c -O2 compilation failed to produce executable
FAIL: gcc.target/aarch64/advsimd-intrinsics/vdup_lane.c -O3 -g (test for excess errors)
UNRESOLVED: gcc.target/aarch64/advsimd-intrinsics/vdup_lane.c -O3 -g compilation failed to produce executable
FAIL: gcc.target/aarch64/advsimd-intrinsics/vdup_lane.c -Os (test for excess errors)
UNRESOLVED: gcc.target/aarch64/advsimd-intrinsics/vdup_lane.c -Os compilation failed to produce executable
FAIL: gcc.target/aarch64/advsimd-intrinsics/vdup_lane.c -Og -g (test for excess errors)
UNRESOLVED: gcc.target/aarch64/advsimd-intrinsics/vdup_lane.c -Og -g compilation failed to produce executable
FAIL: gcc.target/aarch64/advsimd-intrinsics/vdup_lane.c -O2 -flto -fno-use-linker-plugin -flto-partition=none (test for excess errors)
UNRESOLVED: gcc.target/aarch64/advsimd-intrinsics/vdup_lane.c -O2 -flto -fno-use-linker-plugin -flto-partition=none compilation failed to produce executable
FAIL: gcc.target/aarch64/advsimd-intrinsics/vdup_lane.c -O2 -flto -fuse-linker-plugin -fno-fat-lto-objects (test for excess errors)
UNRESOLVED: gcc.target/aarch64/advsimd-intrinsics/vdup_lane.c -O2 -flto -fuse-linker-plugin -fno-fat-lto-objects compilation failed to produce executable
FAIL: gcc.target/aarch64/advsimd-intrinsics/vext.c -O0 (test for excess errors)
UNRESOLVED: gcc.target/aarch64/advsimd-intrinsics/vext.c -O0 compilation failed to produce executable
FAIL: gcc.target/aarch64/advsimd-intrinsics/vext.c -O1 (test for excess errors)
UNRESOLVED: gcc.target/aarch64/advsimd-intrinsics/vext.c -O1 compilation failed to produce executable
FAIL: gcc.target/aarch64/advsimd-intrinsics/vext.c -O2 (test for excess errors)
UNRESOLVED: gcc.target/aarch64/advsimd-intrinsics/vext.c -O2 compilation failed to produce executable
FAIL: gcc.target/aarch64/advsimd-intrinsics/vext.c -O3 -g (test for excess errors)
UNRESOLVED: gcc.target/aarch64/advsimd-intrinsics/vext.c -O3 -g compilation failed to produce executable
FAIL: gcc.target/aarch64/advsimd-intrinsics/vext.c -Os (test for excess errors)
UNRESOLVED: gcc.target/aarch64/advsimd-intrinsics/vext.c -Os compilation failed to produce executable
FAIL: gcc.target/aarch64/advsimd-intrinsics/vext.c -Og -g (test for excess errors)
UNRESOLVED: gcc.target/aarch64/advsimd-intrinsics/vext.c -Og -g compilation failed to produce executable
FAIL: gcc.target/aarch64/advsimd-intrinsics/vext.c -O2 -flto -fno-use-linker-plugin -flto-partition=none (test for excess errors)
UNRESOLVED: gcc.target/aarch64/advsimd-intrinsics/vext.c -O2 -flto -fno-use-linker-plugin -flto-partition=none compilation failed to produce executable
FAIL: gcc.target/aarch64/advsimd-intrinsics/vext.c -O2 -flto -fuse-linker-plugin -fno-fat-lto-objects (test for excess errors)
UNRESOLVED: gcc.target/aarch64/advsimd-intrinsics/vext.c -O2 -flto -fuse-linker-plugin -fno-fat-lto-objects compilation failed to produce executable
FAIL: gcc.target/aarch64/advsimd-intrinsics/vld1.c -O0 (test for excess errors)
UNRESOLVED: gcc.target/aarch64/advsimd-intrinsics/vld1.c -O0 compilation failed to produce executable
FAIL: gcc.target/aarch64/advsimd-intrinsics/vld1.c -O1 (test for excess errors)
UNRESOLVED: gcc.target/aarch64/advsimd-intrinsics/vld1.c -O1 compilation failed to produce executable
FAIL: gcc.target/aarch64/advsimd-intrinsics/vld1.c -O2 (test for excess errors)
UNRESOLVED: gcc.target/aarch64/advsimd-intrinsics/vld1.c -O2 compilation failed to produce executable
FAIL: gcc.target/aarch64/advsimd-intrinsics/vld1.c -O3 -g (test for excess errors)
UNRESOLVED: gcc.target/aarch64/advsimd-intrinsics/vld1.c -O3 -g compilation failed to produce executable
FAIL: gcc.target/aarch64/advsimd-intrinsics/vld1.c -Os (test for excess errors)
UNRESOLVED: gcc.target/aarch64/advsimd-intrinsics/vld1.c -Os compilation failed to produce executable
FAIL: gcc.target/aarch64/advsimd-intrinsics/vld1.c -Og -g (test for excess errors)
UNRESOLVED: gcc.target/aarch64/advsimd-intrinsics/vld1.c -Og -g compilation failed to produce executable
FAIL: gcc.target/aarch64/advsimd-intrinsics/vld1.c -O2 -flto -fno-use-linker-plugin -flto-partition=none (test for excess errors)
UNRESOLVED: gcc.target/aarch64/advsimd-intrinsics/vld1.c -O2 -flto -fno-use-linker-plugin -flto-partition=none compilation failed to produce executable
FAIL: gcc.target/aarch64/advsimd-intrinsics/vld1.c -O2 -flto -fuse-linker-plugin -fno-fat-lto-objects (test for excess errors)
UNRESOLVED: gcc.target/aarch64/advsimd-intrinsics/vld1.c -O2 -flto -fuse-linker-plugin -fno-fat-lto-objects compilation failed to produce executable
FAIL: gcc.target/aarch64/advsimd-intrinsics/vld1_dup.c -O0 (test for excess errors)
UNRESOLVED: gcc.target/aarch64/advsimd-intrinsics/vld1_dup.c -O0 compilation failed to produce executable
FAIL: gcc.target/aarch64/advsimd-intrinsics/vld1_dup.c -O1 (test for excess errors)
UNRESOLVED: gcc.target/aarch64/advsimd-intrinsics/vld1_dup.c -O1 compilation failed to produce executable
FAIL: gcc.target/aarch64/advsimd-intrinsics/vld1_dup.c -O2 (test for excess errors)
UNRESOLVED: gcc.target/aarch64/advsimd-intrinsics/vld1_dup.c -O2 compilation failed to produce executable
FAIL: gcc.target/aarch64/advsimd-intrinsics/vld1_dup.c -O3 -fomit-frame-pointer -funroll-loops -fpeel-loops -ftracer -finline-functions (test for excess errors)
UNRESOLVED: gcc.target/aarch64/advsimd-intrinsics/vld1_dup.c -O3 -fomit-frame-pointer -funroll-loops -fpeel-loops -ftracer -finline-functions compilation failed to produce executable
FAIL: gcc.target/aarch64/advsimd-intrinsics/vld1_dup.c -O3 -g (test for excess errors)
UNRESOLVED: gcc.target/aarch64/advsimd-intrinsics/vld1_dup.c -O3 -g compilation failed to produce executable
FAIL: gcc.target/aarch64/advsimd-intrinsics/vld1_dup.c -Os (test for excess errors)
UNRESOLVED: gcc.target/aarch64/advsimd-intrinsics/vld1_dup.c -Os compilation failed to produce executable
FAIL: gcc.target/aarch64/advsimd-intrinsics/vld1_dup.c -Og -g (test for excess errors)
UNRESOLVED: gcc.target/aarch64/advsimd-intrinsics/vld1_dup.c -Og -g compilation failed to produce executable
FAIL: gcc.target/aarch64/advsimd-intrinsics/vld1_dup.c -O2 -flto -fno-use-linker-plugin -flto-partition=none (test for excess errors)
UNRESOLVED: gcc.target/aarch64/advsimd-intrinsics/vld1_dup.c -O2 -flto -fno-use-linker-plugin -flto-partition=none compilation failed to produce executable
FAIL: gcc.target/aarch64/advsimd-intrinsics/vld1_dup.c -O2 -flto -fuse-linker-plugin -fno-fat-lto-objects (test for excess errors)
UNRESOLVED: gcc.target/aarch64/advsimd-intrinsics/vld1_dup.c -O2 -flto -fuse-linker-plugin -fno-fat-lto-objects compilation failed to produce executable
FAIL: gcc.target/aarch64/advsimd-intrinsics/vld1_lane.c -O0 (test for excess errors)
UNRESOLVED: gcc.target/aarch64/advsimd-intrinsics/vld1_lane.c -O0 compilation failed to produce executable
FAIL: gcc.target/aarch64/advsimd-intrinsics/vld1_lane.c -O1 (test for excess errors)
UNRESOLVED: gcc.target/aarch64/advsimd-intrinsics/vld1_lane.c -O1 compilation failed to produce executable
FAIL: gcc.target/aarch64/advsimd-intrinsics/vld1_lane.c -O2 (test for excess errors)
UNRESOLVED: gcc.target/aarch64/advsimd-intrinsics/vld1_lane.c -O2 compilation failed to produce executable
FAIL: gcc.target/aarch64/advsimd-intrinsics/vld1_lane.c -O3 -g (test for excess errors)
UNRESOLVED: gcc.target/aarch64/advsimd-intrinsics/vld1_lane.c -O3 -g compilation failed to produce executable
FAIL: gcc.target/aarch64/advsimd-intrinsics/vld1_lane.c -Os (test for excess errors)
UNRESOLVED: gcc.target/aarch64/advsimd-intrinsics/vld1_lane.c -Os compilation failed to produce executable
FAIL: gcc.target/aarch64/advsimd-intrinsics/vld1_lane.c -Og -g (test for excess errors)
UNRESOLVED: gcc.target/aarch64/advsimd-intrinsics/vld1_lane.c -Og -g compilation failed to produce executable
FAIL: gcc.target/aarch64/advsimd-intrinsics/vld1_lane.c -O2 -flto -fno-use-linker-plugin -flto-partition=none (test for excess errors)
UNRESOLVED: gcc.target/aarch64/advsimd-intrinsics/vld1_lane.c -O2 -flto -fno-use-linker-plugin -flto-partition=none compilation failed to produce executable
FAIL: gcc.target/aarch64/advsimd-intrinsics/vld1_lane.c -O2 -flto -fuse-linker-plugin -fno-fat-lto-objects (test for excess errors)
UNRESOLVED: gcc.target/aarch64/advsimd-intrinsics/vld1_lane.c -O2 -flto -fuse-linker-plugin -fno-fat-lto-objects compilation failed to produce executable
FAIL: gcc.target/aarch64/advsimd-intrinsics/vreinterpret_p128.c -O0 (test for excess errors)
UNRESOLVED: gcc.target/aarch64/advsimd-intrinsics/vreinterpret_p128.c -O0 compilation failed to produce executable
FAIL: gcc.target/aarch64/advsimd-intrinsics/vreinterpret_p128.c -O1 (test for excess errors)
UNRESOLVED: gcc.target/aarch64/advsimd-intrinsics/vreinterpret_p128.c -O1 compilation failed to produce executable
FAIL: gcc.target/aarch64/advsimd-intrinsics/vreinterpret_p128.c -O2 (test for excess errors)
UNRESOLVED: gcc.target/aarch64/advsimd-intrinsics/vreinterpret_p128.c -O2 compilation failed to produce executable
FAIL: gcc.target/aarch64/advsimd-intrinsics/vreinterpret_p128.c -O3 -g (test for excess errors)
UNRESOLVED: gcc.target/aarch64/advsimd-intrinsics/vreinterpret_p128.c -O3 -g compilation failed to produce executable
FAIL: gcc.target/aarch64/advsimd-intrinsics/vreinterpret_p128.c -Os (test for excess errors)
UNRESOLVED: gcc.target/aarch64/advsimd-intrinsics/vreinterpret_p128.c -Os compilation failed to produce executable
FAIL: gcc.target/aarch64/advsimd-intrinsics/vreinterpret_p128.c -Og -g (test for excess errors)
UNRESOLVED: gcc.target/aarch64/advsimd-intrinsics/vreinterpret_p128.c -Og -g compilation failed to produce executable
FAIL: gcc.target/aarch64/advsimd-intrinsics/vreinterpret_p128.c -O2 -flto -fno-use-linker-plugin -flto-partition=none (test for excess errors)
UNRESOLVED: gcc.target/aarch64/advsimd-intrinsics/vreinterpret_p128.c -O2 -flto -fno-use-linker-plugin -flto-partition=none compilation failed to produce executable
FAIL: gcc.target/aarch64/advsimd-intrinsics/vreinterpret_p128.c -O2 -flto -fuse-linker-plugin -fno-fat-lto-objects (test for excess errors)
UNRESOLVED: gcc.target/aarch64/advsimd-intrinsics/vreinterpret_p128.c -O2 -flto -fuse-linker-plugin -fno-fat-lto-objects compilation failed to produce executable
FAIL: gcc.target/aarch64/advsimd-intrinsics/vreinterpret_p64.c -O0 (test for excess errors)
UNRESOLVED: gcc.target/aarch64/advsimd-intrinsics/vreinterpret_p64.c -O0 compilation failed to produce executable
FAIL: gcc.target/aarch64/advsimd-intrinsics/vreinterpret_p64.c -O1 (test for excess errors)
UNRESOLVED: gcc.target/aarch64/advsimd-intrinsics/vreinterpret_p64.c -O1 compilation failed to produce executable
FAIL: gcc.target/aarch64/advsimd-intrinsics/vreinterpret_p64.c -O2 (test for excess errors)
UNRESOLVED: gcc.target/aarch64/advsimd-intrinsics/vreinterpret_p64.c -O2 compilation failed to produce executable
FAIL: gcc.target/aarch64/advsimd-intrinsics/vreinterpret_p64.c -O3 -g (test for excess errors)
UNRESOLVED: gcc.target/aarch64/advsimd-intrinsics/vreinterpret_p64.c -O3 -g compilation failed to produce executable
FAIL: gcc.target/aarch64/advsimd-intrinsics/vreinterpret_p64.c -Os (test for excess errors)
UNRESOLVED: gcc.target/aarch64/advsimd-intrinsics/vreinterpret_p64.c -Os compilation failed to produce executable
FAIL: gcc.target/aarch64/advsimd-intrinsics/vreinterpret_p64.c -Og -g (test for excess errors)
UNRESOLVED: gcc.target/aarch64/advsimd-intrinsics/vreinterpret_p64.c -Og -g compilation failed to produce executable
FAIL: gcc.target/aarch64/advsimd-intrinsics/vreinterpret_p64.c -O2 -flto -fno-use-linker-plugin -flto-partition=none (test for excess errors)
UNRESOLVED: gcc.target/aarch64/advsimd-intrinsics/vreinterpret_p64.c -O2 -flto -fno-use-linker-plugin -flto-partition=none compilation failed to produce executable
FAIL: gcc.target/aarch64/advsimd-intrinsics/vreinterpret_p64.c -O2 -flto -fuse-linker-plugin -fno-fat-lto-objects (test for excess errors)
UNRESOLVED: gcc.target/aarch64/advsimd-intrinsics/vreinterpret_p64.c -O2 -flto -fuse-linker-plugin -fno-fat-lto-objects compilation failed to produce executable
FAIL: gcc.target/aarch64/advsimd-intrinsics/vset_lane.c -O0 (test for excess errors)
UNRESOLVED: gcc.target/aarch64/advsimd-intrinsics/vset_lane.c -O0 compilation failed to produce executable
FAIL: gcc.target/aarch64/advsimd-intrinsics/vset_lane.c -O1 (test for excess errors)
UNRESOLVED: gcc.target/aarch64/advsimd-intrinsics/vset_lane.c -O1 compilation failed to produce executable
FAIL: gcc.target/aarch64/advsimd-intrinsics/vset_lane.c -O2 (test for excess errors)
UNRESOLVED: gcc.target/aarch64/advsimd-intrinsics/vset_lane.c -O2 compilation failed to produce executable
FAIL: gcc.target/aarch64/advsimd-intrinsics/vset_lane.c -O3 -g (test for excess errors)
UNRESOLVED: gcc.target/aarch64/advsimd-intrinsics/vset_lane.c -O3 -g compilation failed to produce executable
FAIL: gcc.target/aarch64/advsimd-intrinsics/vset_lane.c -Os (test for excess errors)
UNRESOLVED: gcc.target/aarch64/advsimd-intrinsics/vset_lane.c -Os compilation failed to produce executable
FAIL: gcc.target/aarch64/advsimd-intrinsics/vset_lane.c -Og -g (test for excess errors)
UNRESOLVED: gcc.target/aarch64/advsimd-intrinsics/vset_lane.c -Og -g compilation failed to produce executable
FAIL: gcc.target/aarch64/advsimd-intrinsics/vset_lane.c -O2 -flto -fno-use-linker-plugin -flto-partition=none (test for excess errors)
UNRESOLVED: gcc.target/aarch64/advsimd-intrinsics/vset_lane.c -O2 -flto -fno-use-linker-plugin -flto-partition=none compilation failed to produce executable
FAIL: gcc.target/aarch64/advsimd-intrinsics/vset_lane.c -O2 -flto -fuse-linker-plugin -fno-fat-lto-objects (test for excess errors)
UNRESOLVED: gcc.target/aarch64/advsimd-intrinsics/vset_lane.c -O2 -flto -fuse-linker-plugin -fno-fat-lto-objects compilation failed to produce executable
FAIL: gcc.target/aarch64/advsimd-intrinsics/vst1_lane.c -O0 (test for excess errors)
UNRESOLVED: gcc.target/aarch64/advsimd-intrinsics/vst1_lane.c -O0 compilation failed to produce executable
FAIL: gcc.target/aarch64/advsimd-intrinsics/vst1_lane.c -O1 (test for excess errors)
UNRESOLVED: gcc.target/aarch64/advsimd-intrinsics/vst1_lane.c -O1 compilation failed to produce executable
FAIL: gcc.target/aarch64/advsimd-intrinsics/vst1_lane.c -O2 (test for excess errors)
UNRESOLVED: gcc.target/aarch64/advsimd-intrinsics/vst1_lane.c -O2 compilation failed to produce executable
FAIL: gcc.target/aarch64/advsimd-intrinsics/vst1_lane.c -O3 -g (test for excess errors)
UNRESOLVED: gcc.target/aarch64/advsimd-intrinsics/vst1_lane.c -O3 -g compilation failed to produce executable
FAIL: gcc.target/aarch64/advsimd-intrinsics/vst1_lane.c -Os (test for excess errors)
UNRESOLVED: gcc.target/aarch64/advsimd-intrinsics/vst1_lane.c -Os compilation failed to produce executable
FAIL: gcc.target/aarch64/advsimd-intrinsics/vst1_lane.c -Og -g (test for excess errors)
UNRESOLVED: gcc.target/aarch64/advsimd-intrinsics/vst1_lane.c -Og -g compilation failed to produce executable
FAIL: gcc.target/aarch64/advsimd-intrinsics/vst1_lane.c -O2 -flto -fno-use-linker-plugin -flto-partition=none (test for excess errors)
UNRESOLVED: gcc.target/aarch64/advsimd-intrinsics/vst1_lane.c -O2 -flto -fno-use-linker-plugin -flto-partition=none compilation failed to produce executable
FAIL: gcc.target/aarch64/advsimd-intrinsics/vst1_lane.c -O2 -flto -fuse-linker-plugin -fno-fat-lto-objects (test for excess errors)
UNRESOLVED: gcc.target/aarch64/advsimd-intrinsics/vst1_lane.c -O2 -flto -fuse-linker-plugin -fno-fat-lto-objects compilation failed to produce executable
FAIL: gcc.target/aarch64/advsimd-intrinsics/vtrn_half.c -O0 (test for excess errors)
UNRESOLVED: gcc.target/aarch64/advsimd-intrinsics/vtrn_half.c -O0 compilation failed to produce executable
FAIL: gcc.target/aarch64/advsimd-intrinsics/vtrn_half.c -O1 (test for excess errors)
UNRESOLVED: gcc.target/aarch64/advsimd-intrinsics/vtrn_half.c -O1 compilation failed to produce executable
FAIL: gcc.target/aarch64/advsimd-intrinsics/vtrn_half.c -O2 (test for excess errors)
UNRESOLVED: gcc.target/aarch64/advsimd-intrinsics/vtrn_half.c -O2 compilation failed to produce executable
FAIL: gcc.target/aarch64/advsimd-intrinsics/vtrn_half.c -O3 -g (test for excess errors)
UNRESOLVED: gcc.target/aarch64/advsimd-intrinsics/vtrn_half.c -O3 -g compilation failed to produce executable
FAIL: gcc.target/aarch64/advsimd-intrinsics/vtrn_half.c -Os (test for excess errors)
UNRESOLVED: gcc.target/aarch64/advsimd-intrinsics/vtrn_half.c -Os compilation failed to produce executable
FAIL: gcc.target/aarch64/advsimd-intrinsics/vtrn_half.c -Og -g (test for excess errors)
UNRESOLVED: gcc.target/aarch64/advsimd-intrinsics/vtrn_half.c -Og -g compilation failed to produce executable
FAIL: gcc.target/aarch64/advsimd-intrinsics/vtrn_half.c -O2 -flto -fno-use-linker-plugin -flto-partition=none (test for excess errors)
UNRESOLVED: gcc.target/aarch64/advsimd-intrinsics/vtrn_half.c -O2 -flto -fno-use-linker-plugin -flto-partition=none compilation failed to produce executable
FAIL: gcc.target/aarch64/advsimd-intrinsics/vtrn_half.c -O2 -flto -fuse-linker-plugin -fno-fat-lto-objects (test for excess errors)
UNRESOLVED: gcc.target/aarch64/advsimd-intrinsics/vtrn_half.c -O2 -flto -fuse-linker-plugin -fno-fat-lto-objects compilation failed to produce executable
FAIL: gcc.target/aarch64/advsimd-intrinsics/vuzp_half.c -O0 (test for excess errors)
UNRESOLVED: gcc.target/aarch64/advsimd-intrinsics/vuzp_half.c -O0 compilation failed to produce executable
FAIL: gcc.target/aarch64/advsimd-intrinsics/vuzp_half.c -O1 (test for excess errors)
UNRESOLVED: gcc.target/aarch64/advsimd-intrinsics/vuzp_half.c -O1 compilation failed to produce executable
FAIL: gcc.target/aarch64/advsimd-intrinsics/vuzp_half.c -O2 (test for excess errors)
UNRESOLVED: gcc.target/aarch64/advsimd-intrinsics/vuzp_half.c -O2 compilation failed to produce executable
FAIL: gcc.target/aarch64/advsimd-intrinsics/vuzp_half.c -O3 -g (test for excess errors)
UNRESOLVED: gcc.target/aarch64/advsimd-intrinsics/vuzp_half.c -O3 -g compilation failed to produce executable
FAIL: gcc.target/aarch64/advsimd-intrinsics/vuzp_half.c -Os (test for excess errors)
UNRESOLVED: gcc.target/aarch64/advsimd-intrinsics/vuzp_half.c -Os compilation failed to produce executable
FAIL: gcc.target/aarch64/advsimd-intrinsics/vuzp_half.c -Og -g (test for excess errors)
UNRESOLVED: gcc.target/aarch64/advsimd-intrinsics/vuzp_half.c -Og -g compilation failed to produce executable
FAIL: gcc.target/aarch64/advsimd-intrinsics/vuzp_half.c -O2 -flto -fno-use-linker-plugin -flto-partition=none (test for excess errors)
UNRESOLVED: gcc.target/aarch64/advsimd-intrinsics/vuzp_half.c -O2 -flto -fno-use-linker-plugin -flto-partition=none compilation failed to produce executable
FAIL: gcc.target/aarch64/advsimd-intrinsics/vuzp_half.c -O2 -flto -fuse-linker-plugin -fno-fat-lto-objects (test for excess errors)
UNRESOLVED: gcc.target/aarch64/advsimd-intrinsics/vuzp_half.c -O2 -flto -fuse-linker-plugin -fno-fat-lto-objects compilation failed to produce executable
FAIL: gcc.target/aarch64/advsimd-intrinsics/vzip_half.c -O0 (test for excess errors)
UNRESOLVED: gcc.target/aarch64/advsimd-intrinsics/vzip_half.c -O0 compilation failed to produce executable
FAIL: gcc.target/aarch64/advsimd-intrinsics/vzip_half.c -O1 (test for excess errors)
UNRESOLVED: gcc.target/aarch64/advsimd-intrinsics/vzip_half.c -O1 compilation failed to produce executable
FAIL: gcc.target/aarch64/advsimd-intrinsics/vzip_half.c -O2 (test for excess errors)
UNRESOLVED: gcc.target/aarch64/advsimd-intrinsics/vzip_half.c -O2 compilation failed to produce executable
FAIL: gcc.target/aarch64/advsimd-intrinsics/vzip_half.c -O3 -g (test for excess errors)
UNRESOLVED: gcc.target/aarch64/advsimd-intrinsics/vzip_half.c -O3 -g compilation failed to produce executable
FAIL: gcc.target/aarch64/advsimd-intrinsics/vzip_half.c -Os (test for excess errors)
UNRESOLVED: gcc.target/aarch64/advsimd-intrinsics/vzip_half.c -Os compilation failed to produce executable
FAIL: gcc.target/aarch64/advsimd-intrinsics/vzip_half.c -Og -g (test for excess errors)
UNRESOLVED: gcc.target/aarch64/advsimd-intrinsics/vzip_half.c -Og -g compilation failed to produce executable
FAIL: gcc.target/aarch64/advsimd-intrinsics/vzip_half.c -O2 -flto -fno-use-linker-plugin -flto-partition=none (test for excess errors)
UNRESOLVED: gcc.target/aarch64/advsimd-intrinsics/vzip_half.c -O2 -flto -fno-use-linker-plugin -flto-partition=none compilation failed to produce executable
FAIL: gcc.target/aarch64/advsimd-intrinsics/vzip_half.c -O2 -flto -fuse-linker-plugin -fno-fat-lto-objects (test for excess errors)
UNRESOLVED: gcc.target/aarch64/advsimd-intrinsics/vzip_half.c -O2 -flto -fuse-linker-plugin -fno-fat-lto-objects compilation failed to produce executable
=== gcc Summary for thunderx-elf-sim/-mabi=ilp32/-fPIC ===
# of expected passes 97510
# of unexpected failures 267
# of unexpected successes 2
# of expected failures 245
# of unresolved testcases 121
# of unsupported tests 3091
=== gcc Summary ===
# of expected passes 390613
# of unexpected failures 841
# of unexpected successes 8
# of expected failures 982
# of unresolved testcases 478
# of unsupported tests 12208
/home/jenkins/workspace/BuildToolchainThunder_elf_test_upstream/toolchain/src/../thunderx-tools/bin/aarch64-thunderx-elf-gcc version 7.0.0 20161201 (experimental) [master revision 873271f:4c58372:74dfdbe33fb2a54e00091de5a91be334d0d531c6] (Cavium Inc. (Build 1387))
Host is x86_64-unknown-linux-gnu
=== g++ tests ===
Running target thunderx-elf-sim
FAIL: g++.dg/vect/slp-pr56812.cc -std=c++98 scan-tree-dump-times slp1 "basic block vectorized" 1
FAIL: g++.dg/vect/slp-pr56812.cc -std=c++11 scan-tree-dump-times slp1 "basic block vectorized" 1
FAIL: g++.dg/vect/slp-pr56812.cc -std=c++14 scan-tree-dump-times slp1 "basic block vectorized" 1
=== g++ Summary for thunderx-elf-sim ===
# of expected passes 89371
# of unexpected failures 3
# of expected failures 269
# of unsupported tests 4311
Running target thunderx-elf-sim/-fPIC
FAIL: g++.dg/ipa/devirt-40.C -std=gnu++98 scan-tree-dump-not fre3 "\\\\n OBJ_TYPE_REF"
FAIL: g++.dg/ipa/devirt-40.C -std=gnu++11 scan-tree-dump-not fre3 "\\\\n OBJ_TYPE_REF"
FAIL: g++.dg/ipa/devirt-40.C -std=gnu++14 scan-tree-dump-not fre3 "\\\\n OBJ_TYPE_REF"
FAIL: g++.dg/ipa/devirt-42.C -std=gnu++98 scan-ipa-dump-times inline "Discovered a virtual call to a known target" 2
FAIL: g++.dg/ipa/devirt-42.C -std=gnu++98 scan-tree-dump-times optimized "return 2" 3
FAIL: g++.dg/ipa/devirt-42.C -std=gnu++11 scan-ipa-dump-times inline "Discovered a virtual call to a known target" 2
FAIL: g++.dg/ipa/devirt-42.C -std=gnu++11 scan-tree-dump-times optimized "return 2" 3
FAIL: g++.dg/ipa/devirt-42.C -std=gnu++14 scan-ipa-dump-times inline "Discovered a virtual call to a known target" 2
FAIL: g++.dg/ipa/devirt-42.C -std=gnu++14 scan-tree-dump-times optimized "return 2" 3
FAIL: g++.dg/ipa/devirt-c-8.C -std=gnu++98 scan-ipa-dump cp "Discovered a virtual call to a known target.*A::foo"
FAIL: g++.dg/ipa/devirt-c-8.C -std=gnu++98 scan-tree-dump-times optimized "OBJ_TYPE_REF" 0
FAIL: g++.dg/ipa/devirt-c-8.C -std=gnu++11 scan-ipa-dump cp "Discovered a virtual call to a known target.*A::foo"
FAIL: g++.dg/ipa/devirt-c-8.C -std=gnu++11 scan-tree-dump-times optimized "OBJ_TYPE_REF" 0
FAIL: g++.dg/ipa/devirt-c-8.C -std=gnu++14 scan-ipa-dump cp "Discovered a virtual call to a known target.*A::foo"
FAIL: g++.dg/ipa/devirt-c-8.C -std=gnu++14 scan-tree-dump-times optimized "OBJ_TYPE_REF" 0
FAIL: g++.dg/ipa/ipa-icf-3.C -std=gnu++98 scan-ipa-dump icf "Semantic equality hit:.*bar.*->.*foo.*"
FAIL: g++.dg/ipa/ipa-icf-3.C -std=gnu++98 scan-ipa-dump icf "Equal symbols: 2"
FAIL: g++.dg/ipa/ipa-icf-3.C -std=gnu++11 scan-ipa-dump icf "Semantic equality hit:.*bar.*->.*foo.*"
FAIL: g++.dg/ipa/ipa-icf-3.C -std=gnu++11 scan-ipa-dump icf "Equal symbols: 2"
FAIL: g++.dg/ipa/ipa-icf-3.C -std=gnu++14 scan-ipa-dump icf "Semantic equality hit:.*bar.*->.*foo.*"
FAIL: g++.dg/ipa/ipa-icf-3.C -std=gnu++14 scan-ipa-dump icf "Equal symbols: 2"
FAIL: g++.dg/vect/slp-pr56812.cc -std=c++98 scan-tree-dump-times slp1 "basic block vectorized" 1
FAIL: g++.dg/vect/slp-pr56812.cc -std=c++11 scan-tree-dump-times slp1 "basic block vectorized" 1
FAIL: g++.dg/vect/slp-pr56812.cc -std=c++14 scan-tree-dump-times slp1 "basic block vectorized" 1
=== g++ Summary for thunderx-elf-sim/-fPIC ===
# of expected passes 89252
# of unexpected failures 24
# of expected failures 269
# of unsupported tests 4340
Running target thunderx-elf-sim/-mabi=ilp32
FAIL: g++.dg/vect/slp-pr56812.cc -std=c++98 scan-tree-dump-times slp1 "basic block vectorized" 1
FAIL: g++.dg/vect/slp-pr56812.cc -std=c++11 scan-tree-dump-times slp1 "basic block vectorized" 1
FAIL: g++.dg/vect/slp-pr56812.cc -std=c++14 scan-tree-dump-times slp1 "basic block vectorized" 1
=== g++ Summary for thunderx-elf-sim/-mabi=ilp32 ===
# of expected passes 89485
# of unexpected failures 3
# of expected failures 269
# of unsupported tests 4303
Running target thunderx-elf-sim/-mabi=ilp32/-fPIC
FAIL: g++.dg/ipa/devirt-40.C -std=gnu++98 scan-tree-dump-not fre3 "\\\\n OBJ_TYPE_REF"
FAIL: g++.dg/ipa/devirt-40.C -std=gnu++11 scan-tree-dump-not fre3 "\\\\n OBJ_TYPE_REF"
FAIL: g++.dg/ipa/devirt-40.C -std=gnu++14 scan-tree-dump-not fre3 "\\\\n OBJ_TYPE_REF"
FAIL: g++.dg/ipa/devirt-42.C -std=gnu++98 scan-ipa-dump-times inline "Discovered a virtual call to a known target" 2
FAIL: g++.dg/ipa/devirt-42.C -std=gnu++98 scan-tree-dump-times optimized "return 2" 3
FAIL: g++.dg/ipa/devirt-42.C -std=gnu++11 scan-ipa-dump-times inline "Discovered a virtual call to a known target" 2
FAIL: g++.dg/ipa/devirt-42.C -std=gnu++11 scan-tree-dump-times optimized "return 2" 3
FAIL: g++.dg/ipa/devirt-42.C -std=gnu++14 scan-ipa-dump-times inline "Discovered a virtual call to a known target" 2
FAIL: g++.dg/ipa/devirt-42.C -std=gnu++14 scan-tree-dump-times optimized "return 2" 3
FAIL: g++.dg/ipa/devirt-c-8.C -std=gnu++98 scan-ipa-dump cp "Discovered a virtual call to a known target.*A::foo"
FAIL: g++.dg/ipa/devirt-c-8.C -std=gnu++98 scan-tree-dump-times optimized "OBJ_TYPE_REF" 0
FAIL: g++.dg/ipa/devirt-c-8.C -std=gnu++11 scan-ipa-dump cp "Discovered a virtual call to a known target.*A::foo"
FAIL: g++.dg/ipa/devirt-c-8.C -std=gnu++11 scan-tree-dump-times optimized "OBJ_TYPE_REF" 0
FAIL: g++.dg/ipa/devirt-c-8.C -std=gnu++14 scan-ipa-dump cp "Discovered a virtual call to a known target.*A::foo"
FAIL: g++.dg/ipa/devirt-c-8.C -std=gnu++14 scan-tree-dump-times optimized "OBJ_TYPE_REF" 0
FAIL: g++.dg/ipa/ipa-icf-3.C -std=gnu++98 scan-ipa-dump icf "Semantic equality hit:.*bar.*->.*foo.*"
FAIL: g++.dg/ipa/ipa-icf-3.C -std=gnu++98 scan-ipa-dump icf "Equal symbols: 2"
FAIL: g++.dg/ipa/ipa-icf-3.C -std=gnu++11 scan-ipa-dump icf "Semantic equality hit:.*bar.*->.*foo.*"
FAIL: g++.dg/ipa/ipa-icf-3.C -std=gnu++11 scan-ipa-dump icf "Equal symbols: 2"
FAIL: g++.dg/ipa/ipa-icf-3.C -std=gnu++14 scan-ipa-dump icf "Semantic equality hit:.*bar.*->.*foo.*"
FAIL: g++.dg/ipa/ipa-icf-3.C -std=gnu++14 scan-ipa-dump icf "Equal symbols: 2"
FAIL: g++.dg/vect/slp-pr56812.cc -std=c++98 scan-tree-dump-times slp1 "basic block vectorized" 1
FAIL: g++.dg/vect/slp-pr56812.cc -std=c++11 scan-tree-dump-times slp1 "basic block vectorized" 1
FAIL: g++.dg/vect/slp-pr56812.cc -std=c++14 scan-tree-dump-times slp1 "basic block vectorized" 1
=== g++ Summary for thunderx-elf-sim/-mabi=ilp32/-fPIC ===
# of expected passes 89366
# of unexpected failures 24
# of expected failures 269
# of unsupported tests 4332
=== g++ Summary ===
# of expected passes 357474
# of unexpected failures 54
# of expected failures 1076
# of unsupported tests 17286
/home/jenkins/workspace/BuildToolchainThunder_elf_test_upstream/toolchain/src/../thunderx-tools/bin/aarch64-thunderx-elf-c++ version 7.0.0 20161201 (experimental) [master revision 873271f:4c58372:74dfdbe33fb2a54e00091de5a91be334d0d531c6] (Cavium Inc. (Build 1387))
Host is x86_64-unknown-linux-gnu
=== libstdc++ tests ===
Running target thunderx-elf-sim
FAIL: 20_util/pair/cons/explicit_construct.cc (test for errors, line 55)
FAIL: 20_util/unique_ptr/cons/cv_qual_neg.cc (test for errors, line 40)
FAIL: 21_strings/basic_string/inserters_extractors/wchar_t/10.cc execution test
FAIL: 21_strings/basic_string/inserters_extractors/wchar_t/11.cc execution test
FAIL: 21_strings/basic_string/inserters_extractors/wchar_t/5.cc execution test
FAIL: 21_strings/basic_string/numeric_conversions/char/stod.cc execution test
FAIL: 21_strings/basic_string/numeric_conversions/char/stof.cc execution test
FAIL: 21_strings/basic_string/numeric_conversions/char/stold.cc execution test
FAIL: 21_strings/basic_string/numeric_conversions/wchar_t/stod.cc execution test
FAIL: 21_strings/basic_string/numeric_conversions/wchar_t/stof.cc execution test
FAIL: 21_strings/basic_string/numeric_conversions/wchar_t/stold.cc execution test
FAIL: 21_strings/basic_string_view/inserters/wchar_t/2.cc execution test
FAIL: 25_algorithms/copy/streambuf_iterators/wchar_t/4.cc execution test
FAIL: 25_algorithms/find/istreambuf_iterators/wchar_t/2.cc execution test
FAIL: 27_io/basic_istream/extractors_character/wchar_t/4.cc execution test
FAIL: 27_io/basic_istream/extractors_other/wchar_t/2.cc execution test
FAIL: 27_io/basic_istream/get/wchar_t/2.cc execution test
FAIL: 27_io/basic_istream/getline/wchar_t/5.cc execution test
FAIL: 27_io/basic_istream/ignore/wchar_t/2.cc execution test
FAIL: 27_io/basic_istream/ignore/wchar_t/3.cc execution test
FAIL: 27_io/basic_istream/seekg/wchar_t/sstream.cc execution test
FAIL: 27_io/basic_istream/tellg/wchar_t/sstream.cc execution test
FAIL: 27_io/basic_ostream/inserters_arithmetic/char/hexfloat.cc execution test
FAIL: 27_io/basic_ostream/inserters_other/wchar_t/1.cc execution test
FAIL: 27_io/ios_base/sync_with_stdio/1.cc execution test
FAIL: 27_io/objects/wchar_t/12048-1.cc execution test
FAIL: 27_io/objects/wchar_t/12048-2.cc execution test
FAIL: 27_io/objects/wchar_t/12048-3.cc execution test
FAIL: 27_io/objects/wchar_t/12048-4.cc execution test
FAIL: 28_regex/iterators/regex_token_iterator/ctors/char/dr2332_neg.cc (test for errors, line 37)
FAIL: experimental/string_view/inserters/wchar_t/2.cc execution test
=== libstdc++ Summary for thunderx-elf-sim ===
# of expected passes 9391
# of unexpected failures 31
# of expected failures 64
# of unsupported tests 717
Running target thunderx-elf-sim/-fPIC
FAIL: 20_util/pair/cons/explicit_construct.cc (test for errors, line 55)
FAIL: 20_util/unique_ptr/cons/cv_qual_neg.cc (test for errors, line 40)
FAIL: 21_strings/basic_string/inserters_extractors/wchar_t/10.cc execution test
FAIL: 21_strings/basic_string/inserters_extractors/wchar_t/11.cc execution test
FAIL: 21_strings/basic_string/inserters_extractors/wchar_t/5.cc execution test
FAIL: 21_strings/basic_string/numeric_conversions/char/stod.cc execution test
FAIL: 21_strings/basic_string/numeric_conversions/char/stof.cc execution test
FAIL: 21_strings/basic_string/numeric_conversions/char/stold.cc execution test
FAIL: 21_strings/basic_string/numeric_conversions/wchar_t/stod.cc execution test
FAIL: 21_strings/basic_string/numeric_conversions/wchar_t/stof.cc execution test
FAIL: 21_strings/basic_string/numeric_conversions/wchar_t/stold.cc execution test
FAIL: 21_strings/basic_string_view/inserters/wchar_t/2.cc execution test
FAIL: 25_algorithms/copy/streambuf_iterators/wchar_t/4.cc execution test
FAIL: 25_algorithms/find/istreambuf_iterators/wchar_t/2.cc execution test
FAIL: 27_io/basic_istream/extractors_character/wchar_t/4.cc execution test
FAIL: 27_io/basic_istream/extractors_other/wchar_t/2.cc execution test
FAIL: 27_io/basic_istream/get/wchar_t/2.cc execution test
FAIL: 27_io/basic_istream/getline/wchar_t/5.cc execution test
FAIL: 27_io/basic_istream/ignore/wchar_t/2.cc execution test
FAIL: 27_io/basic_istream/ignore/wchar_t/3.cc execution test
FAIL: 27_io/basic_istream/seekg/wchar_t/sstream.cc execution test
FAIL: 27_io/basic_istream/tellg/wchar_t/sstream.cc execution test
FAIL: 27_io/basic_ostream/inserters_arithmetic/char/hexfloat.cc execution test
FAIL: 27_io/basic_ostream/inserters_other/wchar_t/1.cc execution test
FAIL: 27_io/ios_base/sync_with_stdio/1.cc execution test
FAIL: 27_io/objects/wchar_t/12048-1.cc execution test
FAIL: 27_io/objects/wchar_t/12048-2.cc execution test
FAIL: 27_io/objects/wchar_t/12048-3.cc execution test
FAIL: 27_io/objects/wchar_t/12048-4.cc execution test
FAIL: 28_regex/iterators/regex_token_iterator/ctors/char/dr2332_neg.cc (test for errors, line 37)
FAIL: experimental/string_view/inserters/wchar_t/2.cc execution test
FAIL: ext/vstring/element_access/char/front_back.cc execution test
=== libstdc++ Summary for thunderx-elf-sim/-fPIC ===
# of expected passes 9390
# of unexpected failures 32
# of expected failures 64
# of unsupported tests 717
Running target thunderx-elf-sim/-mabi=ilp32
FAIL: 20_util/pair/cons/explicit_construct.cc (test for errors, line 55)
FAIL: 20_util/unique_ptr/cons/cv_qual_neg.cc (test for errors, line 40)
FAIL: 21_strings/basic_string/inserters_extractors/wchar_t/10.cc execution test
FAIL: 21_strings/basic_string/inserters_extractors/wchar_t/11.cc execution test
FAIL: 21_strings/basic_string/inserters_extractors/wchar_t/5.cc execution test
FAIL: 21_strings/basic_string/numeric_conversions/char/stod.cc execution test
FAIL: 21_strings/basic_string/numeric_conversions/char/stof.cc execution test
FAIL: 21_strings/basic_string/numeric_conversions/char/stold.cc execution test
FAIL: 21_strings/basic_string/numeric_conversions/wchar_t/stod.cc execution test
FAIL: 21_strings/basic_string/numeric_conversions/wchar_t/stof.cc execution test
FAIL: 21_strings/basic_string/numeric_conversions/wchar_t/stold.cc execution test
FAIL: 21_strings/basic_string_view/inserters/wchar_t/2.cc execution test
FAIL: 25_algorithms/copy/streambuf_iterators/wchar_t/4.cc execution test
FAIL: 25_algorithms/find/istreambuf_iterators/wchar_t/2.cc execution test
FAIL: 27_io/basic_istream/extractors_character/wchar_t/4.cc execution test
FAIL: 27_io/basic_istream/extractors_other/wchar_t/2.cc execution test
FAIL: 27_io/basic_istream/get/wchar_t/2.cc execution test
FAIL: 27_io/basic_istream/getline/wchar_t/5.cc execution test
FAIL: 27_io/basic_istream/ignore/wchar_t/2.cc execution test
FAIL: 27_io/basic_istream/ignore/wchar_t/3.cc execution test
FAIL: 27_io/basic_istream/seekg/wchar_t/sstream.cc execution test
FAIL: 27_io/basic_istream/tellg/wchar_t/sstream.cc execution test
FAIL: 27_io/basic_ostream/inserters_arithmetic/char/hexfloat.cc execution test
FAIL: 27_io/basic_ostream/inserters_other/wchar_t/1.cc execution test
FAIL: 27_io/ios_base/sync_with_stdio/1.cc execution test
FAIL: 27_io/objects/wchar_t/12048-1.cc execution test
FAIL: 27_io/objects/wchar_t/12048-2.cc execution test
FAIL: 27_io/objects/wchar_t/12048-3.cc execution test
FAIL: 27_io/objects/wchar_t/12048-4.cc execution test
FAIL: 28_regex/iterators/regex_token_iterator/ctors/char/dr2332_neg.cc (test for errors, line 37)
FAIL: experimental/string_view/inserters/wchar_t/2.cc execution test
=== libstdc++ Summary for thunderx-elf-sim/-mabi=ilp32 ===
# of expected passes 9391
# of unexpected failures 31
# of expected failures 64
# of unsupported tests 717
Running target thunderx-elf-sim/-mabi=ilp32/-fPIC
FAIL: 20_util/pair/cons/explicit_construct.cc (test for errors, line 55)
FAIL: 20_util/unique_ptr/cons/cv_qual_neg.cc (test for errors, line 40)
FAIL: 21_strings/basic_string/inserters_extractors/wchar_t/10.cc execution test
FAIL: 21_strings/basic_string/inserters_extractors/wchar_t/11.cc execution test
FAIL: 21_strings/basic_string/inserters_extractors/wchar_t/5.cc execution test
FAIL: 21_strings/basic_string/numeric_conversions/char/stod.cc execution test
FAIL: 21_strings/basic_string/numeric_conversions/char/stof.cc execution test
FAIL: 21_strings/basic_string/numeric_conversions/char/stold.cc execution test
FAIL: 21_strings/basic_string/numeric_conversions/wchar_t/stod.cc execution test
FAIL: 21_strings/basic_string/numeric_conversions/wchar_t/stof.cc execution test
FAIL: 21_strings/basic_string/numeric_conversions/wchar_t/stold.cc execution test
FAIL: 21_strings/basic_string_view/inserters/wchar_t/2.cc execution test
FAIL: 25_algorithms/copy/streambuf_iterators/wchar_t/4.cc execution test
FAIL: 25_algorithms/find/istreambuf_iterators/wchar_t/2.cc execution test
FAIL: 27_io/basic_istream/extractors_character/wchar_t/4.cc execution test
FAIL: 27_io/basic_istream/extractors_other/wchar_t/2.cc execution test
FAIL: 27_io/basic_istream/get/wchar_t/2.cc execution test
FAIL: 27_io/basic_istream/getline/wchar_t/5.cc execution test
FAIL: 27_io/basic_istream/ignore/wchar_t/2.cc execution test
FAIL: 27_io/basic_istream/ignore/wchar_t/3.cc execution test
FAIL: 27_io/basic_istream/seekg/wchar_t/sstream.cc execution test
FAIL: 27_io/basic_istream/tellg/wchar_t/sstream.cc execution test
FAIL: 27_io/basic_ostream/inserters_arithmetic/char/hexfloat.cc execution test
FAIL: 27_io/basic_ostream/inserters_other/wchar_t/1.cc execution test
FAIL: 27_io/ios_base/sync_with_stdio/1.cc execution test
FAIL: 27_io/objects/wchar_t/12048-1.cc execution test
FAIL: 27_io/objects/wchar_t/12048-2.cc execution test
FAIL: 27_io/objects/wchar_t/12048-3.cc execution test
FAIL: 27_io/objects/wchar_t/12048-4.cc execution test
FAIL: 28_regex/iterators/regex_token_iterator/ctors/char/dr2332_neg.cc (test for errors, line 37)
FAIL: experimental/string_view/inserters/wchar_t/2.cc execution test
=== libstdc++ Summary for thunderx-elf-sim/-mabi=ilp32/-fPIC ===
# of expected passes 9391
# of unexpected failures 31
# of expected failures 64
# of unsupported tests 717
=== libstdc++ Summary ===
# of expected passes 37563
# of unexpected failures 125
# of expected failures 256
# of unsupported tests 2868
Compiler version: 7.0.0 20161201 (experimental) [master revision 873271f:4c58372:74dfdbe33fb2a54e00091de5a91be334d0d531c6] (Cavium Inc. (Build 1387))
Platform: aarch64-thunderx-elf
configure flags:Test Run By jenkins on Thu Dec 1 06:23:59 2016