This is the mail archive of the
gcc-testresults@gcc.gnu.org
mailing list for the GCC project.
Results for 7.0.0 20161126 (experimental) (GCC) (build config: standard; languages: all,go,ada,jit --enable-host-shared; trunk revision 242888) testsuite on x86_64-pc-linux-gnu
- From: Toon Moene <toon at moene dot org>
- To: gcc-testresults at gcc dot gnu dot org
- Date: Sun, 27 Nov 2016 02:08:57 +0100
- Subject: Results for 7.0.0 20161126 (experimental) (GCC) (build config: standard; languages: all,go,ada,jit --enable-host-shared; trunk revision 242888) testsuite on x86_64-pc-linux-gnu
- Authentication-results: sourceware.org; auth=none
LAST_UPDATED: Sat Nov 26 23:30:36 UTC 2016 (revision 242888)
=== acats tests ===
FAIL: c41104a
=== acats Summary ===
# of expected passes 2319
# of unexpected failures 1
Native configuration is x86_64-pc-linux-gnu
=== gcc tests ===
Running target unix
XPASS: gcc.dg/guality/example.c -O0 execution test
XPASS: gcc.dg/guality/example.c -O1 execution test
XPASS: gcc.dg/guality/guality.c -O0 execution test
XPASS: gcc.dg/guality/guality.c -O1 execution test
XPASS: gcc.dg/guality/guality.c -O2 execution test
XPASS: gcc.dg/guality/guality.c -O2 -flto -fno-use-linker-plugin -flto-partition=none execution test
XPASS: gcc.dg/guality/guality.c -O2 -flto -fuse-linker-plugin -fno-fat-lto-objects execution test
XPASS: gcc.dg/guality/guality.c -O3 -g execution test
XPASS: gcc.dg/guality/guality.c -Os execution test
XPASS: gcc.dg/guality/inline-params.c -O2 execution test
XPASS: gcc.dg/guality/inline-params.c -O2 -flto -fno-use-linker-plugin -flto-partition=none execution test
XPASS: gcc.dg/guality/inline-params.c -O3 -g execution test
XPASS: gcc.dg/guality/inline-params.c -Os execution test
XPASS: gcc.dg/guality/pr41353-1.c -O0 line 28 j == 28 + 37
XPASS: gcc.dg/guality/pr41353-1.c -O1 line 28 j == 28 + 37
XPASS: gcc.dg/guality/pr41353-1.c -O2 line 28 j == 28 + 37
XPASS: gcc.dg/guality/pr41353-1.c -O2 -flto -fno-use-linker-plugin -flto-partition=none line 28 j == 28 + 37
XPASS: gcc.dg/guality/pr41353-1.c -O2 -flto -fuse-linker-plugin -fno-fat-lto-objects line 28 j == 28 + 37
XPASS: gcc.dg/guality/pr41353-1.c -O3 -g line 28 j == 28 + 37
XPASS: gcc.dg/guality/pr41353-1.c -Os line 28 j == 28 + 37
FAIL: gcc.dg/guality/pr41616-1.c -O2 -flto -fuse-linker-plugin -fno-fat-lto-objects execution test
FAIL: gcc.dg/guality/pr45882.c -O2 -flto -fuse-linker-plugin -fno-fat-lto-objects line 16 d == 112
FAIL: gcc.dg/guality/pr45882.c -O2 -flto -fuse-linker-plugin -fno-fat-lto-objects line 16 e == 142
FAIL: gcc.dg/guality/pr54200.c -Os line 20 z == 3
FAIL: gcc.dg/guality/pr54519-1.c -O2 -flto -fno-use-linker-plugin -flto-partition=none line 20 y == 25
FAIL: gcc.dg/guality/pr54519-1.c -O2 -flto -fno-use-linker-plugin -flto-partition=none line 20 z == 6
FAIL: gcc.dg/guality/pr54519-1.c -O2 -flto -fno-use-linker-plugin -flto-partition=none line 23 y == 117
FAIL: gcc.dg/guality/pr54519-1.c -O2 -flto -fno-use-linker-plugin -flto-partition=none line 23 z == 8
FAIL: gcc.dg/guality/pr54519-2.c -O2 -flto -fno-use-linker-plugin -flto-partition=none line 17 y == 25
FAIL: gcc.dg/guality/pr54519-2.c -O2 -flto -fuse-linker-plugin -fno-fat-lto-objects line 17 y == 25
FAIL: gcc.dg/guality/pr54519-3.c -O2 -flto -fno-use-linker-plugin -flto-partition=none line 20 y == 25
FAIL: gcc.dg/guality/pr54519-3.c -O2 -flto -fno-use-linker-plugin -flto-partition=none line 20 z == 6
FAIL: gcc.dg/guality/pr54519-3.c -O2 -flto -fno-use-linker-plugin -flto-partition=none line 23 y == 117
FAIL: gcc.dg/guality/pr54519-3.c -O2 -flto -fno-use-linker-plugin -flto-partition=none line 23 z == 8
FAIL: gcc.dg/guality/pr54519-3.c -O2 -flto -fuse-linker-plugin -fno-fat-lto-objects line 20 y == 25
FAIL: gcc.dg/guality/pr54519-3.c -O2 -flto -fuse-linker-plugin -fno-fat-lto-objects line 20 z == 6
FAIL: gcc.dg/guality/pr54519-3.c -O2 -flto -fuse-linker-plugin -fno-fat-lto-objects line 23 y == 117
FAIL: gcc.dg/guality/pr54519-3.c -O2 -flto -fuse-linker-plugin -fno-fat-lto-objects line 23 z == 8
FAIL: gcc.dg/guality/pr54519-4.c -O2 -flto -fno-use-linker-plugin -flto-partition=none line 17 y == 25
FAIL: gcc.dg/guality/pr54519-4.c -O2 -flto -fuse-linker-plugin -fno-fat-lto-objects line 17 y == 25
FAIL: gcc.dg/guality/pr54519-5.c -O2 -flto -fno-use-linker-plugin -flto-partition=none line 17 y == 25
FAIL: gcc.dg/guality/pr54519-5.c -O2 -flto -fuse-linker-plugin -fno-fat-lto-objects line 17 y == 25
FAIL: gcc.dg/guality/pr54693-2.c -Os line 21 x == 10 - i
FAIL: gcc.dg/guality/pr54693-2.c -Os line 21 y == 20 - 2 * i
FAIL: gcc.dg/guality/pr68860-1.c -O2 -flto -fno-use-linker-plugin -flto-partition=none line 14 arg1 == 1
FAIL: gcc.dg/guality/pr68860-1.c -O2 -flto -fno-use-linker-plugin -flto-partition=none line 14 arg2 == 2
FAIL: gcc.dg/guality/pr68860-1.c -O2 -flto -fno-use-linker-plugin -flto-partition=none line 14 arg3 == 3
FAIL: gcc.dg/guality/pr68860-1.c -O2 -flto -fno-use-linker-plugin -flto-partition=none line 14 arg4 == 4
FAIL: gcc.dg/guality/pr68860-1.c -O2 -flto -fno-use-linker-plugin -flto-partition=none line 14 arg5 == 5
FAIL: gcc.dg/guality/pr68860-1.c -O2 -flto -fno-use-linker-plugin -flto-partition=none line 14 arg6 == 6
FAIL: gcc.dg/guality/pr68860-1.c -O2 -flto -fno-use-linker-plugin -flto-partition=none line 16 arg1 == 1
FAIL: gcc.dg/guality/pr68860-1.c -O2 -flto -fno-use-linker-plugin -flto-partition=none line 16 arg2 == 2
FAIL: gcc.dg/guality/pr68860-1.c -O2 -flto -fno-use-linker-plugin -flto-partition=none line 16 arg3 == 3
FAIL: gcc.dg/guality/pr68860-1.c -O2 -flto -fno-use-linker-plugin -flto-partition=none line 16 arg4 == 4
FAIL: gcc.dg/guality/pr68860-1.c -O2 -flto -fno-use-linker-plugin -flto-partition=none line 16 arg5 == 5
FAIL: gcc.dg/guality/pr68860-1.c -O2 -flto -fno-use-linker-plugin -flto-partition=none line 16 arg6 == 6
FAIL: gcc.dg/guality/pr68860-1.c -O2 -flto -fuse-linker-plugin -fno-fat-lto-objects line 14 arg1 == 1
FAIL: gcc.dg/guality/pr68860-1.c -O2 -flto -fuse-linker-plugin -fno-fat-lto-objects line 14 arg2 == 2
FAIL: gcc.dg/guality/pr68860-1.c -O2 -flto -fuse-linker-plugin -fno-fat-lto-objects line 14 arg3 == 3
FAIL: gcc.dg/guality/pr68860-1.c -O2 -flto -fuse-linker-plugin -fno-fat-lto-objects line 14 arg4 == 4
FAIL: gcc.dg/guality/pr68860-1.c -O2 -flto -fuse-linker-plugin -fno-fat-lto-objects line 14 arg5 == 5
FAIL: gcc.dg/guality/pr68860-1.c -O2 -flto -fuse-linker-plugin -fno-fat-lto-objects line 14 arg6 == 6
FAIL: gcc.dg/guality/pr68860-1.c -O2 -flto -fuse-linker-plugin -fno-fat-lto-objects line 16 arg1 == 1
FAIL: gcc.dg/guality/pr68860-1.c -O2 -flto -fuse-linker-plugin -fno-fat-lto-objects line 16 arg2 == 2
FAIL: gcc.dg/guality/pr68860-1.c -O2 -flto -fuse-linker-plugin -fno-fat-lto-objects line 16 arg3 == 3
FAIL: gcc.dg/guality/pr68860-1.c -O2 -flto -fuse-linker-plugin -fno-fat-lto-objects line 16 arg4 == 4
FAIL: gcc.dg/guality/pr68860-1.c -O2 -flto -fuse-linker-plugin -fno-fat-lto-objects line 16 arg5 == 5
FAIL: gcc.dg/guality/pr68860-1.c -O2 -flto -fuse-linker-plugin -fno-fat-lto-objects line 16 arg6 == 6
FAIL: gcc.dg/guality/vla-1.c -O1 line 17 sizeof (a) == 6
FAIL: gcc.dg/guality/vla-1.c -O2 line 17 sizeof (a) == 6
FAIL: gcc.dg/guality/vla-1.c -O2 -flto -fno-use-linker-plugin -flto-partition=none line 17 sizeof (a) == 6
FAIL: gcc.dg/guality/vla-1.c -O2 -flto -fuse-linker-plugin -fno-fat-lto-objects line 17 sizeof (a) == 6
FAIL: gcc.dg/guality/vla-1.c -O3 -g line 17 sizeof (a) == 6
FAIL: gcc.dg/guality/vla-1.c -Os line 17 sizeof (a) == 6
UNRESOLVED: gcc.dg/tree-ssa/20030808-1.c scan-tree-dump-times cddce3 "->code" 0
UNRESOLVED: gcc.dg/tree-ssa/20030808-1.c scan-tree-dump-times cddce3 "if " 0
UNRESOLVED: gcc.dg/tree-ssa/20040305-1.c scan-tree-dump-times cddce3 "if " 2
FAIL: gcc.dg/tree-ssa/pr69270-3.c scan-tree-dump-times uncprop1 ", 1" 4
FAIL: gcc.dg/vect/no-section-anchors-vect-31.c scan-tree-dump-times vect "Alignment of access forced using peeling" 2
FAIL: gcc.dg/vect/no-section-anchors-vect-31.c scan-tree-dump-times vect "Vectorizing an unaligned access" 0
XPASS: gcc.dg/vect/pr65947-1.c -flto -ffat-lto-objects scan-tree-dump-times vect "LOOP VECTORIZED" 2
XPASS: gcc.dg/vect/pr65947-1.c -flto -ffat-lto-objects scan-tree-dump-times vect "condition expression based on integer induction." 4
XPASS: gcc.dg/vect/pr65947-1.c scan-tree-dump-times vect "LOOP VECTORIZED" 2
XPASS: gcc.dg/vect/pr65947-1.c scan-tree-dump-times vect "condition expression based on integer induction." 4
XPASS: gcc.dg/vect/pr65947-10.c -flto -ffat-lto-objects scan-tree-dump-times vect "LOOP VECTORIZED" 2
XPASS: gcc.dg/vect/pr65947-10.c scan-tree-dump-times vect "LOOP VECTORIZED" 2
XPASS: gcc.dg/vect/pr65947-12.c -flto -ffat-lto-objects scan-tree-dump-times vect "LOOP VECTORIZED" 2
XPASS: gcc.dg/vect/pr65947-12.c scan-tree-dump-times vect "LOOP VECTORIZED" 2
XPASS: gcc.dg/vect/pr65947-13.c -flto -ffat-lto-objects scan-tree-dump-times vect "LOOP VECTORIZED" 2
XPASS: gcc.dg/vect/pr65947-13.c scan-tree-dump-times vect "LOOP VECTORIZED" 2
XPASS: gcc.dg/vect/pr65947-2.c -flto -ffat-lto-objects scan-tree-dump-times vect "LOOP VECTORIZED" 2
XPASS: gcc.dg/vect/pr65947-2.c scan-tree-dump-times vect "LOOP VECTORIZED" 2
XPASS: gcc.dg/vect/pr65947-3.c -flto -ffat-lto-objects scan-tree-dump-times vect "LOOP VECTORIZED" 2
XPASS: gcc.dg/vect/pr65947-3.c scan-tree-dump-times vect "LOOP VECTORIZED" 2
XPASS: gcc.dg/vect/pr65947-4.c -flto -ffat-lto-objects scan-tree-dump-times vect "LOOP VECTORIZED" 2
XPASS: gcc.dg/vect/pr65947-4.c -flto -ffat-lto-objects scan-tree-dump-times vect "condition expression based on integer induction." 4
XPASS: gcc.dg/vect/pr65947-4.c scan-tree-dump-times vect "LOOP VECTORIZED" 2
XPASS: gcc.dg/vect/pr65947-4.c scan-tree-dump-times vect "condition expression based on integer induction." 4
XPASS: gcc.dg/vect/pr65947-5.c -flto -ffat-lto-objects scan-tree-dump vect "loop size is greater than data size"
XPASS: gcc.dg/vect/pr65947-5.c scan-tree-dump vect "loop size is greater than data size"
XPASS: gcc.dg/vect/pr65947-6.c -flto -ffat-lto-objects scan-tree-dump-times vect "LOOP VECTORIZED" 2
XPASS: gcc.dg/vect/pr65947-6.c scan-tree-dump-times vect "LOOP VECTORIZED" 2
XPASS: gcc.dg/vect/pr65947-9.c -flto -ffat-lto-objects scan-tree-dump vect "loop size is greater than data size"
XPASS: gcc.dg/vect/pr65947-9.c scan-tree-dump vect "loop size is greater than data size"
FAIL: gcc.dg/vect/slp-perm-9.c -flto -ffat-lto-objects scan-tree-dump-times vect "vectorized 1 loops" 2
FAIL: gcc.dg/vect/slp-perm-9.c scan-tree-dump-times vect "vectorized 1 loops" 2
FAIL: gcc.dg/vect/vect-92.c -flto -ffat-lto-objects scan-tree-dump-times vect "Alignment of access forced using peeling" 3
FAIL: gcc.dg/vect/vect-92.c -flto -ffat-lto-objects scan-tree-dump-times vect "Vectorizing an unaligned access" 0
FAIL: gcc.dg/vect/vect-92.c scan-tree-dump-times vect "Alignment of access forced using peeling" 3
FAIL: gcc.dg/vect/vect-92.c scan-tree-dump-times vect "Vectorizing an unaligned access" 0
FAIL: gcc.dg/vect/vect-93.c -flto -ffat-lto-objects scan-tree-dump-times vect "Vectorizing an unaligned access" 1
FAIL: gcc.dg/vect/vect-93.c scan-tree-dump-times vect "Vectorizing an unaligned access" 1
XPASS: gcc.dg/vect/vect-cond-2.c -flto -ffat-lto-objects scan-tree-dump-times vect "vectorized 1 loops" 1
XPASS: gcc.dg/vect/vect-cond-2.c scan-tree-dump-times vect "vectorized 1 loops" 1
FAIL: gcc.dg/vect/vect-nb-iter-ub-2.c -flto -ffat-lto-objects scan-tree-dump cunroll "loop turned into non-loop; it never loops"
FAIL: gcc.dg/vect/vect-nb-iter-ub-2.c scan-tree-dump cunroll "loop turned into non-loop; it never loops"
FAIL: gcc.dg/vect/vect-nb-iter-ub-3.c -flto -ffat-lto-objects scan-tree-dump-not cunroll "loop turned into non-loop; it never loops"
FAIL: gcc.dg/vect/vect-nb-iter-ub-3.c scan-tree-dump-not cunroll "loop turned into non-loop; it never loops"
XPASS: gcc.dg/vect/vect-pr69848.c -flto -ffat-lto-objects scan-tree-dump vect "vectorized 1 loops"
XPASS: gcc.dg/vect/vect-pr69848.c scan-tree-dump vect "vectorized 1 loops"
FAIL: gcc.target/i386/align-limit.c scan-assembler .p2align 6,,1
FAIL: gcc.target/i386/pr45685.c scan-assembler-times cmov 6
=== gcc Summary ===
# of expected passes 128613
# of unexpected failures 71
# of unexpected successes 48
# of expected failures 328
# of unresolved testcases 3
# of unsupported tests 2070
/scratch/toon/build29175/gcc/xgcc version 7.0.0 20161126 (experimental) (GCC)
=== gfortran tests ===
Running target unix
FAIL: gfortran.dg/graphite/pr68279.f90 -O (internal compiler error)
FAIL: gfortran.dg/graphite/pr68279.f90 -O (test for excess errors)
=== gfortran Summary ===
# of expected passes 44157
# of unexpected failures 2
# of expected failures 84
# of unsupported tests 67
/scratch/toon/build29175/gcc/gfortran version 7.0.0 20161126 (experimental) (GCC)
=== g++ tests ===
Running target unix
FAIL: g++.dg/guality/pr55665.C -O2 line 23 p == 40
FAIL: g++.dg/guality/pr55665.C -O3 -g line 23 p == 40
XPASS: g++.dg/tls/thread_local-order2.C -std=c++11 execution test
XPASS: g++.dg/tls/thread_local-order2.C -std=c++14 execution test
FAIL: g++.dg/vect/slp-pr56812.cc -std=c++11 scan-tree-dump-times slp1 "basic block vectorized" 1
FAIL: g++.dg/vect/slp-pr56812.cc -std=c++14 scan-tree-dump-times slp1 "basic block vectorized" 1
FAIL: g++.dg/vect/slp-pr56812.cc -std=c++98 scan-tree-dump-times slp1 "basic block vectorized" 1
=== g++ Summary ===
# of expected passes 111649
# of unexpected failures 5
# of unexpected successes 2
# of expected failures 335
# of unsupported tests 4059
/scratch/toon/build29175/gcc/xg++ version 7.0.0 20161126 (experimental) (GCC)
=== gnat tests ===
Running target unix
FAIL: gnat.dg/vect3.adb scan-tree-dump-times vect "vectorized 1 loops" 15
FAIL: gnat.dg/vect6.adb scan-tree-dump-times vect "vectorized 1 loops" 15
FAIL: gnat.dg/specs/alignment2.ads (test for warnings, line 14)
FAIL: gnat.dg/specs/alignment2.ads (test for warnings, line 20)
FAIL: gnat.dg/specs/alignment2.ads (test for warnings, line 38)
FAIL: gnat.dg/specs/alignment2.ads (test for warnings, line 42)
=== gnat Summary ===
# of expected passes 2550
# of unexpected failures 6
# of expected failures 24
# of unsupported tests 3
/scratch/toon/build29175/gcc/gnatmake version 7.0.0 20161126 (experimental)
=== go tests ===
Running target unix
FAIL: go.test/test/ken/cplx2.go execution, -O2 -g
=== go Summary ===
# of expected passes 7254
# of unexpected failures 1
# of expected failures 1
# of untested testcases 6
# of unsupported tests 1
/scratch/toon/build29175/gcc/gccgo version 7.0.0 20161126 (experimental) (GCC)
=== jit tests ===
Running target unix
ERROR: ./output-of-test-compile-to-executable.c.exe does not exist in unix_load.
FAIL: jit.dg/test-compile-to-assembler.c, assemble/link of output-of-test-compile-to-assembler.c.s
FAIL: jit.dg/test-compile-to-object.c, link of output-of-test-compile-to-object.c.o
FAIL: jit.dg/test-threads.c, initial compilation
FAIL: output-of-test-compile-to-assembler.c.s does not exist
FAIL: output-of-test-compile-to-dynamic-library.c.so does not exist
FAIL: output-of-test-compile-to-executable.c.exe does not exist
FAIL: output-of-test-compile-to-executable.c.exe does not have executable bit set
UNRESOLVED: output-of-test-compile-to-executable.c.exe execution test
FAIL: output-of-test-compile-to-object.c.o does not exist
FAIL: test-accessing-struct.c.exe: non-zero exit code: 30597 exp5 0 4
FAIL: test-accessing-union.c.exe: non-zero exit code: 31122 exp5 0 4
FAIL: test-arith-overflow.c.exe: non-zero exit code: 31649 exp5 0 4
FAIL: test-array-as-pointer.c.exe: non-zero exit code: 32401 exp5 0 4
FAIL: test-arrays.c.exe: non-zero exit code: 315 exp5 0 4
FAIL: test-calling-external-function.c.exe: non-zero exit code: 19805 exp5 0 4
FAIL: test-calling-function-ptr.c.exe: non-zero exit code: 20131 exp5 0 4
FAIL: test-combination.c.exe: non-zero exit code: 20841 exp5 0 4
FAIL: test-compile-to-assembler.c.exe: non-zero exit code: 26582 exp5 0 4
FAIL: test-compile-to-dynamic-library.c.exe: non-zero exit code: 26820 exp5 0 4
FAIL: test-compile-to-executable.c.exe: non-zero exit code: 27159 exp5 0 4
FAIL: test-compile-to-object.c.exe: non-zero exit code: 27487 exp5 0 4
FAIL: test-compound-assignment.c.exe: non-zero exit code: 27742 exp5 0 4
FAIL: test-constants.c.exe: non-zero exit code: 27982 exp5 0 4
FAIL: test-debug-strings.c.exe: non-zero exit code: 28395 exp5 0 4
FAIL: test-dot-product.c.exe: non-zero exit code: 28666 exp5 0 4
FAIL: test-empty.c.exe: non-zero exit code: 28910 exp5 0 4
FAIL: test-error-array-bounds.c.exe: non-zero exit code: 29519 exp5 0 4
FAIL: test-error-gcc_jit_timer_pop-mismatch.c.exe: non-zero exit code: 3251 exp5 0 4
FAIL: test-error-gcc_jit_timer_pop-too-many.c.exe: non-zero exit code: 3641 exp5 0 4
FAIL: test-error-impossible-must-tail-call.c.exe: non-zero exit code: 4243 exp5 0 4
FAIL: test-error-pr63969-missing-driver.c.exe: non-zero exit code: 7445 exp5 0 4
FAIL: test-expressions.c.exe: non-zero exit code: 8852 exp5 0 4
FAIL: test-extra-options.c.exe: non-zero exit code: 10072 exp5 0 4
FAIL: test-factorial-must-tail-call.c.exe: non-zero exit code: 10475 exp5 0 4
FAIL: test-factorial.c.exe: non-zero exit code: 10863 exp5 0 4
FAIL: test-fibonacci.c.exe: non-zero exit code: 11287 exp5 0 4
FAIL: test-functions.c.exe: non-zero exit code: 11707 exp5 0 4
FAIL: test-hello-world.c.exe: non-zero exit code: 13097 exp5 0 4
FAIL: test-linked-list.c.exe: non-zero exit code: 13467 exp5 0 4
FAIL: test-long-names.c.exe: non-zero exit code: 13919 exp5 0 4
FAIL: test-nested-contexts.c.exe: non-zero exit code: 14246 exp5 0 4
FAIL: test-nested-loops.c.exe: non-zero exit code: 14581 exp5 0 4
FAIL: test-operator-overloading.cc.exe: non-zero exit code: 15686 exp5 0 4
FAIL: test-pr66700-observing-write-through-ptr.c.exe: non-zero exit code: 16191 exp5 0 4
FAIL: test-pr66779.c.exe: non-zero exit code: 16588 exp5 0 4
FAIL: test-quadratic.c.exe: non-zero exit code: 17196 exp5 0 4
FAIL: test-quadratic.cc.exe: non-zero exit code: 18300 exp5 0 4
FAIL: test-reading-struct.c.exe: non-zero exit code: 18730 exp5 0 4
FAIL: test-string-literal.c.exe: non-zero exit code: 18982 exp5 0 4
FAIL: test-sum-of-squares.c.exe: non-zero exit code: 19203 exp5 0 4
FAIL: test-switch.c.exe: non-zero exit code: 19474 exp5 0 4
FAIL: test-switch.cc.exe: non-zero exit code: 20341 exp5 0 4
FAIL: test-types.c.exe: non-zero exit code: 20773 exp5 0 4
FAIL: test-using-global.c.exe: non-zero exit code: 21070 exp5 0 4
FAIL: test-validly-unreachable-block.c.exe: non-zero exit code: 21463 exp5 0 4
FAIL: test-volatile.c.exe: non-zero exit code: 21848 exp5 0 4
FAIL: toyvm.c.exe: non-zero exit code: 28939 exp5 0 4
FAIL: toyvm.cc.exe: non-zero exit code: 30077 exp5 0 4
FAIL: verify-dynamic-library.c.exe execution test
=== jit Summary ===
# of expected passes 2705
# of unexpected failures 58
# of unresolved testcases 1
=== objc tests ===
Running target unix
=== objc Summary ===
# of expected passes 2797
# of expected failures 6
# of unsupported tests 68
/scratch/toon/build29175/gcc/xgcc version 7.0.0 20161126 (experimental) (GCC)
=== libatomic tests ===
Running target unix
=== libatomic Summary ===
# of expected passes 54
=== libffi tests ===
Running target unix
=== libffi Summary ===
# of expected passes 2214
=== libgo tests ===
Running target unix
=== libgo Summary ===
# of expected passes 138
/scratch/toon/build29175/./gcc/gccgo version 7.0.0 20161126 (experimental) (GCC)
=== libgomp tests ===
Running target unix
=== libgomp Summary ===
# of expected passes 5172
# of unsupported tests 319
=== libitm tests ===
Running target unix
=== libitm Summary ===
# of expected passes 42
# of expected failures 3
# of unsupported tests 1
=== libstdc++ tests ===
Running target unix
=== libstdc++ Summary ===
# of expected passes 11010
# of expected failures 65
# of unsupported tests 562
Compiler version: 7.0.0 20161126 (experimental) (GCC)
Platform: x86_64-pc-linux-gnu
configure flags: --prefix=/home/toon/compilers/install --with-gnu-as --with-gnu-ld --enable-languages=all,go,ada,jit --enable-host-shared --disable-multilib --disable-nls --with-arch=haswell --with-tune=haswell