This is the mail archive of the
gcc-testresults@gcc.gnu.org
mailing list for the GCC project.
Results for 7.0.0 20161122 (experimental) (GCC) testsuite on x86_64-pc-linux-gnu
- From: jenkins at cavium dot com
- To: gcc-testresults at gcc dot gnu dot org
- Date: Tue, 22 Nov 2016 18:34:38 -0800
- Subject: Results for 7.0.0 20161122 (experimental) (GCC) testsuite on x86_64-pc-linux-gnu
- Authentication-results: sourceware.org; auth=none
Native configuration is x86_64-pc-linux-gnu
=== gcc tests ===
Running target unix//-m64
FAIL: gcc.dg/tree-ssa/pr69270-3.c scan-tree-dump-times uncprop1 ", 1" 4
FAIL: c-c++-common/ubsan/float-cast-overflow-2.c -Os output pattern test
FAIL: c-c++-common/ubsan/overflow-mul-4.c -O1 output pattern test
FAIL: gcc.dg/vect/bb-slp-cond-1.c -flto -ffat-lto-objects scan-tree-dump-times slp1 "basic block vectorized" 1
FAIL: gcc.dg/vect/bb-slp-cond-1.c scan-tree-dump-times slp1 "basic block vectorized" 1
FAIL: gcc.misc-tests/godump-1.c scan-file (?n)^type _ts2eg struct { e1 \\\\*byte; e2 int8; }\$
FAIL: gcc.misc-tests/godump-1.c scan-file (?n)^type _tsae struct { sa \\\\[2\\\\+1\\\\]int16; ca \\\\[2\\\\+1\\\\]int8; }\$
FAIL: gcc.misc-tests/godump-1.c scan-file (?n)^type _tsbf_pad16_2 struct { Godump_0_pad \\\\[2\\\\]byte; c uint8; Godump_1_align \\\\[0\\\\]int16; }\$
FAIL: gcc.misc-tests/godump-1.c scan-file (?n)^type _tsbf_pad16_3 struct { bf uint16; c uint8; }\$
FAIL: gcc.misc-tests/godump-1.c scan-file (?n)^type _tsbf_pad32_1 struct { Godump_0_pad \\\\[1\\\\]byte; c uint8; Godump_1_align \\\\[0\\\\]int32; }\$
FAIL: gcc.misc-tests/godump-1.c scan-file (?n)^type _tsbf_pad32_2 struct { Godump_0_pad \\\\[4\\\\]byte; c uint8; Godump_1_align \\\\[0\\\\]int32; }\$
FAIL: gcc.misc-tests/godump-1.c scan-file (?n)^type _tsbf_pad32_3 struct { bf uint32; c uint8; }\$
FAIL: gcc.misc-tests/godump-1.c scan-file (?n)^type _tsbf_pad64_1 struct { Godump_0_pad \\\\[1\\\\]byte; c uint8; Godump_1_align \\\\[0\\\\]int64; }\$
FAIL: gcc.misc-tests/godump-1.c scan-file (?n)^type _tsbf_pad64_2 struct { Godump_0_pad \\\\[8\\\\]byte; c uint8; Godump_1_align \\\\[0\\\\]int64; }\$
FAIL: gcc.misc-tests/godump-1.c scan-file (?n)^type _tsbf_pad64_3 struct { bf uint[0-9]*; c uint8; }\$
FAIL: gcc.misc-tests/godump-1.c scan-file (?n)^type _tsme struct { l int64; c int8; i int32; s int16; }\$
FAIL: gcc.misc-tests/godump-1.c scan-file (?n)^type _tsn_anon struct { a uint8; s uint16; b uint8; Godump_0_align \\\\[0\\\\]int16; }\$
FAIL: gcc.misc-tests/godump-1.c scan-file (?n)^type _tu1 struct { c uint8; Godump_0_align \\\\[0\\\\]u?int64; }\$
FAIL: gcc.misc-tests/godump-1.c scan-file (?n)^type _tu3_size struct { ca \\\\[4\\\\+1\\\\]uint8; Godump_0_align \\\\[0\\\\]u?int64; }\$
FAIL: gcc.misc-tests/godump-1.c scan-file (?n)^type _tu_size struct { ca \\\\[4\\\\+1\\\\]uint8; Godump_0_align \\\\[0\\\\]u?int64; }\$
FAIL: gcc.misc-tests/godump-1.c scan-file (?n)^var _s2eg struct { e1 \\\\*byte; e2 int8; }\$
FAIL: gcc.misc-tests/godump-1.c scan-file (?n)^var _sae struct { sa \\\\[2\\\\+1\\\\]int16; ca \\\\[2\\\\+1\\\\]int8; }\$
FAIL: gcc.misc-tests/godump-1.c scan-file (?n)^var _sbf_pad16_2 struct { Godump_0_pad \\\\[2\\\\]byte; c uint8; Godump_1_align \\\\[0\\\\]int16; }\$
FAIL: gcc.misc-tests/godump-1.c scan-file (?n)^var _sbf_pad16_3 struct { bf uint16; c uint8; }\$
FAIL: gcc.misc-tests/godump-1.c scan-file (?n)^var _sbf_pad32_1 struct { Godump_0_pad \\\\[1\\\\]byte; c uint8; Godump_1_align \\\\[0\\\\]int32; }\$
FAIL: gcc.misc-tests/godump-1.c scan-file (?n)^var _sbf_pad32_2 struct { Godump_0_pad \\\\[4\\\\]byte; c uint8; Godump_1_align \\\\[0\\\\]int32; }\$
FAIL: gcc.misc-tests/godump-1.c scan-file (?n)^var _sbf_pad32_3 struct { bf uint32; c uint8; }\$
FAIL: gcc.misc-tests/godump-1.c scan-file (?n)^var _sbf_pad64_1 struct { Godump_0_pad \\\\[1\\\\]byte; c uint8; Godump_1_align \\\\[0\\\\]int64; }\$
FAIL: gcc.misc-tests/godump-1.c scan-file (?n)^var _sbf_pad64_2 struct { Godump_0_pad \\\\[8\\\\]byte; c uint8; Godump_1_align \\\\[0\\\\]int64; }\$
FAIL: gcc.misc-tests/godump-1.c scan-file (?n)^var _sbf_pad64_3 struct { bf uint[0-9]*; c uint8; }\$
FAIL: gcc.misc-tests/godump-1.c scan-file (?n)^var _sme struct { l int64; c int8; i int32; s int16; }\$
FAIL: gcc.misc-tests/godump-1.c scan-file (?n)^var _sn_anon struct { a uint8; s uint16; b uint8; Godump_0_align \\\\[0\\\\]int16; }\$
FAIL: gcc.misc-tests/godump-1.c scan-file (?n)^var _u1 struct { c uint8; Godump_0_align \\\\[0\\\\]u?int64; }\$
FAIL: gcc.misc-tests/godump-1.c scan-file (?n)^var _u3_size struct { ca \\\\[4\\\\+1\\\\]uint8; Godump_0_align \\\\[0\\\\]u?int64; }\$
FAIL: gcc.misc-tests/godump-1.c scan-file (?n)^var _u_size struct { ca \\\\[4\\\\+1\\\\]uint8; Godump_0_align \\\\[0\\\\]u?int64; }\$
FAIL: gcc.target/i386/pr45685.c scan-assembler-times cmov 6
=== gcc Summary ===
# of expected passes 124185
# of unexpected failures 36
# of expected failures 334
# of unsupported tests 2003
/home/jenkins/workspace/GCCupstream/objdir/gcc/xgcc version 7.0.0 20161122 (experimental) (GCC)
=== gfortran tests ===
Running target unix//-m64
=== gfortran Summary ===
# of expected passes 43989
# of expected failures 74
# of unsupported tests 77
/home/jenkins/workspace/GCCupstream/objdir/gcc/testsuite/gfortran/../../gfortran version 7.0.0 20161122 (experimental) (GCC)
=== g++ tests ===
Running target unix//-m64
XPASS: g++.dg/tls/thread_local-order2.C -std=c++11 execution test
XPASS: g++.dg/tls/thread_local-order2.C -std=c++14 execution test
FAIL: c-c++-common/ubsan/float-cast-overflow-10.c -O2 output pattern test
FAIL: c-c++-common/ubsan/float-cast-overflow-10.c -O2 -flto -fno-use-linker-plugin -flto-partition=none output pattern test
FAIL: c-c++-common/ubsan/float-cast-overflow-10.c -O2 -flto -fuse-linker-plugin -fno-fat-lto-objects output pattern test
FAIL: c-c++-common/ubsan/float-cast-overflow-2.c -O0 output pattern test
FAIL: c-c++-common/ubsan/float-cast-overflow-2.c -O2 output pattern test
FAIL: c-c++-common/ubsan/float-cast-overflow-2.c -O2 -flto -fuse-linker-plugin -fno-fat-lto-objects output pattern test
FAIL: c-c++-common/ubsan/float-cast-overflow-2.c -O3 -g output pattern test
FAIL: c-c++-common/ubsan/float-cast-overflow-2.c -Os output pattern test
FAIL: c-c++-common/ubsan/float-cast-overflow-8.c -O2 output pattern test
FAIL: c-c++-common/ubsan/float-cast-overflow-8.c -O2 -flto -fno-use-linker-plugin -flto-partition=none output pattern test
FAIL: c-c++-common/ubsan/float-cast-overflow-8.c -O2 -flto -fuse-linker-plugin -fno-fat-lto-objects output pattern test
FAIL: c-c++-common/ubsan/overflow-mul-4.c -O0 output pattern test
FAIL: c-c++-common/ubsan/overflow-mul-4.c -O1 output pattern test
FAIL: c-c++-common/ubsan/overflow-mul-4.c -O2 output pattern test
FAIL: c-c++-common/ubsan/overflow-mul-4.c -O2 -flto -fno-use-linker-plugin -flto-partition=none output pattern test
FAIL: c-c++-common/ubsan/overflow-mul-4.c -O3 -fomit-frame-pointer -funroll-loops -fpeel-loops -ftracer -finline-functions output pattern test
FAIL: c-c++-common/ubsan/overflow-mul-4.c -O3 -g output pattern test
FAIL: c-c++-common/ubsan/overflow-mul-4.c -Os output pattern test
=== g++ Summary ===
# of expected passes 111264
# of unexpected failures 18
# of unexpected successes 2
# of expected failures 335
# of unsupported tests 4030
/home/jenkins/workspace/GCCupstream/objdir/gcc/testsuite/g++/../../xg++ version 7.0.0 20161122 (experimental) (GCC)
=== objc tests ===
Running target unix//-m64
=== objc Summary ===
# of expected passes 2797
# of expected failures 6
# of unsupported tests 68
/home/jenkins/workspace/GCCupstream/objdir/gcc/xgcc version 7.0.0 20161122 (experimental) (GCC)
=== libatomic tests ===
Running target unix//-m64
=== libatomic Summary ===
# of expected passes 54
=== libgomp tests ===
Running target unix//-m64
=== libgomp Summary ===
# of expected passes 5126
# of unsupported tests 319
=== libitm tests ===
Running target unix//-m64
=== libitm Summary ===
# of expected passes 42
# of expected failures 3
# of unsupported tests 1
=== libstdc++ tests ===
Running target unix//-m64
=== libstdc++ Summary ===
# of expected passes 11010
# of expected failures 65
# of unsupported tests 562
Compiler version: 7.0.0 20161122 (experimental) (GCC)
Platform: x86_64-pc-linux-gnu
configure flags: --prefix=/home/jenkins/workspace/GCCupstream/objdir/install --disable-multilib