This is the mail archive of the
gcc-testresults@gcc.gnu.org
mailing list for the GCC project.
Results for 7.0.0 20161107 (experimental) (AVR_8_bit_GNU_Toolchain_4.0.0_289) gcc testsuite on avr-unknown-none
- From: <avr-atmega1280@6d058e2fd19e>
- To: <gcc-testresults at gcc dot gnu dot org>
- Date: Mon, 7 Nov 2016 22:43:48 +0000
- Subject: Results for 7.0.0 20161107 (experimental) (AVR_8_bit_GNU_Toolchain_4.0.0_289) gcc testsuite on avr-unknown-none
- Authentication-results: sourceware.org; auth=none
Target is avr-unknown-none
Host is x86_64-pc-linux-gnu
=== gcc tests ===
Running target atmega128-sim/-mrelax
FAIL: gcc.c-torture/execute/pr70460.c -O0 execution test
FAIL: gcc.c-torture/execute/pr70460.c -O1 execution test
FAIL: gcc.c-torture/execute/pr70460.c -O2 execution test
FAIL: gcc.c-torture/execute/pr70460.c -Os execution test
FAIL: gcc.c-torture/execute/pr70460.c -O2 -flto -flto-partition=none execution test
FAIL: gcc.c-torture/execute/pr70460.c -O2 -flto execution test
FAIL: gcc.dg/20141029-1.c scan-rtl-dump-times final "mem/v(/.)*:HI" 4
FAIL: gcc.dg/Walloca-1.c (test for excess errors)
XPASS: gcc.dg/Wtype-limits-Wextra.c (test for excess errors)
FAIL: gcc.dg/addr_equal-1.c execution test
FAIL: gcc.dg/builtin-object-size-16.c (test for excess errors)
UNRESOLVED: gcc.dg/builtin-object-size-16.c compilation failed to produce executable
FAIL: gcc.dg/builtin-object-size-17.c (test for excess errors)
UNRESOLVED: gcc.dg/builtin-object-size-17.c scan-tree-dump-not ssa "failure_on_line"
XPASS: gcc.dg/builtin-return-1.c execution test
FAIL: gcc.dg/builtins-32.c (test for excess errors)
UNRESOLVED: gcc.dg/builtins-32.c compilation failed to produce executable
FAIL: gcc.dg/fold-convmaxconv-1.c scan-tree-dump-not optimized " = MAX_EXPR <x_[0-9]*"
FAIL: gcc.dg/fold-convminconv-1.c scan-tree-dump-not optimized " = MIN_EXPR <x_[0-9]*"
FAIL: gcc.dg/ifcvt-4.c scan-rtl-dump ce1 "2 true changes made"
FAIL: gcc.dg/loop-split.c execution test
XPASS: gcc.dg/memcpy-1.c scan-tree-dump-times optimized "nasty_local\\\\." 0
FAIL: gcc.dg/pr35691-1.c scan-tree-dump forwprop1 "gimple_simplified to _[0-9]* = \\\\(int\\\\) z1_[0-9]*\\\\(D\\\\);"
FAIL: gcc.dg/pr35691-2.c scan-tree-dump forwprop1 "gimple_simplified to _[0-9]* = \\\\(int\\\\) z1_[0-9]*\\\\(D\\\\);"
FAIL: gcc.dg/pr43419.c (test for excess errors)
UNRESOLVED: gcc.dg/pr43419.c compilation failed to produce executable
FAIL: gcc.dg/pr63387-2.c scan-tree-dump-not optimized "ccc[^\\n\\r]* ord ddd"
FAIL: gcc.dg/pr63387.c scan-tree-dump-not optimized "ccc[^\\n\\r]* unord ddd"
FAIL: gcc.dg/pr64277.c scan-tree-dump cunroll "loop with 5 iterations completely unrolled"
FAIL: gcc.dg/pr64277.c scan-tree-dump cunroll "loop with 6 iterations completely unrolled"
FAIL: gcc.dg/pr67786.c output pattern test, is , should match 15
FAIL: gcc.dg/stack-layout-dynamic-1.c (internal compiler error)
FAIL: gcc.dg/stack-layout-dynamic-1.c (test for excess errors)
UNRESOLVED: gcc.dg/stack-layout-dynamic-1.c scan-assembler-not cfi_def_cfa_register
FAIL: gcc.dg/store_merging_1.c scan-tree-dump-times store-merging "Merging successful" 2
FAIL: gcc.dg/store_merging_2.c (test for excess errors)
FAIL: gcc.dg/store_merging_2.c execution test
FAIL: gcc.dg/store_merging_2.c scan-tree-dump-times store-merging "Merging successful" 2
FAIL: gcc.dg/store_merging_4.c (test for excess errors)
FAIL: gcc.dg/store_merging_4.c scan-tree-dump-times store-merging "Merging successful" 2
FAIL: gcc.dg/store_merging_5.c scan-tree-dump-times store-merging "Merging successful" 1
FAIL: gcc.dg/store_merging_5.c scan-tree-dump-times store-merging "MEM\\\\[.*\\\\]" 1
FAIL: gcc.dg/store_merging_7.c scan-tree-dump-times store-merging "Merging successful" 1
FAIL: gcc.dg/store_merging_8.c scan-tree-dump-times store-merging "Merging successful" 2
XPASS: gcc.dg/strlenopt-8.c scan-tree-dump-times strlen "strlen \\\\(" 0
FAIL: gcc.dg/strlenopt-8.c scan-tree-dump-times strlen "memcpy \\\\(" 2
FAIL: gcc.dg/uninit-19.c (test for warnings, line 13)
FAIL: gcc.dg/uninit-19.c (test for excess errors)
FAIL: c-c++-common/Wlogical-op-1.c -Wc++-compat (test for excess errors)
FAIL: c-c++-common/builtin-shuffle-1.c -Wc++-compat execution test
FAIL: c-c++-common/pr27336.c -Wc++-compat scan-tree-dump vrp1 "return 1;"
FAIL: gcc.dg/lto/20081120-1 c_lto_20081120-1_0.o-c_lto_20081120-1_1.o link, -flto -r -nostdlib
UNRESOLVED: gcc.dg/lto/20081120-1 c_lto_20081120-1_0.o-c_lto_20081120-1_1.o execute -flto -r -nostdlib
FAIL: gcc.dg/lto/20081120-2 c_lto_20081120-2_0.o-c_lto_20081120-2_1.o link, -flto -flto-partition=1to1 -r -nostdlib
UNRESOLVED: gcc.dg/lto/20081120-2 c_lto_20081120-2_0.o-c_lto_20081120-2_1.o execute -flto -flto-partition=1to1 -r -nostdlib
FAIL: gcc.dg/lto/20081212-1 c_lto_20081212-1_0.o-c_lto_20081212-1_0.o link, -r -nostdlib
UNRESOLVED: gcc.dg/lto/20081212-1 c_lto_20081212-1_0.o-c_lto_20081212-1_0.o execute -r -nostdlib
FAIL: scan-symbol exported_var: dump file does not exist
FAIL: gcc.dg/lto/20090126-1 c_lto_20090126-1_0.o-c_lto_20090126-1_0.o link, -O0 -flto -flto-partition=1to1
UNRESOLVED: gcc.dg/lto/20090126-1 c_lto_20090126-1_0.o-c_lto_20090126-1_0.o execute -O0 -flto -flto-partition=1to1
FAIL: gcc.dg/lto/20091027-1 c_lto_20091027-1_0.o-c_lto_20091027-1_1.o link, -O0 -flto -flto-partition=none
UNRESOLVED: gcc.dg/lto/20091027-1 c_lto_20091027-1_0.o-c_lto_20091027-1_1.o execute -O0 -flto -flto-partition=none
FAIL: gcc.dg/lto/20091027-1 c_lto_20091027-1_0.o-c_lto_20091027-1_1.o link, -O2 -flto -flto-partition=none
UNRESOLVED: gcc.dg/lto/20091027-1 c_lto_20091027-1_0.o-c_lto_20091027-1_1.o execute -O2 -flto -flto-partition=none
FAIL: gcc.dg/lto/20091027-1 c_lto_20091027-1_0.o-c_lto_20091027-1_1.o link, -O0 -flto -flto-partition=1to1
UNRESOLVED: gcc.dg/lto/20091027-1 c_lto_20091027-1_0.o-c_lto_20091027-1_1.o execute -O0 -flto -flto-partition=1to1
FAIL: gcc.dg/lto/20091027-1 c_lto_20091027-1_0.o-c_lto_20091027-1_1.o link, -O2 -flto -flto-partition=1to1
UNRESOLVED: gcc.dg/lto/20091027-1 c_lto_20091027-1_0.o-c_lto_20091027-1_1.o execute -O2 -flto -flto-partition=1to1
FAIL: gcc.dg/lto/20091027-1 c_lto_20091027-1_0.o-c_lto_20091027-1_1.o link, -O0 -flto
UNRESOLVED: gcc.dg/lto/20091027-1 c_lto_20091027-1_0.o-c_lto_20091027-1_1.o execute -O0 -flto
FAIL: gcc.dg/lto/20091027-1 c_lto_20091027-1_0.o-c_lto_20091027-1_1.o link, -O2 -flto
UNRESOLVED: gcc.dg/lto/20091027-1 c_lto_20091027-1_0.o-c_lto_20091027-1_1.o execute -O2 -flto
FAIL: gcc.dg/lto/20100426 c_lto_20100426_0.o-c_lto_20100426_0.o link, -r -nostdlib -flto -g
UNRESOLVED: gcc.dg/lto/20100426 c_lto_20100426_0.o-c_lto_20100426_0.o execute -r -nostdlib -flto -g
FAIL: gcc.dg/lto/20100430-1 c_lto_20100430-1_0.o-c_lto_20100430-1_0.o link, -O2 -fprofile-arcs -flto -r -nostdlib
UNRESOLVED: gcc.dg/lto/20100430-1 c_lto_20100430-1_0.o-c_lto_20100430-1_0.o execute -O2 -fprofile-arcs -flto -r -nostdlib
FAIL: gcc.dg/lto/20100603-1 c_lto_20100603-1_0.o-c_lto_20100603-1_0.o link, -O0 -flto -flto-partition=none
UNRESOLVED: gcc.dg/lto/20100603-1 c_lto_20100603-1_0.o-c_lto_20100603-1_0.o execute -O0 -flto -flto-partition=none
FAIL: gcc.dg/lto/20100603-1 c_lto_20100603-1_0.o-c_lto_20100603-1_0.o link, -O2 -flto -flto-partition=none
UNRESOLVED: gcc.dg/lto/20100603-1 c_lto_20100603-1_0.o-c_lto_20100603-1_0.o execute -O2 -flto -flto-partition=none
FAIL: gcc.dg/lto/20100603-1 c_lto_20100603-1_0.o-c_lto_20100603-1_0.o link, -O0 -flto -flto-partition=1to1
UNRESOLVED: gcc.dg/lto/20100603-1 c_lto_20100603-1_0.o-c_lto_20100603-1_0.o execute -O0 -flto -flto-partition=1to1
FAIL: gcc.dg/lto/20100603-1 c_lto_20100603-1_0.o-c_lto_20100603-1_0.o link, -O2 -flto -flto-partition=1to1
UNRESOLVED: gcc.dg/lto/20100603-1 c_lto_20100603-1_0.o-c_lto_20100603-1_0.o execute -O2 -flto -flto-partition=1to1
FAIL: gcc.dg/lto/20100603-1 c_lto_20100603-1_0.o-c_lto_20100603-1_0.o link, -O0 -flto
UNRESOLVED: gcc.dg/lto/20100603-1 c_lto_20100603-1_0.o-c_lto_20100603-1_0.o execute -O0 -flto
FAIL: gcc.dg/lto/20100603-1 c_lto_20100603-1_0.o-c_lto_20100603-1_0.o link, -O2 -flto
UNRESOLVED: gcc.dg/lto/20100603-1 c_lto_20100603-1_0.o-c_lto_20100603-1_0.o execute -O2 -flto
FAIL: gcc.dg/lto/20100603-2 c_lto_20100603-2_0.o-c_lto_20100603-2_0.o link, -O0 -flto -flto-partition=none
UNRESOLVED: gcc.dg/lto/20100603-2 c_lto_20100603-2_0.o-c_lto_20100603-2_0.o execute -O0 -flto -flto-partition=none
FAIL: gcc.dg/lto/20100603-2 c_lto_20100603-2_0.o-c_lto_20100603-2_0.o link, -O2 -flto -flto-partition=none
UNRESOLVED: gcc.dg/lto/20100603-2 c_lto_20100603-2_0.o-c_lto_20100603-2_0.o execute -O2 -flto -flto-partition=none
FAIL: gcc.dg/lto/20100603-2 c_lto_20100603-2_0.o-c_lto_20100603-2_0.o link, -O0 -flto -flto-partition=1to1
UNRESOLVED: gcc.dg/lto/20100603-2 c_lto_20100603-2_0.o-c_lto_20100603-2_0.o execute -O0 -flto -flto-partition=1to1
FAIL: gcc.dg/lto/20100603-2 c_lto_20100603-2_0.o-c_lto_20100603-2_0.o link, -O2 -flto -flto-partition=1to1
UNRESOLVED: gcc.dg/lto/20100603-2 c_lto_20100603-2_0.o-c_lto_20100603-2_0.o execute -O2 -flto -flto-partition=1to1
FAIL: gcc.dg/lto/20100603-2 c_lto_20100603-2_0.o-c_lto_20100603-2_0.o link, -O0 -flto
UNRESOLVED: gcc.dg/lto/20100603-2 c_lto_20100603-2_0.o-c_lto_20100603-2_0.o execute -O0 -flto
FAIL: gcc.dg/lto/20100603-2 c_lto_20100603-2_0.o-c_lto_20100603-2_0.o link, -O2 -flto
UNRESOLVED: gcc.dg/lto/20100603-2 c_lto_20100603-2_0.o-c_lto_20100603-2_0.o execute -O2 -flto
FAIL: gcc.dg/lto/20100603-3 c_lto_20100603-3_0.o-c_lto_20100603-3_0.o link, -O0 -flto -flto-partition=none
UNRESOLVED: gcc.dg/lto/20100603-3 c_lto_20100603-3_0.o-c_lto_20100603-3_0.o execute -O0 -flto -flto-partition=none
FAIL: gcc.dg/lto/20100603-3 c_lto_20100603-3_0.o-c_lto_20100603-3_0.o link, -O2 -flto -flto-partition=none
UNRESOLVED: gcc.dg/lto/20100603-3 c_lto_20100603-3_0.o-c_lto_20100603-3_0.o execute -O2 -flto -flto-partition=none
FAIL: gcc.dg/lto/20100603-3 c_lto_20100603-3_0.o-c_lto_20100603-3_0.o link, -O0 -flto -flto-partition=1to1
UNRESOLVED: gcc.dg/lto/20100603-3 c_lto_20100603-3_0.o-c_lto_20100603-3_0.o execute -O0 -flto -flto-partition=1to1
FAIL: gcc.dg/lto/20100603-3 c_lto_20100603-3_0.o-c_lto_20100603-3_0.o link, -O2 -flto -flto-partition=1to1
UNRESOLVED: gcc.dg/lto/20100603-3 c_lto_20100603-3_0.o-c_lto_20100603-3_0.o execute -O2 -flto -flto-partition=1to1
FAIL: gcc.dg/lto/20100603-3 c_lto_20100603-3_0.o-c_lto_20100603-3_0.o link, -O0 -flto
UNRESOLVED: gcc.dg/lto/20100603-3 c_lto_20100603-3_0.o-c_lto_20100603-3_0.o execute -O0 -flto
FAIL: gcc.dg/lto/20100603-3 c_lto_20100603-3_0.o-c_lto_20100603-3_0.o link, -O2 -flto
UNRESOLVED: gcc.dg/lto/20100603-3 c_lto_20100603-3_0.o-c_lto_20100603-3_0.o execute -O2 -flto
FAIL: gcc.dg/lto/20111213-1 c_lto_20111213-1_0.o-c_lto_20111213-1_0.o link, -flto -g
UNRESOLVED: gcc.dg/lto/20111213-1 c_lto_20111213-1_0.o-c_lto_20111213-1_0.o execute -flto -g
FAIL: gcc.dg/lto/pr45736 c_lto_pr45736_0.o-c_lto_pr45736_0.o link, -flto -r -nostdlib -O
UNRESOLVED: gcc.dg/lto/pr45736 c_lto_pr45736_0.o-c_lto_pr45736_0.o execute -flto -r -nostdlib -O
FAIL: gcc.dg/lto/pr54702 c_lto_pr54702_0.o-c_lto_pr54702_1.o link, -O2 -flto -w
UNRESOLVED: gcc.dg/lto/pr54702 c_lto_pr54702_0.o-c_lto_pr54702_1.o execute -O2 -flto -w
FAIL: gcc.dg/lto/pr59323-2 c_lto_pr59323-2_0.o-c_lto_pr59323-2_0.o link, -O2 -g -flto
UNRESOLVED: gcc.dg/lto/pr59323-2 c_lto_pr59323-2_0.o-c_lto_pr59323-2_0.o execute -O2 -g -flto
FAIL: gcc.dg/lto/pr59323 c_lto_pr59323_0.o-c_lto_pr59323_0.o link, -O2 -g -flto
UNRESOLVED: gcc.dg/lto/pr59323 c_lto_pr59323_0.o-c_lto_pr59323_0.o execute -O2 -g -flto
FAIL: gcc.dg/lto/pr60820 c_lto_pr60820_0.o-c_lto_pr60820_1.o link, -flto -r -nostdlib -O2
UNRESOLVED: gcc.dg/lto/pr60820 c_lto_pr60820_0.o-c_lto_pr60820_1.o execute -flto -r -nostdlib -O2
FAIL: c-c++-common/torture/builtin-arith-overflow-14.c -O0 (test for excess errors)
UNRESOLVED: c-c++-common/torture/builtin-arith-overflow-14.c -O0 compilation failed to produce executable
FAIL: c-c++-common/torture/builtin-arith-overflow-14.c -O2 (test for excess errors)
UNRESOLVED: c-c++-common/torture/builtin-arith-overflow-14.c -O2 compilation failed to produce executable
FAIL: c-c++-common/torture/builtin-arith-overflow-14.c -O2 -flto -flto-partition=none (test for excess errors)
UNRESOLVED: c-c++-common/torture/builtin-arith-overflow-14.c -O2 -flto -flto-partition=none compilation failed to produce executable
FAIL: c-c++-common/torture/builtin-arith-overflow-14.c -O2 -flto (test for excess errors)
UNRESOLVED: c-c++-common/torture/builtin-arith-overflow-14.c -O2 -flto compilation failed to produce executable
FAIL: c-c++-common/torture/builtin-arith-overflow-3.c -O0 (test for excess errors)
UNRESOLVED: c-c++-common/torture/builtin-arith-overflow-3.c -O0 compilation failed to produce executable
FAIL: c-c++-common/torture/builtin-arith-overflow-p-14.c -O0 (test for excess errors)
UNRESOLVED: c-c++-common/torture/builtin-arith-overflow-p-14.c -O0 compilation failed to produce executable
FAIL: c-c++-common/torture/builtin-arith-overflow-p-3.c -O0 (test for excess errors)
UNRESOLVED: c-c++-common/torture/builtin-arith-overflow-p-3.c -O0 compilation failed to produce executable
FAIL: gcc.dg/torture/pr68955.c -O0 output pattern test, is , should match ONE1ONE
FAIL: gcc.dg/torture/pr68955.c -O1 output pattern test, is , should match ONE1ONE
FAIL: gcc.dg/torture/pr68955.c -O2 output pattern test, is , should match ONE1ONE
FAIL: gcc.dg/torture/pr68955.c -O3 -fomit-frame-pointer -funroll-loops -fpeel-loops -ftracer -finline-functions output pattern test, is , should match ONE1ONE
FAIL: gcc.dg/torture/pr68955.c -O3 -g output pattern test, is , should match ONE1ONE
FAIL: gcc.dg/torture/pr68955.c -Os output pattern test, is , should match ONE1ONE
FAIL: gcc.dg/torture/pr68955.c -O2 -flto -flto-partition=none output pattern test, is , should match ONE1ONE
FAIL: gcc.dg/torture/pr68955.c -O2 -flto output pattern test, is , should match ONE1ONE
XPASS: gcc.dg/tree-ssa/20040204-1.c scan-tree-dump-times optimized "link_error" 0
FAIL: gcc.dg/tree-ssa/alias-32.c scan-tree-dump-times cddce1 "\\\\*[^ ]" 1
FAIL: gcc.dg/tree-ssa/builtin-sprintf-warn-3.c (test for warnings, line 218)
FAIL: gcc.dg/tree-ssa/builtin-sprintf-warn-3.c (test for warnings, line 224)
FAIL: gcc.dg/tree-ssa/builtin-sprintf-warn-3.c (test for warnings, line 225)
FAIL: gcc.dg/tree-ssa/builtin-sprintf-warn-3.c (test for warnings, line 228)
FAIL: gcc.dg/tree-ssa/builtin-sprintf-warn-3.c (test for warnings, line 233)
FAIL: gcc.dg/tree-ssa/builtin-sprintf-warn-3.c (test for excess errors)
FAIL: gcc.dg/tree-ssa/builtin-sprintf-warn-6.c (test for excess errors)
FAIL: gcc.dg/tree-ssa/builtin-sprintf.c (test for excess errors)
UNRESOLVED: gcc.dg/tree-ssa/builtin-sprintf.c compilation failed to produce executable
FAIL: gcc.dg/tree-ssa/cunroll-13.c scan-tree-dump-times cunroll "Loop 1 iterates 123454 times" 1
FAIL: gcc.dg/tree-ssa/cunroll-13.c scan-tree-dump-times cunroll "Exit condition of peeled iterations was eliminated" 1
FAIL: gcc.dg/tree-ssa/overflow-1.c scan-tree-dump optimized "a_[0-9]+.D. > 4294967263;"
FAIL: gcc.dg/tree-ssa/pr65136.c (test for excess errors)
FAIL: gcc.dg/tree-ssa/pr66449.c (test for excess errors)
FAIL: gcc.dg/tree-ssa/pr66726.c scan-tree-dump-times phiopt1 "factor conversion out" 1
FAIL: gcc.dg/tree-ssa/pr68529-3.c (test for excess errors)
UNRESOLVED: gcc.dg/tree-ssa/pr68529-3.c scan-tree-dump-times ldist "failed: evolution of offset is not affine" 3
FAIL: gcc.dg/tree-ssa/pr69270-3.c scan-tree-dump-times uncprop1 ", 1" 4
FAIL: gcc.dg/tree-ssa/pr70919.c (test for excess errors)
UNRESOLVED: gcc.dg/tree-ssa/pr70919.c compilation failed to produce executable
FAIL: gcc.dg/tree-ssa/pr71408.c (test for excess errors)
UNRESOLVED: gcc.dg/tree-ssa/pr71408.c compilation failed to produce executable
FAIL: gcc.dg/tree-ssa/scev-3.c scan-tree-dump-times optimized "&a" 1
FAIL: gcc.dg/tree-ssa/scev-4.c scan-tree-dump-times optimized "&a" 1
FAIL: gcc.dg/tree-ssa/scev-5.c scan-tree-dump-times optimized "&a" 1
FAIL: gcc.dg/tree-ssa/scev-8.c scan-tree-dump-not ivopts " Type:\\\\tADDRESS\\n Use [0-9].[0-9]:"
FAIL: gcc.dg/tree-ssa/sra-20.c (test for excess errors)
FAIL: gcc.dg/tree-ssa/ssa-dom-thread-8.c (test for excess errors)
XPASS: gcc.dg/tree-ssa/ssa-fre-26.c scan-tree-dump fre1 "Replaced u.i with 0 in"
FAIL: gcc.dg/tree-ssa/ssa-hoist-4.c scan-tree-dump-times optimized "= \\\\*" 2
FAIL: gcc.dg/tree-ssa/ssa-hoist-4.c scan-tree-dump-times optimized "MAX_EXPR" 1
FAIL: gcc.dg/tree-ssa/ssa-sink-11.c scan-tree-dump optimized "MEM\\\\[.* \\\\+ 252B\\\\]"
FAIL: gcc.dg/tree-ssa/ssa-sink-12.c scan-tree-dump optimized "MEM\\\\[.* \\\\+ 252B\\\\]"
FAIL: gcc.dg/tree-ssa/vrp111.c scan-tree-dump-not evrp "abort"
FAIL: gcc.target/avr/pr58545.c (test for excess errors)
FAIL: gcc.target/avr/pr71676-3.c (test for excess errors)
UNRESOLVED: gcc.target/avr/pr71676-3.c compilation failed to produce executable
FAIL: gcc.target/avr/tiny-caller-save.c (test for excess errors)
FAIL: gcc.target/avr/tiny-memx.c (test for errors, line 4)
FAIL: gcc.target/avr/tiny-memx.c (test for excess errors)
FAIL: gcc.target/avr/torture/builtins-3-absfx.c -Os -flto (test for excess errors)
FAIL: gcc.target/avr/torture/builtins-5-countlsfx.c -Os -flto (test for excess errors)
=== gcc Summary for atmega128-sim/-mrelax ===
# of expected passes 81464
# of unexpected failures 131
# of unexpected successes 6
# of expected failures 118
# of unresolved testcases 53
# of untested testcases 3
# of unsupported tests 3629
Running target atmega128-sim
FAIL: gcc.c-torture/execute/pr70460.c -O0 execution test
FAIL: gcc.c-torture/execute/pr70460.c -O1 execution test
FAIL: gcc.c-torture/execute/pr70460.c -O2 execution test
FAIL: gcc.c-torture/execute/pr70460.c -Os execution test
FAIL: gcc.c-torture/execute/pr70460.c -O2 -flto -flto-partition=none execution test
FAIL: gcc.c-torture/execute/pr70460.c -O2 -flto execution test
FAIL: gcc.dg/20141029-1.c scan-rtl-dump-times final "mem/v(/.)*:HI" 4
FAIL: gcc.dg/Walloca-1.c (test for excess errors)
XPASS: gcc.dg/Wtype-limits-Wextra.c (test for excess errors)
FAIL: gcc.dg/addr_equal-1.c execution test
FAIL: gcc.dg/builtin-object-size-16.c (test for excess errors)
UNRESOLVED: gcc.dg/builtin-object-size-16.c compilation failed to produce executable
FAIL: gcc.dg/builtin-object-size-17.c (test for excess errors)
UNRESOLVED: gcc.dg/builtin-object-size-17.c scan-tree-dump-not ssa "failure_on_line"
XPASS: gcc.dg/builtin-return-1.c execution test
FAIL: gcc.dg/builtins-32.c (test for excess errors)
UNRESOLVED: gcc.dg/builtins-32.c compilation failed to produce executable
FAIL: gcc.dg/fold-convmaxconv-1.c scan-tree-dump-not optimized " = MAX_EXPR <x_[0-9]*"
FAIL: gcc.dg/fold-convminconv-1.c scan-tree-dump-not optimized " = MIN_EXPR <x_[0-9]*"
FAIL: gcc.dg/ifcvt-4.c scan-rtl-dump ce1 "2 true changes made"
FAIL: gcc.dg/loop-split.c execution test
XPASS: gcc.dg/memcpy-1.c scan-tree-dump-times optimized "nasty_local\\\\." 0
FAIL: gcc.dg/pr35691-1.c scan-tree-dump forwprop1 "gimple_simplified to _[0-9]* = \\\\(int\\\\) z1_[0-9]*\\\\(D\\\\);"
FAIL: gcc.dg/pr35691-2.c scan-tree-dump forwprop1 "gimple_simplified to _[0-9]* = \\\\(int\\\\) z1_[0-9]*\\\\(D\\\\);"
FAIL: gcc.dg/pr43419.c (test for excess errors)
UNRESOLVED: gcc.dg/pr43419.c compilation failed to produce executable
FAIL: gcc.dg/pr63387-2.c scan-tree-dump-not optimized "ccc[^\\n\\r]* ord ddd"
FAIL: gcc.dg/pr63387.c scan-tree-dump-not optimized "ccc[^\\n\\r]* unord ddd"
FAIL: gcc.dg/pr64277.c scan-tree-dump cunroll "loop with 5 iterations completely unrolled"
FAIL: gcc.dg/pr64277.c scan-tree-dump cunroll "loop with 6 iterations completely unrolled"
FAIL: gcc.dg/pr67786.c output pattern test, is , should match 15
FAIL: gcc.dg/stack-layout-dynamic-1.c (internal compiler error)
FAIL: gcc.dg/stack-layout-dynamic-1.c (test for excess errors)
UNRESOLVED: gcc.dg/stack-layout-dynamic-1.c scan-assembler-not cfi_def_cfa_register
FAIL: gcc.dg/store_merging_1.c scan-tree-dump-times store-merging "Merging successful" 2
FAIL: gcc.dg/store_merging_2.c (test for excess errors)
FAIL: gcc.dg/store_merging_2.c execution test
FAIL: gcc.dg/store_merging_2.c scan-tree-dump-times store-merging "Merging successful" 2
FAIL: gcc.dg/store_merging_4.c (test for excess errors)
FAIL: gcc.dg/store_merging_4.c scan-tree-dump-times store-merging "Merging successful" 2
FAIL: gcc.dg/store_merging_5.c scan-tree-dump-times store-merging "Merging successful" 1
FAIL: gcc.dg/store_merging_5.c scan-tree-dump-times store-merging "MEM\\\\[.*\\\\]" 1
FAIL: gcc.dg/store_merging_7.c scan-tree-dump-times store-merging "Merging successful" 1
FAIL: gcc.dg/store_merging_8.c scan-tree-dump-times store-merging "Merging successful" 2
XPASS: gcc.dg/strlenopt-8.c scan-tree-dump-times strlen "strlen \\\\(" 0
FAIL: gcc.dg/strlenopt-8.c scan-tree-dump-times strlen "memcpy \\\\(" 2
FAIL: gcc.dg/uninit-19.c (test for warnings, line 13)
FAIL: gcc.dg/uninit-19.c (test for excess errors)
FAIL: c-c++-common/Wlogical-op-1.c -Wc++-compat (test for excess errors)
FAIL: c-c++-common/builtin-shuffle-1.c -Wc++-compat execution test
FAIL: c-c++-common/pr27336.c -Wc++-compat scan-tree-dump vrp1 "return 1;"
FAIL: c-c++-common/torture/builtin-arith-overflow-13.c -O0 (test for excess errors)
UNRESOLVED: c-c++-common/torture/builtin-arith-overflow-13.c -O0 compilation failed to produce executable
FAIL: c-c++-common/torture/builtin-arith-overflow-14.c -O0 (test for excess errors)
UNRESOLVED: c-c++-common/torture/builtin-arith-overflow-14.c -O0 compilation failed to produce executable
FAIL: c-c++-common/torture/builtin-arith-overflow-14.c -O2 (test for excess errors)
UNRESOLVED: c-c++-common/torture/builtin-arith-overflow-14.c -O2 compilation failed to produce executable
FAIL: c-c++-common/torture/builtin-arith-overflow-14.c -O2 -flto -flto-partition=none (test for excess errors)
UNRESOLVED: c-c++-common/torture/builtin-arith-overflow-14.c -O2 -flto -flto-partition=none compilation failed to produce executable
FAIL: c-c++-common/torture/builtin-arith-overflow-14.c -O2 -flto (test for excess errors)
UNRESOLVED: c-c++-common/torture/builtin-arith-overflow-14.c -O2 -flto compilation failed to produce executable
FAIL: c-c++-common/torture/builtin-arith-overflow-3.c -O0 (test for excess errors)
UNRESOLVED: c-c++-common/torture/builtin-arith-overflow-3.c -O0 compilation failed to produce executable
FAIL: c-c++-common/torture/builtin-arith-overflow-p-14.c -O0 (test for excess errors)
UNRESOLVED: c-c++-common/torture/builtin-arith-overflow-p-14.c -O0 compilation failed to produce executable
FAIL: c-c++-common/torture/builtin-arith-overflow-p-3.c -O0 (test for excess errors)
UNRESOLVED: c-c++-common/torture/builtin-arith-overflow-p-3.c -O0 compilation failed to produce executable
FAIL: gcc.dg/torture/pr68955.c -O0 output pattern test, is , should match ONE1ONE
FAIL: gcc.dg/torture/pr68955.c -O1 output pattern test, is , should match ONE1ONE
FAIL: gcc.dg/torture/pr68955.c -O2 output pattern test, is , should match ONE1ONE
FAIL: gcc.dg/torture/pr68955.c -O3 -fomit-frame-pointer -funroll-loops -fpeel-loops -ftracer -finline-functions output pattern test, is , should match ONE1ONE
FAIL: gcc.dg/torture/pr68955.c -O3 -g output pattern test, is , should match ONE1ONE
FAIL: gcc.dg/torture/pr68955.c -Os output pattern test, is , should match ONE1ONE
FAIL: gcc.dg/torture/pr68955.c -O2 -flto -flto-partition=none output pattern test, is , should match ONE1ONE
FAIL: gcc.dg/torture/pr68955.c -O2 -flto output pattern test, is , should match ONE1ONE
XPASS: gcc.dg/tree-ssa/20040204-1.c scan-tree-dump-times optimized "link_error" 0
FAIL: gcc.dg/tree-ssa/alias-32.c scan-tree-dump-times cddce1 "\\\\*[^ ]" 1
FAIL: gcc.dg/tree-ssa/builtin-sprintf-warn-3.c (test for warnings, line 218)
FAIL: gcc.dg/tree-ssa/builtin-sprintf-warn-3.c (test for warnings, line 224)
FAIL: gcc.dg/tree-ssa/builtin-sprintf-warn-3.c (test for warnings, line 225)
FAIL: gcc.dg/tree-ssa/builtin-sprintf-warn-3.c (test for warnings, line 228)
FAIL: gcc.dg/tree-ssa/builtin-sprintf-warn-3.c (test for warnings, line 233)
FAIL: gcc.dg/tree-ssa/builtin-sprintf-warn-3.c (test for excess errors)
FAIL: gcc.dg/tree-ssa/builtin-sprintf-warn-6.c (test for excess errors)
FAIL: gcc.dg/tree-ssa/builtin-sprintf.c (test for excess errors)
UNRESOLVED: gcc.dg/tree-ssa/builtin-sprintf.c compilation failed to produce executable
FAIL: gcc.dg/tree-ssa/cunroll-13.c scan-tree-dump-times cunroll "Loop 1 iterates 123454 times" 1
FAIL: gcc.dg/tree-ssa/cunroll-13.c scan-tree-dump-times cunroll "Exit condition of peeled iterations was eliminated" 1
FAIL: gcc.dg/tree-ssa/overflow-1.c scan-tree-dump optimized "a_[0-9]+.D. > 4294967263;"
FAIL: gcc.dg/tree-ssa/pr65136.c (test for excess errors)
FAIL: gcc.dg/tree-ssa/pr66449.c (test for excess errors)
FAIL: gcc.dg/tree-ssa/pr66726.c scan-tree-dump-times phiopt1 "factor conversion out" 1
FAIL: gcc.dg/tree-ssa/pr68529-3.c (test for excess errors)
UNRESOLVED: gcc.dg/tree-ssa/pr68529-3.c scan-tree-dump-times ldist "failed: evolution of offset is not affine" 3
FAIL: gcc.dg/tree-ssa/pr69270-3.c scan-tree-dump-times uncprop1 ", 1" 4
FAIL: gcc.dg/tree-ssa/pr70919.c (test for excess errors)
UNRESOLVED: gcc.dg/tree-ssa/pr70919.c compilation failed to produce executable
FAIL: gcc.dg/tree-ssa/pr71408.c (test for excess errors)
UNRESOLVED: gcc.dg/tree-ssa/pr71408.c compilation failed to produce executable
FAIL: gcc.dg/tree-ssa/scev-3.c scan-tree-dump-times optimized "&a" 1
FAIL: gcc.dg/tree-ssa/scev-4.c scan-tree-dump-times optimized "&a" 1
FAIL: gcc.dg/tree-ssa/scev-5.c scan-tree-dump-times optimized "&a" 1
FAIL: gcc.dg/tree-ssa/scev-8.c scan-tree-dump-not ivopts " Type:\\\\tADDRESS\\n Use [0-9].[0-9]:"
FAIL: gcc.dg/tree-ssa/sra-20.c (test for excess errors)
FAIL: gcc.dg/tree-ssa/ssa-dom-thread-8.c (test for excess errors)
XPASS: gcc.dg/tree-ssa/ssa-fre-26.c scan-tree-dump fre1 "Replaced u.i with 0 in"
FAIL: gcc.dg/tree-ssa/ssa-hoist-4.c scan-tree-dump-times optimized "= \\\\*" 2
FAIL: gcc.dg/tree-ssa/ssa-hoist-4.c scan-tree-dump-times optimized "MAX_EXPR" 1
FAIL: gcc.dg/tree-ssa/ssa-sink-11.c scan-tree-dump optimized "MEM\\\\[.* \\\\+ 252B\\\\]"
FAIL: gcc.dg/tree-ssa/ssa-sink-12.c scan-tree-dump optimized "MEM\\\\[.* \\\\+ 252B\\\\]"
FAIL: gcc.dg/tree-ssa/vrp111.c scan-tree-dump-not evrp "abort"
FAIL: gcc.target/avr/pr58545.c (test for excess errors)
FAIL: gcc.target/avr/tiny-caller-save.c (test for excess errors)
FAIL: gcc.target/avr/tiny-memx.c (test for errors, line 4)
FAIL: gcc.target/avr/tiny-memx.c (test for excess errors)
FAIL: gcc.target/avr/torture/builtins-3-absfx.c -Os -flto (test for excess errors)
FAIL: gcc.target/avr/torture/builtins-5-countlsfx.c -Os -flto (test for excess errors)
=== gcc Summary for atmega128-sim ===
# of expected passes 81501
# of unexpected failures 94
# of unexpected successes 6
# of expected failures 118
# of unresolved testcases 17
# of untested testcases 3
# of unsupported tests 3629
=== gcc Summary ===
# of expected passes 162965
# of unexpected failures 225
# of unexpected successes 12
# of expected failures 236
# of unresolved testcases 70
# of untested testcases 6
# of unsupported tests 7258
/home/toolsbuild/workspace/avr8-gnu-regression-test-mega-trunk/build-linux_x86_64/avr-gcc-full/gcc/xgcc version 7.0.0 20161107 (experimental) (AVR_8_bit_GNU_Toolchain_4.0.0_289)
Compiler version: 7.0.0 20161107 (experimental) (AVR_8_bit_GNU_Toolchain_4.0.0_289) gcc
Platform: avr-unknown-none
configure flags: LDFLAGS=-L/home/toolsbuild/workspace/avr8-gnu-regression-test-mega-trunk/avr8-gnu-regression-test-mega-trunk-linux_x86_64-hostlibs/lib CPPFLAGS= --target=avr --host=x86_64-pc-linux-gnu --build=x86_64-pc-linux-gnu --prefix=/home/toolsbuild/workspace/avr8-gnu-regression-test-mega-trunk/avr8-gnu-regression-test-mega-trunk-linux_x86_64 --libdir=/home/toolsbuild/workspace/avr8-gnu-regression-test-mega-trunk/avr8-gnu-regression-test-mega-trunk-linux_x86_64/lib --enable-languages=c,c++ --with-dwarf2 --enable-doc --disable-shared --disable-libada --disable-libssp --disable-nls --with-avrlibc=yes --with-mpfr=/home/toolsbuild/workspace/avr8-gnu-regression-test-mega-trunk/avr8-gnu-regression-test-mega-trunk-linux_x86_64-hostlibs --with-gmp=/home/toolsbuild/workspace/avr8-gnu-regression-test-mega-trunk/avr8-gnu-regression-test-mega-trunk-linux_x86_64-hostlibs --with-mpc=/home/toolsbuild/workspace/avr8-gnu-regression-test-mega-trunk/avr8-gnu-regression-test-mega-trunk-linux_x86_64-hostlibs --with-pkgversion=AVR_8_bit_GNU_Toolchain_4.0.0_289 --with-bugurl=http://www.atmel.com