This is the mail archive of the
gcc-testresults@gcc.gnu.org
mailing list for the GCC project.
Results for 7.0.0 20161101 (experimental) (GCC) (build config: asan; languages: all; trunk revision 241730) testsuite on x86_64-pc-linux-gnu
- From: Toon Moene <toon at moene dot org>
- To: gcc-testresults at gcc dot gnu dot org
- Date: Tue, 01 Nov 2016 07:51:10 +0100
- Subject: Results for 7.0.0 20161101 (experimental) (GCC) (build config: asan; languages: all; trunk revision 241730) testsuite on x86_64-pc-linux-gnu
- Authentication-results: sourceware.org; auth=none
LAST_UPDATED: Tue Nov 1 00:30:17 UTC 2016 (revision 241730)
Native configuration is x86_64-pc-linux-gnu
=== gcc tests ===
Running target unix
FAIL: gcc.c-torture/execute/20040705-1.c -O2 -flto -fno-use-linker-plugin -flto-partition=none (test for excess errors)
FAIL: gcc.c-torture/execute/builtin-bitops-1.c -O2 -flto -fno-use-linker-plugin -flto-partition=none (test for excess errors)
WARNING: program timed out
WARNING: program timed out
FAIL: c-c++-common/pr65040.c -Wc++-compat (test for warnings, line 16)
FAIL: c-c++-common/pr65040.c -Wc++-compat (test for warnings, line 18)
FAIL: c-c++-common/pr65040.c -Wc++-compat (test for warnings, line 20)
FAIL: c-c++-common/pr65040.c -Wc++-compat 2 blank line(s) in output
FAIL: c-c++-common/pr65040.c -Wc++-compat (test for excess errors)
FAIL: c-c++-common/pr68833-1.c -Wc++-compat (test for errors, line 12)
FAIL: c-c++-common/pr68833-1.c -Wc++-compat 2 blank line(s) in output
FAIL: c-c++-common/pr68833-1.c -Wc++-compat (test for excess errors)
FAIL: c-c++-common/pr68833-1.c -Wc++-compat detect noreturn candidate (test for errors, line 18)
FAIL: gcc.dg/pr64223-1.c (test for warnings, line 10)
FAIL: gcc.dg/pr64223-1.c (test for excess errors)
FAIL: gcc.dg/pr64223-1.c 2 blank line(s) in output
FAIL: gcc.dg/pr64223-2.c (test for warnings, line 11)
FAIL: gcc.dg/pr64223-2.c (test for excess errors)
FAIL: gcc.dg/pr64223-2.c 2 blank line(s) in output
FAIL: gcc.dg/pr65066.c (test for warnings, line 11)
FAIL: gcc.dg/pr65066.c (test for excess errors)
FAIL: gcc.dg/pr65066.c 2 blank line(s) in output
FAIL: gcc.dg/pr77862.c (test for excess errors)
FAIL: gcc.dg/pr77862.c 2 blank line(s) in output
FAIL: gcc.dg/redecl-4.c (test for errors, line 29)
FAIL: gcc.dg/redecl-4.c (test for warnings, line 18)
FAIL: gcc.dg/redecl-4.c (test for excess errors)
FAIL: gcc.dg/redecl-4.c 2 blank line(s) in output
FAIL: gcc.dg/format/attr-6.c (test for excess errors)
FAIL: gcc.dg/format/attr-6.c 2 blank line(s) in output
FAIL: gcc.dg/format/attr-6.c implicit scanf (test for warnings, line 20)
FAIL: gcc.dg/format/attr-6.c -DWIDE 2 blank line(s) in output
FAIL: gcc.dg/format/attr-6.c -DWIDE (test for excess errors)
FAIL: gcc.dg/format/attr-6.c -DWIDE implicit scanf (test for warnings, line 20)
FAIL: gcc.dg/format/bitfld-1.c (test for warnings, line 49)
FAIL: gcc.dg/format/bitfld-1.c (test for excess errors)
FAIL: gcc.dg/format/bitfld-1.c 2 blank line(s) in output
FAIL: gcc.dg/format/bitfld-1.c -DWIDE (test for warnings, line 49)
FAIL: gcc.dg/format/bitfld-1.c -DWIDE 2 blank line(s) in output
FAIL: gcc.dg/format/bitfld-1.c -DWIDE (test for excess errors)
FAIL: gcc.dg/format/branch-1.c (test for excess errors)
FAIL: gcc.dg/format/branch-1.c 2 blank line(s) in output
FAIL: gcc.dg/format/branch-1.c NULL extra args (test for warnings, line 26)
FAIL: gcc.dg/format/branch-1.c null format arg (test for warnings, line 26)
FAIL: gcc.dg/format/branch-1.c too many args in all branches (test for warnings, line 18)
FAIL: gcc.dg/format/branch-1.c wrong type (test for warnings, line 22)
FAIL: gcc.dg/format/branch-1.c wrong type (test for warnings, line 23)
FAIL: gcc.dg/format/branch-1.c wrong type (test for warnings, line 24)
FAIL: gcc.dg/format/branch-1.c wrong type in conditional expr (test for warnings, line 12)
FAIL: gcc.dg/format/branch-1.c wrong type in conditional expr (test for warnings, line 13)
FAIL: gcc.dg/format/branch-1.c wrong type in conditional expr (test for warnings, line 14)
FAIL: gcc.dg/format/branch-1.c wrong type in conditional expr (test for warnings, line 15)
FAIL: gcc.dg/format/branch-1.c -DWIDE 2 blank line(s) in output
FAIL: gcc.dg/format/branch-1.c -DWIDE (test for excess errors)
FAIL: gcc.dg/format/branch-1.c -DWIDE NULL extra args (test for warnings, line 26)
FAIL: gcc.dg/format/branch-1.c -DWIDE null format arg (test for warnings, line 26)
FAIL: gcc.dg/format/branch-1.c -DWIDE too many args in all branches (test for warnings, line 18)
FAIL: gcc.dg/format/branch-1.c -DWIDE wrong type (test for warnings, line 22)
FAIL: gcc.dg/format/branch-1.c -DWIDE wrong type (test for warnings, line 23)
FAIL: gcc.dg/format/branch-1.c -DWIDE wrong type (test for warnings, line 24)
FAIL: gcc.dg/format/branch-1.c -DWIDE wrong type in conditional expr (test for warnings, line 12)
FAIL: gcc.dg/format/branch-1.c -DWIDE wrong type in conditional expr (test for warnings, line 13)
FAIL: gcc.dg/format/branch-1.c -DWIDE wrong type in conditional expr (test for warnings, line 14)
FAIL: gcc.dg/format/branch-1.c -DWIDE wrong type in conditional expr (test for warnings, line 15)
FAIL: gcc.dg/format/builtin-1.c (test for excess errors)
FAIL: gcc.dg/format/builtin-1.c 2 blank line(s) in output
FAIL: gcc.dg/format/builtin-1.c __builtin_fprintf (test for warnings, line 14)
FAIL: gcc.dg/format/builtin-1.c __builtin_fprintf_unlocked (test for warnings, line 19)
FAIL: gcc.dg/format/builtin-1.c __builtin_printf (test for warnings, line 16)
FAIL: gcc.dg/format/builtin-1.c __builtin_printf_unlocked (test for warnings, line 21)
FAIL: gcc.dg/format/builtin-1.c -DWIDE 2 blank line(s) in output
FAIL: gcc.dg/format/builtin-1.c -DWIDE (test for excess errors)
FAIL: gcc.dg/format/builtin-1.c -DWIDE __builtin_fprintf (test for warnings, line 14)
FAIL: gcc.dg/format/builtin-1.c -DWIDE __builtin_fprintf_unlocked (test for warnings, line 19)
FAIL: gcc.dg/format/builtin-1.c -DWIDE __builtin_printf (test for warnings, line 16)
FAIL: gcc.dg/format/builtin-1.c -DWIDE __builtin_printf_unlocked (test for warnings, line 21)
FAIL: gcc.dg/format/c90-printf-3.c (test for excess errors)
FAIL: gcc.dg/format/c90-printf-3.c 2 blank line(s) in output
FAIL: gcc.dg/format/c90-printf-3.c fprintf (test for warnings, line 16)
FAIL: gcc.dg/format/c90-printf-3.c printf (test for warnings, line 18)
FAIL: gcc.dg/format/c90-printf-3.c sprintf (test for warnings, line 23)
FAIL: gcc.dg/format/c90-printf-3.c vfprintf (test for warnings, line 25)
FAIL: gcc.dg/format/c90-printf-3.c vprintf (test for warnings, line 27)
FAIL: gcc.dg/format/c90-printf-3.c vsprintf (test for warnings, line 31)
FAIL: gcc.dg/format/c90-printf-3.c -DWIDE 2 blank line(s) in output
FAIL: gcc.dg/format/c90-printf-3.c -DWIDE (test for excess errors)
FAIL: gcc.dg/format/c90-printf-3.c -DWIDE fprintf (test for warnings, line 16)
FAIL: gcc.dg/format/c90-printf-3.c -DWIDE printf (test for warnings, line 18)
FAIL: gcc.dg/format/c90-printf-3.c -DWIDE sprintf (test for warnings, line 23)
FAIL: gcc.dg/format/c90-printf-3.c -DWIDE vfprintf (test for warnings, line 25)
FAIL: gcc.dg/format/c90-printf-3.c -DWIDE vprintf (test for warnings, line 27)
FAIL: gcc.dg/format/c90-printf-3.c -DWIDE vsprintf (test for warnings, line 31)
FAIL: gcc.dg/format/c90-scanf-4.c (test for excess errors)
FAIL: gcc.dg/format/c90-scanf-4.c 2 blank line(s) in output
FAIL: gcc.dg/format/c90-scanf-4.c fscanf (test for warnings, line 16)
FAIL: gcc.dg/format/c90-scanf-4.c scanf (test for warnings, line 18)
FAIL: gcc.dg/format/c90-scanf-4.c sscanf (test for warnings, line 20)
FAIL: gcc.dg/format/c90-scanf-4.c -DWIDE 2 blank line(s) in output
FAIL: gcc.dg/format/c90-scanf-4.c -DWIDE (test for excess errors)
FAIL: gcc.dg/format/c90-scanf-4.c -DWIDE fscanf (test for warnings, line 16)
FAIL: gcc.dg/format/c90-scanf-4.c -DWIDE scanf (test for warnings, line 18)
FAIL: gcc.dg/format/c90-scanf-4.c -DWIDE sscanf (test for warnings, line 20)
FAIL: gcc.dg/format/c99-printf-3.c (test for excess errors)
FAIL: gcc.dg/format/c99-printf-3.c fprintf (test for warnings, line 15)
FAIL: gcc.dg/format/c99-printf-3.c printf (test for warnings, line 17)
FAIL: gcc.dg/format/c99-printf-3.c snprintf (test for warnings, line 24)
FAIL: gcc.dg/format/c99-printf-3.c sprintf (test for warnings, line 22)
FAIL: gcc.dg/format/c99-printf-3.c vfprintf (test for warnings, line 26)
FAIL: gcc.dg/format/c99-printf-3.c vprintf (test for warnings, line 28)
FAIL: gcc.dg/format/c99-printf-3.c vsnprintf (test for warnings, line 32)
FAIL: gcc.dg/format/c99-printf-3.c vsprintf (test for warnings, line 30)
FAIL: gcc.dg/format/c99-printf-3.c -DWIDE (test for excess errors)
FAIL: gcc.dg/format/c99-printf-3.c -DWIDE fprintf (test for warnings, line 15)
FAIL: gcc.dg/format/c99-printf-3.c -DWIDE printf (test for warnings, line 17)
FAIL: gcc.dg/format/c99-printf-3.c -DWIDE snprintf (test for warnings, line 24)
FAIL: gcc.dg/format/c99-printf-3.c -DWIDE sprintf (test for warnings, line 22)
FAIL: gcc.dg/format/c99-printf-3.c -DWIDE vfprintf (test for warnings, line 26)
FAIL: gcc.dg/format/c99-printf-3.c -DWIDE vprintf (test for warnings, line 28)
FAIL: gcc.dg/format/c99-printf-3.c -DWIDE vsnprintf (test for warnings, line 32)
FAIL: gcc.dg/format/c99-printf-3.c -DWIDE vsprintf (test for warnings, line 30)
FAIL: gcc.dg/format/c99-scanf-3.c (test for excess errors)
FAIL: gcc.dg/format/c99-scanf-3.c fscanf (test for warnings, line 15)
FAIL: gcc.dg/format/c99-scanf-3.c scanf (test for warnings, line 17)
FAIL: gcc.dg/format/c99-scanf-3.c sscanf (test for warnings, line 19)
FAIL: gcc.dg/format/c99-scanf-3.c vfscanf (test for warnings, line 21)
FAIL: gcc.dg/format/c99-scanf-3.c vscanf (test for warnings, line 23)
FAIL: gcc.dg/format/c99-scanf-3.c vsscanf (test for warnings, line 25)
FAIL: gcc.dg/format/c99-scanf-3.c -DWIDE (test for excess errors)
FAIL: gcc.dg/format/c99-scanf-3.c -DWIDE fscanf (test for warnings, line 15)
FAIL: gcc.dg/format/c99-scanf-3.c -DWIDE scanf (test for warnings, line 17)
FAIL: gcc.dg/format/c99-scanf-3.c -DWIDE sscanf (test for warnings, line 19)
FAIL: gcc.dg/format/c99-scanf-3.c -DWIDE vfscanf (test for warnings, line 21)
FAIL: gcc.dg/format/c99-scanf-3.c -DWIDE vscanf (test for warnings, line 23)
FAIL: gcc.dg/format/c99-scanf-3.c -DWIDE vsscanf (test for warnings, line 25)
FAIL: gcc.dg/format/cast-1.c (test for warnings, line 13)
FAIL: gcc.dg/format/cast-1.c (test for warnings, line 14)
FAIL: gcc.dg/format/cast-1.c (test for warnings, line 15)
FAIL: gcc.dg/format/cast-1.c (test for excess errors)
FAIL: gcc.dg/format/cast-1.c -DWIDE (test for warnings, line 13)
FAIL: gcc.dg/format/cast-1.c -DWIDE (test for warnings, line 14)
FAIL: gcc.dg/format/cast-1.c -DWIDE (test for warnings, line 15)
FAIL: gcc.dg/format/cast-1.c -DWIDE (test for excess errors)
FAIL: gcc.dg/format/diag-1.c (test for excess errors)
FAIL: gcc.dg/format/diag-1.c 2 blank line(s) in output
FAIL: gcc.dg/format/diag-1.c size_t format warning (test for warnings, line 17)
FAIL: gcc.dg/format/diag-1.c -DWIDE 2 blank line(s) in output
FAIL: gcc.dg/format/diag-1.c -DWIDE (test for excess errors)
FAIL: gcc.dg/format/diag-1.c -DWIDE size_t format warning (test for warnings, line 17)
FAIL: gcc.dg/format/diag-2.c (test for excess errors)
FAIL: gcc.dg/format/diag-2.c 2 blank line(s) in output
FAIL: gcc.dg/format/diag-2.c correct arg type (test for warnings, line 11)
FAIL: gcc.dg/format/diag-2.c correct arg type (test for warnings, line 12)
FAIL: gcc.dg/format/diag-2.c -DWIDE 2 blank line(s) in output
FAIL: gcc.dg/format/diag-2.c -DWIDE (test for excess errors)
FAIL: gcc.dg/format/diag-2.c -DWIDE correct arg type (test for warnings, line 11)
FAIL: gcc.dg/format/diag-2.c -DWIDE correct arg type (test for warnings, line 12)
FAIL: gcc.dg/format/ext-5.c (test for excess errors)
FAIL: gcc.dg/format/ext-5.c 2 blank line(s) in output
FAIL: gcc.dg/format/ext-5.c dcgettext (test for warnings, line 16)
FAIL: gcc.dg/format/ext-5.c dgettext (test for warnings, line 14)
FAIL: gcc.dg/format/ext-5.c gettext (test for warnings, line 12)
FAIL: gcc.dg/format/ext-5.c -DWIDE 2 blank line(s) in output
FAIL: gcc.dg/format/ext-5.c -DWIDE (test for excess errors)
FAIL: gcc.dg/format/ext-5.c -DWIDE dcgettext (test for warnings, line 16)
FAIL: gcc.dg/format/ext-5.c -DWIDE dgettext (test for warnings, line 14)
FAIL: gcc.dg/format/ext-5.c -DWIDE gettext (test for warnings, line 12)
FAIL: gcc.dg/format/ext-6.c (test for excess errors)
FAIL: gcc.dg/format/ext-6.c 2 blank line(s) in output
FAIL: gcc.dg/format/ext-6.c fprintf (test for warnings, line 16)
FAIL: gcc.dg/format/ext-6.c fprintf_unlocked (test for warnings, line 20)
FAIL: gcc.dg/format/ext-6.c fscanf (test for warnings, line 36)
FAIL: gcc.dg/format/ext-6.c printf (test for warnings, line 18)
FAIL: gcc.dg/format/ext-6.c printf_unlocked (test for warnings, line 22)
FAIL: gcc.dg/format/ext-6.c scanf (test for warnings, line 38)
FAIL: gcc.dg/format/ext-6.c snprintf (test for warnings, line 26)
FAIL: gcc.dg/format/ext-6.c sprintf (test for warnings, line 24)
FAIL: gcc.dg/format/ext-6.c sscanf (test for warnings, line 40)
FAIL: gcc.dg/format/ext-6.c vfprintf (test for warnings, line 28)
FAIL: gcc.dg/format/ext-6.c vfscanf (test for warnings, line 42)
FAIL: gcc.dg/format/ext-6.c vprintf (test for warnings, line 30)
FAIL: gcc.dg/format/ext-6.c vscanf (test for warnings, line 44)
FAIL: gcc.dg/format/ext-6.c vsnprintf (test for warnings, line 34)
FAIL: gcc.dg/format/ext-6.c vsprintf (test for warnings, line 32)
FAIL: gcc.dg/format/ext-6.c vsscanf (test for warnings, line 46)
FAIL: gcc.dg/format/ext-6.c -DWIDE 2 blank line(s) in output
FAIL: gcc.dg/format/ext-6.c -DWIDE (test for excess errors)
FAIL: gcc.dg/format/ext-6.c -DWIDE fprintf (test for warnings, line 16)
FAIL: gcc.dg/format/ext-6.c -DWIDE fprintf_unlocked (test for warnings, line 20)
FAIL: gcc.dg/format/ext-6.c -DWIDE fscanf (test for warnings, line 36)
FAIL: gcc.dg/format/ext-6.c -DWIDE printf (test for warnings, line 18)
FAIL: gcc.dg/format/ext-6.c -DWIDE printf_unlocked (test for warnings, line 22)
FAIL: gcc.dg/format/ext-6.c -DWIDE scanf (test for warnings, line 38)
FAIL: gcc.dg/format/ext-6.c -DWIDE snprintf (test for warnings, line 26)
FAIL: gcc.dg/format/ext-6.c -DWIDE sprintf (test for warnings, line 24)
FAIL: gcc.dg/format/ext-6.c -DWIDE sscanf (test for warnings, line 40)
FAIL: gcc.dg/format/ext-6.c -DWIDE vfprintf (test for warnings, line 28)
FAIL: gcc.dg/format/ext-6.c -DWIDE vfscanf (test for warnings, line 42)
FAIL: gcc.dg/format/ext-6.c -DWIDE vprintf (test for warnings, line 30)
FAIL: gcc.dg/format/ext-6.c -DWIDE vscanf (test for warnings, line 44)
FAIL: gcc.dg/format/ext-6.c -DWIDE vsnprintf (test for warnings, line 34)
FAIL: gcc.dg/format/ext-6.c -DWIDE vsprintf (test for warnings, line 32)
FAIL: gcc.dg/format/ext-6.c -DWIDE vsscanf (test for warnings, line 46)
FAIL: gcc.dg/format/ext-7.c (test for warnings, line 17)
FAIL: gcc.dg/format/ext-7.c (test for warnings, line 18)
FAIL: gcc.dg/format/ext-7.c (test for warnings, line 23)
FAIL: gcc.dg/format/ext-7.c (test for warnings, line 25)
FAIL: gcc.dg/format/ext-7.c (test for warnings, line 33)
FAIL: gcc.dg/format/ext-7.c (test for warnings, line 35)
FAIL: gcc.dg/format/ext-7.c (test for warnings, line 49)
FAIL: gcc.dg/format/ext-7.c (test for warnings, line 51)
FAIL: gcc.dg/format/ext-7.c (test for warnings, line 53)
FAIL: gcc.dg/format/ext-7.c (test for warnings, line 65)
FAIL: gcc.dg/format/ext-7.c (test for warnings, line 67)
FAIL: gcc.dg/format/ext-7.c (test for warnings, line 69)
FAIL: gcc.dg/format/ext-7.c (test for warnings, line 72)
FAIL: gcc.dg/format/ext-7.c (test for warnings, line 73)
FAIL: gcc.dg/format/ext-7.c (test for warnings, line 74)
FAIL: gcc.dg/format/ext-7.c (test for warnings, line 75)
FAIL: gcc.dg/format/ext-7.c (test for warnings, line 76)
FAIL: gcc.dg/format/ext-7.c (test for warnings, line 77)
FAIL: gcc.dg/format/ext-7.c (test for warnings, line 78)
FAIL: gcc.dg/format/ext-7.c (test for warnings, line 79)
FAIL: gcc.dg/format/ext-7.c (test for warnings, line 80)
FAIL: gcc.dg/format/ext-7.c (test for warnings, line 82)
FAIL: gcc.dg/format/ext-7.c (test for warnings, line 83)
FAIL: gcc.dg/format/ext-7.c (test for warnings, line 84)
FAIL: gcc.dg/format/ext-7.c (test for excess errors)
FAIL: gcc.dg/format/ext-7.c 2 blank line(s) in output
FAIL: gcc.dg/format/ext-7.c -DWIDE (test for warnings, line 17)
FAIL: gcc.dg/format/ext-7.c -DWIDE (test for warnings, line 18)
FAIL: gcc.dg/format/ext-7.c -DWIDE (test for warnings, line 23)
FAIL: gcc.dg/format/ext-7.c -DWIDE (test for warnings, line 25)
FAIL: gcc.dg/format/ext-7.c -DWIDE (test for warnings, line 33)
FAIL: gcc.dg/format/ext-7.c -DWIDE (test for warnings, line 35)
FAIL: gcc.dg/format/ext-7.c -DWIDE (test for warnings, line 49)
FAIL: gcc.dg/format/ext-7.c -DWIDE (test for warnings, line 51)
FAIL: gcc.dg/format/ext-7.c -DWIDE (test for warnings, line 53)
FAIL: gcc.dg/format/ext-7.c -DWIDE (test for warnings, line 65)
FAIL: gcc.dg/format/ext-7.c -DWIDE (test for warnings, line 67)
FAIL: gcc.dg/format/ext-7.c -DWIDE (test for warnings, line 69)
FAIL: gcc.dg/format/ext-7.c -DWIDE (test for warnings, line 72)
FAIL: gcc.dg/format/ext-7.c -DWIDE (test for warnings, line 73)
FAIL: gcc.dg/format/ext-7.c -DWIDE (test for warnings, line 74)
FAIL: gcc.dg/format/ext-7.c -DWIDE (test for warnings, line 75)
FAIL: gcc.dg/format/ext-7.c -DWIDE (test for warnings, line 76)
FAIL: gcc.dg/format/ext-7.c -DWIDE (test for warnings, line 77)
FAIL: gcc.dg/format/ext-7.c -DWIDE (test for warnings, line 78)
FAIL: gcc.dg/format/ext-7.c -DWIDE (test for warnings, line 79)
FAIL: gcc.dg/format/ext-7.c -DWIDE (test for warnings, line 80)
FAIL: gcc.dg/format/ext-7.c -DWIDE (test for warnings, line 82)
FAIL: gcc.dg/format/ext-7.c -DWIDE (test for warnings, line 83)
FAIL: gcc.dg/format/ext-7.c -DWIDE (test for warnings, line 84)
FAIL: gcc.dg/format/ext-7.c -DWIDE 2 blank line(s) in output
FAIL: gcc.dg/format/ext-7.c -DWIDE (test for excess errors)
FAIL: gcc.dg/format/few-1.c (test for warnings, line 16)
FAIL: gcc.dg/format/few-1.c (test for warnings, line 18)
FAIL: gcc.dg/format/few-1.c (test for warnings, line 20)
FAIL: gcc.dg/format/few-1.c (test for warnings, line 22)
FAIL: gcc.dg/format/few-1.c (test for warnings, line 24)
FAIL: gcc.dg/format/few-1.c (test for warnings, line 26)
FAIL: gcc.dg/format/few-1.c (test for warnings, line 28)
FAIL: gcc.dg/format/few-1.c (test for excess errors)
FAIL: gcc.dg/format/few-1.c 2 blank line(s) in output
FAIL: gcc.dg/format/few-1.c char (test for warnings, line 13)
FAIL: gcc.dg/format/few-1.c int (test for warnings, line 13)
FAIL: gcc.dg/format/few-1.c -DWIDE (test for warnings, line 16)
FAIL: gcc.dg/format/few-1.c -DWIDE (test for warnings, line 18)
FAIL: gcc.dg/format/few-1.c -DWIDE (test for warnings, line 20)
FAIL: gcc.dg/format/few-1.c -DWIDE (test for warnings, line 22)
FAIL: gcc.dg/format/few-1.c -DWIDE (test for warnings, line 24)
FAIL: gcc.dg/format/few-1.c -DWIDE (test for warnings, line 26)
FAIL: gcc.dg/format/few-1.c -DWIDE (test for warnings, line 28)
FAIL: gcc.dg/format/few-1.c -DWIDE 2 blank line(s) in output
FAIL: gcc.dg/format/few-1.c -DWIDE (test for excess errors)
FAIL: gcc.dg/format/few-1.c -DWIDE char (test for warnings, line 13)
FAIL: gcc.dg/format/few-1.c -DWIDE int (test for warnings, line 13)
FAIL: gcc.dg/format/gcc_gfc-1.c (test for excess errors)
FAIL: gcc.dg/format/gcc_gfc-1.c 2 blank line(s) in output
FAIL: gcc.dg/format/gcc_gfc-1.c bad argument types (test for warnings, line 27)
FAIL: gcc.dg/format/gcc_gfc-1.c bad argument types (test for warnings, line 28)
FAIL: gcc.dg/format/gcc_gfc-1.c bad argument types (test for warnings, line 29)
FAIL: gcc.dg/format/gcc_gfc-1.c bad argument types (test for warnings, line 30)
FAIL: gcc.dg/format/gcc_gfc-1.c too many arguments (test for warnings, line 31)
FAIL: gcc.dg/format/gcc_gfc-1.c -DWIDE 2 blank line(s) in output
FAIL: gcc.dg/format/gcc_gfc-1.c -DWIDE (test for excess errors)
FAIL: gcc.dg/format/gcc_gfc-1.c -DWIDE bad argument types (test for warnings, line 27)
FAIL: gcc.dg/format/gcc_gfc-1.c -DWIDE bad argument types (test for warnings, line 28)
FAIL: gcc.dg/format/gcc_gfc-1.c -DWIDE bad argument types (test for warnings, line 29)
FAIL: gcc.dg/format/gcc_gfc-1.c -DWIDE bad argument types (test for warnings, line 30)
FAIL: gcc.dg/format/gcc_gfc-1.c -DWIDE too many arguments (test for warnings, line 31)
FAIL: gcc.dg/format/multattr-1.c (test for excess errors)
FAIL: gcc.dg/format/multattr-1.c 2 blank line(s) in output
FAIL: gcc.dg/format/multattr-1.c printf (test for warnings, line 41)
FAIL: gcc.dg/format/multattr-1.c printf (test for warnings, line 45)
FAIL: gcc.dg/format/multattr-1.c printf (test for warnings, line 49)
FAIL: gcc.dg/format/multattr-1.c scanf (test for warnings, line 38)
FAIL: gcc.dg/format/multattr-1.c scanf (test for warnings, line 42)
FAIL: gcc.dg/format/multattr-1.c scanf (test for warnings, line 46)
FAIL: gcc.dg/format/multattr-1.c scanf (test for warnings, line 50)
FAIL: gcc.dg/format/multattr-1.c -DWIDE 2 blank line(s) in output
FAIL: gcc.dg/format/multattr-1.c -DWIDE (test for excess errors)
FAIL: gcc.dg/format/multattr-1.c -DWIDE printf (test for warnings, line 41)
FAIL: gcc.dg/format/multattr-1.c -DWIDE printf (test for warnings, line 45)
FAIL: gcc.dg/format/multattr-1.c -DWIDE printf (test for warnings, line 49)
FAIL: gcc.dg/format/multattr-1.c -DWIDE scanf (test for warnings, line 38)
FAIL: gcc.dg/format/multattr-1.c -DWIDE scanf (test for warnings, line 42)
FAIL: gcc.dg/format/multattr-1.c -DWIDE scanf (test for warnings, line 46)
FAIL: gcc.dg/format/multattr-1.c -DWIDE scanf (test for warnings, line 50)
FAIL: gcc.dg/format/multattr-2.c (test for excess errors)
FAIL: gcc.dg/format/multattr-2.c 2 blank line(s) in output
FAIL: gcc.dg/format/multattr-2.c printf (test for warnings, line 34)
FAIL: gcc.dg/format/multattr-2.c printf (test for warnings, line 38)
FAIL: gcc.dg/format/multattr-2.c scanf (test for warnings, line 31)
FAIL: gcc.dg/format/multattr-2.c scanf (test for warnings, line 35)
FAIL: gcc.dg/format/multattr-2.c scanf (test for warnings, line 39)
FAIL: gcc.dg/format/multattr-2.c -DWIDE 2 blank line(s) in output
FAIL: gcc.dg/format/multattr-2.c -DWIDE (test for excess errors)
FAIL: gcc.dg/format/multattr-2.c -DWIDE printf (test for warnings, line 34)
FAIL: gcc.dg/format/multattr-2.c -DWIDE printf (test for warnings, line 38)
FAIL: gcc.dg/format/multattr-2.c -DWIDE scanf (test for warnings, line 31)
FAIL: gcc.dg/format/multattr-2.c -DWIDE scanf (test for warnings, line 35)
FAIL: gcc.dg/format/multattr-2.c -DWIDE scanf (test for warnings, line 39)
FAIL: gcc.dg/format/multattr-3.c (test for excess errors)
FAIL: gcc.dg/format/multattr-3.c 2 blank line(s) in output
FAIL: gcc.dg/format/multattr-3.c too many args in all branches (test for warnings, line 21)
FAIL: gcc.dg/format/multattr-3.c wrong type (test for warnings, line 25)
FAIL: gcc.dg/format/multattr-3.c wrong type (test for warnings, line 26)
FAIL: gcc.dg/format/multattr-3.c wrong type (test for warnings, line 27)
FAIL: gcc.dg/format/multattr-3.c wrong type in conditional expr (test for warnings, line 16)
FAIL: gcc.dg/format/multattr-3.c wrong type in conditional expr (test for warnings, line 17)
FAIL: gcc.dg/format/multattr-3.c wrong type in conditional expr (test for warnings, line 18)
FAIL: gcc.dg/format/multattr-3.c -DWIDE 2 blank line(s) in output
FAIL: gcc.dg/format/multattr-3.c -DWIDE (test for excess errors)
FAIL: gcc.dg/format/multattr-3.c -DWIDE too many args in all branches (test for warnings, line 21)
FAIL: gcc.dg/format/multattr-3.c -DWIDE wrong type (test for warnings, line 25)
FAIL: gcc.dg/format/multattr-3.c -DWIDE wrong type (test for warnings, line 26)
FAIL: gcc.dg/format/multattr-3.c -DWIDE wrong type (test for warnings, line 27)
FAIL: gcc.dg/format/multattr-3.c -DWIDE wrong type in conditional expr (test for warnings, line 16)
FAIL: gcc.dg/format/multattr-3.c -DWIDE wrong type in conditional expr (test for warnings, line 17)
FAIL: gcc.dg/format/multattr-3.c -DWIDE wrong type in conditional expr (test for warnings, line 18)
FAIL: gcc.dg/format/strfmon-1.c (test for excess errors)
FAIL: gcc.dg/format/strfmon-1.c + and ( flags (test for warnings, line 43)
FAIL: gcc.dg/format/strfmon-1.c + and ( flags (test for warnings, line 44)
FAIL: gcc.dg/format/strfmon-1.c 2 blank line(s) in output
FAIL: gcc.dg/format/strfmon-1.c bogus %% (test for warnings, line 51)
FAIL: gcc.dg/format/strfmon-1.c bogus %% (test for warnings, line 52)
FAIL: gcc.dg/format/strfmon-1.c bogus %% (test for warnings, line 53)
FAIL: gcc.dg/format/strfmon-1.c bogus %% (test for warnings, line 54)
FAIL: gcc.dg/format/strfmon-1.c bogus %% (test for warnings, line 55)
FAIL: gcc.dg/format/strfmon-1.c embedded NUL (test for warnings, line 61)
FAIL: gcc.dg/format/strfmon-1.c empty (test for warnings, line 58)
FAIL: gcc.dg/format/strfmon-1.c empty left precision (test for warnings, line 46)
FAIL: gcc.dg/format/strfmon-1.c empty right precision (test for warnings, line 47)
FAIL: gcc.dg/format/strfmon-1.c null format string (test for warnings, line 59)
FAIL: gcc.dg/format/strfmon-1.c repeated flag (test for warnings, line 62)
FAIL: gcc.dg/format/strfmon-1.c tailing % (test for warnings, line 60)
FAIL: gcc.dg/format/strfmon-1.c too few args (test for warnings, line 57)
FAIL: gcc.dg/format/strfmon-1.c wrong type (test for warnings, line 40)
FAIL: gcc.dg/format/strfmon-1.c wrong type (test for warnings, line 41)
FAIL: gcc.dg/format/strfmon-1.c -DWIDE 2 blank line(s) in output
FAIL: gcc.dg/format/strfmon-1.c -DWIDE (test for excess errors)
FAIL: gcc.dg/format/strfmon-1.c -DWIDE + and ( flags (test for warnings, line 43)
FAIL: gcc.dg/format/strfmon-1.c -DWIDE + and ( flags (test for warnings, line 44)
FAIL: gcc.dg/format/strfmon-1.c -DWIDE bogus %% (test for warnings, line 51)
FAIL: gcc.dg/format/strfmon-1.c -DWIDE bogus %% (test for warnings, line 52)
FAIL: gcc.dg/format/strfmon-1.c -DWIDE bogus %% (test for warnings, line 53)
FAIL: gcc.dg/format/strfmon-1.c -DWIDE bogus %% (test for warnings, line 54)
FAIL: gcc.dg/format/strfmon-1.c -DWIDE bogus %% (test for warnings, line 55)
FAIL: gcc.dg/format/strfmon-1.c -DWIDE embedded NUL (test for warnings, line 61)
FAIL: gcc.dg/format/strfmon-1.c -DWIDE empty (test for warnings, line 58)
FAIL: gcc.dg/format/strfmon-1.c -DWIDE empty left precision (test for warnings, line 46)
FAIL: gcc.dg/format/strfmon-1.c -DWIDE empty right precision (test for warnings, line 47)
FAIL: gcc.dg/format/strfmon-1.c -DWIDE null format string (test for warnings, line 59)
FAIL: gcc.dg/format/strfmon-1.c -DWIDE repeated flag (test for warnings, line 62)
FAIL: gcc.dg/format/strfmon-1.c -DWIDE tailing % (test for warnings, line 60)
FAIL: gcc.dg/format/strfmon-1.c -DWIDE too few args (test for warnings, line 57)
FAIL: gcc.dg/format/strfmon-1.c -DWIDE wrong type (test for warnings, line 40)
FAIL: gcc.dg/format/strfmon-1.c -DWIDE wrong type (test for warnings, line 41)
FAIL: gcc.dg/format/unnamed-1.c (test for warnings, line 22)
FAIL: gcc.dg/format/unnamed-1.c (test for warnings, line 23)
FAIL: gcc.dg/format/unnamed-1.c (test for excess errors)
FAIL: gcc.dg/format/unnamed-1.c 2 blank line(s) in output
FAIL: gcc.dg/format/unnamed-1.c constant (test for warnings, line 23)
FAIL: gcc.dg/format/unnamed-1.c -DWIDE (test for warnings, line 22)
FAIL: gcc.dg/format/unnamed-1.c -DWIDE (test for warnings, line 23)
FAIL: gcc.dg/format/unnamed-1.c -DWIDE 2 blank line(s) in output
FAIL: gcc.dg/format/unnamed-1.c -DWIDE (test for excess errors)
FAIL: gcc.dg/format/unnamed-1.c -DWIDE constant (test for warnings, line 23)
FAIL: gcc.dg/format/va-1.c (test for excess errors)
FAIL: gcc.dg/format/va-1.c 2 blank line(s) in output
FAIL: gcc.dg/format/va-1.c format error (test for warnings, line 11)
FAIL: gcc.dg/format/va-1.c -DWIDE 2 blank line(s) in output
FAIL: gcc.dg/format/va-1.c -DWIDE (test for excess errors)
FAIL: gcc.dg/format/va-1.c -DWIDE format error (test for warnings, line 11)
FAIL: gcc.dg/format/warn-signedness.c (test for warnings, line 7)
FAIL: gcc.dg/format/warn-signedness.c (test for warnings, line 8)
FAIL: gcc.dg/format/warn-signedness.c (test for excess errors)
FAIL: gcc.dg/format/warn-signedness.c 2 blank line(s) in output
FAIL: gcc.dg/format/warn-signedness.c -DWIDE (test for warnings, line 7)
FAIL: gcc.dg/format/warn-signedness.c -DWIDE (test for warnings, line 8)
FAIL: gcc.dg/format/warn-signedness.c -DWIDE 2 blank line(s) in output
FAIL: gcc.dg/format/warn-signedness.c -DWIDE (test for excess errors)
XPASS: gcc.dg/guality/example.c -O0 execution test
XPASS: gcc.dg/guality/example.c -O1 execution test
XPASS: gcc.dg/guality/guality.c -O0 execution test
XPASS: gcc.dg/guality/guality.c -O1 execution test
XPASS: gcc.dg/guality/guality.c -O2 execution test
XPASS: gcc.dg/guality/guality.c -O2 -flto -fno-use-linker-plugin -flto-partition=none execution test
XPASS: gcc.dg/guality/guality.c -O2 -flto -fuse-linker-plugin -fno-fat-lto-objects execution test
XPASS: gcc.dg/guality/guality.c -O3 -g execution test
XPASS: gcc.dg/guality/guality.c -Os execution test
XPASS: gcc.dg/guality/inline-params.c -O2 execution test
XPASS: gcc.dg/guality/inline-params.c -O2 -flto -fno-use-linker-plugin -flto-partition=none execution test
XPASS: gcc.dg/guality/inline-params.c -O3 -g execution test
XPASS: gcc.dg/guality/inline-params.c -Os execution test
XPASS: gcc.dg/guality/pr41353-1.c -O0 line 28 j == 28 + 37
XPASS: gcc.dg/guality/pr41353-1.c -O1 line 28 j == 28 + 37
XPASS: gcc.dg/guality/pr41353-1.c -O2 line 28 j == 28 + 37
XPASS: gcc.dg/guality/pr41353-1.c -O2 -flto -fno-use-linker-plugin -flto-partition=none line 28 j == 28 + 37
XPASS: gcc.dg/guality/pr41353-1.c -O2 -flto -fuse-linker-plugin -fno-fat-lto-objects line 28 j == 28 + 37
XPASS: gcc.dg/guality/pr41353-1.c -O3 -g line 28 j == 28 + 37
XPASS: gcc.dg/guality/pr41353-1.c -Os line 28 j == 28 + 37
FAIL: gcc.dg/guality/pr41616-1.c -O2 -flto -fuse-linker-plugin -fno-fat-lto-objects execution test
FAIL: gcc.dg/guality/pr45882.c -O2 -flto -fuse-linker-plugin -fno-fat-lto-objects line 16 d == 112
FAIL: gcc.dg/guality/pr45882.c -O2 -flto -fuse-linker-plugin -fno-fat-lto-objects line 16 e == 142
FAIL: gcc.dg/guality/pr54200.c -Os line 20 z == 3
FAIL: gcc.dg/guality/pr54519-1.c -O2 -flto -fno-use-linker-plugin -flto-partition=none line 20 y == 25
FAIL: gcc.dg/guality/pr54519-1.c -O2 -flto -fno-use-linker-plugin -flto-partition=none line 20 z == 6
FAIL: gcc.dg/guality/pr54519-1.c -O2 -flto -fno-use-linker-plugin -flto-partition=none line 23 y == 117
FAIL: gcc.dg/guality/pr54519-1.c -O2 -flto -fno-use-linker-plugin -flto-partition=none line 23 z == 8
FAIL: gcc.dg/guality/pr54519-2.c -O2 -flto -fno-use-linker-plugin -flto-partition=none line 17 y == 25
FAIL: gcc.dg/guality/pr54519-2.c -O2 -flto -fuse-linker-plugin -fno-fat-lto-objects line 17 y == 25
FAIL: gcc.dg/guality/pr54519-3.c -O2 -flto -fno-use-linker-plugin -flto-partition=none line 20 y == 25
FAIL: gcc.dg/guality/pr54519-3.c -O2 -flto -fno-use-linker-plugin -flto-partition=none line 20 z == 6
FAIL: gcc.dg/guality/pr54519-3.c -O2 -flto -fno-use-linker-plugin -flto-partition=none line 23 y == 117
FAIL: gcc.dg/guality/pr54519-3.c -O2 -flto -fno-use-linker-plugin -flto-partition=none line 23 z == 8
FAIL: gcc.dg/guality/pr54519-3.c -O2 -flto -fuse-linker-plugin -fno-fat-lto-objects line 20 y == 25
FAIL: gcc.dg/guality/pr54519-3.c -O2 -flto -fuse-linker-plugin -fno-fat-lto-objects line 20 z == 6
FAIL: gcc.dg/guality/pr54519-3.c -O2 -flto -fuse-linker-plugin -fno-fat-lto-objects line 23 y == 117
FAIL: gcc.dg/guality/pr54519-3.c -O2 -flto -fuse-linker-plugin -fno-fat-lto-objects line 23 z == 8
FAIL: gcc.dg/guality/pr54519-4.c -O2 -flto -fno-use-linker-plugin -flto-partition=none line 17 y == 25
FAIL: gcc.dg/guality/pr54519-4.c -O2 -flto -fuse-linker-plugin -fno-fat-lto-objects line 17 y == 25
FAIL: gcc.dg/guality/pr54519-5.c -O2 -flto -fno-use-linker-plugin -flto-partition=none line 17 y == 25
FAIL: gcc.dg/guality/pr54519-5.c -O2 -flto -fuse-linker-plugin -fno-fat-lto-objects line 17 y == 25
FAIL: gcc.dg/guality/pr68860-1.c -O2 -flto -fno-use-linker-plugin -flto-partition=none line 14 arg1 == 1
FAIL: gcc.dg/guality/pr68860-1.c -O2 -flto -fno-use-linker-plugin -flto-partition=none line 14 arg2 == 2
FAIL: gcc.dg/guality/pr68860-1.c -O2 -flto -fno-use-linker-plugin -flto-partition=none line 14 arg3 == 3
FAIL: gcc.dg/guality/pr68860-1.c -O2 -flto -fno-use-linker-plugin -flto-partition=none line 14 arg4 == 4
FAIL: gcc.dg/guality/pr68860-1.c -O2 -flto -fno-use-linker-plugin -flto-partition=none line 14 arg5 == 5
FAIL: gcc.dg/guality/pr68860-1.c -O2 -flto -fno-use-linker-plugin -flto-partition=none line 14 arg6 == 6
FAIL: gcc.dg/guality/pr68860-1.c -O2 -flto -fno-use-linker-plugin -flto-partition=none line 16 arg1 == 1
FAIL: gcc.dg/guality/pr68860-1.c -O2 -flto -fno-use-linker-plugin -flto-partition=none line 16 arg2 == 2
FAIL: gcc.dg/guality/pr68860-1.c -O2 -flto -fno-use-linker-plugin -flto-partition=none line 16 arg3 == 3
FAIL: gcc.dg/guality/pr68860-1.c -O2 -flto -fno-use-linker-plugin -flto-partition=none line 16 arg4 == 4
FAIL: gcc.dg/guality/pr68860-1.c -O2 -flto -fno-use-linker-plugin -flto-partition=none line 16 arg5 == 5
FAIL: gcc.dg/guality/pr68860-1.c -O2 -flto -fno-use-linker-plugin -flto-partition=none line 16 arg6 == 6
FAIL: gcc.dg/guality/pr68860-1.c -O2 -flto -fuse-linker-plugin -fno-fat-lto-objects line 14 arg1 == 1
FAIL: gcc.dg/guality/pr68860-1.c -O2 -flto -fuse-linker-plugin -fno-fat-lto-objects line 14 arg2 == 2
FAIL: gcc.dg/guality/pr68860-1.c -O2 -flto -fuse-linker-plugin -fno-fat-lto-objects line 14 arg3 == 3
FAIL: gcc.dg/guality/pr68860-1.c -O2 -flto -fuse-linker-plugin -fno-fat-lto-objects line 14 arg4 == 4
FAIL: gcc.dg/guality/pr68860-1.c -O2 -flto -fuse-linker-plugin -fno-fat-lto-objects line 14 arg5 == 5
FAIL: gcc.dg/guality/pr68860-1.c -O2 -flto -fuse-linker-plugin -fno-fat-lto-objects line 14 arg6 == 6
FAIL: gcc.dg/guality/pr68860-1.c -O2 -flto -fuse-linker-plugin -fno-fat-lto-objects line 16 arg1 == 1
FAIL: gcc.dg/guality/pr68860-1.c -O2 -flto -fuse-linker-plugin -fno-fat-lto-objects line 16 arg2 == 2
FAIL: gcc.dg/guality/pr68860-1.c -O2 -flto -fuse-linker-plugin -fno-fat-lto-objects line 16 arg3 == 3
FAIL: gcc.dg/guality/pr68860-1.c -O2 -flto -fuse-linker-plugin -fno-fat-lto-objects line 16 arg4 == 4
FAIL: gcc.dg/guality/pr68860-1.c -O2 -flto -fuse-linker-plugin -fno-fat-lto-objects line 16 arg5 == 5
FAIL: gcc.dg/guality/pr68860-1.c -O2 -flto -fuse-linker-plugin -fno-fat-lto-objects line 16 arg6 == 6
FAIL: gcc.dg/guality/vla-1.c -O1 line 17 sizeof (a) == 6
FAIL: gcc.dg/guality/vla-1.c -O2 line 17 sizeof (a) == 6
FAIL: gcc.dg/guality/vla-1.c -O2 -flto -fno-use-linker-plugin -flto-partition=none line 17 sizeof (a) == 6
FAIL: gcc.dg/guality/vla-1.c -O2 -flto -fuse-linker-plugin -fno-fat-lto-objects line 17 sizeof (a) == 6
FAIL: gcc.dg/guality/vla-1.c -O3 -g line 17 sizeof (a) == 6
FAIL: gcc.dg/guality/vla-1.c -Os line 17 sizeof (a) == 6
FAIL: gcc.dg/plugin/diagnostic_plugin_show_trees.c compilation
FAIL: gcc.dg/plugin/diagnostic_plugin_test_show_locus.c compilation
FAIL: gcc.dg/plugin/diagnostic_plugin_test_string_literals.c compilation
FAIL: gcc.dg/plugin/diagnostic_plugin_test_tree_expression_range.c compilation
FAIL: gcc.dg/plugin/finish_unit_plugin.c compilation
FAIL: gcc.dg/plugin/ggcplug.c compilation
FAIL: gcc.dg/plugin/location_overflow_plugin.c compilation
FAIL: gcc.dg/plugin/must_tail_call_plugin.c compilation
FAIL: gcc.dg/plugin/one_time_plugin.c compilation
FAIL: gcc.dg/plugin/selfassign.c compilation
FAIL: gcc.dg/plugin/start_unit_plugin.c compilation
FAIL: gcc.dg/plugin/wide-int_plugin.c compilation
FAIL: gcc.dg/tree-ssa/builtin-sprintf-2.c (test for excess errors)
FAIL: gcc.dg/tree-ssa/builtin-sprintf-2.c 2 blank line(s) in output
FAIL: gcc.dg/tree-ssa/builtin-sprintf-2.c scan-tree-dump-times optimized ">:\\n *__builtin_abort" 114
FAIL: gcc.dg/tree-ssa/pr69270-3.c scan-tree-dump-times uncprop1 ", 1" 4
FAIL: gcc.dg/vect/no-section-anchors-vect-31.c scan-tree-dump-times vect "Alignment of access forced using peeling" 2
FAIL: gcc.dg/vect/no-section-anchors-vect-31.c scan-tree-dump-times vect "Vectorizing an unaligned access" 0
XPASS: gcc.dg/vect/pr65947-1.c -flto -ffat-lto-objects scan-tree-dump-times vect "LOOP VECTORIZED" 2
XPASS: gcc.dg/vect/pr65947-1.c -flto -ffat-lto-objects scan-tree-dump-times vect "condition expression based on integer induction." 4
XPASS: gcc.dg/vect/pr65947-1.c scan-tree-dump-times vect "LOOP VECTORIZED" 2
XPASS: gcc.dg/vect/pr65947-1.c scan-tree-dump-times vect "condition expression based on integer induction." 4
XPASS: gcc.dg/vect/pr65947-10.c -flto -ffat-lto-objects scan-tree-dump-times vect "LOOP VECTORIZED" 2
XPASS: gcc.dg/vect/pr65947-10.c scan-tree-dump-times vect "LOOP VECTORIZED" 2
XPASS: gcc.dg/vect/pr65947-12.c -flto -ffat-lto-objects scan-tree-dump-times vect "LOOP VECTORIZED" 2
XPASS: gcc.dg/vect/pr65947-12.c scan-tree-dump-times vect "LOOP VECTORIZED" 2
XPASS: gcc.dg/vect/pr65947-13.c -flto -ffat-lto-objects scan-tree-dump-times vect "LOOP VECTORIZED" 2
XPASS: gcc.dg/vect/pr65947-13.c scan-tree-dump-times vect "LOOP VECTORIZED" 2
XPASS: gcc.dg/vect/pr65947-2.c -flto -ffat-lto-objects scan-tree-dump-times vect "LOOP VECTORIZED" 2
XPASS: gcc.dg/vect/pr65947-2.c scan-tree-dump-times vect "LOOP VECTORIZED" 2
XPASS: gcc.dg/vect/pr65947-3.c -flto -ffat-lto-objects scan-tree-dump-times vect "LOOP VECTORIZED" 2
XPASS: gcc.dg/vect/pr65947-3.c scan-tree-dump-times vect "LOOP VECTORIZED" 2
XPASS: gcc.dg/vect/pr65947-4.c -flto -ffat-lto-objects scan-tree-dump-times vect "LOOP VECTORIZED" 2
XPASS: gcc.dg/vect/pr65947-4.c -flto -ffat-lto-objects scan-tree-dump-times vect "condition expression based on integer induction." 4
XPASS: gcc.dg/vect/pr65947-4.c scan-tree-dump-times vect "LOOP VECTORIZED" 2
XPASS: gcc.dg/vect/pr65947-4.c scan-tree-dump-times vect "condition expression based on integer induction." 4
XPASS: gcc.dg/vect/pr65947-5.c -flto -ffat-lto-objects scan-tree-dump vect "loop size is greater than data size"
XPASS: gcc.dg/vect/pr65947-5.c scan-tree-dump vect "loop size is greater than data size"
XPASS: gcc.dg/vect/pr65947-6.c -flto -ffat-lto-objects scan-tree-dump-times vect "LOOP VECTORIZED" 2
XPASS: gcc.dg/vect/pr65947-6.c scan-tree-dump-times vect "LOOP VECTORIZED" 2
XPASS: gcc.dg/vect/pr65947-9.c -flto -ffat-lto-objects scan-tree-dump vect "loop size is greater than data size"
XPASS: gcc.dg/vect/pr65947-9.c scan-tree-dump vect "loop size is greater than data size"
FAIL: gcc.dg/vect/slp-perm-9.c -flto -ffat-lto-objects scan-tree-dump-times vect "vectorized 1 loops" 2
FAIL: gcc.dg/vect/slp-perm-9.c scan-tree-dump-times vect "vectorized 1 loops" 2
FAIL: gcc.dg/vect/vect-92.c -flto -ffat-lto-objects scan-tree-dump-times vect "Alignment of access forced using peeling" 3
FAIL: gcc.dg/vect/vect-92.c -flto -ffat-lto-objects scan-tree-dump-times vect "Vectorizing an unaligned access" 0
FAIL: gcc.dg/vect/vect-92.c scan-tree-dump-times vect "Alignment of access forced using peeling" 3
FAIL: gcc.dg/vect/vect-92.c scan-tree-dump-times vect "Vectorizing an unaligned access" 0
FAIL: gcc.dg/vect/vect-93.c -flto -ffat-lto-objects scan-tree-dump-times vect "Vectorizing an unaligned access" 1
FAIL: gcc.dg/vect/vect-93.c scan-tree-dump-times vect "Vectorizing an unaligned access" 1
FAIL: gcc.dg/vect/vect-nb-iter-ub-2.c -flto -ffat-lto-objects scan-tree-dump cunroll "loop turned into non-loop; it never loops"
FAIL: gcc.dg/vect/vect-nb-iter-ub-2.c scan-tree-dump cunroll "loop turned into non-loop; it never loops"
FAIL: gcc.dg/vect/vect-nb-iter-ub-3.c -flto -ffat-lto-objects scan-tree-dump-not cunroll "loop turned into non-loop; it never loops"
FAIL: gcc.dg/vect/vect-nb-iter-ub-3.c scan-tree-dump-not cunroll "loop turned into non-loop; it never loops"
XPASS: gcc.dg/vect/vect-pr69848.c -flto -ffat-lto-objects scan-tree-dump vect "vectorized 1 loops"
XPASS: gcc.dg/vect/vect-pr69848.c scan-tree-dump vect "vectorized 1 loops"
=== gcc Summary ===
# of expected passes 126900
# of unexpected failures 482
# of unexpected successes 46
# of expected failures 327
# of unsupported tests 2058
/scratch/toon/build26249/gcc/xgcc version 7.0.0 20161101 (experimental) (GCC)
=== gfortran tests ===
Running target unix
FAIL: gfortran.dg/array_constructor_33.f90 -O (test for excess errors)
WARNING: program timed out
FAIL: gfortran.dg/graphite/pr68279.f90 -O (internal compiler error)
FAIL: gfortran.dg/graphite/pr68279.f90 -O (test for excess errors)
FAIL: gfortran.dg/vect/fast-math-mgrid-resid.f -O scan-tree-dump-times pcom "Executing predictive commoning without unrolling" 1
FAIL: gfortran.dg/vect/fast-math-mgrid-resid.f -O scan-tree-dump-times pcom "Loop iterates only 1 time, nothing to do" 1
FAIL: gfortran.dg/vect/fast-math-mgrid-resid.f -O scan-tree-dump-times pcom "Predictive commoning failed: no suitable chains" 0
=== gfortran Summary ===
# of expected passes 43929
# of unexpected failures 6
# of expected failures 76
# of unsupported tests 67
/scratch/toon/build26249/gcc/gfortran version 7.0.0 20161101 (experimental) (GCC)
=== g++ tests ===
Running target unix
FAIL: g++.dg/cpp0x/constexpr-70001-4.C -std=c++11 (test for excess errors)
FAIL: g++.dg/cpp0x/constexpr-70001-4.C -std=c++14 (test for excess errors)
FAIL: g++.dg/eh/cleanup1.C -std=c++98 (test for excess errors)
WARNING: program timed out
WARNING: program timed out
WARNING: program timed out
FAIL: g++.dg/guality/pr55665.C -O2 line 23 p == 40
FAIL: g++.dg/guality/pr55665.C -O3 -g line 23 p == 40
FAIL: g++.dg/plugin/../../gcc.dg/plugin/diagnostic_plugin_test_tree_expression_range.c compilation
FAIL: g++.dg/plugin/attribute_plugin.c compilation
FAIL: g++.dg/plugin/decl_plugin.c compilation
FAIL: g++.dg/plugin/def_plugin.c compilation
FAIL: g++.dg/plugin/dumb_plugin.c compilation
FAIL: g++.dg/plugin/header_plugin.c compilation
FAIL: g++.dg/plugin/pragma_plugin.c compilation
FAIL: g++.dg/plugin/selfassign.c compilation
XPASS: g++.dg/tls/thread_local-order2.C -std=c++11 execution test
XPASS: g++.dg/tls/thread_local-order2.C -std=c++14 execution test
FAIL: g++.dg/vect/slp-pr56812.cc -std=c++11 scan-tree-dump-times slp1 "basic block vectorized" 1
FAIL: g++.dg/vect/slp-pr56812.cc -std=c++14 scan-tree-dump-times slp1 "basic block vectorized" 1
FAIL: g++.dg/vect/slp-pr56812.cc -std=c++98 scan-tree-dump-times slp1 "basic block vectorized" 1
=== g++ Summary ===
# of expected passes 110424
# of unexpected failures 16
# of unexpected successes 2
# of expected failures 331
# of unsupported tests 3993
/scratch/toon/build26249/gcc/xg++ version 7.0.0 20161101 (experimental) (GCC)
=== objc tests ===
Running target unix
FAIL: objc.dg/plugin/../../gcc.dg/plugin/diagnostic_plugin_test_tree_expression_range.c compilation
=== objc Summary ===
# of expected passes 2781
# of unexpected failures 1
# of expected failures 6
# of unsupported tests 68
/scratch/toon/build26249/gcc/xgcc version 7.0.0 20161101 (experimental) (GCC)
=== libatomic tests ===
Running target unix
=== libatomic Summary ===
# of expected passes 54
=== libgomp tests ===
Running target unix
WARNING: program timed out
FAIL: libgomp.c++/for-11.C (test for excess errors)
UNRESOLVED: libgomp.c++/for-11.C compilation failed to produce executable
WARNING: program timed out
FAIL: libgomp.c++/for-13.C (test for excess errors)
UNRESOLVED: libgomp.c++/for-13.C compilation failed to produce executable
WARNING: program timed out
FAIL: libgomp.c++/for-14.C (test for excess errors)
UNRESOLVED: libgomp.c++/for-14.C compilation failed to produce executable
WARNING: program timed out
FAIL: libgomp.c++/taskloop-7.C (test for excess errors)
UNRESOLVED: libgomp.c++/taskloop-7.C compilation failed to produce executable
WARNING: program timed out
FAIL: libgomp.fortran/alloc-comp-1.f90 -O2 (test for excess errors)
UNRESOLVED: libgomp.fortran/alloc-comp-1.f90 -O2 compilation failed to produce executable
WARNING: program timed out
FAIL: libgomp.fortran/alloc-comp-2.f90 -O0 (test for excess errors)
UNRESOLVED: libgomp.fortran/alloc-comp-2.f90 -O0 compilation failed to produce executable
WARNING: program timed out
FAIL: libgomp.fortran/alloc-comp-2.f90 -O2 (test for excess errors)
UNRESOLVED: libgomp.fortran/alloc-comp-2.f90 -O2 compilation failed to produce executable
WARNING: program timed out
FAIL: libgomp.fortran/alloc-comp-3.f90 -O0 (test for excess errors)
UNRESOLVED: libgomp.fortran/alloc-comp-3.f90 -O0 compilation failed to produce executable
WARNING: program timed out
FAIL: libgomp.fortran/alloc-comp-3.f90 -O2 (test for excess errors)
UNRESOLVED: libgomp.fortran/alloc-comp-3.f90 -O2 compilation failed to produce executable
WARNING: program timed out
FAIL: libgomp.fortran/allocatable10.f90 -O3 -fomit-frame-pointer -funroll-loops -fpeel-loops -ftracer -finline-functions (test for excess errors)
UNRESOLVED: libgomp.fortran/allocatable10.f90 -O3 -fomit-frame-pointer -funroll-loops -fpeel-loops -ftracer -finline-functions compilation failed to produce executable
WARNING: program timed out
FAIL: libgomp.fortran/allocatable10.f90 -O3 -g (test for excess errors)
UNRESOLVED: libgomp.fortran/allocatable10.f90 -O3 -g compilation failed to produce executable
=== libgomp Summary ===
# of expected passes 5076
# of unexpected failures 11
# of unresolved testcases 11
# of unsupported tests 319
=== libitm tests ===
Running target unix
=== libitm Summary ===
# of expected passes 42
# of expected failures 3
# of unsupported tests 1
=== libstdc++ tests ===
Running target unix
FAIL: 21_strings/basic_string/allocator/char/copy_assign.cc (test for excess errors)
UNRESOLVED: 21_strings/basic_string/allocator/char/copy_assign.cc compilation failed to produce executable
FAIL: 21_strings/basic_string/allocator/wchar_t/copy.cc (test for excess errors)
UNRESOLVED: 21_strings/basic_string/allocator/wchar_t/copy.cc compilation failed to produce executable
FAIL: 21_strings/basic_string/requirements/exception/basic.cc (test for excess errors)
UNRESOLVED: 21_strings/basic_string/requirements/exception/basic.cc compilation failed to produce executable
FAIL: 21_strings/basic_string_view/requirements/typedefs.cc (test for excess errors)
FAIL: 22_locale/conversions/string/3.cc (test for excess errors)
UNRESOLVED: 22_locale/conversions/string/3.cc compilation failed to produce executable
FAIL: 22_locale/ctype/scan/char/1.cc (test for excess errors)
UNRESOLVED: 22_locale/ctype/scan/char/1.cc compilation failed to produce executable
FAIL: 22_locale/money_get/cons/3.cc (test for excess errors)
FAIL: 22_locale/money_get/requirements/explicit_instantiation.cc (test for excess errors)
FAIL: 22_locale/num_get/cons/3.cc (test for excess errors)
WARNING: program timed out
WARNING: program timed out
WARNING: program timed out
WARNING: program timed out
WARNING: program timed out
WARNING: program timed out
WARNING: program timed out
WARNING: program timed out
WARNING: program timed out
=== libstdc++ Summary ===
# of expected passes 10980
# of unexpected failures 9
# of expected failures 65
# of unresolved testcases 5
# of unsupported tests 562
Compiler version: 7.0.0 20161101 (experimental) (GCC)
Platform: x86_64-pc-linux-gnu
configure flags: --prefix=/home/toon/compilers/install --with-gnu-as --with-gnu-ld --enable-languages=all --disable-multilib --disable-nls --with-arch=haswell --with-tune=haswell --with-build-config=bootstrap-asan