This is the mail archive of the gcc-testresults@gcc.gnu.org mailing list for the GCC project.


Index Nav: [Date Index] [Subject Index] [Author Index] [Thread Index]
Message Nav: [Date Prev] [Date Next] [Thread Prev] [Thread Next]
Other format: [Raw text]

Results for 6.2.1 20161030 (GCC) testsuite on arm-none-linux-gnueabi


LAST_UPDATED: Sun Oct 30 07:27:52 UTC 2016 (/branches/gcc-6-branch revision 241684)

Target is arm-none-linux-gnueabi
Host   is i686-pc-linux-gnu

		=== g++ tests ===


Running target qemu-wheezy
FAIL: g++.dg/lto/pr65276 cp_lto_pr65276_0.o-cp_lto_pr65276_1.o link, -flto -O0 -std=c++11
UNRESOLVED: g++.dg/lto/pr65276 cp_lto_pr65276_0.o-cp_lto_pr65276_1.o execute -flto -O0 -std=c++11
FAIL: g++.dg/pch/array-1.C  -g -I. -Dwith_PCH (test for excess errors)
FAIL: g++.dg/pch/array-1.C -g assembly comparison
FAIL: g++.dg/pch/array-1.C  -O2 -g -I. -Dwith_PCH (test for excess errors)
FAIL: g++.dg/pch/array-1.C -O2 -g assembly comparison
FAIL: g++.dg/pch/array-1.C  -O2 -I. -Dwith_PCH (test for excess errors)
FAIL: g++.dg/pch/array-1.C -O2 assembly comparison
FAIL: g++.dg/pch/empty.C  -g -I. -Dwith_PCH (test for excess errors)
FAIL: g++.dg/pch/empty.C -g assembly comparison
FAIL: g++.dg/pch/empty.C  -O2 -g -I. -Dwith_PCH (test for excess errors)
FAIL: g++.dg/pch/empty.C -O2 -g assembly comparison
FAIL: g++.dg/pch/empty.C  -O2 -I. -Dwith_PCH (test for excess errors)
FAIL: g++.dg/pch/empty.C -O2 assembly comparison
FAIL: g++.dg/pch/externc-1.C  -g -I. -Dwith_PCH (test for excess errors)
FAIL: g++.dg/pch/externc-1.C -g assembly comparison
FAIL: g++.dg/pch/externc-1.C  -O2 -g -I. -Dwith_PCH (test for excess errors)
FAIL: g++.dg/pch/externc-1.C -O2 -g assembly comparison
FAIL: g++.dg/pch/externc-1.C  -O2 -I. -Dwith_PCH (test for excess errors)
FAIL: g++.dg/pch/externc-1.C -O2 assembly comparison
FAIL: g++.dg/pch/local-1.C  -g -I. -Dwith_PCH (test for excess errors)
FAIL: g++.dg/pch/local-1.C -g assembly comparison
FAIL: g++.dg/pch/local-1.C  -O2 -g -I. -Dwith_PCH (test for excess errors)
FAIL: g++.dg/pch/local-1.C -O2 -g assembly comparison
FAIL: g++.dg/pch/local-1.C  -O2 -I. -Dwith_PCH (test for excess errors)
FAIL: g++.dg/pch/local-1.C -O2 assembly comparison
FAIL: g++.dg/pch/pch.C  -g -I. -Dwith_PCH (test for excess errors)
FAIL: g++.dg/pch/pch.C -g assembly comparison
FAIL: g++.dg/pch/pch.C  -O2 -g -I. -Dwith_PCH (test for excess errors)
FAIL: g++.dg/pch/pch.C -O2 -g assembly comparison
FAIL: g++.dg/pch/pch.C  -O2 -I. -Dwith_PCH (test for excess errors)
FAIL: g++.dg/pch/pch.C -O2 assembly comparison
FAIL: g++.dg/pch/static-1.C  -g -I. -Dwith_PCH (test for excess errors)
FAIL: g++.dg/pch/static-1.C -g assembly comparison
FAIL: g++.dg/pch/static-1.C  -O2 -g -I. -Dwith_PCH (test for excess errors)
FAIL: g++.dg/pch/static-1.C -O2 -g assembly comparison
FAIL: g++.dg/pch/static-1.C  -O2 -I. -Dwith_PCH (test for excess errors)
FAIL: g++.dg/pch/static-1.C -O2 assembly comparison
FAIL: g++.dg/pch/system-1.C  -g -I. -Dwith_PCH (test for excess errors)
FAIL: g++.dg/pch/system-1.C -g assembly comparison
FAIL: g++.dg/pch/system-1.C  -O2 -g -I. -Dwith_PCH (test for excess errors)
FAIL: g++.dg/pch/system-1.C -O2 -g assembly comparison
FAIL: g++.dg/pch/system-1.C  -O2 -I. -Dwith_PCH (test for excess errors)
FAIL: g++.dg/pch/system-1.C -O2 assembly comparison
FAIL: g++.dg/pch/system-2.C  -g -I. -Dwith_PCH (test for excess errors)
FAIL: g++.dg/pch/system-2.C -g assembly comparison
FAIL: g++.dg/pch/system-2.C  -O2 -g -I. -Dwith_PCH (test for excess errors)
FAIL: g++.dg/pch/system-2.C -O2 -g assembly comparison
FAIL: g++.dg/pch/system-2.C  -O2 -I. -Dwith_PCH (test for excess errors)
FAIL: g++.dg/pch/system-2.C -O2 assembly comparison
FAIL: g++.dg/pch/template-1.C  -g -I. -Dwith_PCH (test for excess errors)
FAIL: g++.dg/pch/template-1.C -g assembly comparison
FAIL: g++.dg/pch/template-1.C  -O2 -g -I. -Dwith_PCH (test for excess errors)
FAIL: g++.dg/pch/template-1.C -O2 -g assembly comparison
FAIL: g++.dg/pch/template-1.C  -O2 -I. -Dwith_PCH (test for excess errors)
FAIL: g++.dg/pch/template-1.C -O2 assembly comparison
FAIL: g++.dg/pch/uninst.C  -g -I. -Dwith_PCH (test for excess errors)
FAIL: g++.dg/pch/uninst.C -g assembly comparison
FAIL: g++.dg/pch/uninst.C  -O2 -g -I. -Dwith_PCH (test for excess errors)
FAIL: g++.dg/pch/uninst.C -O2 -g assembly comparison
FAIL: g++.dg/pch/uninst.C  -O2 -I. -Dwith_PCH (test for excess errors)
FAIL: g++.dg/pch/uninst.C -O2 assembly comparison
FAIL: g++.dg/pch/wchar-1.C  -g -I. -Dwith_PCH (test for excess errors)
FAIL: g++.dg/pch/wchar-1.C -g assembly comparison
FAIL: g++.dg/pch/wchar-1.C  -O2 -g -I. -Dwith_PCH (test for excess errors)
FAIL: g++.dg/pch/wchar-1.C -O2 -g assembly comparison
FAIL: g++.dg/pch/wchar-1.C  -O2 -I. -Dwith_PCH (test for excess errors)
FAIL: g++.dg/pch/wchar-1.C -O2 assembly comparison
XPASS: g++.dg/tls/thread_local-order2.C  -std=c++11 execution test
XPASS: g++.dg/tls/thread_local-order2.C  -std=c++14 execution test

		=== g++ Summary ===

# of expected passes		96936
# of unexpected failures	67
# of unexpected successes	2
# of expected failures		308
# of unresolved testcases	1
# of unsupported tests		4284
/scratch/gcc/nightly-2016-10-30-6/arm-none-linux-gnueabi/obj/test-6-0-arm-none-linux-gnueabi/host-i686-pc-linux-gnu/fsf-6/bin/arm-none-linux-gnueabi-g++  version 6.2.1 20161030 (GCC) 


		=== Summary adjusted for local xfails ===

# of unexpected failures        67
# of expected passes            96936
# of unexpected successes       2
# of expected failures          308
# of unresolved testcases       1
# of unsupported tests          4284
Host   is i686-pc-linux-gnu

		=== gcc tests ===


Running target qemu-wheezy
FAIL: gcc.dg/pch/common-1.c  -O0 -g -I. -Dwith_PCH (test for excess errors)
FAIL: gcc.dg/pch/common-1.c -O0 -g assembly comparison
FAIL: gcc.dg/pch/common-1.c   -O0  -I. -Dwith_PCH (test for excess errors)
FAIL: gcc.dg/pch/common-1.c  -O0  assembly comparison
FAIL: gcc.dg/pch/common-1.c   -O1  -I. -Dwith_PCH (test for excess errors)
FAIL: gcc.dg/pch/common-1.c  -O1  assembly comparison
FAIL: gcc.dg/pch/common-1.c   -O2  -I. -Dwith_PCH (test for excess errors)
FAIL: gcc.dg/pch/common-1.c  -O2  assembly comparison
FAIL: gcc.dg/pch/common-1.c   -O3 -g  -I. -Dwith_PCH (test for excess errors)
FAIL: gcc.dg/pch/common-1.c  -O3 -g  assembly comparison
FAIL: gcc.dg/pch/common-1.c   -Os  -I. -Dwith_PCH (test for excess errors)
FAIL: gcc.dg/pch/common-1.c  -Os  assembly comparison
FAIL: gcc.dg/pch/counter-1.c  -O0 -g -I. -Dwith_PCH (test for excess errors)
FAIL: gcc.dg/pch/counter-1.c -O0 -g assembly comparison
FAIL: gcc.dg/pch/counter-1.c   -O0  -I. -Dwith_PCH (test for excess errors)
FAIL: gcc.dg/pch/counter-1.c  -O0  assembly comparison
FAIL: gcc.dg/pch/counter-1.c   -O1  -I. -Dwith_PCH (test for excess errors)
FAIL: gcc.dg/pch/counter-1.c  -O1  assembly comparison
FAIL: gcc.dg/pch/counter-1.c   -O2  -I. -Dwith_PCH (test for excess errors)
FAIL: gcc.dg/pch/counter-1.c  -O2  assembly comparison
FAIL: gcc.dg/pch/counter-1.c   -O3 -g  -I. -Dwith_PCH (test for excess errors)
FAIL: gcc.dg/pch/counter-1.c  -O3 -g  assembly comparison
FAIL: gcc.dg/pch/counter-1.c   -Os  -I. -Dwith_PCH (test for excess errors)
FAIL: gcc.dg/pch/counter-1.c  -Os  assembly comparison
FAIL: gcc.dg/pch/counter-2.c  -O0 -g -I. -Dwith_PCH  (test for warnings, line 10)
FAIL: gcc.dg/pch/counter-2.c  -O0 -g -I. -Dwith_PCH (test for excess errors)
FAIL: gcc.dg/pch/counter-2.c   -O0  -I. -Dwith_PCH  (test for warnings, line 10)
FAIL: gcc.dg/pch/counter-2.c   -O0  -I. -Dwith_PCH (test for excess errors)
FAIL: gcc.dg/pch/counter-2.c   -O1  -I. -Dwith_PCH  (test for warnings, line 10)
FAIL: gcc.dg/pch/counter-2.c   -O1  -I. -Dwith_PCH (test for excess errors)
FAIL: gcc.dg/pch/counter-2.c   -O2  -I. -Dwith_PCH  (test for warnings, line 10)
FAIL: gcc.dg/pch/counter-2.c   -O2  -I. -Dwith_PCH (test for excess errors)
FAIL: gcc.dg/pch/counter-2.c   -O3 -g  -I. -Dwith_PCH  (test for warnings, line 10)
FAIL: gcc.dg/pch/counter-2.c   -O3 -g  -I. -Dwith_PCH (test for excess errors)
FAIL: gcc.dg/pch/counter-2.c   -Os  -I. -Dwith_PCH  (test for warnings, line 10)
FAIL: gcc.dg/pch/counter-2.c   -Os  -I. -Dwith_PCH (test for excess errors)
FAIL: gcc.dg/pch/counter-3.c  -O0 -g -I. -Dwith_PCH (test for excess errors)
FAIL: gcc.dg/pch/counter-3.c -O0 -g assembly comparison
FAIL: gcc.dg/pch/counter-3.c   -O0  -I. -Dwith_PCH (test for excess errors)
FAIL: gcc.dg/pch/counter-3.c  -O0  assembly comparison
FAIL: gcc.dg/pch/counter-3.c   -O1  -I. -Dwith_PCH (test for excess errors)
FAIL: gcc.dg/pch/counter-3.c  -O1  assembly comparison
FAIL: gcc.dg/pch/counter-3.c   -O2  -I. -Dwith_PCH (test for excess errors)
FAIL: gcc.dg/pch/counter-3.c  -O2  assembly comparison
FAIL: gcc.dg/pch/counter-3.c   -O3 -g  -I. -Dwith_PCH (test for excess errors)
FAIL: gcc.dg/pch/counter-3.c  -O3 -g  assembly comparison
FAIL: gcc.dg/pch/counter-3.c   -Os  -I. -Dwith_PCH (test for excess errors)
FAIL: gcc.dg/pch/counter-3.c  -Os  assembly comparison
FAIL: gcc.dg/pch/cpp-1.c  -O0 -g -I. -Dwith_PCH (test for excess errors)
FAIL: gcc.dg/pch/cpp-1.c -O0 -g assembly comparison
FAIL: gcc.dg/pch/cpp-1.c   -O0  -I. -Dwith_PCH (test for excess errors)
FAIL: gcc.dg/pch/cpp-1.c  -O0  assembly comparison
FAIL: gcc.dg/pch/cpp-1.c   -O1  -I. -Dwith_PCH (test for excess errors)
FAIL: gcc.dg/pch/cpp-1.c  -O1  assembly comparison
FAIL: gcc.dg/pch/cpp-1.c   -O2  -I. -Dwith_PCH (test for excess errors)
FAIL: gcc.dg/pch/cpp-1.c  -O2  assembly comparison
FAIL: gcc.dg/pch/cpp-1.c   -O3 -g  -I. -Dwith_PCH (test for excess errors)
FAIL: gcc.dg/pch/cpp-1.c  -O3 -g  assembly comparison
FAIL: gcc.dg/pch/cpp-1.c   -Os  -I. -Dwith_PCH (test for excess errors)
FAIL: gcc.dg/pch/cpp-1.c  -Os  assembly comparison
FAIL: gcc.dg/pch/cpp-2.c  -O0 -g -I. -Dwith_PCH (test for excess errors)
FAIL: gcc.dg/pch/cpp-2.c -O0 -g assembly comparison
FAIL: gcc.dg/pch/cpp-2.c   -O0  -I. -Dwith_PCH (test for excess errors)
FAIL: gcc.dg/pch/cpp-2.c  -O0  assembly comparison
FAIL: gcc.dg/pch/cpp-2.c   -O1  -I. -Dwith_PCH (test for excess errors)
FAIL: gcc.dg/pch/cpp-2.c  -O1  assembly comparison
FAIL: gcc.dg/pch/cpp-2.c   -O2  -I. -Dwith_PCH (test for excess errors)
FAIL: gcc.dg/pch/cpp-2.c  -O2  assembly comparison
FAIL: gcc.dg/pch/cpp-2.c   -O3 -g  -I. -Dwith_PCH (test for excess errors)
FAIL: gcc.dg/pch/cpp-2.c  -O3 -g  assembly comparison
FAIL: gcc.dg/pch/cpp-2.c   -Os  -I. -Dwith_PCH (test for excess errors)
FAIL: gcc.dg/pch/cpp-2.c  -Os  assembly comparison
FAIL: gcc.dg/pch/cpp-3.c  -O0 -g -I. -Dwith_PCH  (test for warnings, line )
FAIL: gcc.dg/pch/cpp-3.c  -O0 -g -I. -Dwith_PCH (test for excess errors)
FAIL: gcc.dg/pch/cpp-3.c -O0 -g assembly comparison
FAIL: gcc.dg/pch/cpp-3.c   -O0  -I. -Dwith_PCH  (test for warnings, line )
FAIL: gcc.dg/pch/cpp-3.c   -O0  -I. -Dwith_PCH (test for excess errors)
FAIL: gcc.dg/pch/cpp-3.c  -O0  assembly comparison
FAIL: gcc.dg/pch/cpp-3.c   -O1  -I. -Dwith_PCH  (test for warnings, line )
FAIL: gcc.dg/pch/cpp-3.c   -O1  -I. -Dwith_PCH (test for excess errors)
FAIL: gcc.dg/pch/cpp-3.c  -O1  assembly comparison
FAIL: gcc.dg/pch/cpp-3.c   -O2  -I. -Dwith_PCH  (test for warnings, line )
FAIL: gcc.dg/pch/cpp-3.c   -O2  -I. -Dwith_PCH (test for excess errors)
FAIL: gcc.dg/pch/cpp-3.c  -O2  assembly comparison
FAIL: gcc.dg/pch/cpp-3.c   -O3 -g  -I. -Dwith_PCH  (test for warnings, line )
FAIL: gcc.dg/pch/cpp-3.c   -O3 -g  -I. -Dwith_PCH (test for excess errors)
FAIL: gcc.dg/pch/cpp-3.c  -O3 -g  assembly comparison
FAIL: gcc.dg/pch/cpp-3.c   -Os  -I. -Dwith_PCH  (test for warnings, line )
FAIL: gcc.dg/pch/cpp-3.c   -Os  -I. -Dwith_PCH (test for excess errors)
FAIL: gcc.dg/pch/cpp-3.c  -Os  assembly comparison
FAIL: gcc.dg/pch/decl-1.c  -O0 -g -I. -Dwith_PCH (test for excess errors)
FAIL: gcc.dg/pch/decl-1.c -O0 -g assembly comparison
FAIL: gcc.dg/pch/decl-1.c   -O0  -I. -Dwith_PCH (test for excess errors)
FAIL: gcc.dg/pch/decl-1.c  -O0  assembly comparison
FAIL: gcc.dg/pch/decl-1.c   -O1  -I. -Dwith_PCH (test for excess errors)
FAIL: gcc.dg/pch/decl-1.c  -O1  assembly comparison
FAIL: gcc.dg/pch/decl-1.c   -O2  -I. -Dwith_PCH (test for excess errors)
FAIL: gcc.dg/pch/decl-1.c  -O2  assembly comparison
FAIL: gcc.dg/pch/decl-1.c   -O3 -g  -I. -Dwith_PCH (test for excess errors)
FAIL: gcc.dg/pch/decl-1.c  -O3 -g  assembly comparison
FAIL: gcc.dg/pch/decl-1.c   -Os  -I. -Dwith_PCH (test for excess errors)
FAIL: gcc.dg/pch/decl-1.c  -Os  assembly comparison
FAIL: gcc.dg/pch/decl-2.c  -O0 -g -I. -Dwith_PCH (test for excess errors)
FAIL: gcc.dg/pch/decl-2.c -O0 -g assembly comparison
FAIL: gcc.dg/pch/decl-2.c   -O0  -I. -Dwith_PCH (test for excess errors)
FAIL: gcc.dg/pch/decl-2.c  -O0  assembly comparison
FAIL: gcc.dg/pch/decl-2.c   -O1  -I. -Dwith_PCH (test for excess errors)
FAIL: gcc.dg/pch/decl-2.c  -O1  assembly comparison
FAIL: gcc.dg/pch/decl-2.c   -O2  -I. -Dwith_PCH (test for excess errors)
FAIL: gcc.dg/pch/decl-2.c  -O2  assembly comparison
FAIL: gcc.dg/pch/decl-2.c   -O3 -g  -I. -Dwith_PCH (test for excess errors)
FAIL: gcc.dg/pch/decl-2.c  -O3 -g  assembly comparison
FAIL: gcc.dg/pch/decl-2.c   -Os  -I. -Dwith_PCH (test for excess errors)
FAIL: gcc.dg/pch/decl-2.c  -Os  assembly comparison
FAIL: gcc.dg/pch/decl-3.c  -O0 -g -I. -Dwith_PCH (test for excess errors)
FAIL: gcc.dg/pch/decl-3.c -O0 -g assembly comparison
FAIL: gcc.dg/pch/decl-3.c   -O0  -I. -Dwith_PCH (test for excess errors)
FAIL: gcc.dg/pch/decl-3.c  -O0  assembly comparison
FAIL: gcc.dg/pch/decl-3.c   -O1  -I. -Dwith_PCH (test for excess errors)
FAIL: gcc.dg/pch/decl-3.c  -O1  assembly comparison
FAIL: gcc.dg/pch/decl-3.c   -O2  -I. -Dwith_PCH (test for excess errors)
FAIL: gcc.dg/pch/decl-3.c  -O2  assembly comparison
FAIL: gcc.dg/pch/decl-3.c   -O3 -g  -I. -Dwith_PCH (test for excess errors)
FAIL: gcc.dg/pch/decl-3.c  -O3 -g  assembly comparison
FAIL: gcc.dg/pch/decl-3.c   -Os  -I. -Dwith_PCH (test for excess errors)
FAIL: gcc.dg/pch/decl-3.c  -Os  assembly comparison
FAIL: gcc.dg/pch/decl-4.c  -O0 -g -I. -Dwith_PCH (test for excess errors)
FAIL: gcc.dg/pch/decl-4.c -O0 -g assembly comparison
FAIL: gcc.dg/pch/decl-4.c   -O0  -I. -Dwith_PCH (test for excess errors)
FAIL: gcc.dg/pch/decl-4.c  -O0  assembly comparison
FAIL: gcc.dg/pch/decl-4.c   -O1  -I. -Dwith_PCH (test for excess errors)
FAIL: gcc.dg/pch/decl-4.c  -O1  assembly comparison
FAIL: gcc.dg/pch/decl-4.c   -O2  -I. -Dwith_PCH (test for excess errors)
FAIL: gcc.dg/pch/decl-4.c  -O2  assembly comparison
FAIL: gcc.dg/pch/decl-4.c   -O3 -g  -I. -Dwith_PCH (test for excess errors)
FAIL: gcc.dg/pch/decl-4.c  -O3 -g  assembly comparison
FAIL: gcc.dg/pch/decl-4.c   -Os  -I. -Dwith_PCH (test for excess errors)
FAIL: gcc.dg/pch/decl-4.c  -Os  assembly comparison
FAIL: gcc.dg/pch/decl-5.c  -O0 -g -I. -Dwith_PCH (test for excess errors)
FAIL: gcc.dg/pch/decl-5.c -O0 -g assembly comparison
FAIL: gcc.dg/pch/decl-5.c   -O0  -I. -Dwith_PCH (test for excess errors)
FAIL: gcc.dg/pch/decl-5.c  -O0  assembly comparison
FAIL: gcc.dg/pch/decl-5.c   -O1  -I. -Dwith_PCH (test for excess errors)
FAIL: gcc.dg/pch/decl-5.c  -O1  assembly comparison
FAIL: gcc.dg/pch/decl-5.c   -O2  -I. -Dwith_PCH (test for excess errors)
FAIL: gcc.dg/pch/decl-5.c  -O2  assembly comparison
FAIL: gcc.dg/pch/decl-5.c   -O3 -g  -I. -Dwith_PCH (test for excess errors)
FAIL: gcc.dg/pch/decl-5.c  -O3 -g  assembly comparison
FAIL: gcc.dg/pch/decl-5.c   -Os  -I. -Dwith_PCH (test for excess errors)
FAIL: gcc.dg/pch/decl-5.c  -Os  assembly comparison
FAIL: gcc.dg/pch/empty.c  -O0 -g -I. -Dwith_PCH (test for excess errors)
FAIL: gcc.dg/pch/empty.c -O0 -g assembly comparison
FAIL: gcc.dg/pch/empty.c   -O0  -I. -Dwith_PCH (test for excess errors)
FAIL: gcc.dg/pch/empty.c  -O0  assembly comparison
FAIL: gcc.dg/pch/empty.c   -O1  -I. -Dwith_PCH (test for excess errors)
FAIL: gcc.dg/pch/empty.c  -O1  assembly comparison
FAIL: gcc.dg/pch/empty.c   -O2  -I. -Dwith_PCH (test for excess errors)
FAIL: gcc.dg/pch/empty.c  -O2  assembly comparison
FAIL: gcc.dg/pch/empty.c   -O3 -g  -I. -Dwith_PCH (test for excess errors)
FAIL: gcc.dg/pch/empty.c  -O3 -g  assembly comparison
FAIL: gcc.dg/pch/empty.c   -Os  -I. -Dwith_PCH (test for excess errors)
FAIL: gcc.dg/pch/empty.c  -Os  assembly comparison
FAIL: gcc.dg/pch/except-1.c  -O0 -g -I. -Dwith_PCH (test for excess errors)
FAIL: gcc.dg/pch/except-1.c -O0 -g assembly comparison
FAIL: gcc.dg/pch/except-1.c   -O0  -I. -Dwith_PCH (test for excess errors)
FAIL: gcc.dg/pch/except-1.c  -O0  assembly comparison
FAIL: gcc.dg/pch/except-1.c   -O1  -I. -Dwith_PCH (test for excess errors)
FAIL: gcc.dg/pch/except-1.c  -O1  assembly comparison
FAIL: gcc.dg/pch/except-1.c   -O2  -I. -Dwith_PCH (test for excess errors)
FAIL: gcc.dg/pch/except-1.c  -O2  assembly comparison
FAIL: gcc.dg/pch/except-1.c   -O3 -g  -I. -Dwith_PCH (test for excess errors)
FAIL: gcc.dg/pch/except-1.c  -O3 -g  assembly comparison
FAIL: gcc.dg/pch/except-1.c   -Os  -I. -Dwith_PCH (test for excess errors)
FAIL: gcc.dg/pch/except-1.c  -Os  assembly comparison
FAIL: gcc.dg/pch/global-1.c  -O0 -g -I. -Dwith_PCH (test for excess errors)
FAIL: gcc.dg/pch/global-1.c -O0 -g assembly comparison
FAIL: gcc.dg/pch/global-1.c   -O0  -I. -Dwith_PCH (test for excess errors)
FAIL: gcc.dg/pch/global-1.c  -O0  assembly comparison
FAIL: gcc.dg/pch/global-1.c   -O1  -I. -Dwith_PCH (test for excess errors)
FAIL: gcc.dg/pch/global-1.c  -O1  assembly comparison
FAIL: gcc.dg/pch/global-1.c   -O2  -I. -Dwith_PCH (test for excess errors)
FAIL: gcc.dg/pch/global-1.c  -O2  assembly comparison
FAIL: gcc.dg/pch/global-1.c   -O3 -g  -I. -Dwith_PCH (test for excess errors)
FAIL: gcc.dg/pch/global-1.c  -O3 -g  assembly comparison
FAIL: gcc.dg/pch/global-1.c   -Os  -I. -Dwith_PCH (test for excess errors)
FAIL: gcc.dg/pch/global-1.c  -Os  assembly comparison
FAIL: gcc.dg/pch/ident-1.c  -O0 -g -I. -Dwith_PCH (test for excess errors)
FAIL: gcc.dg/pch/ident-1.c -O0 -g assembly comparison
FAIL: gcc.dg/pch/ident-1.c   -O0  -I. -Dwith_PCH (test for excess errors)
FAIL: gcc.dg/pch/ident-1.c  -O0  assembly comparison
FAIL: gcc.dg/pch/ident-1.c   -O1  -I. -Dwith_PCH (test for excess errors)
FAIL: gcc.dg/pch/ident-1.c  -O1  assembly comparison
FAIL: gcc.dg/pch/ident-1.c   -O2  -I. -Dwith_PCH (test for excess errors)
FAIL: gcc.dg/pch/ident-1.c  -O2  assembly comparison
FAIL: gcc.dg/pch/ident-1.c   -O3 -g  -I. -Dwith_PCH (test for excess errors)
FAIL: gcc.dg/pch/ident-1.c  -O3 -g  assembly comparison
FAIL: gcc.dg/pch/ident-1.c   -Os  -I. -Dwith_PCH (test for excess errors)
FAIL: gcc.dg/pch/ident-1.c  -Os  assembly comparison
FAIL: gcc.dg/pch/import-1.c  -O0 -g -I. -Dwith_PCH (test for excess errors)
FAIL: gcc.dg/pch/import-1.c -O0 -g assembly comparison
FAIL: gcc.dg/pch/import-1.c   -O0  -I. -Dwith_PCH (test for excess errors)
FAIL: gcc.dg/pch/import-1.c  -O0  assembly comparison
FAIL: gcc.dg/pch/import-1.c   -O1  -I. -Dwith_PCH (test for excess errors)
FAIL: gcc.dg/pch/import-1.c  -O1  assembly comparison
FAIL: gcc.dg/pch/import-1.c   -O2  -I. -Dwith_PCH (test for excess errors)
FAIL: gcc.dg/pch/import-1.c  -O2  assembly comparison
FAIL: gcc.dg/pch/import-1.c   -O3 -g  -I. -Dwith_PCH (test for excess errors)
FAIL: gcc.dg/pch/import-1.c  -O3 -g  assembly comparison
FAIL: gcc.dg/pch/import-1.c   -Os  -I. -Dwith_PCH (test for excess errors)
FAIL: gcc.dg/pch/import-1.c  -Os  assembly comparison
FAIL: gcc.dg/pch/import-2.c  -O0 -g -I. -Dwith_PCH (test for excess errors)
FAIL: gcc.dg/pch/import-2.c -O0 -g assembly comparison
FAIL: gcc.dg/pch/import-2.c   -O0  -I. -Dwith_PCH (test for excess errors)
FAIL: gcc.dg/pch/import-2.c  -O0  assembly comparison
FAIL: gcc.dg/pch/import-2.c   -O1  -I. -Dwith_PCH (test for excess errors)
FAIL: gcc.dg/pch/import-2.c  -O1  assembly comparison
FAIL: gcc.dg/pch/import-2.c   -O2  -I. -Dwith_PCH (test for excess errors)
FAIL: gcc.dg/pch/import-2.c  -O2  assembly comparison
FAIL: gcc.dg/pch/import-2.c   -O3 -g  -I. -Dwith_PCH (test for excess errors)
FAIL: gcc.dg/pch/import-2.c  -O3 -g  assembly comparison
FAIL: gcc.dg/pch/import-2.c   -Os  -I. -Dwith_PCH (test for excess errors)
FAIL: gcc.dg/pch/import-2.c  -Os  assembly comparison
FAIL: gcc.dg/pch/inline-1.c  -O0 -g -I. -Dwith_PCH (test for excess errors)
FAIL: gcc.dg/pch/inline-1.c -O0 -g assembly comparison
FAIL: gcc.dg/pch/inline-1.c   -O0  -I. -Dwith_PCH (test for excess errors)
FAIL: gcc.dg/pch/inline-1.c  -O0  assembly comparison
FAIL: gcc.dg/pch/inline-1.c   -O1  -I. -Dwith_PCH (test for excess errors)
FAIL: gcc.dg/pch/inline-1.c  -O1  assembly comparison
FAIL: gcc.dg/pch/inline-1.c   -O2  -I. -Dwith_PCH (test for excess errors)
FAIL: gcc.dg/pch/inline-1.c  -O2  assembly comparison
FAIL: gcc.dg/pch/inline-1.c   -O3 -g  -I. -Dwith_PCH (test for excess errors)
FAIL: gcc.dg/pch/inline-1.c  -O3 -g  assembly comparison
FAIL: gcc.dg/pch/inline-1.c   -Os  -I. -Dwith_PCH (test for excess errors)
FAIL: gcc.dg/pch/inline-1.c  -Os  assembly comparison
FAIL: gcc.dg/pch/inline-2.c  -O0 -g -I. -Dwith_PCH (test for excess errors)
FAIL: gcc.dg/pch/inline-2.c -O0 -g assembly comparison
FAIL: gcc.dg/pch/inline-2.c   -O0  -I. -Dwith_PCH (test for excess errors)
FAIL: gcc.dg/pch/inline-2.c  -O0  assembly comparison
FAIL: gcc.dg/pch/inline-2.c   -O1  -I. -Dwith_PCH (test for excess errors)
FAIL: gcc.dg/pch/inline-2.c  -O1  assembly comparison
FAIL: gcc.dg/pch/inline-2.c   -O2  -I. -Dwith_PCH (test for excess errors)
FAIL: gcc.dg/pch/inline-2.c  -O2  assembly comparison
FAIL: gcc.dg/pch/inline-2.c   -O3 -g  -I. -Dwith_PCH (test for excess errors)
FAIL: gcc.dg/pch/inline-2.c  -O3 -g  assembly comparison
FAIL: gcc.dg/pch/inline-2.c   -Os  -I. -Dwith_PCH (test for excess errors)
FAIL: gcc.dg/pch/inline-2.c  -Os  assembly comparison
FAIL: gcc.dg/pch/inline-3.c  -O0 -g -I. -Dwith_PCH (test for excess errors)
FAIL: gcc.dg/pch/inline-3.c -O0 -g assembly comparison
FAIL: gcc.dg/pch/inline-3.c   -O0  -I. -Dwith_PCH (test for excess errors)
FAIL: gcc.dg/pch/inline-3.c  -O0  assembly comparison
FAIL: gcc.dg/pch/inline-3.c   -O1  -I. -Dwith_PCH (test for excess errors)
FAIL: gcc.dg/pch/inline-3.c  -O1  assembly comparison
FAIL: gcc.dg/pch/inline-3.c   -O2  -I. -Dwith_PCH (test for excess errors)
FAIL: gcc.dg/pch/inline-3.c  -O2  assembly comparison
FAIL: gcc.dg/pch/inline-3.c   -O3 -g  -I. -Dwith_PCH (test for excess errors)
FAIL: gcc.dg/pch/inline-3.c  -O3 -g  assembly comparison
FAIL: gcc.dg/pch/inline-3.c   -Os  -I. -Dwith_PCH (test for excess errors)
FAIL: gcc.dg/pch/inline-3.c  -Os  assembly comparison
FAIL: gcc.dg/pch/inline-4.c  -O0 -g -I. -Dwith_PCH (test for excess errors)
FAIL: gcc.dg/pch/inline-4.c -O0 -g assembly comparison
FAIL: gcc.dg/pch/inline-4.c   -O0  -I. -Dwith_PCH (test for excess errors)
FAIL: gcc.dg/pch/inline-4.c  -O0  assembly comparison
FAIL: gcc.dg/pch/inline-4.c   -O1  -I. -Dwith_PCH (test for excess errors)
FAIL: gcc.dg/pch/inline-4.c  -O1  assembly comparison
FAIL: gcc.dg/pch/inline-4.c   -O2  -I. -Dwith_PCH (test for excess errors)
FAIL: gcc.dg/pch/inline-4.c  -O2  assembly comparison
FAIL: gcc.dg/pch/inline-4.c   -O3 -g  -I. -Dwith_PCH (test for excess errors)
FAIL: gcc.dg/pch/inline-4.c  -O3 -g  assembly comparison
FAIL: gcc.dg/pch/inline-4.c   -Os  -I. -Dwith_PCH (test for excess errors)
FAIL: gcc.dg/pch/inline-4.c  -Os  assembly comparison
FAIL: gcc.dg/pch/macro-1.c  -O0 -g -I. -Dwith_PCH (test for excess errors)
FAIL: gcc.dg/pch/macro-1.c -O0 -g assembly comparison
FAIL: gcc.dg/pch/macro-1.c   -O0  -I. -Dwith_PCH (test for excess errors)
FAIL: gcc.dg/pch/macro-1.c  -O0  assembly comparison
FAIL: gcc.dg/pch/macro-1.c   -O1  -I. -Dwith_PCH (test for excess errors)
FAIL: gcc.dg/pch/macro-1.c  -O1  assembly comparison
FAIL: gcc.dg/pch/macro-1.c   -O2  -I. -Dwith_PCH (test for excess errors)
FAIL: gcc.dg/pch/macro-1.c  -O2  assembly comparison
FAIL: gcc.dg/pch/macro-1.c   -O3 -g  -I. -Dwith_PCH (test for excess errors)
FAIL: gcc.dg/pch/macro-1.c  -O3 -g  assembly comparison
FAIL: gcc.dg/pch/macro-1.c   -Os  -I. -Dwith_PCH (test for excess errors)
FAIL: gcc.dg/pch/macro-1.c  -Os  assembly comparison
FAIL: gcc.dg/pch/macro-2.c  -O0 -g -I. -Dwith_PCH (test for excess errors)
FAIL: gcc.dg/pch/macro-2.c -O0 -g assembly comparison
FAIL: gcc.dg/pch/macro-2.c   -O0  -I. -Dwith_PCH (test for excess errors)
FAIL: gcc.dg/pch/macro-2.c  -O0  assembly comparison
FAIL: gcc.dg/pch/macro-2.c   -O1  -I. -Dwith_PCH (test for excess errors)
FAIL: gcc.dg/pch/macro-2.c  -O1  assembly comparison
FAIL: gcc.dg/pch/macro-2.c   -O2  -I. -Dwith_PCH (test for excess errors)
FAIL: gcc.dg/pch/macro-2.c  -O2  assembly comparison
FAIL: gcc.dg/pch/macro-2.c   -O3 -g  -I. -Dwith_PCH (test for excess errors)
FAIL: gcc.dg/pch/macro-2.c  -O3 -g  assembly comparison
FAIL: gcc.dg/pch/macro-2.c   -Os  -I. -Dwith_PCH (test for excess errors)
FAIL: gcc.dg/pch/macro-2.c  -Os  assembly comparison
FAIL: gcc.dg/pch/macro-3.c  -O0 -g -I. -Dwith_PCH (test for excess errors)
FAIL: gcc.dg/pch/macro-3.c -O0 -g assembly comparison
FAIL: gcc.dg/pch/macro-3.c   -O0  -I. -Dwith_PCH (test for excess errors)
FAIL: gcc.dg/pch/macro-3.c  -O0  assembly comparison
FAIL: gcc.dg/pch/macro-3.c   -O1  -I. -Dwith_PCH (test for excess errors)
FAIL: gcc.dg/pch/macro-3.c  -O1  assembly comparison
FAIL: gcc.dg/pch/macro-3.c   -O2  -I. -Dwith_PCH (test for excess errors)
FAIL: gcc.dg/pch/macro-3.c  -O2  assembly comparison
FAIL: gcc.dg/pch/macro-3.c   -O3 -g  -I. -Dwith_PCH (test for excess errors)
FAIL: gcc.dg/pch/macro-3.c  -O3 -g  assembly comparison
FAIL: gcc.dg/pch/macro-3.c   -Os  -I. -Dwith_PCH (test for excess errors)
FAIL: gcc.dg/pch/macro-3.c  -Os  assembly comparison
FAIL: gcc.dg/pch/macro-4.c  -O0 -g -I. -Dwith_PCH (test for excess errors)
FAIL: gcc.dg/pch/macro-4.c -O0 -g assembly comparison
FAIL: gcc.dg/pch/macro-4.c   -O0  -I. -Dwith_PCH (test for excess errors)
FAIL: gcc.dg/pch/macro-4.c  -O0  assembly comparison
FAIL: gcc.dg/pch/macro-4.c   -O1  -I. -Dwith_PCH (test for excess errors)
FAIL: gcc.dg/pch/macro-4.c  -O1  assembly comparison
FAIL: gcc.dg/pch/macro-4.c   -O2  -I. -Dwith_PCH (test for excess errors)
FAIL: gcc.dg/pch/macro-4.c  -O2  assembly comparison
FAIL: gcc.dg/pch/macro-4.c   -O3 -g  -I. -Dwith_PCH (test for excess errors)
FAIL: gcc.dg/pch/macro-4.c  -O3 -g  assembly comparison
FAIL: gcc.dg/pch/macro-4.c   -Os  -I. -Dwith_PCH (test for excess errors)
FAIL: gcc.dg/pch/macro-4.c  -Os  assembly comparison
FAIL: gcc.dg/pch/save-temps-1.c  -O0 -g -I. -Dwith_PCH (test for excess errors)
FAIL: gcc.dg/pch/save-temps-1.c -O0 -g assembly comparison
FAIL: gcc.dg/pch/save-temps-1.c   -O0  -I. -Dwith_PCH (test for excess errors)
FAIL: gcc.dg/pch/save-temps-1.c  -O0  assembly comparison
FAIL: gcc.dg/pch/save-temps-1.c   -O1  -I. -Dwith_PCH (test for excess errors)
FAIL: gcc.dg/pch/save-temps-1.c  -O1  assembly comparison
FAIL: gcc.dg/pch/save-temps-1.c   -O2  -I. -Dwith_PCH (test for excess errors)
FAIL: gcc.dg/pch/save-temps-1.c  -O2  assembly comparison
FAIL: gcc.dg/pch/save-temps-1.c   -O3 -g  -I. -Dwith_PCH (test for excess errors)
FAIL: gcc.dg/pch/save-temps-1.c  -O3 -g  assembly comparison
FAIL: gcc.dg/pch/save-temps-1.c   -Os  -I. -Dwith_PCH (test for excess errors)
FAIL: gcc.dg/pch/save-temps-1.c  -Os  assembly comparison
FAIL: gcc.dg/pch/static-1.c  -O0 -g -I. -Dwith_PCH (test for excess errors)
FAIL: gcc.dg/pch/static-1.c -O0 -g assembly comparison
FAIL: gcc.dg/pch/static-1.c   -O0  -I. -Dwith_PCH (test for excess errors)
FAIL: gcc.dg/pch/static-1.c  -O0  assembly comparison
FAIL: gcc.dg/pch/static-1.c   -O1  -I. -Dwith_PCH (test for excess errors)
FAIL: gcc.dg/pch/static-1.c  -O1  assembly comparison
FAIL: gcc.dg/pch/static-1.c   -O2  -I. -Dwith_PCH (test for excess errors)
FAIL: gcc.dg/pch/static-1.c  -O2  assembly comparison
FAIL: gcc.dg/pch/static-1.c   -O3 -g  -I. -Dwith_PCH (test for excess errors)
FAIL: gcc.dg/pch/static-1.c  -O3 -g  assembly comparison
FAIL: gcc.dg/pch/static-1.c   -Os  -I. -Dwith_PCH (test for excess errors)
FAIL: gcc.dg/pch/static-1.c  -Os  assembly comparison
FAIL: gcc.dg/pch/static-2.c  -O0 -g -I. -Dwith_PCH (test for excess errors)
FAIL: gcc.dg/pch/static-2.c -O0 -g assembly comparison
FAIL: gcc.dg/pch/static-2.c   -O0  -I. -Dwith_PCH (test for excess errors)
FAIL: gcc.dg/pch/static-2.c  -O0  assembly comparison
FAIL: gcc.dg/pch/static-2.c   -O1  -I. -Dwith_PCH (test for excess errors)
FAIL: gcc.dg/pch/static-2.c  -O1  assembly comparison
FAIL: gcc.dg/pch/static-2.c   -O2  -I. -Dwith_PCH (test for excess errors)
FAIL: gcc.dg/pch/static-2.c  -O2  assembly comparison
FAIL: gcc.dg/pch/static-2.c   -O3 -g  -I. -Dwith_PCH (test for excess errors)
FAIL: gcc.dg/pch/static-2.c  -O3 -g  assembly comparison
FAIL: gcc.dg/pch/static-2.c   -Os  -I. -Dwith_PCH (test for excess errors)
FAIL: gcc.dg/pch/static-2.c  -Os  assembly comparison
FAIL: gcc.dg/pch/static-3.c  -O0 -g -I. -Dwith_PCH (test for excess errors)
FAIL: gcc.dg/pch/static-3.c -O0 -g assembly comparison
FAIL: gcc.dg/pch/static-3.c   -O0  -I. -Dwith_PCH (test for excess errors)
FAIL: gcc.dg/pch/static-3.c  -O0  assembly comparison
FAIL: gcc.dg/pch/static-3.c   -O1  -I. -Dwith_PCH (test for excess errors)
FAIL: gcc.dg/pch/static-3.c  -O1  assembly comparison
FAIL: gcc.dg/pch/static-3.c   -O2  -I. -Dwith_PCH (test for excess errors)
FAIL: gcc.dg/pch/static-3.c  -O2  assembly comparison
FAIL: gcc.dg/pch/static-3.c   -O3 -g  -I. -Dwith_PCH (test for excess errors)
FAIL: gcc.dg/pch/static-3.c  -O3 -g  assembly comparison
FAIL: gcc.dg/pch/static-3.c   -Os  -I. -Dwith_PCH (test for excess errors)
FAIL: gcc.dg/pch/static-3.c  -Os  assembly comparison
FAIL: gcc.dg/pch/struct-1.c  -O0 -g -I. -Dwith_PCH (test for excess errors)
FAIL: gcc.dg/pch/struct-1.c -O0 -g assembly comparison
FAIL: gcc.dg/pch/struct-1.c   -O0  -I. -Dwith_PCH (test for excess errors)
FAIL: gcc.dg/pch/struct-1.c  -O0  assembly comparison
FAIL: gcc.dg/pch/struct-1.c   -O1  -I. -Dwith_PCH (test for excess errors)
FAIL: gcc.dg/pch/struct-1.c  -O1  assembly comparison
FAIL: gcc.dg/pch/struct-1.c   -O2  -I. -Dwith_PCH (test for excess errors)
FAIL: gcc.dg/pch/struct-1.c  -O2  assembly comparison
FAIL: gcc.dg/pch/struct-1.c   -O3 -g  -I. -Dwith_PCH (test for excess errors)
FAIL: gcc.dg/pch/struct-1.c  -O3 -g  assembly comparison
FAIL: gcc.dg/pch/struct-1.c   -Os  -I. -Dwith_PCH (test for excess errors)
FAIL: gcc.dg/pch/struct-1.c  -Os  assembly comparison
FAIL: gcc.dg/pch/system-1.c  -O0 -g -I. -Dwith_PCH (test for excess errors)
FAIL: gcc.dg/pch/system-1.c -O0 -g assembly comparison
FAIL: gcc.dg/pch/system-1.c   -O0  -I. -Dwith_PCH (test for excess errors)
FAIL: gcc.dg/pch/system-1.c  -O0  assembly comparison
FAIL: gcc.dg/pch/system-1.c   -O1  -I. -Dwith_PCH (test for excess errors)
FAIL: gcc.dg/pch/system-1.c  -O1  assembly comparison
FAIL: gcc.dg/pch/system-1.c   -O2  -I. -Dwith_PCH (test for excess errors)
FAIL: gcc.dg/pch/system-1.c  -O2  assembly comparison
FAIL: gcc.dg/pch/system-1.c   -O3 -g  -I. -Dwith_PCH (test for excess errors)
FAIL: gcc.dg/pch/system-1.c  -O3 -g  assembly comparison
FAIL: gcc.dg/pch/system-1.c   -Os  -I. -Dwith_PCH (test for excess errors)
FAIL: gcc.dg/pch/system-1.c  -Os  assembly comparison
FAIL: gcc.dg/pch/valid-1b.c  -O0 -g -I. -Dwith_PCH (test for excess errors)
FAIL: gcc.dg/pch/valid-1b.c -O0 -g assembly comparison
FAIL: gcc.dg/pch/valid-1b.c   -O0  -I. -Dwith_PCH (test for excess errors)
FAIL: gcc.dg/pch/valid-1b.c  -O0  assembly comparison
FAIL: gcc.dg/pch/valid-1b.c   -O1  -I. -Dwith_PCH (test for excess errors)
FAIL: gcc.dg/pch/valid-1b.c  -O1  assembly comparison
FAIL: gcc.dg/pch/valid-1b.c   -O2  -I. -Dwith_PCH (test for excess errors)
FAIL: gcc.dg/pch/valid-1b.c  -O2  assembly comparison
FAIL: gcc.dg/pch/valid-1b.c   -O3 -g  -I. -Dwith_PCH (test for excess errors)
FAIL: gcc.dg/pch/valid-1b.c  -O3 -g  assembly comparison
FAIL: gcc.dg/pch/valid-1b.c   -Os  -I. -Dwith_PCH (test for excess errors)
FAIL: gcc.dg/pch/valid-1b.c  -Os  assembly comparison
FAIL: gcc.dg/pch/valid-4.c  -O0 -g -I. -Dwith_PCH  (test for warnings, line 5)
FAIL: gcc.dg/pch/valid-4.c  -O0 -g -I. -Dwith_PCH (test for excess errors)
FAIL: gcc.dg/pch/valid-4.c -O0 -g assembly comparison
FAIL: gcc.dg/pch/valid-4.c   -O0  -I. -Dwith_PCH  (test for warnings, line 5)
FAIL: gcc.dg/pch/valid-4.c   -O0  -I. -Dwith_PCH (test for excess errors)
FAIL: gcc.dg/pch/valid-4.c  -O0  assembly comparison
FAIL: gcc.dg/pch/valid-4.c   -O1  -I. -Dwith_PCH  (test for warnings, line 5)
FAIL: gcc.dg/pch/valid-4.c   -O1  -I. -Dwith_PCH (test for excess errors)
FAIL: gcc.dg/pch/valid-4.c  -O1  assembly comparison
FAIL: gcc.dg/pch/valid-4.c   -O2  -I. -Dwith_PCH  (test for warnings, line 5)
FAIL: gcc.dg/pch/valid-4.c   -O2  -I. -Dwith_PCH (test for excess errors)
FAIL: gcc.dg/pch/valid-4.c  -O2  assembly comparison
FAIL: gcc.dg/pch/valid-4.c   -O3 -g  -I. -Dwith_PCH  (test for warnings, line 5)
FAIL: gcc.dg/pch/valid-4.c   -O3 -g  -I. -Dwith_PCH (test for excess errors)
FAIL: gcc.dg/pch/valid-4.c  -O3 -g  assembly comparison
FAIL: gcc.dg/pch/valid-4.c   -Os  -I. -Dwith_PCH  (test for warnings, line 5)
FAIL: gcc.dg/pch/valid-4.c   -Os  -I. -Dwith_PCH (test for excess errors)
FAIL: gcc.dg/pch/valid-4.c  -Os  assembly comparison
FAIL: gcc.dg/pch/valid-5.c  -O0 -g -I. -Dwith_PCH (test for excess errors)
FAIL: gcc.dg/pch/valid-5.c -O0 -g assembly comparison
FAIL: gcc.dg/pch/valid-5.c   -O0  -I. -Dwith_PCH (test for excess errors)
FAIL: gcc.dg/pch/valid-5.c  -O0  assembly comparison
FAIL: gcc.dg/pch/valid-5.c   -O1  -I. -Dwith_PCH (test for excess errors)
FAIL: gcc.dg/pch/valid-5.c  -O1  assembly comparison
FAIL: gcc.dg/pch/valid-5.c   -O2  -I. -Dwith_PCH (test for excess errors)
FAIL: gcc.dg/pch/valid-5.c  -O2  assembly comparison
FAIL: gcc.dg/pch/valid-5.c   -O3 -g  -I. -Dwith_PCH (test for excess errors)
FAIL: gcc.dg/pch/valid-5.c  -O3 -g  assembly comparison
FAIL: gcc.dg/pch/valid-5.c   -Os  -I. -Dwith_PCH (test for excess errors)
FAIL: gcc.dg/pch/valid-5.c  -Os  assembly comparison
FAIL: gcc.dg/pch/valid-6.c  -O0 -g -I. -Dwith_PCH (internal compiler error)
FAIL: gcc.dg/pch/valid-6.c  -O0 -g -I. -Dwith_PCH (test for excess errors)
FAIL: gcc.dg/pch/valid-6.c  -O0 -g assembly comparison
FAIL: gcc.dg/pch/valid-6.c   -O0  -I. -Dwith_PCH (internal compiler error)
FAIL: gcc.dg/pch/valid-6.c   -O0  -I. -Dwith_PCH (test for excess errors)
FAIL: gcc.dg/pch/valid-6.c   -O0  assembly comparison
FAIL: gcc.dg/pch/valid-6.c   -O1  -I. -Dwith_PCH (internal compiler error)
FAIL: gcc.dg/pch/valid-6.c   -O1  -I. -Dwith_PCH (test for excess errors)
FAIL: gcc.dg/pch/valid-6.c   -O1  assembly comparison
FAIL: gcc.dg/pch/valid-6.c   -O2  -I. -Dwith_PCH (internal compiler error)
FAIL: gcc.dg/pch/valid-6.c   -O2  -I. -Dwith_PCH (test for excess errors)
FAIL: gcc.dg/pch/valid-6.c   -O2  assembly comparison
FAIL: gcc.dg/pch/valid-6.c   -O3 -g  -I. -Dwith_PCH (internal compiler error)
FAIL: gcc.dg/pch/valid-6.c   -O3 -g  -I. -Dwith_PCH (test for excess errors)
FAIL: gcc.dg/pch/valid-6.c   -O3 -g  assembly comparison
FAIL: gcc.dg/pch/valid-6.c   -Os  -I. -Dwith_PCH (internal compiler error)
FAIL: gcc.dg/pch/valid-6.c   -Os  -I. -Dwith_PCH (test for excess errors)
FAIL: gcc.dg/pch/valid-6.c   -Os  assembly comparison
FAIL: gcc.dg/pch/warn-1.c  -O0 -g -I. -Dwith_PCH  (test for warnings, line 5)
FAIL: gcc.dg/pch/warn-1.c  -O0 -g -I. -Dwith_PCH (test for excess errors)
FAIL: gcc.dg/pch/warn-1.c   -O0  -I. -Dwith_PCH  (test for warnings, line 5)
FAIL: gcc.dg/pch/warn-1.c   -O0  -I. -Dwith_PCH (test for excess errors)
FAIL: gcc.dg/pch/warn-1.c   -O1  -I. -Dwith_PCH  (test for warnings, line 5)
FAIL: gcc.dg/pch/warn-1.c   -O1  -I. -Dwith_PCH (test for excess errors)
FAIL: gcc.dg/pch/warn-1.c   -O2  -I. -Dwith_PCH  (test for warnings, line 5)
FAIL: gcc.dg/pch/warn-1.c   -O2  -I. -Dwith_PCH (test for excess errors)
FAIL: gcc.dg/pch/warn-1.c   -O3 -g  -I. -Dwith_PCH  (test for warnings, line 5)
FAIL: gcc.dg/pch/warn-1.c   -O3 -g  -I. -Dwith_PCH (test for excess errors)
FAIL: gcc.dg/pch/warn-1.c   -Os  -I. -Dwith_PCH  (test for warnings, line 5)
FAIL: gcc.dg/pch/warn-1.c   -Os  -I. -Dwith_PCH (test for excess errors)
FAIL: largefile.c  -O0 -g -I. -Dwith_PCH (test for excess errors)
FAIL: gcc.dg/pch/largefile.c -O0 -g assembly comparison
FAIL: largefile.c   -O0  -I. -Dwith_PCH (test for excess errors)
FAIL: gcc.dg/pch/largefile.c  -O0  assembly comparison
FAIL: largefile.c   -O1  -I. -Dwith_PCH (test for excess errors)
FAIL: gcc.dg/pch/largefile.c  -O1  assembly comparison
FAIL: largefile.c   -O2  -I. -Dwith_PCH (test for excess errors)
FAIL: gcc.dg/pch/largefile.c  -O2  assembly comparison
FAIL: largefile.c   -O3 -g  -I. -Dwith_PCH (test for excess errors)
FAIL: gcc.dg/pch/largefile.c  -O3 -g  assembly comparison
FAIL: largefile.c   -Os  -I. -Dwith_PCH (test for excess errors)
FAIL: gcc.dg/pch/largefile.c  -Os  assembly comparison
FAIL: gcc.dg/tree-prof/cold_partition_label.c scan-assembler foo[._]+cold[._]+0
FAIL: gcc.dg/tree-prof/cold_partition_label.c scan-assembler size[ \\ta-zA-Z0-0]+foo[._]+cold[._]+0
FAIL: gcc.dg/vect/pr16105.c scan-tree-dump-times vect "Alignment of access forced using versioning" 2
FAIL: gcc.dg/vect/pr20122.c scan-tree-dump-times vect "Alignment of access forced using versioning" 2
XPASS: gcc.dg/vect/pr33804.c scan-tree-dump-times vect "vectorized 1 loops" 1
XPASS: gcc.dg/vect/pr33804.c scan-tree-dump-times vect "vectorizing stmts using SLP" 1
XPASS: gcc.dg/vect/pr33953.c scan-tree-dump-times vect "vectorized 1 loops" 1
XPASS: gcc.dg/vect/pr33953.c scan-tree-dump-times vect "vectorizing stmts using SLP" 1
XPASS: gcc.dg/vect/pr46032.c scan-tree-dump-times vect "note: vectorized 1 loop" 1
XPASS: gcc.dg/vect/pr56787.c scan-tree-dump vect "vectorized 1 loops"
XPASS: gcc.dg/vect/pr58508.c scan-tree-dump-times vect "hoist" 3
FAIL: gcc.dg/vect/pr70021.c execution test
FAIL: gcc.dg/vect/pr70138-1.c execution test
FAIL: gcc.dg/vect/pr70138-2.c execution test
FAIL: gcc.dg/vect/pr70354-1.c execution test
FAIL: gcc.dg/vect/pr70354-2.c execution test
FAIL: gcc.dg/vect/pr71259.c (test for excess errors)
UNRESOLVED: gcc.dg/vect/pr71259.c compilation failed to produce executable
FAIL: gcc.dg/vect/vect-105-big-array.c scan-tree-dump-times vect "Alignment of access forced using versioning" 2
FAIL: gcc.dg/vect/vect-105.c scan-tree-dump-times vect "Alignment of access forced using versioning" 2
XPASS: gcc.dg/vect/vect-27.c scan-tree-dump-times vect "vectorized 2 loops" 1
FAIL: gcc.dg/vect/vect-27.c scan-tree-dump-times vect "vectorized 1 loops" 1
XPASS: gcc.dg/vect/vect-27.c scan-tree-dump-times vect "Vectorizing an unaligned access" 1
XPASS: gcc.dg/vect/vect-29.c scan-tree-dump-times vect "Vectorizing an unaligned access" 1
FAIL: gcc.dg/vect/vect-29.c scan-tree-dump-times vect "Alignment of access forced using versioning." 1
FAIL: gcc.dg/vect/vect-42.c scan-tree-dump-times vect "Alignment of access forced using versioning" 3
XPASS: gcc.dg/vect/vect-44.c scan-tree-dump-times vect "Vectorizing an unaligned access" 2
XPASS: gcc.dg/vect/vect-44.c scan-tree-dump-times vect "Alignment of access forced using peeling" 1
FAIL: gcc.dg/vect/vect-44.c scan-tree-dump-times vect "Alignment of access forced using versioning." 3
XPASS: gcc.dg/vect/vect-48.c scan-tree-dump-times vect "Vectorizing an unaligned access" 2
FAIL: gcc.dg/vect/vect-48.c scan-tree-dump-times vect "Alignment of access forced using versioning." 2
XPASS: gcc.dg/vect/vect-50.c scan-tree-dump-times vect "Vectorizing an unaligned access" 2
XPASS: gcc.dg/vect/vect-50.c scan-tree-dump-times vect "Alignment of access forced using peeling" 1
FAIL: gcc.dg/vect/vect-50.c scan-tree-dump-times vect "Alignment of access forced using versioning." 3
XPASS: gcc.dg/vect/vect-52.c scan-tree-dump-times vect "Vectorizing an unaligned access" 2
FAIL: gcc.dg/vect/vect-52.c scan-tree-dump-times vect "Alignment of access forced using versioning." 2
XPASS: gcc.dg/vect/vect-56.c scan-tree-dump-times vect "vectorized 1 loops" 1
FAIL: gcc.dg/vect/vect-56.c scan-tree-dump-times vect "Alignment of access forced using peeling" 0
XPASS: gcc.dg/vect/vect-60.c scan-tree-dump-times vect "vectorized 1 loops" 1
FAIL: gcc.dg/vect/vect-60.c scan-tree-dump-times vect "Alignment of access forced using peeling" 0
XPASS: gcc.dg/vect/vect-72.c scan-tree-dump-times vect "vectorized 1 loops" 1
XPASS: gcc.dg/vect/vect-72.c scan-tree-dump-times vect "Vectorizing an unaligned access" 1
FAIL: gcc.dg/vect/vect-75-big-array.c scan-tree-dump-times vect "Alignment of access forced using versioning" 1
XPASS: gcc.dg/vect/vect-75-big-array.c scan-tree-dump-times vect "Vectorizing an unaligned access" 1
FAIL: gcc.dg/vect/vect-75.c scan-tree-dump-times vect "Alignment of access forced using versioning" 1
XPASS: gcc.dg/vect/vect-75.c scan-tree-dump-times vect "Vectorizing an unaligned access" 1
XPASS: gcc.dg/vect/vect-77-alignchecks.c scan-tree-dump-times vect "Vectorizing an unaligned access" 1
FAIL: gcc.dg/vect/vect-77-alignchecks.c scan-tree-dump-times vect "Alignment of access forced using versioning." 1
XPASS: gcc.dg/vect/vect-77-global.c scan-tree-dump-times vect "Vectorizing an unaligned access" 1
FAIL: gcc.dg/vect/vect-77-global.c scan-tree-dump-times vect "Alignment of access forced using versioning." 1
XPASS: gcc.dg/vect/vect-78-alignchecks.c scan-tree-dump-times vect "Vectorizing an unaligned access" 1
FAIL: gcc.dg/vect/vect-78-alignchecks.c scan-tree-dump-times vect "Alignment of access forced using versioning." 1
XPASS: gcc.dg/vect/vect-78-global.c scan-tree-dump-times vect "Vectorizing an unaligned access" 1
FAIL: gcc.dg/vect/vect-78-global.c scan-tree-dump-times vect "Alignment of access forced using versioning." 1
FAIL: gcc.dg/vect/vect-93.c scan-tree-dump-times vect "vectorized 2 loops" 1
FAIL: gcc.dg/vect/vect-93.c scan-tree-dump-times vect "vectorized 1 loops" 1
XPASS: gcc.dg/vect/vect-93.c scan-tree-dump-times vect "Vectorizing an unaligned access" 1
FAIL: gcc.dg/vect/vect-95.c scan-tree-dump-times vect "Alignment of access forced using peeling" 0
FAIL: gcc.dg/vect/vect-95.c scan-tree-dump-times vect "Vectorizing an unaligned access" 0
FAIL: gcc.dg/vect/vect-95.c scan-tree-dump-times vect "Alignment of access forced using versioning" 4
FAIL: gcc.dg/vect/vect-96.c scan-tree-dump-times vect "Alignment of access forced using versioning." 1
XPASS: gcc.dg/vect/vect-cond-1.c scan-tree-dump-times vect "OUTER LOOP VECTORIZED" 1
XPASS: gcc.dg/vect/vect-cond-3.c scan-tree-dump-times vect "OUTER LOOP VECTORIZED" 1
XPASS: gcc.dg/vect/vect-cond-4.c scan-tree-dump-times vect "OUTER LOOP VECTORIZED" 1
XPASS: gcc.dg/vect/vect-cselim-1.c scan-tree-dump-times vect "vectorized 1 loops" 1
XPASS: gcc.dg/vect/vect-multitypes-1.c scan-tree-dump-times vect "vectorized 1 loops" 2
XPASS: gcc.dg/vect/vect-multitypes-1.c scan-tree-dump-times vect "Alignment of access forced using peeling" 2
XPASS: gcc.dg/vect/vect-multitypes-1.c scan-tree-dump-times vect "Vectorizing an unaligned access" 4
FAIL: gcc.dg/vect/vect-multitypes-3.c scan-tree-dump-times vect "Alignment of access forced using versioning" 3
XPASS: gcc.dg/vect/vect-multitypes-3.c scan-tree-dump-times vect "Vectorizing an unaligned access" 3
XPASS: gcc.dg/vect/vect-multitypes-4.c scan-tree-dump-times vect "vectorized 1 loops" 2
FAIL: gcc.dg/vect/vect-multitypes-6.c scan-tree-dump-times vect "Alignment of access forced using versioning" 6
XPASS: gcc.dg/vect/vect-multitypes-6.c scan-tree-dump-times vect "Vectorizing an unaligned access" 6
XPASS: gcc.dg/vect/vect-nest-cycle-1.c scan-tree-dump-times vect "OUTER LOOP VECTORIZED" 1
XPASS: gcc.dg/vect/vect-nest-cycle-2.c scan-tree-dump-times vect "OUTER LOOP VECTORIZED" 1
XPASS: gcc.dg/vect/vect-outer-3a-big-array.c scan-tree-dump-times vect "OUTER LOOP VECTORIZED" 1
XPASS: gcc.dg/vect/vect-outer-3a.c scan-tree-dump-times vect "OUTER LOOP VECTORIZED" 1
XPASS: gcc.dg/vect/vect-outer-5.c scan-tree-dump vect "zero step in outer loop."
XPASS: gcc.dg/vect/vect-outer-fir-big-array.c scan-tree-dump-times vect "OUTER LOOP VECTORIZED" 2
XPASS: gcc.dg/vect/vect-outer-fir-lb-big-array.c scan-tree-dump-times vect "OUTER LOOP VECTORIZED" 2
XPASS: gcc.dg/vect/vect-outer-fir-lb.c scan-tree-dump-times vect "OUTER LOOP VECTORIZED" 2
XPASS: gcc.dg/vect/vect-outer-fir.c scan-tree-dump-times vect "OUTER LOOP VECTORIZED" 2
XPASS: gcc.dg/vect/vect-peel-3.c scan-tree-dump-times vect "vectorized 1 loops" 1
XPASS: gcc.dg/vect/vect-peel-3.c scan-tree-dump-times vect "Vectorizing an unaligned access" 1
XPASS: gcc.dg/vect/vect-peel-3.c scan-tree-dump-times vect "Alignment of access forced using peeling" 1
XPASS: gcc.dg/vect/vect-peel-4.c scan-tree-dump-times vect "vectorized 1 loops" 1
XPASS: gcc.dg/vect/vect-peel-4.c scan-tree-dump-times vect "Vectorizing an unaligned access" 1
XPASS: gcc.dg/vect/vect-pre-interact.c scan-tree-dump-times vect "vectorized 1 loops" 1
FAIL: gcc.dg/vect/vect-shift-2-big-array.c (test for excess errors)
FAIL: gcc.dg/vect/vect-shift-2.c (test for excess errors)
XPASS: gcc.dg/vect/slp-24-big-array.c scan-tree-dump-times vect "vectorized 1 loops" 1
XPASS: gcc.dg/vect/slp-24-big-array.c scan-tree-dump-times vect "vectorizing stmts using SLP" 2
XPASS: gcc.dg/vect/slp-24.c scan-tree-dump-times vect "vectorized 1 loops" 1
XPASS: gcc.dg/vect/slp-24.c scan-tree-dump-times vect "vectorizing stmts using SLP" 2
FAIL: gcc.dg/vect/bb-slp-10.c scan-tree-dump slp2 "bad data alignment in basic block"
XPASS: gcc.dg/vect/bb-slp-32.c scan-tree-dump slp2 "vectorization is not profitable"
XPASS: gcc.dg/vect/bb-slp-9.c scan-tree-dump-times slp2 "basic block vectorized" 1
FAIL: gcc.dg/vect/pr16105.c -flto -ffat-lto-objects  scan-tree-dump-times vect "Alignment of access forced using versioning" 2
FAIL: gcc.dg/vect/pr20122.c -flto -ffat-lto-objects  scan-tree-dump-times vect "Alignment of access forced using versioning" 2
XPASS: gcc.dg/vect/pr33804.c -flto -ffat-lto-objects  scan-tree-dump-times vect "vectorized 1 loops" 1
XPASS: gcc.dg/vect/pr33804.c -flto -ffat-lto-objects  scan-tree-dump-times vect "vectorizing stmts using SLP" 1
XPASS: gcc.dg/vect/pr33953.c -flto -ffat-lto-objects  scan-tree-dump-times vect "vectorized 1 loops" 1
XPASS: gcc.dg/vect/pr33953.c -flto -ffat-lto-objects  scan-tree-dump-times vect "vectorizing stmts using SLP" 1
XPASS: gcc.dg/vect/pr46032.c -flto -ffat-lto-objects  scan-tree-dump-times vect "note: vectorized 1 loop" 1
XPASS: gcc.dg/vect/pr56787.c -flto -ffat-lto-objects  scan-tree-dump vect "vectorized 1 loops"
XPASS: gcc.dg/vect/pr58508.c -flto -ffat-lto-objects  scan-tree-dump-times vect "hoist" 3
FAIL: gcc.dg/vect/pr70021.c -flto -ffat-lto-objects execution test
FAIL: gcc.dg/vect/pr70138-1.c -flto -ffat-lto-objects execution test
FAIL: gcc.dg/vect/pr70138-2.c -flto -ffat-lto-objects execution test
FAIL: gcc.dg/vect/pr70354-1.c -flto -ffat-lto-objects execution test
FAIL: gcc.dg/vect/pr70354-2.c -flto -ffat-lto-objects execution test
FAIL: gcc.dg/vect/pr71259.c -flto -ffat-lto-objects (test for excess errors)
UNRESOLVED: gcc.dg/vect/pr71259.c -flto -ffat-lto-objects compilation failed to produce executable
FAIL: gcc.dg/vect/vect-105-big-array.c -flto -ffat-lto-objects  scan-tree-dump-times vect "Alignment of access forced using versioning" 2
FAIL: gcc.dg/vect/vect-105.c -flto -ffat-lto-objects  scan-tree-dump-times vect "Alignment of access forced using versioning" 2
XPASS: gcc.dg/vect/vect-27.c -flto -ffat-lto-objects  scan-tree-dump-times vect "vectorized 2 loops" 1
FAIL: gcc.dg/vect/vect-27.c -flto -ffat-lto-objects  scan-tree-dump-times vect "vectorized 1 loops" 1
XPASS: gcc.dg/vect/vect-27.c -flto -ffat-lto-objects  scan-tree-dump-times vect "Vectorizing an unaligned access" 1
XPASS: gcc.dg/vect/vect-29.c -flto -ffat-lto-objects  scan-tree-dump-times vect "Vectorizing an unaligned access" 1
FAIL: gcc.dg/vect/vect-29.c -flto -ffat-lto-objects  scan-tree-dump-times vect "Alignment of access forced using versioning." 1
FAIL: gcc.dg/vect/vect-42.c -flto -ffat-lto-objects  scan-tree-dump-times vect "Alignment of access forced using versioning" 3
XPASS: gcc.dg/vect/vect-44.c -flto -ffat-lto-objects  scan-tree-dump-times vect "Vectorizing an unaligned access" 2
XPASS: gcc.dg/vect/vect-44.c -flto -ffat-lto-objects  scan-tree-dump-times vect "Alignment of access forced using peeling" 1
FAIL: gcc.dg/vect/vect-44.c -flto -ffat-lto-objects  scan-tree-dump-times vect "Alignment of access forced using versioning." 3
XPASS: gcc.dg/vect/vect-48.c -flto -ffat-lto-objects  scan-tree-dump-times vect "Vectorizing an unaligned access" 2
FAIL: gcc.dg/vect/vect-48.c -flto -ffat-lto-objects  scan-tree-dump-times vect "Alignment of access forced using versioning." 2
XPASS: gcc.dg/vect/vect-50.c -flto -ffat-lto-objects  scan-tree-dump-times vect "Vectorizing an unaligned access" 2
XPASS: gcc.dg/vect/vect-50.c -flto -ffat-lto-objects  scan-tree-dump-times vect "Alignment of access forced using peeling" 1
FAIL: gcc.dg/vect/vect-50.c -flto -ffat-lto-objects  scan-tree-dump-times vect "Alignment of access forced using versioning." 3
XPASS: gcc.dg/vect/vect-52.c -flto -ffat-lto-objects  scan-tree-dump-times vect "Vectorizing an unaligned access" 2
FAIL: gcc.dg/vect/vect-52.c -flto -ffat-lto-objects  scan-tree-dump-times vect "Alignment of access forced using versioning." 2
XPASS: gcc.dg/vect/vect-56.c -flto -ffat-lto-objects  scan-tree-dump-times vect "vectorized 1 loops" 1
FAIL: gcc.dg/vect/vect-56.c -flto -ffat-lto-objects  scan-tree-dump-times vect "Alignment of access forced using peeling" 0
XPASS: gcc.dg/vect/vect-60.c -flto -ffat-lto-objects  scan-tree-dump-times vect "vectorized 1 loops" 1
FAIL: gcc.dg/vect/vect-60.c -flto -ffat-lto-objects  scan-tree-dump-times vect "Alignment of access forced using peeling" 0
XPASS: gcc.dg/vect/vect-72.c -flto -ffat-lto-objects  scan-tree-dump-times vect "vectorized 1 loops" 1
XPASS: gcc.dg/vect/vect-72.c -flto -ffat-lto-objects  scan-tree-dump-times vect "Vectorizing an unaligned access" 1
FAIL: gcc.dg/vect/vect-75-big-array.c -flto -ffat-lto-objects  scan-tree-dump-times vect "Alignment of access forced using versioning" 1
XPASS: gcc.dg/vect/vect-75-big-array.c -flto -ffat-lto-objects  scan-tree-dump-times vect "Vectorizing an unaligned access" 1
FAIL: gcc.dg/vect/vect-75.c -flto -ffat-lto-objects  scan-tree-dump-times vect "Alignment of access forced using versioning" 1
XPASS: gcc.dg/vect/vect-75.c -flto -ffat-lto-objects  scan-tree-dump-times vect "Vectorizing an unaligned access" 1
XPASS: gcc.dg/vect/vect-77-alignchecks.c -flto -ffat-lto-objects  scan-tree-dump-times vect "Vectorizing an unaligned access" 1
FAIL: gcc.dg/vect/vect-77-alignchecks.c -flto -ffat-lto-objects  scan-tree-dump-times vect "Alignment of access forced using versioning." 1
XPASS: gcc.dg/vect/vect-77-global.c -flto -ffat-lto-objects  scan-tree-dump-times vect "Vectorizing an unaligned access" 1
FAIL: gcc.dg/vect/vect-77-global.c -flto -ffat-lto-objects  scan-tree-dump-times vect "Alignment of access forced using versioning." 1
XPASS: gcc.dg/vect/vect-78-alignchecks.c -flto -ffat-lto-objects  scan-tree-dump-times vect "Vectorizing an unaligned access" 1
FAIL: gcc.dg/vect/vect-78-alignchecks.c -flto -ffat-lto-objects  scan-tree-dump-times vect "Alignment of access forced using versioning." 1
XPASS: gcc.dg/vect/vect-78-global.c -flto -ffat-lto-objects  scan-tree-dump-times vect "Vectorizing an unaligned access" 1
FAIL: gcc.dg/vect/vect-78-global.c -flto -ffat-lto-objects  scan-tree-dump-times vect "Alignment of access forced using versioning." 1
FAIL: gcc.dg/vect/vect-93.c -flto -ffat-lto-objects  scan-tree-dump-times vect "vectorized 2 loops" 1
FAIL: gcc.dg/vect/vect-93.c -flto -ffat-lto-objects  scan-tree-dump-times vect "vectorized 1 loops" 1
XPASS: gcc.dg/vect/vect-93.c -flto -ffat-lto-objects  scan-tree-dump-times vect "Vectorizing an unaligned access" 1
FAIL: gcc.dg/vect/vect-95.c -flto -ffat-lto-objects  scan-tree-dump-times vect "Alignment of access forced using peeling" 0
FAIL: gcc.dg/vect/vect-95.c -flto -ffat-lto-objects  scan-tree-dump-times vect "Vectorizing an unaligned access" 0
FAIL: gcc.dg/vect/vect-95.c -flto -ffat-lto-objects  scan-tree-dump-times vect "Alignment of access forced using versioning" 4
FAIL: gcc.dg/vect/vect-96.c -flto -ffat-lto-objects  scan-tree-dump-times vect "Alignment of access forced using versioning." 1
XPASS: gcc.dg/vect/vect-cond-1.c -flto -ffat-lto-objects  scan-tree-dump-times vect "OUTER LOOP VECTORIZED" 1
XPASS: gcc.dg/vect/vect-cond-3.c -flto -ffat-lto-objects  scan-tree-dump-times vect "OUTER LOOP VECTORIZED" 1
XPASS: gcc.dg/vect/vect-cond-4.c -flto -ffat-lto-objects  scan-tree-dump-times vect "OUTER LOOP VECTORIZED" 1
XPASS: gcc.dg/vect/vect-cselim-1.c -flto -ffat-lto-objects  scan-tree-dump-times vect "vectorized 1 loops" 1
XPASS: gcc.dg/vect/vect-multitypes-1.c -flto -ffat-lto-objects  scan-tree-dump-times vect "vectorized 1 loops" 2
XPASS: gcc.dg/vect/vect-multitypes-1.c -flto -ffat-lto-objects  scan-tree-dump-times vect "Alignment of access forced using peeling" 2
XPASS: gcc.dg/vect/vect-multitypes-1.c -flto -ffat-lto-objects  scan-tree-dump-times vect "Vectorizing an unaligned access" 4
FAIL: gcc.dg/vect/vect-multitypes-3.c -flto -ffat-lto-objects  scan-tree-dump-times vect "Alignment of access forced using versioning" 3
XPASS: gcc.dg/vect/vect-multitypes-3.c -flto -ffat-lto-objects  scan-tree-dump-times vect "Vectorizing an unaligned access" 3
XPASS: gcc.dg/vect/vect-multitypes-4.c -flto -ffat-lto-objects  scan-tree-dump-times vect "vectorized 1 loops" 2
FAIL: gcc.dg/vect/vect-multitypes-6.c -flto -ffat-lto-objects  scan-tree-dump-times vect "Alignment of access forced using versioning" 6
XPASS: gcc.dg/vect/vect-multitypes-6.c -flto -ffat-lto-objects  scan-tree-dump-times vect "Vectorizing an unaligned access" 6
XPASS: gcc.dg/vect/vect-nest-cycle-1.c -flto -ffat-lto-objects  scan-tree-dump-times vect "OUTER LOOP VECTORIZED" 1
XPASS: gcc.dg/vect/vect-nest-cycle-2.c -flto -ffat-lto-objects  scan-tree-dump-times vect "OUTER LOOP VECTORIZED" 1
XPASS: gcc.dg/vect/vect-outer-3a-big-array.c -flto -ffat-lto-objects  scan-tree-dump-times vect "OUTER LOOP VECTORIZED" 1
XPASS: gcc.dg/vect/vect-outer-3a.c -flto -ffat-lto-objects  scan-tree-dump-times vect "OUTER LOOP VECTORIZED" 1
XPASS: gcc.dg/vect/vect-outer-5.c -flto -ffat-lto-objects  scan-tree-dump vect "zero step in outer loop."
XPASS: gcc.dg/vect/vect-outer-fir-big-array.c -flto -ffat-lto-objects  scan-tree-dump-times vect "OUTER LOOP VECTORIZED" 2
XPASS: gcc.dg/vect/vect-outer-fir-lb-big-array.c -flto -ffat-lto-objects  scan-tree-dump-times vect "OUTER LOOP VECTORIZED" 2
XPASS: gcc.dg/vect/vect-outer-fir-lb.c -flto -ffat-lto-objects  scan-tree-dump-times vect "OUTER LOOP VECTORIZED" 2
XPASS: gcc.dg/vect/vect-outer-fir.c -flto -ffat-lto-objects  scan-tree-dump-times vect "OUTER LOOP VECTORIZED" 2
XPASS: gcc.dg/vect/vect-peel-3.c -flto -ffat-lto-objects  scan-tree-dump-times vect "vectorized 1 loops" 1
XPASS: gcc.dg/vect/vect-peel-3.c -flto -ffat-lto-objects  scan-tree-dump-times vect "Vectorizing an unaligned access" 1
XPASS: gcc.dg/vect/vect-peel-3.c -flto -ffat-lto-objects  scan-tree-dump-times vect "Alignment of access forced using peeling" 1
XPASS: gcc.dg/vect/vect-peel-4.c -flto -ffat-lto-objects  scan-tree-dump-times vect "vectorized 1 loops" 1
XPASS: gcc.dg/vect/vect-peel-4.c -flto -ffat-lto-objects  scan-tree-dump-times vect "Vectorizing an unaligned access" 1
XPASS: gcc.dg/vect/vect-pre-interact.c -flto -ffat-lto-objects  scan-tree-dump-times vect "vectorized 1 loops" 1
FAIL: gcc.dg/vect/vect-shift-2-big-array.c -flto -ffat-lto-objects (test for excess errors)
FAIL: gcc.dg/vect/vect-shift-2.c -flto -ffat-lto-objects (test for excess errors)
XPASS: gcc.dg/vect/slp-24-big-array.c -flto -ffat-lto-objects  scan-tree-dump-times vect "vectorized 1 loops" 1
XPASS: gcc.dg/vect/slp-24-big-array.c -flto -ffat-lto-objects  scan-tree-dump-times vect "vectorizing stmts using SLP" 2
XPASS: gcc.dg/vect/slp-24.c -flto -ffat-lto-objects  scan-tree-dump-times vect "vectorized 1 loops" 1
XPASS: gcc.dg/vect/slp-24.c -flto -ffat-lto-objects  scan-tree-dump-times vect "vectorizing stmts using SLP" 2
FAIL: gcc.dg/vect/bb-slp-10.c -flto -ffat-lto-objects  scan-tree-dump slp2 "bad data alignment in basic block"
XPASS: gcc.dg/vect/bb-slp-32.c -flto -ffat-lto-objects  scan-tree-dump slp2 "vectorization is not profitable"
XPASS: gcc.dg/vect/bb-slp-9.c -flto -ffat-lto-objects  scan-tree-dump-times slp2 "basic block vectorized" 1
FAIL: gcc.dg/vect/no-vfa-vect-43.c scan-tree-dump-times vect "Alignment of access forced using versioning" 6
XPASS: gcc.dg/vect/no-vfa-vect-57.c scan-tree-dump-times vect "vectorized 1 loops" 1
XPASS: gcc.dg/vect/no-vfa-vect-61.c scan-tree-dump-times vect "vectorized 1 loops" 1
XPASS: gcc.dg/vect/no-vfa-vect-depend-1.c scan-tree-dump-times vect "vectorized 1 loops" 1
XPASS: gcc.dg/vect/no-vfa-vect-depend-2.c scan-tree-dump-times vect "vectorized 1 loops" 1
XPASS: gcc.dg/vect/no-vfa-vect-depend-3.c scan-tree-dump-times vect "vectorized 1 loops" 4
XPASS: gcc.dg/vect/no-scevccp-outer-6-global.c scan-tree-dump-times vect "OUTER LOOP VECTORIZED." 1
XPASS: gcc.dg/vect/no-scevccp-outer-6.c scan-tree-dump-times vect "OUTER LOOP VECTORIZED." 1
XPASS: gcc.dg/vect/no-scevccp-outer-8.c scan-tree-dump-times vect "OUTER LOOP VECTORIZED." 1
XPASS: gcc.dg/vect/if-cvt-stores-vect-ifcvt-18.c scan-tree-dump-times vect "vectorized 1 loops" 1
FAIL: gcc.dg/vect/O3-pr70130.c execution test
FAIL: gcc.target/arm/aapcs/align4.c execution test
FAIL: gcc.target/arm/aapcs/align_rec4.c execution test
FAIL: gcc.target/arm/bics_4.c scan-assembler-times bics\\tr[0-9]+, r[0-9]+, r[0-9]+ 2
FAIL: gcc.target/arm/memcpy-aligned-1.c scan-assembler-times str\\t 1
FAIL: gcc.target/arm/memcpy-aligned-1.c scan-assembler-not ldr\\t
FAIL: gcc.target/arm/neon-vfma-1.c scan-assembler vfma\\\\.f32[\\t]+[dDqQ]
FAIL: gcc.target/arm/neon-vfms-1.c scan-assembler vfms\\\\.f32[\\t]+[dDqQ]
FAIL: gcc.target/arm/pr42575.c scan-assembler-not mov
FAIL: gcc.target/arm/pr45701-1.c scan-assembler push\\t{r3
FAIL: gcc.target/arm/reg_equal_test.c scan-rtl-dump expand "expr_list:REG_EQUAL \\\\(const_int -942519458"
FAIL: gcc.target/arm/thumb-ltu.c scan-assembler-not uxtb

		=== gcc Summary ===

# of expected passes		100409
# of unexpected failures	561
# of unexpected successes	125
# of expected failures		259
# of unresolved testcases	2
# of unsupported tests		2881
/scratch/gcc/nightly-2016-10-30-6/arm-none-linux-gnueabi/obj/test-6-0-arm-none-linux-gnueabi/host-i686-pc-linux-gnu/fsf-6/bin/arm-none-linux-gnueabi-gcc  version 6.2.1 20161030 (GCC) 


		=== Summary adjusted for local xfails ===

# of unexpected failures        561
# of expected passes            100409
# of unexpected successes       125
# of expected failures          259
# of unresolved testcases       2
# of unsupported tests          2881
Host   is i686-pc-linux-gnu

		=== gfortran tests ===


Running target qemu-wheezy
FAIL: gfortran.dg/ieee/ieee_1.F90   -O0  execution test
FAIL: gfortran.dg/ieee/ieee_1.F90   -O1  execution test
FAIL: gfortran.dg/ieee/ieee_1.F90   -O2  execution test
FAIL: gfortran.dg/ieee/ieee_1.F90   -O3 -fomit-frame-pointer -funroll-loops -fpeel-loops -ftracer -finline-functions  execution test
FAIL: gfortran.dg/ieee/ieee_1.F90   -O3 -g  execution test
FAIL: gfortran.dg/ieee/ieee_1.F90   -Os  execution test
FAIL: gfortran.dg/ieee/ieee_2.f90   -O0  execution test
FAIL: gfortran.dg/ieee/ieee_2.f90   -O1  execution test
FAIL: gfortran.dg/ieee/ieee_2.f90   -O2  execution test
FAIL: gfortran.dg/ieee/ieee_2.f90   -O3 -fomit-frame-pointer -funroll-loops -fpeel-loops -ftracer -finline-functions  execution test
FAIL: gfortran.dg/ieee/ieee_2.f90   -O3 -g  execution test
FAIL: gfortran.dg/ieee/ieee_2.f90   -Os  execution test
FAIL: gfortran.dg/ieee/ieee_6.f90   -O0  execution test
FAIL: gfortran.dg/ieee/ieee_6.f90   -O1  execution test
FAIL: gfortran.dg/ieee/ieee_6.f90   -O2  execution test
FAIL: gfortran.dg/ieee/ieee_6.f90   -O3 -fomit-frame-pointer -funroll-loops -fpeel-loops -ftracer -finline-functions  execution test
FAIL: gfortran.dg/ieee/ieee_6.f90   -O3 -g  execution test
FAIL: gfortran.dg/ieee/ieee_6.f90   -Os  execution test
FAIL: gfortran.dg/ieee/large_2.f90   -O0  execution test
FAIL: gfortran.dg/ieee/large_2.f90   -O1  execution test
FAIL: gfortran.dg/ieee/large_2.f90   -O2  execution test
FAIL: gfortran.dg/ieee/large_2.f90   -O3 -fomit-frame-pointer -funroll-loops -fpeel-loops -ftracer -finline-functions  execution test
FAIL: gfortran.dg/ieee/large_2.f90   -O3 -g  execution test
FAIL: gfortran.dg/ieee/large_2.f90   -Os  execution test
FAIL: gfortran.dg/ieee/large_3.F90   -O0  execution test
FAIL: gfortran.dg/ieee/large_3.F90   -O1  execution test
FAIL: gfortran.dg/ieee/large_3.F90   -O2  execution test
FAIL: gfortran.dg/ieee/large_3.F90   -O3 -fomit-frame-pointer -funroll-loops -fpeel-loops -ftracer -finline-functions  execution test
FAIL: gfortran.dg/ieee/large_3.F90   -O3 -g  execution test
FAIL: gfortran.dg/ieee/large_3.F90   -Os  execution test
FAIL: gfortran.dg/ieee/rounding_1.f90   -O0  execution test
FAIL: gfortran.dg/ieee/rounding_1.f90   -O1  execution test
FAIL: gfortran.dg/ieee/rounding_1.f90   -O2  execution test
FAIL: gfortran.dg/ieee/rounding_1.f90   -O3 -fomit-frame-pointer -funroll-loops -fpeel-loops -ftracer -finline-functions  execution test
FAIL: gfortran.dg/ieee/rounding_1.f90   -O3 -g  execution test
FAIL: gfortran.dg/ieee/rounding_1.f90   -Os  execution test
XPASS: gfortran.dg/vect/vect-2.f90   -O   scan-tree-dump-times vect "Alignment of access forced using peeling" 3
XPASS: gfortran.dg/vect/vect-2.f90   -O   scan-tree-dump-times vect "Vectorizing an unaligned access" 2
FAIL: gfortran.dg/vect/vect-2.f90   -O   scan-tree-dump-times vect "Alignment of access forced using versioning." 3
FAIL: gfortran.dg/vect/vect-3.f90   -O   scan-tree-dump-times vect "Alignment of access forced using versioning" 3
XPASS: gfortran.dg/vect/vect-3.f90   -O   scan-tree-dump-times vect "Alignment of access forced using peeling" 1
XPASS: gfortran.dg/vect/vect-3.f90   -O   scan-tree-dump-times vect "Vectorizing an unaligned access" 1
XPASS: gfortran.dg/vect/vect-4.f90   -O   scan-tree-dump-times vect "Alignment of access forced using peeling" 1
XPASS: gfortran.dg/vect/vect-4.f90   -O   scan-tree-dump-times vect "Vectorizing an unaligned access" 1
XPASS: gfortran.dg/vect/vect-5.f90   -O   scan-tree-dump-times vect "Alignment of access forced using peeling" 1
XPASS: gfortran.dg/vect/vect-5.f90   -O   scan-tree-dump-times vect "Vectorizing an unaligned access" 1
FAIL: gfortran.dg/vect/vect-5.f90   -O   scan-tree-dump-times vect "Alignment of access forced using versioning." 2
FAIL: gfortran.dg/vect/pr32380.f   -O   scan-tree-dump-times vect "vectorized 1 loops" 1
FAIL: gfortran.dg/vect/pr48329.f90   -O   scan-tree-dump-times vect "vectorized 1 loops" 1
FAIL: gfortran.dg/vect/pr69980.f90   -O0  execution test
FAIL: gfortran.dg/vect/pr69980.f90   -O1  execution test
FAIL: gfortran.dg/vect/pr69980.f90   -O2  execution test
FAIL: gfortran.dg/vect/pr69980.f90   -O3 -fomit-frame-pointer -funroll-loops -fpeel-loops -ftracer -finline-functions  execution test
FAIL: gfortran.dg/vect/pr69980.f90   -O3 -g  execution test
FAIL: gfortran.dg/vect/pr69980.f90   -Os  execution test

		=== gfortran Summary ===

# of expected passes		41706
# of unexpected failures	47
# of unexpected successes	8
# of expected failures		76
# of unsupported tests		336
/scratch/gcc/nightly-2016-10-30-6/arm-none-linux-gnueabi/obj/test-6-0-arm-none-linux-gnueabi/host-i686-pc-linux-gnu/fsf-6/bin/arm-none-linux-gnueabi-gfortran  version 6.2.1 20161030 (GCC) 


		=== Summary adjusted for local xfails ===

# of unexpected failures        47
# of expected passes            41706
# of unexpected successes       8
# of expected failures          76
# of unsupported tests          336
Host   is i686-pc-linux-gnu

		=== libatomic tests ===


Running target qemu-wheezy

		=== libatomic Summary ===

# of expected passes		44
# of unsupported tests		5

		=== Summary adjusted for local xfails ===

# of expected passes            44
# of unsupported tests          5
Host   is i686-pc-linux-gnu

		=== libgomp tests ===


Running target qemu-wheezy
WARNING: program timed out.
FAIL: libgomp.fortran/strassen.f90   -O  execution test
FAIL: libgomp.graphite/force-parallel-7.c execution test

		=== libgomp Summary ===

# of expected passes		4986
# of unexpected failures	2
# of unsupported tests		386

		=== Summary adjusted for local xfails ===

# of unexpected failures        2
# of expected passes            4986
# of unsupported tests          386
Host   is i686-pc-linux-gnu

		=== libitm tests ===


Running target qemu-wheezy

		=== libitm Summary ===

# of expected passes		41
# of expected failures		3
# of unsupported tests		2

		=== Summary adjusted for local xfails ===

# of expected passes            41
# of expected failures          3
# of unsupported tests          2
Host   is i686-pc-linux-gnu

		=== libstdc++ tests ===


Running target qemu-wheezy
FAIL: 22_locale/messages/13631.cc execution test
FAIL: 22_locale/messages/members/char/1.cc execution test
FAIL: 22_locale/messages/members/char/2.cc execution test
FAIL: 22_locale/messages/members/char/wrapped_locale.cc execution test
FAIL: 22_locale/messages_byname/named_equivalence.cc execution test

		=== libstdc++ Summary ===

# of expected passes		10598
# of unexpected failures	5
# of expected failures		66
# of unsupported tests		383

		=== Summary adjusted for local xfails ===

# of unexpected failures        5
# of expected passes            10598
# of expected failures          66
# of unsupported tests          383
Host   is i686-pc-linux-gnu

		=== g++ tests ===


Running target qemu-wheezy-thumb/-mthumb
FAIL: c-c++-common/asan/null-deref-1.c   -O2  output pattern test
FAIL: c-c++-common/asan/null-deref-1.c   -O3 -g  output pattern test
FAIL: c-c++-common/asan/null-deref-1.c   -Os  output pattern test
FAIL: c-c++-common/asan/null-deref-1.c   -O2 -flto -fno-use-linker-plugin -flto-partition=none  output pattern test
FAIL: c-c++-common/asan/null-deref-1.c   -O2 -flto -fuse-linker-plugin -fno-fat-lto-objects  output pattern test
FAIL: g++.dg/lto/pr65276 cp_lto_pr65276_0.o-cp_lto_pr65276_1.o link, -flto -O0 -std=c++11
UNRESOLVED: g++.dg/lto/pr65276 cp_lto_pr65276_0.o-cp_lto_pr65276_1.o execute -flto -O0 -std=c++11
FAIL: g++.dg/pch/array-1.C  -g -I. -Dwith_PCH (test for excess errors)
FAIL: g++.dg/pch/array-1.C -g assembly comparison
FAIL: g++.dg/pch/array-1.C  -O2 -g -I. -Dwith_PCH (test for excess errors)
FAIL: g++.dg/pch/array-1.C -O2 -g assembly comparison
FAIL: g++.dg/pch/array-1.C  -O2 -I. -Dwith_PCH (test for excess errors)
FAIL: g++.dg/pch/array-1.C -O2 assembly comparison
FAIL: g++.dg/pch/empty.C  -g -I. -Dwith_PCH (test for excess errors)
FAIL: g++.dg/pch/empty.C -g assembly comparison
FAIL: g++.dg/pch/empty.C  -O2 -g -I. -Dwith_PCH (test for excess errors)
FAIL: g++.dg/pch/empty.C -O2 -g assembly comparison
FAIL: g++.dg/pch/empty.C  -O2 -I. -Dwith_PCH (test for excess errors)
FAIL: g++.dg/pch/empty.C -O2 assembly comparison
FAIL: g++.dg/pch/externc-1.C  -g -I. -Dwith_PCH (test for excess errors)
FAIL: g++.dg/pch/externc-1.C -g assembly comparison
FAIL: g++.dg/pch/externc-1.C  -O2 -g -I. -Dwith_PCH (test for excess errors)
FAIL: g++.dg/pch/externc-1.C -O2 -g assembly comparison
FAIL: g++.dg/pch/externc-1.C  -O2 -I. -Dwith_PCH (test for excess errors)
FAIL: g++.dg/pch/externc-1.C -O2 assembly comparison
FAIL: g++.dg/pch/local-1.C  -g -I. -Dwith_PCH (test for excess errors)
FAIL: g++.dg/pch/local-1.C -g assembly comparison
FAIL: g++.dg/pch/local-1.C  -O2 -g -I. -Dwith_PCH (test for excess errors)
FAIL: g++.dg/pch/local-1.C -O2 -g assembly comparison
FAIL: g++.dg/pch/local-1.C  -O2 -I. -Dwith_PCH (test for excess errors)
FAIL: g++.dg/pch/local-1.C -O2 assembly comparison
FAIL: g++.dg/pch/pch.C  -g -I. -Dwith_PCH (test for excess errors)
FAIL: g++.dg/pch/pch.C -g assembly comparison
FAIL: g++.dg/pch/pch.C  -O2 -g -I. -Dwith_PCH (test for excess errors)
FAIL: g++.dg/pch/pch.C -O2 -g assembly comparison
FAIL: g++.dg/pch/pch.C  -O2 -I. -Dwith_PCH (test for excess errors)
FAIL: g++.dg/pch/pch.C -O2 assembly comparison
FAIL: g++.dg/pch/static-1.C  -g -I. -Dwith_PCH (test for excess errors)
FAIL: g++.dg/pch/static-1.C -g assembly comparison
FAIL: g++.dg/pch/static-1.C  -O2 -g -I. -Dwith_PCH (test for excess errors)
FAIL: g++.dg/pch/static-1.C -O2 -g assembly comparison
FAIL: g++.dg/pch/static-1.C  -O2 -I. -Dwith_PCH (test for excess errors)
FAIL: g++.dg/pch/static-1.C -O2 assembly comparison
FAIL: g++.dg/pch/system-1.C  -g -I. -Dwith_PCH (test for excess errors)
FAIL: g++.dg/pch/system-1.C -g assembly comparison
FAIL: g++.dg/pch/system-1.C  -O2 -g -I. -Dwith_PCH (test for excess errors)
FAIL: g++.dg/pch/system-1.C -O2 -g assembly comparison
FAIL: g++.dg/pch/system-1.C  -O2 -I. -Dwith_PCH (test for excess errors)
FAIL: g++.dg/pch/system-1.C -O2 assembly comparison
FAIL: g++.dg/pch/system-2.C  -g -I. -Dwith_PCH (test for excess errors)
FAIL: g++.dg/pch/system-2.C -g assembly comparison
FAIL: g++.dg/pch/system-2.C  -O2 -g -I. -Dwith_PCH (test for excess errors)
FAIL: g++.dg/pch/system-2.C -O2 -g assembly comparison
FAIL: g++.dg/pch/system-2.C  -O2 -I. -Dwith_PCH (test for excess errors)
FAIL: g++.dg/pch/system-2.C -O2 assembly comparison
FAIL: g++.dg/pch/template-1.C  -g -I. -Dwith_PCH (test for excess errors)
FAIL: g++.dg/pch/template-1.C -g assembly comparison
FAIL: g++.dg/pch/template-1.C  -O2 -g -I. -Dwith_PCH (test for excess errors)
FAIL: g++.dg/pch/template-1.C -O2 -g assembly comparison
FAIL: g++.dg/pch/template-1.C  -O2 -I. -Dwith_PCH (test for excess errors)
FAIL: g++.dg/pch/template-1.C -O2 assembly comparison
FAIL: g++.dg/pch/uninst.C  -g -I. -Dwith_PCH (test for excess errors)
FAIL: g++.dg/pch/uninst.C -g assembly comparison
FAIL: g++.dg/pch/uninst.C  -O2 -g -I. -Dwith_PCH (test for excess errors)
FAIL: g++.dg/pch/uninst.C -O2 -g assembly comparison
FAIL: g++.dg/pch/uninst.C  -O2 -I. -Dwith_PCH (test for excess errors)
FAIL: g++.dg/pch/uninst.C -O2 assembly comparison
FAIL: g++.dg/pch/wchar-1.C  -g -I. -Dwith_PCH (test for excess errors)
FAIL: g++.dg/pch/wchar-1.C -g assembly comparison
FAIL: g++.dg/pch/wchar-1.C  -O2 -g -I. -Dwith_PCH (test for excess errors)
FAIL: g++.dg/pch/wchar-1.C -O2 -g assembly comparison
FAIL: g++.dg/pch/wchar-1.C  -O2 -I. -Dwith_PCH (test for excess errors)
FAIL: g++.dg/pch/wchar-1.C -O2 assembly comparison
XPASS: g++.dg/tls/thread_local-order2.C  -std=c++11 execution test
XPASS: g++.dg/tls/thread_local-order2.C  -std=c++14 execution test

		=== g++ Summary ===

# of expected passes		96638
# of unexpected failures	72
# of unexpected successes	2
# of expected failures		308
# of unresolved testcases	1
# of unsupported tests		4290
/scratch/gcc/nightly-2016-10-30-6/arm-none-linux-gnueabi/obj/test-6-0-arm-none-linux-gnueabi/host-i686-pc-linux-gnu/fsf-6/bin/arm-none-linux-gnueabi-g++  version 6.2.1 20161030 (GCC) 


		=== Summary adjusted for local xfails ===

# of unexpected failures        72
# of expected passes            96638
# of unexpected successes       2
# of expected failures          308
# of unresolved testcases       1
# of unsupported tests          4290
Host   is i686-pc-linux-gnu

		=== gcc tests ===


Running target qemu-wheezy-thumb/-mthumb
FAIL: c-c++-common/asan/null-deref-1.c   -O2  output pattern test
FAIL: c-c++-common/asan/null-deref-1.c   -O3 -g  output pattern test
FAIL: c-c++-common/asan/null-deref-1.c   -Os  output pattern test
FAIL: c-c++-common/asan/null-deref-1.c   -O2 -flto -fno-use-linker-plugin -flto-partition=none  output pattern test
FAIL: c-c++-common/asan/null-deref-1.c   -O2 -flto -fuse-linker-plugin -fno-fat-lto-objects  output pattern test
FAIL: gcc.dg/loop-8.c scan-rtl-dump-times loop2_invariant "Decided" 1
FAIL: gcc.dg/loop-8.c scan-rtl-dump-not loop2_invariant "without introducing a new temporary register"
FAIL: gcc.dg/pr48134.c (test for excess errors)
XPASS: gcc.dg/sibcall-3.c execution test
XPASS: gcc.dg/sibcall-4.c execution test
FAIL: gcc.dg/ipa/iinline-attr.c scan-ipa-dump inline "hooray[^\\\\n]*inline copy in test"
FAIL: gcc.dg/pch/common-1.c  -O0 -g -I. -Dwith_PCH (test for excess errors)
FAIL: gcc.dg/pch/common-1.c -O0 -g assembly comparison
FAIL: gcc.dg/pch/common-1.c   -O0  -I. -Dwith_PCH (test for excess errors)
FAIL: gcc.dg/pch/common-1.c  -O0  assembly comparison
FAIL: gcc.dg/pch/common-1.c   -O1  -I. -Dwith_PCH (test for excess errors)
FAIL: gcc.dg/pch/common-1.c  -O1  assembly comparison
FAIL: gcc.dg/pch/common-1.c   -O2  -I. -Dwith_PCH (test for excess errors)
FAIL: gcc.dg/pch/common-1.c  -O2  assembly comparison
FAIL: gcc.dg/pch/common-1.c   -O3 -g  -I. -Dwith_PCH (test for excess errors)
FAIL: gcc.dg/pch/common-1.c  -O3 -g  assembly comparison
FAIL: gcc.dg/pch/common-1.c   -Os  -I. -Dwith_PCH (test for excess errors)
FAIL: gcc.dg/pch/common-1.c  -Os  assembly comparison
FAIL: gcc.dg/pch/counter-1.c  -O0 -g -I. -Dwith_PCH (test for excess errors)
FAIL: gcc.dg/pch/counter-1.c -O0 -g assembly comparison
FAIL: gcc.dg/pch/counter-1.c   -O0  -I. -Dwith_PCH (test for excess errors)
FAIL: gcc.dg/pch/counter-1.c  -O0  assembly comparison
FAIL: gcc.dg/pch/counter-1.c   -O1  -I. -Dwith_PCH (test for excess errors)
FAIL: gcc.dg/pch/counter-1.c  -O1  assembly comparison
FAIL: gcc.dg/pch/counter-1.c   -O2  -I. -Dwith_PCH (test for excess errors)
FAIL: gcc.dg/pch/counter-1.c  -O2  assembly comparison
FAIL: gcc.dg/pch/counter-1.c   -O3 -g  -I. -Dwith_PCH (test for excess errors)
FAIL: gcc.dg/pch/counter-1.c  -O3 -g  assembly comparison
FAIL: gcc.dg/pch/counter-1.c   -Os  -I. -Dwith_PCH (test for excess errors)
FAIL: gcc.dg/pch/counter-1.c  -Os  assembly comparison
FAIL: gcc.dg/pch/counter-2.c  -O0 -g -I. -Dwith_PCH  (test for warnings, line 10)
FAIL: gcc.dg/pch/counter-2.c  -O0 -g -I. -Dwith_PCH (test for excess errors)
FAIL: gcc.dg/pch/counter-2.c   -O0  -I. -Dwith_PCH  (test for warnings, line 10)
FAIL: gcc.dg/pch/counter-2.c   -O0  -I. -Dwith_PCH (test for excess errors)
FAIL: gcc.dg/pch/counter-2.c   -O1  -I. -Dwith_PCH  (test for warnings, line 10)
FAIL: gcc.dg/pch/counter-2.c   -O1  -I. -Dwith_PCH (test for excess errors)
FAIL: gcc.dg/pch/counter-2.c   -O2  -I. -Dwith_PCH  (test for warnings, line 10)
FAIL: gcc.dg/pch/counter-2.c   -O2  -I. -Dwith_PCH (test for excess errors)
FAIL: gcc.dg/pch/counter-2.c   -O3 -g  -I. -Dwith_PCH  (test for warnings, line 10)
FAIL: gcc.dg/pch/counter-2.c   -O3 -g  -I. -Dwith_PCH (test for excess errors)
FAIL: gcc.dg/pch/counter-2.c   -Os  -I. -Dwith_PCH  (test for warnings, line 10)
FAIL: gcc.dg/pch/counter-2.c   -Os  -I. -Dwith_PCH (test for excess errors)
FAIL: gcc.dg/pch/counter-3.c  -O0 -g -I. -Dwith_PCH (test for excess errors)
FAIL: gcc.dg/pch/counter-3.c -O0 -g assembly comparison
FAIL: gcc.dg/pch/counter-3.c   -O0  -I. -Dwith_PCH (test for excess errors)
FAIL: gcc.dg/pch/counter-3.c  -O0  assembly comparison
FAIL: gcc.dg/pch/counter-3.c   -O1  -I. -Dwith_PCH (test for excess errors)
FAIL: gcc.dg/pch/counter-3.c  -O1  assembly comparison
FAIL: gcc.dg/pch/counter-3.c   -O2  -I. -Dwith_PCH (test for excess errors)
FAIL: gcc.dg/pch/counter-3.c  -O2  assembly comparison
FAIL: gcc.dg/pch/counter-3.c   -O3 -g  -I. -Dwith_PCH (test for excess errors)
FAIL: gcc.dg/pch/counter-3.c  -O3 -g  assembly comparison
FAIL: gcc.dg/pch/counter-3.c   -Os  -I. -Dwith_PCH (test for excess errors)
FAIL: gcc.dg/pch/counter-3.c  -Os  assembly comparison
FAIL: gcc.dg/pch/cpp-1.c  -O0 -g -I. -Dwith_PCH (test for excess errors)
FAIL: gcc.dg/pch/cpp-1.c -O0 -g assembly comparison
FAIL: gcc.dg/pch/cpp-1.c   -O0  -I. -Dwith_PCH (test for excess errors)
FAIL: gcc.dg/pch/cpp-1.c  -O0  assembly comparison
FAIL: gcc.dg/pch/cpp-1.c   -O1  -I. -Dwith_PCH (test for excess errors)
FAIL: gcc.dg/pch/cpp-1.c  -O1  assembly comparison
FAIL: gcc.dg/pch/cpp-1.c   -O2  -I. -Dwith_PCH (test for excess errors)
FAIL: gcc.dg/pch/cpp-1.c  -O2  assembly comparison
FAIL: gcc.dg/pch/cpp-1.c   -O3 -g  -I. -Dwith_PCH (test for excess errors)
FAIL: gcc.dg/pch/cpp-1.c  -O3 -g  assembly comparison
FAIL: gcc.dg/pch/cpp-1.c   -Os  -I. -Dwith_PCH (test for excess errors)
FAIL: gcc.dg/pch/cpp-1.c  -Os  assembly comparison
FAIL: gcc.dg/pch/cpp-2.c  -O0 -g -I. -Dwith_PCH (test for excess errors)
FAIL: gcc.dg/pch/cpp-2.c -O0 -g assembly comparison
FAIL: gcc.dg/pch/cpp-2.c   -O0  -I. -Dwith_PCH (test for excess errors)
FAIL: gcc.dg/pch/cpp-2.c  -O0  assembly comparison
FAIL: gcc.dg/pch/cpp-2.c   -O1  -I. -Dwith_PCH (test for excess errors)
FAIL: gcc.dg/pch/cpp-2.c  -O1  assembly comparison
FAIL: gcc.dg/pch/cpp-2.c   -O2  -I. -Dwith_PCH (test for excess errors)
FAIL: gcc.dg/pch/cpp-2.c  -O2  assembly comparison
FAIL: gcc.dg/pch/cpp-2.c   -O3 -g  -I. -Dwith_PCH (test for excess errors)
FAIL: gcc.dg/pch/cpp-2.c  -O3 -g  assembly comparison
FAIL: gcc.dg/pch/cpp-2.c   -Os  -I. -Dwith_PCH (test for excess errors)
FAIL: gcc.dg/pch/cpp-2.c  -Os  assembly comparison
FAIL: gcc.dg/pch/cpp-3.c  -O0 -g -I. -Dwith_PCH  (test for warnings, line )
FAIL: gcc.dg/pch/cpp-3.c  -O0 -g -I. -Dwith_PCH (test for excess errors)
FAIL: gcc.dg/pch/cpp-3.c -O0 -g assembly comparison
FAIL: gcc.dg/pch/cpp-3.c   -O0  -I. -Dwith_PCH  (test for warnings, line )
FAIL: gcc.dg/pch/cpp-3.c   -O0  -I. -Dwith_PCH (test for excess errors)
FAIL: gcc.dg/pch/cpp-3.c  -O0  assembly comparison
FAIL: gcc.dg/pch/cpp-3.c   -O1  -I. -Dwith_PCH  (test for warnings, line )
FAIL: gcc.dg/pch/cpp-3.c   -O1  -I. -Dwith_PCH (test for excess errors)
FAIL: gcc.dg/pch/cpp-3.c  -O1  assembly comparison
FAIL: gcc.dg/pch/cpp-3.c   -O2  -I. -Dwith_PCH  (test for warnings, line )
FAIL: gcc.dg/pch/cpp-3.c   -O2  -I. -Dwith_PCH (test for excess errors)
FAIL: gcc.dg/pch/cpp-3.c  -O2  assembly comparison
FAIL: gcc.dg/pch/cpp-3.c   -O3 -g  -I. -Dwith_PCH  (test for warnings, line )
FAIL: gcc.dg/pch/cpp-3.c   -O3 -g  -I. -Dwith_PCH (test for excess errors)
FAIL: gcc.dg/pch/cpp-3.c  -O3 -g  assembly comparison
FAIL: gcc.dg/pch/cpp-3.c   -Os  -I. -Dwith_PCH  (test for warnings, line )
FAIL: gcc.dg/pch/cpp-3.c   -Os  -I. -Dwith_PCH (test for excess errors)
FAIL: gcc.dg/pch/cpp-3.c  -Os  assembly comparison
FAIL: gcc.dg/pch/decl-1.c  -O0 -g -I. -Dwith_PCH (test for excess errors)
FAIL: gcc.dg/pch/decl-1.c -O0 -g assembly comparison
FAIL: gcc.dg/pch/decl-1.c   -O0  -I. -Dwith_PCH (test for excess errors)
FAIL: gcc.dg/pch/decl-1.c  -O0  assembly comparison
FAIL: gcc.dg/pch/decl-1.c   -O1  -I. -Dwith_PCH (test for excess errors)
FAIL: gcc.dg/pch/decl-1.c  -O1  assembly comparison
FAIL: gcc.dg/pch/decl-1.c   -O2  -I. -Dwith_PCH (test for excess errors)
FAIL: gcc.dg/pch/decl-1.c  -O2  assembly comparison
FAIL: gcc.dg/pch/decl-1.c   -O3 -g  -I. -Dwith_PCH (test for excess errors)
FAIL: gcc.dg/pch/decl-1.c  -O3 -g  assembly comparison
FAIL: gcc.dg/pch/decl-1.c   -Os  -I. -Dwith_PCH (test for excess errors)
FAIL: gcc.dg/pch/decl-1.c  -Os  assembly comparison
FAIL: gcc.dg/pch/decl-2.c  -O0 -g -I. -Dwith_PCH (test for excess errors)
FAIL: gcc.dg/pch/decl-2.c -O0 -g assembly comparison
FAIL: gcc.dg/pch/decl-2.c   -O0  -I. -Dwith_PCH (test for excess errors)
FAIL: gcc.dg/pch/decl-2.c  -O0  assembly comparison
FAIL: gcc.dg/pch/decl-2.c   -O1  -I. -Dwith_PCH (test for excess errors)
FAIL: gcc.dg/pch/decl-2.c  -O1  assembly comparison
FAIL: gcc.dg/pch/decl-2.c   -O2  -I. -Dwith_PCH (test for excess errors)
FAIL: gcc.dg/pch/decl-2.c  -O2  assembly comparison
FAIL: gcc.dg/pch/decl-2.c   -O3 -g  -I. -Dwith_PCH (test for excess errors)
FAIL: gcc.dg/pch/decl-2.c  -O3 -g  assembly comparison
FAIL: gcc.dg/pch/decl-2.c   -Os  -I. -Dwith_PCH (test for excess errors)
FAIL: gcc.dg/pch/decl-2.c  -Os  assembly comparison
FAIL: gcc.dg/pch/decl-3.c  -O0 -g -I. -Dwith_PCH (test for excess errors)
FAIL: gcc.dg/pch/decl-3.c -O0 -g assembly comparison
FAIL: gcc.dg/pch/decl-3.c   -O0  -I. -Dwith_PCH (test for excess errors)
FAIL: gcc.dg/pch/decl-3.c  -O0  assembly comparison
FAIL: gcc.dg/pch/decl-3.c   -O1  -I. -Dwith_PCH (test for excess errors)
FAIL: gcc.dg/pch/decl-3.c  -O1  assembly comparison
FAIL: gcc.dg/pch/decl-3.c   -O2  -I. -Dwith_PCH (test for excess errors)
FAIL: gcc.dg/pch/decl-3.c  -O2  assembly comparison
FAIL: gcc.dg/pch/decl-3.c   -O3 -g  -I. -Dwith_PCH (test for excess errors)
FAIL: gcc.dg/pch/decl-3.c  -O3 -g  assembly comparison
FAIL: gcc.dg/pch/decl-3.c   -Os  -I. -Dwith_PCH (test for excess errors)
FAIL: gcc.dg/pch/decl-3.c  -Os  assembly comparison
FAIL: gcc.dg/pch/decl-4.c  -O0 -g -I. -Dwith_PCH (test for excess errors)
FAIL: gcc.dg/pch/decl-4.c -O0 -g assembly comparison
FAIL: gcc.dg/pch/decl-4.c   -O0  -I. -Dwith_PCH (test for excess errors)
FAIL: gcc.dg/pch/decl-4.c  -O0  assembly comparison
FAIL: gcc.dg/pch/decl-4.c   -O1  -I. -Dwith_PCH (test for excess errors)
FAIL: gcc.dg/pch/decl-4.c  -O1  assembly comparison
FAIL: gcc.dg/pch/decl-4.c   -O2  -I. -Dwith_PCH (test for excess errors)
FAIL: gcc.dg/pch/decl-4.c  -O2  assembly comparison
FAIL: gcc.dg/pch/decl-4.c   -O3 -g  -I. -Dwith_PCH (test for excess errors)
FAIL: gcc.dg/pch/decl-4.c  -O3 -g  assembly comparison
FAIL: gcc.dg/pch/decl-4.c   -Os  -I. -Dwith_PCH (test for excess errors)
FAIL: gcc.dg/pch/decl-4.c  -Os  assembly comparison
FAIL: gcc.dg/pch/decl-5.c  -O0 -g -I. -Dwith_PCH (test for excess errors)
FAIL: gcc.dg/pch/decl-5.c -O0 -g assembly comparison
FAIL: gcc.dg/pch/decl-5.c   -O0  -I. -Dwith_PCH (test for excess errors)
FAIL: gcc.dg/pch/decl-5.c  -O0  assembly comparison
FAIL: gcc.dg/pch/decl-5.c   -O1  -I. -Dwith_PCH (test for excess errors)
FAIL: gcc.dg/pch/decl-5.c  -O1  assembly comparison
FAIL: gcc.dg/pch/decl-5.c   -O2  -I. -Dwith_PCH (test for excess errors)
FAIL: gcc.dg/pch/decl-5.c  -O2  assembly comparison
FAIL: gcc.dg/pch/decl-5.c   -O3 -g  -I. -Dwith_PCH (test for excess errors)
FAIL: gcc.dg/pch/decl-5.c  -O3 -g  assembly comparison
FAIL: gcc.dg/pch/decl-5.c   -Os  -I. -Dwith_PCH (test for excess errors)
FAIL: gcc.dg/pch/decl-5.c  -Os  assembly comparison
FAIL: gcc.dg/pch/empty.c  -O0 -g -I. -Dwith_PCH (test for excess errors)
FAIL: gcc.dg/pch/empty.c -O0 -g assembly comparison
FAIL: gcc.dg/pch/empty.c   -O0  -I. -Dwith_PCH (test for excess errors)
FAIL: gcc.dg/pch/empty.c  -O0  assembly comparison
FAIL: gcc.dg/pch/empty.c   -O1  -I. -Dwith_PCH (test for excess errors)
FAIL: gcc.dg/pch/empty.c  -O1  assembly comparison
FAIL: gcc.dg/pch/empty.c   -O2  -I. -Dwith_PCH (test for excess errors)
FAIL: gcc.dg/pch/empty.c  -O2  assembly comparison
FAIL: gcc.dg/pch/empty.c   -O3 -g  -I. -Dwith_PCH (test for excess errors)
FAIL: gcc.dg/pch/empty.c  -O3 -g  assembly comparison
FAIL: gcc.dg/pch/empty.c   -Os  -I. -Dwith_PCH (test for excess errors)
FAIL: gcc.dg/pch/empty.c  -Os  assembly comparison
FAIL: gcc.dg/pch/except-1.c  -O0 -g -I. -Dwith_PCH (test for excess errors)
FAIL: gcc.dg/pch/except-1.c -O0 -g assembly comparison
FAIL: gcc.dg/pch/except-1.c   -O0  -I. -Dwith_PCH (test for excess errors)
FAIL: gcc.dg/pch/except-1.c  -O0  assembly comparison
FAIL: gcc.dg/pch/except-1.c   -O1  -I. -Dwith_PCH (test for excess errors)
FAIL: gcc.dg/pch/except-1.c  -O1  assembly comparison
FAIL: gcc.dg/pch/except-1.c   -O2  -I. -Dwith_PCH (test for excess errors)
FAIL: gcc.dg/pch/except-1.c  -O2  assembly comparison
FAIL: gcc.dg/pch/except-1.c   -O3 -g  -I. -Dwith_PCH (test for excess errors)
FAIL: gcc.dg/pch/except-1.c  -O3 -g  assembly comparison
FAIL: gcc.dg/pch/except-1.c   -Os  -I. -Dwith_PCH (test for excess errors)
FAIL: gcc.dg/pch/except-1.c  -Os  assembly comparison
FAIL: gcc.dg/pch/global-1.c  -O0 -g -I. -Dwith_PCH (test for excess errors)
FAIL: gcc.dg/pch/global-1.c -O0 -g assembly comparison
FAIL: gcc.dg/pch/global-1.c   -O0  -I. -Dwith_PCH (test for excess errors)
FAIL: gcc.dg/pch/global-1.c  -O0  assembly comparison
FAIL: gcc.dg/pch/global-1.c   -O1  -I. -Dwith_PCH (test for excess errors)
FAIL: gcc.dg/pch/global-1.c  -O1  assembly comparison
FAIL: gcc.dg/pch/global-1.c   -O2  -I. -Dwith_PCH (test for excess errors)
FAIL: gcc.dg/pch/global-1.c  -O2  assembly comparison
FAIL: gcc.dg/pch/global-1.c   -O3 -g  -I. -Dwith_PCH (test for excess errors)
FAIL: gcc.dg/pch/global-1.c  -O3 -g  assembly comparison
FAIL: gcc.dg/pch/global-1.c   -Os  -I. -Dwith_PCH (test for excess errors)
FAIL: gcc.dg/pch/global-1.c  -Os  assembly comparison
FAIL: gcc.dg/pch/ident-1.c  -O0 -g -I. -Dwith_PCH (test for excess errors)
FAIL: gcc.dg/pch/ident-1.c -O0 -g assembly comparison
FAIL: gcc.dg/pch/ident-1.c   -O0  -I. -Dwith_PCH (test for excess errors)
FAIL: gcc.dg/pch/ident-1.c  -O0  assembly comparison
FAIL: gcc.dg/pch/ident-1.c   -O1  -I. -Dwith_PCH (test for excess errors)
FAIL: gcc.dg/pch/ident-1.c  -O1  assembly comparison
FAIL: gcc.dg/pch/ident-1.c   -O2  -I. -Dwith_PCH (test for excess errors)
FAIL: gcc.dg/pch/ident-1.c  -O2  assembly comparison
FAIL: gcc.dg/pch/ident-1.c   -O3 -g  -I. -Dwith_PCH (test for excess errors)
FAIL: gcc.dg/pch/ident-1.c  -O3 -g  assembly comparison
FAIL: gcc.dg/pch/ident-1.c   -Os  -I. -Dwith_PCH (test for excess errors)
FAIL: gcc.dg/pch/ident-1.c  -Os  assembly comparison
FAIL: gcc.dg/pch/import-1.c  -O0 -g -I. -Dwith_PCH (test for excess errors)
FAIL: gcc.dg/pch/import-1.c -O0 -g assembly comparison
FAIL: gcc.dg/pch/import-1.c   -O0  -I. -Dwith_PCH (test for excess errors)
FAIL: gcc.dg/pch/import-1.c  -O0  assembly comparison
FAIL: gcc.dg/pch/import-1.c   -O1  -I. -Dwith_PCH (test for excess errors)
FAIL: gcc.dg/pch/import-1.c  -O1  assembly comparison
FAIL: gcc.dg/pch/import-1.c   -O2  -I. -Dwith_PCH (test for excess errors)
FAIL: gcc.dg/pch/import-1.c  -O2  assembly comparison
FAIL: gcc.dg/pch/import-1.c   -O3 -g  -I. -Dwith_PCH (test for excess errors)
FAIL: gcc.dg/pch/import-1.c  -O3 -g  assembly comparison
FAIL: gcc.dg/pch/import-1.c   -Os  -I. -Dwith_PCH (test for excess errors)
FAIL: gcc.dg/pch/import-1.c  -Os  assembly comparison
FAIL: gcc.dg/pch/import-2.c  -O0 -g -I. -Dwith_PCH (test for excess errors)
FAIL: gcc.dg/pch/import-2.c -O0 -g assembly comparison
FAIL: gcc.dg/pch/import-2.c   -O0  -I. -Dwith_PCH (test for excess errors)
FAIL: gcc.dg/pch/import-2.c  -O0  assembly comparison
FAIL: gcc.dg/pch/import-2.c   -O1  -I. -Dwith_PCH (test for excess errors)
FAIL: gcc.dg/pch/import-2.c  -O1  assembly comparison
FAIL: gcc.dg/pch/import-2.c   -O2  -I. -Dwith_PCH (test for excess errors)
FAIL: gcc.dg/pch/import-2.c  -O2  assembly comparison
FAIL: gcc.dg/pch/import-2.c   -O3 -g  -I. -Dwith_PCH (test for excess errors)
FAIL: gcc.dg/pch/import-2.c  -O3 -g  assembly comparison
FAIL: gcc.dg/pch/import-2.c   -Os  -I. -Dwith_PCH (test for excess errors)
FAIL: gcc.dg/pch/import-2.c  -Os  assembly comparison
FAIL: gcc.dg/pch/inline-1.c  -O0 -g -I. -Dwith_PCH (test for excess errors)
FAIL: gcc.dg/pch/inline-1.c -O0 -g assembly comparison
FAIL: gcc.dg/pch/inline-1.c   -O0  -I. -Dwith_PCH (test for excess errors)
FAIL: gcc.dg/pch/inline-1.c  -O0  assembly comparison
FAIL: gcc.dg/pch/inline-1.c   -O1  -I. -Dwith_PCH (test for excess errors)
FAIL: gcc.dg/pch/inline-1.c  -O1  assembly comparison
FAIL: gcc.dg/pch/inline-1.c   -O2  -I. -Dwith_PCH (test for excess errors)
FAIL: gcc.dg/pch/inline-1.c  -O2  assembly comparison
FAIL: gcc.dg/pch/inline-1.c   -O3 -g  -I. -Dwith_PCH (test for excess errors)
FAIL: gcc.dg/pch/inline-1.c  -O3 -g  assembly comparison
FAIL: gcc.dg/pch/inline-1.c   -Os  -I. -Dwith_PCH (test for excess errors)
FAIL: gcc.dg/pch/inline-1.c  -Os  assembly comparison
FAIL: gcc.dg/pch/inline-2.c  -O0 -g -I. -Dwith_PCH (test for excess errors)
FAIL: gcc.dg/pch/inline-2.c -O0 -g assembly comparison
FAIL: gcc.dg/pch/inline-2.c   -O0  -I. -Dwith_PCH (test for excess errors)
FAIL: gcc.dg/pch/inline-2.c  -O0  assembly comparison
FAIL: gcc.dg/pch/inline-2.c   -O1  -I. -Dwith_PCH (test for excess errors)
FAIL: gcc.dg/pch/inline-2.c  -O1  assembly comparison
FAIL: gcc.dg/pch/inline-2.c   -O2  -I. -Dwith_PCH (test for excess errors)
FAIL: gcc.dg/pch/inline-2.c  -O2  assembly comparison
FAIL: gcc.dg/pch/inline-2.c   -O3 -g  -I. -Dwith_PCH (test for excess errors)
FAIL: gcc.dg/pch/inline-2.c  -O3 -g  assembly comparison
FAIL: gcc.dg/pch/inline-2.c   -Os  -I. -Dwith_PCH (test for excess errors)
FAIL: gcc.dg/pch/inline-2.c  -Os  assembly comparison
FAIL: gcc.dg/pch/inline-3.c  -O0 -g -I. -Dwith_PCH (test for excess errors)
FAIL: gcc.dg/pch/inline-3.c -O0 -g assembly comparison
FAIL: gcc.dg/pch/inline-3.c   -O0  -I. -Dwith_PCH (test for excess errors)
FAIL: gcc.dg/pch/inline-3.c  -O0  assembly comparison
FAIL: gcc.dg/pch/inline-3.c   -O1  -I. -Dwith_PCH (test for excess errors)
FAIL: gcc.dg/pch/inline-3.c  -O1  assembly comparison
FAIL: gcc.dg/pch/inline-3.c   -O2  -I. -Dwith_PCH (test for excess errors)
FAIL: gcc.dg/pch/inline-3.c  -O2  assembly comparison
FAIL: gcc.dg/pch/inline-3.c   -O3 -g  -I. -Dwith_PCH (test for excess errors)
FAIL: gcc.dg/pch/inline-3.c  -O3 -g  assembly comparison
FAIL: gcc.dg/pch/inline-3.c   -Os  -I. -Dwith_PCH (test for excess errors)
FAIL: gcc.dg/pch/inline-3.c  -Os  assembly comparison
FAIL: gcc.dg/pch/inline-4.c  -O0 -g -I. -Dwith_PCH (test for excess errors)
FAIL: gcc.dg/pch/inline-4.c -O0 -g assembly comparison
FAIL: gcc.dg/pch/inline-4.c   -O0  -I. -Dwith_PCH (test for excess errors)
FAIL: gcc.dg/pch/inline-4.c  -O0  assembly comparison
FAIL: gcc.dg/pch/inline-4.c   -O1  -I. -Dwith_PCH (test for excess errors)
FAIL: gcc.dg/pch/inline-4.c  -O1  assembly comparison
FAIL: gcc.dg/pch/inline-4.c   -O2  -I. -Dwith_PCH (test for excess errors)
FAIL: gcc.dg/pch/inline-4.c  -O2  assembly comparison
FAIL: gcc.dg/pch/inline-4.c   -O3 -g  -I. -Dwith_PCH (test for excess errors)
FAIL: gcc.dg/pch/inline-4.c  -O3 -g  assembly comparison
FAIL: gcc.dg/pch/inline-4.c   -Os  -I. -Dwith_PCH (test for excess errors)
FAIL: gcc.dg/pch/inline-4.c  -Os  assembly comparison
FAIL: gcc.dg/pch/macro-1.c  -O0 -g -I. -Dwith_PCH (test for excess errors)
FAIL: gcc.dg/pch/macro-1.c -O0 -g assembly comparison
FAIL: gcc.dg/pch/macro-1.c   -O0  -I. -Dwith_PCH (test for excess errors)
FAIL: gcc.dg/pch/macro-1.c  -O0  assembly comparison
FAIL: gcc.dg/pch/macro-1.c   -O1  -I. -Dwith_PCH (test for excess errors)
FAIL: gcc.dg/pch/macro-1.c  -O1  assembly comparison
FAIL: gcc.dg/pch/macro-1.c   -O2  -I. -Dwith_PCH (test for excess errors)
FAIL: gcc.dg/pch/macro-1.c  -O2  assembly comparison
FAIL: gcc.dg/pch/macro-1.c   -O3 -g  -I. -Dwith_PCH (test for excess errors)
FAIL: gcc.dg/pch/macro-1.c  -O3 -g  assembly comparison
FAIL: gcc.dg/pch/macro-1.c   -Os  -I. -Dwith_PCH (test for excess errors)
FAIL: gcc.dg/pch/macro-1.c  -Os  assembly comparison
FAIL: gcc.dg/pch/macro-2.c  -O0 -g -I. -Dwith_PCH (test for excess errors)
FAIL: gcc.dg/pch/macro-2.c -O0 -g assembly comparison
FAIL: gcc.dg/pch/macro-2.c   -O0  -I. -Dwith_PCH (test for excess errors)
FAIL: gcc.dg/pch/macro-2.c  -O0  assembly comparison
FAIL: gcc.dg/pch/macro-2.c   -O1  -I. -Dwith_PCH (test for excess errors)
FAIL: gcc.dg/pch/macro-2.c  -O1  assembly comparison
FAIL: gcc.dg/pch/macro-2.c   -O2  -I. -Dwith_PCH (test for excess errors)
FAIL: gcc.dg/pch/macro-2.c  -O2  assembly comparison
FAIL: gcc.dg/pch/macro-2.c   -O3 -g  -I. -Dwith_PCH (test for excess errors)
FAIL: gcc.dg/pch/macro-2.c  -O3 -g  assembly comparison
FAIL: gcc.dg/pch/macro-2.c   -Os  -I. -Dwith_PCH (test for excess errors)
FAIL: gcc.dg/pch/macro-2.c  -Os  assembly comparison
FAIL: gcc.dg/pch/macro-3.c  -O0 -g -I. -Dwith_PCH (test for excess errors)
FAIL: gcc.dg/pch/macro-3.c -O0 -g assembly comparison
FAIL: gcc.dg/pch/macro-3.c   -O0  -I. -Dwith_PCH (test for excess errors)
FAIL: gcc.dg/pch/macro-3.c  -O0  assembly comparison
FAIL: gcc.dg/pch/macro-3.c   -O1  -I. -Dwith_PCH (test for excess errors)
FAIL: gcc.dg/pch/macro-3.c  -O1  assembly comparison
FAIL: gcc.dg/pch/macro-3.c   -O2  -I. -Dwith_PCH (test for excess errors)
FAIL: gcc.dg/pch/macro-3.c  -O2  assembly comparison
FAIL: gcc.dg/pch/macro-3.c   -O3 -g  -I. -Dwith_PCH (test for excess errors)
FAIL: gcc.dg/pch/macro-3.c  -O3 -g  assembly comparison
FAIL: gcc.dg/pch/macro-3.c   -Os  -I. -Dwith_PCH (test for excess errors)
FAIL: gcc.dg/pch/macro-3.c  -Os  assembly comparison
FAIL: gcc.dg/pch/macro-4.c  -O0 -g -I. -Dwith_PCH (test for excess errors)
FAIL: gcc.dg/pch/macro-4.c -O0 -g assembly comparison
FAIL: gcc.dg/pch/macro-4.c   -O0  -I. -Dwith_PCH (test for excess errors)
FAIL: gcc.dg/pch/macro-4.c  -O0  assembly comparison
FAIL: gcc.dg/pch/macro-4.c   -O1  -I. -Dwith_PCH (test for excess errors)
FAIL: gcc.dg/pch/macro-4.c  -O1  assembly comparison
FAIL: gcc.dg/pch/macro-4.c   -O2  -I. -Dwith_PCH (test for excess errors)
FAIL: gcc.dg/pch/macro-4.c  -O2  assembly comparison
FAIL: gcc.dg/pch/macro-4.c   -O3 -g  -I. -Dwith_PCH (test for excess errors)
FAIL: gcc.dg/pch/macro-4.c  -O3 -g  assembly comparison
FAIL: gcc.dg/pch/macro-4.c   -Os  -I. -Dwith_PCH (test for excess errors)
FAIL: gcc.dg/pch/macro-4.c  -Os  assembly comparison
FAIL: gcc.dg/pch/save-temps-1.c  -O0 -g -I. -Dwith_PCH (test for excess errors)
FAIL: gcc.dg/pch/save-temps-1.c -O0 -g assembly comparison
FAIL: gcc.dg/pch/save-temps-1.c   -O0  -I. -Dwith_PCH (test for excess errors)
FAIL: gcc.dg/pch/save-temps-1.c  -O0  assembly comparison
FAIL: gcc.dg/pch/save-temps-1.c   -O1  -I. -Dwith_PCH (test for excess errors)
FAIL: gcc.dg/pch/save-temps-1.c  -O1  assembly comparison
FAIL: gcc.dg/pch/save-temps-1.c   -O2  -I. -Dwith_PCH (test for excess errors)
FAIL: gcc.dg/pch/save-temps-1.c  -O2  assembly comparison
FAIL: gcc.dg/pch/save-temps-1.c   -O3 -g  -I. -Dwith_PCH (test for excess errors)
FAIL: gcc.dg/pch/save-temps-1.c  -O3 -g  assembly comparison
FAIL: gcc.dg/pch/save-temps-1.c   -Os  -I. -Dwith_PCH (test for excess errors)
FAIL: gcc.dg/pch/save-temps-1.c  -Os  assembly comparison
FAIL: gcc.dg/pch/static-1.c  -O0 -g -I. -Dwith_PCH (test for excess errors)
FAIL: gcc.dg/pch/static-1.c -O0 -g assembly comparison
FAIL: gcc.dg/pch/static-1.c   -O0  -I. -Dwith_PCH (test for excess errors)
FAIL: gcc.dg/pch/static-1.c  -O0  assembly comparison
FAIL: gcc.dg/pch/static-1.c   -O1  -I. -Dwith_PCH (test for excess errors)
FAIL: gcc.dg/pch/static-1.c  -O1  assembly comparison
FAIL: gcc.dg/pch/static-1.c   -O2  -I. -Dwith_PCH (test for excess errors)
FAIL: gcc.dg/pch/static-1.c  -O2  assembly comparison
FAIL: gcc.dg/pch/static-1.c   -O3 -g  -I. -Dwith_PCH (test for excess errors)
FAIL: gcc.dg/pch/static-1.c  -O3 -g  assembly comparison
FAIL: gcc.dg/pch/static-1.c   -Os  -I. -Dwith_PCH (test for excess errors)
FAIL: gcc.dg/pch/static-1.c  -Os  assembly comparison
FAIL: gcc.dg/pch/static-2.c  -O0 -g -I. -Dwith_PCH (test for excess errors)
FAIL: gcc.dg/pch/static-2.c -O0 -g assembly comparison
FAIL: gcc.dg/pch/static-2.c   -O0  -I. -Dwith_PCH (test for excess errors)
FAIL: gcc.dg/pch/static-2.c  -O0  assembly comparison
FAIL: gcc.dg/pch/static-2.c   -O1  -I. -Dwith_PCH (test for excess errors)
FAIL: gcc.dg/pch/static-2.c  -O1  assembly comparison
FAIL: gcc.dg/pch/static-2.c   -O2  -I. -Dwith_PCH (test for excess errors)
FAIL: gcc.dg/pch/static-2.c  -O2  assembly comparison
FAIL: gcc.dg/pch/static-2.c   -O3 -g  -I. -Dwith_PCH (test for excess errors)
FAIL: gcc.dg/pch/static-2.c  -O3 -g  assembly comparison
FAIL: gcc.dg/pch/static-2.c   -Os  -I. -Dwith_PCH (test for excess errors)
FAIL: gcc.dg/pch/static-2.c  -Os  assembly comparison
FAIL: gcc.dg/pch/static-3.c  -O0 -g -I. -Dwith_PCH (test for excess errors)
FAIL: gcc.dg/pch/static-3.c -O0 -g assembly comparison
FAIL: gcc.dg/pch/static-3.c   -O0  -I. -Dwith_PCH (test for excess errors)
FAIL: gcc.dg/pch/static-3.c  -O0  assembly comparison
FAIL: gcc.dg/pch/static-3.c   -O1  -I. -Dwith_PCH (test for excess errors)
FAIL: gcc.dg/pch/static-3.c  -O1  assembly comparison
FAIL: gcc.dg/pch/static-3.c   -O2  -I. -Dwith_PCH (test for excess errors)
FAIL: gcc.dg/pch/static-3.c  -O2  assembly comparison
FAIL: gcc.dg/pch/static-3.c   -O3 -g  -I. -Dwith_PCH (test for excess errors)
FAIL: gcc.dg/pch/static-3.c  -O3 -g  assembly comparison
FAIL: gcc.dg/pch/static-3.c   -Os  -I. -Dwith_PCH (test for excess errors)
FAIL: gcc.dg/pch/static-3.c  -Os  assembly comparison
FAIL: gcc.dg/pch/struct-1.c  -O0 -g -I. -Dwith_PCH (test for excess errors)
FAIL: gcc.dg/pch/struct-1.c -O0 -g assembly comparison
FAIL: gcc.dg/pch/struct-1.c   -O0  -I. -Dwith_PCH (test for excess errors)
FAIL: gcc.dg/pch/struct-1.c  -O0  assembly comparison
FAIL: gcc.dg/pch/struct-1.c   -O1  -I. -Dwith_PCH (test for excess errors)
FAIL: gcc.dg/pch/struct-1.c  -O1  assembly comparison
FAIL: gcc.dg/pch/struct-1.c   -O2  -I. -Dwith_PCH (test for excess errors)
FAIL: gcc.dg/pch/struct-1.c  -O2  assembly comparison
FAIL: gcc.dg/pch/struct-1.c   -O3 -g  -I. -Dwith_PCH (test for excess errors)
FAIL: gcc.dg/pch/struct-1.c  -O3 -g  assembly comparison
FAIL: gcc.dg/pch/struct-1.c   -Os  -I. -Dwith_PCH (test for excess errors)
FAIL: gcc.dg/pch/struct-1.c  -Os  assembly comparison
FAIL: gcc.dg/pch/system-1.c  -O0 -g -I. -Dwith_PCH (test for excess errors)
FAIL: gcc.dg/pch/system-1.c -O0 -g assembly comparison
FAIL: gcc.dg/pch/system-1.c   -O0  -I. -Dwith_PCH (test for excess errors)
FAIL: gcc.dg/pch/system-1.c  -O0  assembly comparison
FAIL: gcc.dg/pch/system-1.c   -O1  -I. -Dwith_PCH (test for excess errors)
FAIL: gcc.dg/pch/system-1.c  -O1  assembly comparison
FAIL: gcc.dg/pch/system-1.c   -O2  -I. -Dwith_PCH (test for excess errors)
FAIL: gcc.dg/pch/system-1.c  -O2  assembly comparison
FAIL: gcc.dg/pch/system-1.c   -O3 -g  -I. -Dwith_PCH (test for excess errors)
FAIL: gcc.dg/pch/system-1.c  -O3 -g  assembly comparison
FAIL: gcc.dg/pch/system-1.c   -Os  -I. -Dwith_PCH (test for excess errors)
FAIL: gcc.dg/pch/system-1.c  -Os  assembly comparison
FAIL: gcc.dg/pch/valid-1b.c  -O0 -g -I. -Dwith_PCH (test for excess errors)
FAIL: gcc.dg/pch/valid-1b.c -O0 -g assembly comparison
FAIL: gcc.dg/pch/valid-1b.c   -O0  -I. -Dwith_PCH (test for excess errors)
FAIL: gcc.dg/pch/valid-1b.c  -O0  assembly comparison
FAIL: gcc.dg/pch/valid-1b.c   -O1  -I. -Dwith_PCH (test for excess errors)
FAIL: gcc.dg/pch/valid-1b.c  -O1  assembly comparison
FAIL: gcc.dg/pch/valid-1b.c   -O2  -I. -Dwith_PCH (test for excess errors)
FAIL: gcc.dg/pch/valid-1b.c  -O2  assembly comparison
FAIL: gcc.dg/pch/valid-1b.c   -O3 -g  -I. -Dwith_PCH (test for excess errors)
FAIL: gcc.dg/pch/valid-1b.c  -O3 -g  assembly comparison
FAIL: gcc.dg/pch/valid-1b.c   -Os  -I. -Dwith_PCH (test for excess errors)
FAIL: gcc.dg/pch/valid-1b.c  -Os  assembly comparison
FAIL: gcc.dg/pch/valid-4.c  -O0 -g -I. -Dwith_PCH  (test for warnings, line 5)
FAIL: gcc.dg/pch/valid-4.c  -O0 -g -I. -Dwith_PCH (test for excess errors)
FAIL: gcc.dg/pch/valid-4.c -O0 -g assembly comparison
FAIL: gcc.dg/pch/valid-4.c   -O0  -I. -Dwith_PCH  (test for warnings, line 5)
FAIL: gcc.dg/pch/valid-4.c   -O0  -I. -Dwith_PCH (test for excess errors)
FAIL: gcc.dg/pch/valid-4.c  -O0  assembly comparison
FAIL: gcc.dg/pch/valid-4.c   -O1  -I. -Dwith_PCH  (test for warnings, line 5)
FAIL: gcc.dg/pch/valid-4.c   -O1  -I. -Dwith_PCH (test for excess errors)
FAIL: gcc.dg/pch/valid-4.c  -O1  assembly comparison
FAIL: gcc.dg/pch/valid-4.c   -O2  -I. -Dwith_PCH  (test for warnings, line 5)
FAIL: gcc.dg/pch/valid-4.c   -O2  -I. -Dwith_PCH (test for excess errors)
FAIL: gcc.dg/pch/valid-4.c  -O2  assembly comparison
FAIL: gcc.dg/pch/valid-4.c   -O3 -g  -I. -Dwith_PCH  (test for warnings, line 5)
FAIL: gcc.dg/pch/valid-4.c   -O3 -g  -I. -Dwith_PCH (test for excess errors)
FAIL: gcc.dg/pch/valid-4.c  -O3 -g  assembly comparison
FAIL: gcc.dg/pch/valid-4.c   -Os  -I. -Dwith_PCH  (test for warnings, line 5)
FAIL: gcc.dg/pch/valid-4.c   -Os  -I. -Dwith_PCH (test for excess errors)
FAIL: gcc.dg/pch/valid-4.c  -Os  assembly comparison
FAIL: gcc.dg/pch/valid-5.c  -O0 -g -I. -Dwith_PCH (test for excess errors)
FAIL: gcc.dg/pch/valid-5.c -O0 -g assembly comparison
FAIL: gcc.dg/pch/valid-5.c   -O0  -I. -Dwith_PCH (test for excess errors)
FAIL: gcc.dg/pch/valid-5.c  -O0  assembly comparison
FAIL: gcc.dg/pch/valid-5.c   -O1  -I. -Dwith_PCH (test for excess errors)
FAIL: gcc.dg/pch/valid-5.c  -O1  assembly comparison
FAIL: gcc.dg/pch/valid-5.c   -O2  -I. -Dwith_PCH (test for excess errors)
FAIL: gcc.dg/pch/valid-5.c  -O2  assembly comparison
FAIL: gcc.dg/pch/valid-5.c   -O3 -g  -I. -Dwith_PCH (test for excess errors)
FAIL: gcc.dg/pch/valid-5.c  -O3 -g  assembly comparison
FAIL: gcc.dg/pch/valid-5.c   -Os  -I. -Dwith_PCH (test for excess errors)
FAIL: gcc.dg/pch/valid-5.c  -Os  assembly comparison
FAIL: gcc.dg/pch/valid-6.c  -O0 -g -I. -Dwith_PCH (internal compiler error)
FAIL: gcc.dg/pch/valid-6.c  -O0 -g -I. -Dwith_PCH (test for excess errors)
FAIL: gcc.dg/pch/valid-6.c  -O0 -g assembly comparison
FAIL: gcc.dg/pch/valid-6.c   -O0  -I. -Dwith_PCH (internal compiler error)
FAIL: gcc.dg/pch/valid-6.c   -O0  -I. -Dwith_PCH (test for excess errors)
FAIL: gcc.dg/pch/valid-6.c   -O0  assembly comparison
FAIL: gcc.dg/pch/valid-6.c   -O1  -I. -Dwith_PCH (internal compiler error)
FAIL: gcc.dg/pch/valid-6.c   -O1  -I. -Dwith_PCH (test for excess errors)
FAIL: gcc.dg/pch/valid-6.c   -O1  assembly comparison
FAIL: gcc.dg/pch/valid-6.c   -O2  -I. -Dwith_PCH (internal compiler error)
FAIL: gcc.dg/pch/valid-6.c   -O2  -I. -Dwith_PCH (test for excess errors)
FAIL: gcc.dg/pch/valid-6.c   -O2  assembly comparison
FAIL: gcc.dg/pch/valid-6.c   -O3 -g  -I. -Dwith_PCH (internal compiler error)
FAIL: gcc.dg/pch/valid-6.c   -O3 -g  -I. -Dwith_PCH (test for excess errors)
FAIL: gcc.dg/pch/valid-6.c   -O3 -g  assembly comparison
FAIL: gcc.dg/pch/valid-6.c   -Os  -I. -Dwith_PCH (internal compiler error)
FAIL: gcc.dg/pch/valid-6.c   -Os  -I. -Dwith_PCH (test for excess errors)
FAIL: gcc.dg/pch/valid-6.c   -Os  assembly comparison
FAIL: gcc.dg/pch/warn-1.c  -O0 -g -I. -Dwith_PCH  (test for warnings, line 5)
FAIL: gcc.dg/pch/warn-1.c  -O0 -g -I. -Dwith_PCH (test for excess errors)
FAIL: gcc.dg/pch/warn-1.c   -O0  -I. -Dwith_PCH  (test for warnings, line 5)
FAIL: gcc.dg/pch/warn-1.c   -O0  -I. -Dwith_PCH (test for excess errors)
FAIL: gcc.dg/pch/warn-1.c   -O1  -I. -Dwith_PCH  (test for warnings, line 5)
FAIL: gcc.dg/pch/warn-1.c   -O1  -I. -Dwith_PCH (test for excess errors)
FAIL: gcc.dg/pch/warn-1.c   -O2  -I. -Dwith_PCH  (test for warnings, line 5)
FAIL: gcc.dg/pch/warn-1.c   -O2  -I. -Dwith_PCH (test for excess errors)
FAIL: gcc.dg/pch/warn-1.c   -O3 -g  -I. -Dwith_PCH  (test for warnings, line 5)
FAIL: gcc.dg/pch/warn-1.c   -O3 -g  -I. -Dwith_PCH (test for excess errors)
FAIL: gcc.dg/pch/warn-1.c   -Os  -I. -Dwith_PCH  (test for warnings, line 5)
FAIL: gcc.dg/pch/warn-1.c   -Os  -I. -Dwith_PCH (test for excess errors)
FAIL: largefile.c  -O0 -g -I. -Dwith_PCH (test for excess errors)
FAIL: gcc.dg/pch/largefile.c -O0 -g assembly comparison
FAIL: largefile.c   -O0  -I. -Dwith_PCH (test for excess errors)
FAIL: gcc.dg/pch/largefile.c  -O0  assembly comparison
FAIL: largefile.c   -O1  -I. -Dwith_PCH (test for excess errors)
FAIL: gcc.dg/pch/largefile.c  -O1  assembly comparison
FAIL: largefile.c   -O2  -I. -Dwith_PCH (test for excess errors)
FAIL: gcc.dg/pch/largefile.c  -O2  assembly comparison
FAIL: largefile.c   -O3 -g  -I. -Dwith_PCH (test for excess errors)
FAIL: gcc.dg/pch/largefile.c  -O3 -g  assembly comparison
FAIL: largefile.c   -Os  -I. -Dwith_PCH (test for excess errors)
FAIL: gcc.dg/pch/largefile.c  -Os  assembly comparison
FAIL: gcc.dg/tree-prof/cold_partition_label.c scan-assembler foo[._]+cold[._]+0
FAIL: gcc.dg/tree-prof/cold_partition_label.c scan-assembler size[ \\ta-zA-Z0-0]+foo[._]+cold[._]+0
FAIL: gcc.target/arm/pr40457-1.c scan-assembler ldrd|ldm
FAIL: gcc.target/arm/pr45701-1.c scan-assembler push\\t{r3
FAIL: gcc.target/arm/pr69614.c execution test
FAIL: gcc.target/arm/reg_equal_test.c scan-rtl-dump expand "expr_list:REG_EQUAL \\\\(const_int -942519458"
FAIL: gcc.target/arm/thumb-ltu.c scan-assembler-not uxtb

		=== gcc Summary ===

# of expected passes		89450
# of unexpected failures	490
# of unexpected successes	2
# of expected failures		130
# of unsupported tests		4284
/scratch/gcc/nightly-2016-10-30-6/arm-none-linux-gnueabi/obj/test-6-0-arm-none-linux-gnueabi/host-i686-pc-linux-gnu/fsf-6/bin/arm-none-linux-gnueabi-gcc  version 6.2.1 20161030 (GCC) 


		=== Summary adjusted for local xfails ===

# of unexpected failures        490
# of expected passes            89450
# of unexpected successes       2
# of expected failures          130
# of unsupported tests          4284
Host   is i686-pc-linux-gnu

		=== gfortran tests ===


Running target qemu-wheezy-thumb/-mthumb
FAIL: gfortran.dg/ieee/ieee_1.F90   -O0  execution test
FAIL: gfortran.dg/ieee/ieee_1.F90   -O1  execution test
FAIL: gfortran.dg/ieee/ieee_1.F90   -O2  execution test
FAIL: gfortran.dg/ieee/ieee_1.F90   -O3 -fomit-frame-pointer -funroll-loops -fpeel-loops -ftracer -finline-functions  execution test
FAIL: gfortran.dg/ieee/ieee_1.F90   -O3 -g  execution test
FAIL: gfortran.dg/ieee/ieee_1.F90   -Os  execution test
FAIL: gfortran.dg/ieee/ieee_2.f90   -O0  execution test
FAIL: gfortran.dg/ieee/ieee_2.f90   -O1  execution test
FAIL: gfortran.dg/ieee/ieee_2.f90   -O2  execution test
FAIL: gfortran.dg/ieee/ieee_2.f90   -O3 -fomit-frame-pointer -funroll-loops -fpeel-loops -ftracer -finline-functions  execution test
FAIL: gfortran.dg/ieee/ieee_2.f90   -O3 -g  execution test
FAIL: gfortran.dg/ieee/ieee_2.f90   -Os  execution test
FAIL: gfortran.dg/ieee/ieee_6.f90   -O0  execution test
FAIL: gfortran.dg/ieee/ieee_6.f90   -O1  execution test
FAIL: gfortran.dg/ieee/ieee_6.f90   -O2  execution test
FAIL: gfortran.dg/ieee/ieee_6.f90   -O3 -fomit-frame-pointer -funroll-loops -fpeel-loops -ftracer -finline-functions  execution test
FAIL: gfortran.dg/ieee/ieee_6.f90   -O3 -g  execution test
FAIL: gfortran.dg/ieee/ieee_6.f90   -Os  execution test
FAIL: gfortran.dg/ieee/large_2.f90   -O0  execution test
FAIL: gfortran.dg/ieee/large_2.f90   -O1  execution test
FAIL: gfortran.dg/ieee/large_2.f90   -O2  execution test
FAIL: gfortran.dg/ieee/large_2.f90   -O3 -fomit-frame-pointer -funroll-loops -fpeel-loops -ftracer -finline-functions  execution test
FAIL: gfortran.dg/ieee/large_2.f90   -O3 -g  execution test
FAIL: gfortran.dg/ieee/large_2.f90   -Os  execution test
FAIL: gfortran.dg/ieee/large_3.F90   -O0  execution test
FAIL: gfortran.dg/ieee/large_3.F90   -O1  execution test
FAIL: gfortran.dg/ieee/large_3.F90   -O2  execution test
FAIL: gfortran.dg/ieee/large_3.F90   -O3 -fomit-frame-pointer -funroll-loops -fpeel-loops -ftracer -finline-functions  execution test
FAIL: gfortran.dg/ieee/large_3.F90   -O3 -g  execution test
FAIL: gfortran.dg/ieee/large_3.F90   -Os  execution test
FAIL: gfortran.dg/ieee/rounding_1.f90   -O0  execution test
FAIL: gfortran.dg/ieee/rounding_1.f90   -O1  execution test
FAIL: gfortran.dg/ieee/rounding_1.f90   -O2  execution test
FAIL: gfortran.dg/ieee/rounding_1.f90   -O3 -fomit-frame-pointer -funroll-loops -fpeel-loops -ftracer -finline-functions  execution test
FAIL: gfortran.dg/ieee/rounding_1.f90   -O3 -g  execution test
FAIL: gfortran.dg/ieee/rounding_1.f90   -Os  execution test

		=== gfortran Summary ===

# of expected passes		41649
# of unexpected failures	36
# of expected failures		76
# of unsupported tests		324
/scratch/gcc/nightly-2016-10-30-6/arm-none-linux-gnueabi/obj/test-6-0-arm-none-linux-gnueabi/host-i686-pc-linux-gnu/fsf-6/bin/arm-none-linux-gnueabi-gfortran  version 6.2.1 20161030 (GCC) 


		=== Summary adjusted for local xfails ===

# of unexpected failures        36
# of expected passes            41649
# of expected failures          76
# of unsupported tests          324
Host   is i686-pc-linux-gnu

		=== libatomic tests ===


Running target qemu-wheezy-thumb/-mthumb

		=== libatomic Summary ===

# of expected passes		44
# of unsupported tests		5

		=== Summary adjusted for local xfails ===

# of expected passes            44
# of unsupported tests          5
Host   is i686-pc-linux-gnu

		=== libgomp tests ===


Running target qemu-wheezy-thumb/-mthumb
WARNING: program timed out.
FAIL: libgomp.fortran/strassen.f90   -O  execution test
FAIL: libgomp.graphite/force-parallel-7.c execution test

		=== libgomp Summary ===

# of expected passes		4986
# of unexpected failures	2
# of unsupported tests		386

		=== Summary adjusted for local xfails ===

# of unexpected failures        2
# of expected passes            4986
# of unsupported tests          386
Host   is i686-pc-linux-gnu

		=== libitm tests ===


Running target qemu-wheezy-thumb/-mthumb

		=== libitm Summary ===

# of expected passes		41
# of expected failures		3
# of unsupported tests		2

		=== Summary adjusted for local xfails ===

# of expected passes            41
# of expected failures          3
# of unsupported tests          2
Host   is i686-pc-linux-gnu

		=== libstdc++ tests ===


Running target qemu-wheezy-thumb/-mthumb
FAIL: 22_locale/messages/13631.cc execution test
FAIL: 22_locale/messages/members/char/1.cc execution test
FAIL: 22_locale/messages/members/char/2.cc execution test
FAIL: 22_locale/messages/members/char/wrapped_locale.cc execution test
FAIL: 22_locale/messages_byname/named_equivalence.cc execution test

		=== libstdc++ Summary ===

# of expected passes		10598
# of unexpected failures	5
# of expected failures		66
# of unsupported tests		383

		=== Summary adjusted for local xfails ===

# of unexpected failures        5
# of expected passes            10598
# of expected failures          66
# of unsupported tests          383

Compiler version: 6.2.1 20161030 (GCC) 
Platform: arm-none-linux-gnueabi
configure flags: --build=i686-pc-linux-gnu --host=i686-pc-linux-gnu --target=arm-none-linux-gnueabi --enable-threads --disable-libmudflap --disable-libstdcxx-pch --with-gnu-as --with-gnu-ld --enable-languages=c,c++,fortran --enable-shared --enable-lto --enable-symvers=gnu --enable-__cxa_atexit --with-glibc-version=2.21 --disable-nls --prefix=/scratch/gcc/nightly-2016-10-30-6/arm-none-linux-gnueabi/install --with-sysroot=/scratch/gcc/nightly-2016-10-30-6/arm-none-linux-gnueabi/install/arm-none-linux-gnueabi/libc --with-gmp=/scratch/gcc/nightly-2016-10-30-6/arm-none-linux-gnueabi/obj/pkg-6-0-arm-none-linux-gnueabi/fsf-6-0-arm-none-linux-gnueabi.extras/host-libs-i686-pc-linux-gnu/usr --with-mpfr=/scratch/gcc/nightly-2016-10-30-6/arm-none-linux-gnueabi/obj/pkg-6-0-arm-none-linux-gnueabi/fsf-6-0-arm-none-linux-gnueabi.extras/host-libs-i686-pc-linux-gnu/usr --with-mpc=/scratch/gcc/nightly-2016-10-30-6/arm-none-linux-gnueabi/obj/pkg-6-0-arm-none-linux-gnueabi/fsf-6-0-arm-none-linux-gnueabi.
 extras/host-libs-i686-pc-linux-gnu/usr --with-isl=/scratch/gcc/nightly-2016-10-30-6/arm-none-linux-gnueabi/obj/pkg-6-0-arm-none-linux-gnueabi/fsf-6-0-arm-none-linux-gnueabi.extras/host-libs-i686-pc-linux-gnu/usr --enable-libgomp --enable-libitm --enable-libatomic --disable-libssp --disable-libcc1 --enable-poison-system-directories --with-python-dir=arm-none-linux-gnueabi/share/gdb/python --with-build-time-tools=/scratch/gcc/nightly-2016-10-30-6/arm-none-linux-gnueabi/install/arm-none-linux-gnueabi/bin --with-build-time-tools=/scratch/gcc/nightly-2016-10-30-6/arm-none-linux-gnueabi/install/arm-none-linux-gnueabi/bin SED=sed


Index Nav: [Date Index] [Subject Index] [Author Index] [Thread Index]
Message Nav: [Date Prev] [Date Next] [Thread Prev] [Thread Next]