This is the mail archive of the gcc-testresults@gcc.gnu.org mailing list for the GCC project.


Index Nav: [Date Index] [Subject Index] [Author Index] [Thread Index]
Message Nav: [Date Prev] [Date Next] [Thread Prev] [Thread Next]
Other format: [Raw text]

Results for 7.0.0 20161026 (experimental) [trunk revision 241546] (GCC) testsuite on hppa64-hp-hpux11.11


Native configuration is hppa64-hp-hpux11.11

		=== g++ tests ===


Running target unix
FAIL: g++.dg/cpp1z/init-statement6.C   (test for excess errors)
FAIL: c-c++-common/gomp/clauses-2.c  -std=c++98  (test for errors, line 51)
FAIL: c-c++-common/gomp/clauses-2.c  -std=c++98 (test for excess errors)
FAIL: c-c++-common/gomp/clauses-2.c  -std=c++11  (test for errors, line 51)
FAIL: c-c++-common/gomp/clauses-2.c  -std=c++11 (test for excess errors)
FAIL: c-c++-common/gomp/clauses-2.c  -std=c++14  (test for errors, line 51)
FAIL: c-c++-common/gomp/clauses-2.c  -std=c++14 (test for excess errors)
WARNING: program timed out.
FAIL: g++.old-deja/g++.abi/vtable2.C  -std=gnu++98 execution test
FAIL: g++.old-deja/g++.abi/vtable2.C  -std=gnu++11 execution test
FAIL: g++.old-deja/g++.abi/vtable2.C  -std=gnu++14 execution test

		=== g++ Summary ===

# of expected passes		95287
# of unexpected failures	10
# of expected failures		329
# of unsupported tests		4400
/test/gnu/gcc/objdir/gcc/testsuite/g++/../../xg++  version 7.0.0 20161026 (experimental) [trunk revision 241546] (GCC) 

		=== gcc tests ===


Running target unix
FAIL: gcc.dg/atomic/c11-atomic-exec-5.c   -O0  execution test
FAIL: gcc.dg/atomic/c11-atomic-exec-5.c   -O1  execution test
FAIL: gcc.dg/atomic/c11-atomic-exec-5.c   -O2  execution test
FAIL: gcc.dg/atomic/c11-atomic-exec-5.c   -O3 -fomit-frame-pointer -funroll-loops -fpeel-loops -ftracer -finline-functions  execution test
FAIL: gcc.dg/atomic/c11-atomic-exec-5.c   -O3 -g  execution test
FAIL: gcc.dg/atomic/c11-atomic-exec-5.c   -Os  execution test
FAIL: gcc.dg/atomic/c11-atomic-exec-5.c   -O2 -flto -flto-partition=none  execution test
FAIL: gcc.dg/atomic/c11-atomic-exec-5.c   -O2 -flto  execution test
FAIL: gcc.dg/compat/scalar-by-value-4 c_compat_x_tst.o-c_compat_y_tst.o execute 
FAIL: gcc.dg/compat/scalar-return-4 c_compat_x_tst.o-c_compat_y_tst.o execute 
XPASS: gcc.dg/sibcall-3.c execution test
XPASS: gcc.dg/sibcall-4.c execution test
FAIL: c-c++-common/gomp/clauses-2.c  (test for errors, line 51)
FAIL: c-c++-common/gomp/clauses-2.c (test for excess errors)
FAIL: gcc.dg/graphite/scop-19.c scan-tree-dump-times graphite "number of SCoPs: 0" 1
WARNING: program timed out.
FAIL: gcc.dg/plugin/must-tail-call-1.c -fplugin=./must_tail_call_plugin.so (test for excess errors)
FAIL: gcc.dg/tree-ssa/builtin-sprintf.c execution test
FAIL: gcc.dg/tree-ssa/pr69270-3.c scan-tree-dump-times uncprop1 ", 1" 4
FAIL: gcc.dg/tree-ssa/scev-3.c scan-tree-dump-times optimized "&a" 1
FAIL: gcc.dg/tree-ssa/scev-4.c scan-tree-dump-times optimized "&a" 1
FAIL: gcc.dg/tree-ssa/slsr-8.c scan-tree-dump-times optimized " w?\\\\* " 7
FAIL: gcc.dg/tree-ssa/sra-17.c scan-tree-dump-times esra "Removing load: a = \\\\*.?L.?C.?.?.?0;" 1
FAIL: gcc.dg/tree-ssa/sra-17.c scan-tree-dump-times esra "SR\\\\.[0-9_]+ = \\\\*.?L.?C.?.?.?0\\\\[" 4
FAIL: gcc.dg/tree-ssa/sra-18.c scan-tree-dump-times esra "Removing load: a = \\\\*.?L.?C.?.?.?0;" 1
FAIL: gcc.dg/tree-ssa/sra-18.c scan-tree-dump-times esra "SR\\\\.[0-9_]+ = \\\\*.?L.?C.?.?.?0\\\\.b\\\\[0\\\\]\\\\.f\\\\[0\\\\]\\\\.x" 1
FAIL: gcc.dg/tree-ssa/sra-18.c scan-tree-dump-times esra "SR\\\\.[0-9_]+ = \\\\*.?L.?C.?.?.?0\\\\.b\\\\[0\\\\]\\\\.f\\\\[1\\\\]\\\\.x" 1
FAIL: gcc.dg/tree-ssa/sra-18.c scan-tree-dump-times esra "SR\\\\.[0-9_]+ = \\\\*.?L.?C.?.?.?0\\\\.b\\\\[1\\\\]\\\\.f\\\\[0\\\\]\\\\.x" 1
FAIL: gcc.dg/tree-ssa/sra-18.c scan-tree-dump-times esra "SR\\\\.[0-9_]+ = \\\\*.?L.?C.?.?.?0\\\\.b\\\\[1\\\\]\\\\.f\\\\[1\\\\]\\\\.x" 1
FAIL: gcc.target/hppa/shadd-3.c scan-assembler-times sh.add 4

		=== gcc Summary ===

# of expected passes		87161
# of unexpected failures	27
# of unexpected successes	2
# of expected failures		177
# of unsupported tests		2181
/test/gnu/gcc/objdir/gcc/xgcc  version 7.0.0 20161026 (experimental) [trunk revision 241546] (GCC) 

		=== gfortran tests ===


Running target unix
FAIL: gfortran.dg/coarray/event_2.f90 -fcoarray=lib  -O2  -lcaf_single -latomic execution test
FAIL: gfortran.dg/alloc_comp_class_5.f03   -O0  execution test
FAIL: gfortran.dg/alloc_comp_class_5.f03   -O1  execution test
FAIL: gfortran.dg/alloc_comp_class_5.f03   -O2  execution test
FAIL: gfortran.dg/alloc_comp_class_5.f03   -O3 -fomit-frame-pointer -funroll-loops -fpeel-loops -ftracer -finline-functions  execution test
FAIL: gfortran.dg/alloc_comp_class_5.f03   -O3 -g  execution test
FAIL: gfortran.dg/alloc_comp_class_5.f03   -Os  execution test
FAIL: gfortran.dg/coarray_alloc_comp_1.f08   -O0  (test for excess errors)
FAIL: gfortran.dg/coarray_alloc_comp_1.f08   -O0  execution test
FAIL: gfortran.dg/coarray_alloc_comp_1.f08   -O1  (test for excess errors)
FAIL: gfortran.dg/coarray_alloc_comp_1.f08   -O1  execution test
FAIL: gfortran.dg/coarray_alloc_comp_1.f08   -O2  (test for excess errors)
FAIL: gfortran.dg/coarray_alloc_comp_1.f08   -O2  execution test
FAIL: gfortran.dg/coarray_alloc_comp_1.f08   -O3 -fomit-frame-pointer -funroll-loops -fpeel-loops -ftracer -finline-functions  (test for excess errors)
FAIL: gfortran.dg/coarray_alloc_comp_1.f08   -O3 -fomit-frame-pointer -funroll-loops -fpeel-loops -ftracer -finline-functions  execution test
FAIL: gfortran.dg/coarray_alloc_comp_1.f08   -O3 -g  (test for excess errors)
FAIL: gfortran.dg/coarray_alloc_comp_1.f08   -O3 -g  execution test
FAIL: gfortran.dg/coarray_alloc_comp_1.f08   -Os  (test for excess errors)
FAIL: gfortran.dg/coarray_alloc_comp_1.f08   -Os  execution test
FAIL: gfortran.dg/coarray_alloc_comp_2.f08   -O0  (test for excess errors)
FAIL: gfortran.dg/coarray_alloc_comp_2.f08   -O0  execution test
FAIL: gfortran.dg/coarray_alloc_comp_2.f08   -O1  (test for excess errors)
FAIL: gfortran.dg/coarray_alloc_comp_2.f08   -O1  execution test
FAIL: gfortran.dg/coarray_alloc_comp_2.f08   -O2  (test for excess errors)
FAIL: gfortran.dg/coarray_alloc_comp_2.f08   -O2  execution test
FAIL: gfortran.dg/coarray_alloc_comp_2.f08   -O3 -fomit-frame-pointer -funroll-loops -fpeel-loops -ftracer -finline-functions  (test for excess errors)
FAIL: gfortran.dg/coarray_alloc_comp_2.f08   -O3 -fomit-frame-pointer -funroll-loops -fpeel-loops -ftracer -finline-functions  execution test
FAIL: gfortran.dg/coarray_alloc_comp_2.f08   -O3 -g  (test for excess errors)
FAIL: gfortran.dg/coarray_alloc_comp_2.f08   -O3 -g  execution test
FAIL: gfortran.dg/coarray_alloc_comp_2.f08   -Os  (test for excess errors)
FAIL: gfortran.dg/coarray_alloc_comp_2.f08   -Os  execution test
FAIL: gfortran.dg/coarray_allocate_10.f08   -O0  (test for excess errors)
FAIL: gfortran.dg/coarray_allocate_10.f08   -O0  execution test
FAIL: gfortran.dg/coarray_allocate_10.f08   -O1  (test for excess errors)
FAIL: gfortran.dg/coarray_allocate_10.f08   -O1  execution test
FAIL: gfortran.dg/coarray_allocate_10.f08   -O2  (test for excess errors)
FAIL: gfortran.dg/coarray_allocate_10.f08   -O2  execution test
FAIL: gfortran.dg/coarray_allocate_10.f08   -O3 -fomit-frame-pointer -funroll-loops -fpeel-loops -ftracer -finline-functions  (test for excess errors)
FAIL: gfortran.dg/coarray_allocate_10.f08   -O3 -fomit-frame-pointer -funroll-loops -fpeel-loops -ftracer -finline-functions  execution test
FAIL: gfortran.dg/coarray_allocate_10.f08   -O3 -g  (test for excess errors)
FAIL: gfortran.dg/coarray_allocate_10.f08   -O3 -g  execution test
FAIL: gfortran.dg/coarray_allocate_10.f08   -Os  (test for excess errors)
FAIL: gfortran.dg/coarray_allocate_10.f08   -Os  execution test
FAIL: gfortran.dg/coarray_allocate_7.f08   -O0  (test for excess errors)
FAIL: gfortran.dg/coarray_allocate_7.f08   -O0  execution test
FAIL: gfortran.dg/coarray_allocate_7.f08   -O1  (test for excess errors)
FAIL: gfortran.dg/coarray_allocate_7.f08   -O1  execution test
FAIL: gfortran.dg/coarray_allocate_7.f08   -O2  (test for excess errors)
FAIL: gfortran.dg/coarray_allocate_7.f08   -O2  execution test
FAIL: gfortran.dg/coarray_allocate_7.f08   -O3 -fomit-frame-pointer -funroll-loops -fpeel-loops -ftracer -finline-functions  (test for excess errors)
FAIL: gfortran.dg/coarray_allocate_7.f08   -O3 -fomit-frame-pointer -funroll-loops -fpeel-loops -ftracer -finline-functions  execution test
FAIL: gfortran.dg/coarray_allocate_7.f08   -O3 -g  (test for excess errors)
FAIL: gfortran.dg/coarray_allocate_7.f08   -O3 -g  execution test
FAIL: gfortran.dg/coarray_allocate_7.f08   -Os  (test for excess errors)
FAIL: gfortran.dg/coarray_allocate_7.f08   -Os  execution test
FAIL: gfortran.dg/coarray_allocate_8.f08   -O0  (test for excess errors)
FAIL: gfortran.dg/coarray_allocate_8.f08   -O0  execution test
FAIL: gfortran.dg/coarray_allocate_8.f08   -O1  (test for excess errors)
FAIL: gfortran.dg/coarray_allocate_8.f08   -O1  execution test
FAIL: gfortran.dg/coarray_allocate_8.f08   -O2  (test for excess errors)
FAIL: gfortran.dg/coarray_allocate_8.f08   -O2  execution test
FAIL: gfortran.dg/coarray_allocate_8.f08   -O3 -fomit-frame-pointer -funroll-loops -fpeel-loops -ftracer -finline-functions  (test for excess errors)
FAIL: gfortran.dg/coarray_allocate_8.f08   -O3 -fomit-frame-pointer -funroll-loops -fpeel-loops -ftracer -finline-functions  execution test
FAIL: gfortran.dg/coarray_allocate_8.f08   -O3 -g  (test for excess errors)
FAIL: gfortran.dg/coarray_allocate_8.f08   -O3 -g  execution test
FAIL: gfortran.dg/coarray_allocate_8.f08   -Os  (test for excess errors)
FAIL: gfortran.dg/coarray_allocate_8.f08   -Os  execution test
FAIL: gfortran.dg/coarray_allocate_9.f08   -O0  (test for excess errors)
FAIL: gfortran.dg/coarray_allocate_9.f08   -O0  execution test
FAIL: gfortran.dg/coarray_allocate_9.f08   -O1  (test for excess errors)
FAIL: gfortran.dg/coarray_allocate_9.f08   -O1  execution test
FAIL: gfortran.dg/coarray_allocate_9.f08   -O2  (test for excess errors)
FAIL: gfortran.dg/coarray_allocate_9.f08   -O2  execution test
FAIL: gfortran.dg/coarray_allocate_9.f08   -O3 -fomit-frame-pointer -funroll-loops -fpeel-loops -ftracer -finline-functions  (test for excess errors)
FAIL: gfortran.dg/coarray_allocate_9.f08   -O3 -fomit-frame-pointer -funroll-loops -fpeel-loops -ftracer -finline-functions  execution test
FAIL: gfortran.dg/coarray_allocate_9.f08   -O3 -g  (test for excess errors)
FAIL: gfortran.dg/coarray_allocate_9.f08   -O3 -g  execution test
FAIL: gfortran.dg/coarray_allocate_9.f08   -Os  (test for excess errors)
FAIL: gfortran.dg/coarray_allocate_9.f08   -Os  execution test
FAIL: gfortran.dg/coarray_send_by_ref_1.f08   -O0  (test for excess errors)
FAIL: gfortran.dg/coarray_send_by_ref_1.f08   -O0  execution test
FAIL: gfortran.dg/coarray_send_by_ref_1.f08   -O1  (test for excess errors)
FAIL: gfortran.dg/coarray_send_by_ref_1.f08   -O1  execution test
FAIL: gfortran.dg/coarray_send_by_ref_1.f08   -O2  (test for excess errors)
FAIL: gfortran.dg/coarray_send_by_ref_1.f08   -O2  execution test
FAIL: gfortran.dg/coarray_send_by_ref_1.f08   -O3 -fomit-frame-pointer -funroll-loops -fpeel-loops -ftracer -finline-functions  (test for excess errors)
FAIL: gfortran.dg/coarray_send_by_ref_1.f08   -O3 -fomit-frame-pointer -funroll-loops -fpeel-loops -ftracer -finline-functions  execution test
FAIL: gfortran.dg/coarray_send_by_ref_1.f08   -O3 -g  (test for excess errors)
FAIL: gfortran.dg/coarray_send_by_ref_1.f08   -O3 -g  execution test
FAIL: gfortran.dg/coarray_send_by_ref_1.f08   -Os  (test for excess errors)
FAIL: gfortran.dg/coarray_send_by_ref_1.f08   -Os  execution test
FAIL: gfortran.dg/coindexed_1.f90   -O0  (test for excess errors)
FAIL: gfortran.dg/coindexed_1.f90   -O0  execution test
FAIL: gfortran.dg/coindexed_1.f90   -O1  (test for excess errors)
FAIL: gfortran.dg/coindexed_1.f90   -O1  execution test
FAIL: gfortran.dg/coindexed_1.f90   -O2  (test for excess errors)
FAIL: gfortran.dg/coindexed_1.f90   -O2  execution test
FAIL: gfortran.dg/coindexed_1.f90   -O3 -fomit-frame-pointer -funroll-loops -fpeel-loops -ftracer -finline-functions  (test for excess errors)
FAIL: gfortran.dg/coindexed_1.f90   -O3 -fomit-frame-pointer -funroll-loops -fpeel-loops -ftracer -finline-functions  execution test
FAIL: gfortran.dg/coindexed_1.f90   -O3 -g  (test for excess errors)
FAIL: gfortran.dg/coindexed_1.f90   -O3 -g  execution test
FAIL: gfortran.dg/coindexed_1.f90   -Os  (test for excess errors)
FAIL: gfortran.dg/coindexed_1.f90   -Os  execution test
FAIL: gfortran.dg/fmt_fw_d.f90   -O0  execution test
FAIL: gfortran.dg/fmt_fw_d.f90   -O1  execution test
FAIL: gfortran.dg/fmt_fw_d.f90   -O2  execution test
FAIL: gfortran.dg/fmt_fw_d.f90   -O3 -fomit-frame-pointer -funroll-loops -fpeel-loops -ftracer -finline-functions  execution test
FAIL: gfortran.dg/fmt_fw_d.f90   -O3 -g  execution test
FAIL: gfortran.dg/fmt_fw_d.f90   -Os  execution test
FAIL: gfortran.dg/graphite/pr68279.f90   -O  (internal compiler error)
FAIL: gfortran.dg/graphite/pr68279.f90   -O  (test for excess errors)

		=== gfortran Summary ===

# of expected passes		42161
# of unexpected failures	111
# of expected failures		94
# of unsupported tests		334
/test/gnu/gcc/objdir/gcc/testsuite/gfortran/../../gfortran  version 7.0.0 20161026 (experimental) [trunk revision 241546] (GCC) 

		=== obj-c++ tests ===


Running target unix

		=== obj-c++ Summary ===

# of expected passes		1450
# of expected failures		10
# of unsupported tests		77
/test/gnu/gcc/objdir/gcc/testsuite/obj-c++/../../xg++  version 7.0.0 20161026 (experimental) [trunk revision 241546] (GCC) 

		=== objc tests ===


Running target unix

		=== objc Summary ===

# of expected passes		2801
# of unsupported tests		69
/test/gnu/gcc/objdir/gcc/xgcc  version 7.0.0 20161026 (experimental) [trunk revision 241546] (GCC) 

		=== libatomic tests ===


Running target unix

		=== libatomic Summary ===

# of expected passes		44
# of unsupported tests		5
		=== libgomp tests ===


Running target unix
FAIL: libgomp.oacc-c++/../libgomp.oacc-c-c++-common/loop-dim-default.c -DACC_DEVICE_TYPE_host=1 -DACC_MEM_SHARED=1  -O2  (test for excess errors)
UNRESOLVED: libgomp.oacc-c++/../libgomp.oacc-c-c++-common/loop-dim-default.c -DACC_DEVICE_TYPE_host=1 -DACC_MEM_SHARED=1  -O2  compilation failed to produce executable

		=== libgomp Summary ===

# of expected passes		4944
# of unexpected failures	1
# of unresolved testcases	1
# of unsupported tests		395
		=== libstdc++ tests ===


Running target unix
FAIL: 22_locale/num_put/put/char/14220.cc execution test
FAIL: 22_locale/num_put/put/wchar_t/14220.cc execution test
FAIL: 27_io/basic_ostream/inserters_arithmetic/char/4402.cc execution test
FAIL: 27_io/basic_ostream/inserters_arithmetic/wchar_t/4402.cc execution test
FAIL: 30_threads/call_once/constexpr.cc (test for excess errors)
FAIL: 30_threads/mutex/cons/constexpr.cc (test for excess errors)
FAIL: 30_threads/once_flag/cons/constexpr.cc (test for excess errors)
FAIL: experimental/memory_resource/resource_adaptor.cc execution test

		=== libstdc++ Summary ===

# of expected passes		9704
# of unexpected failures	8
# of expected failures		65
# of unsupported tests		1067

Compiler version: 7.0.0 20161026 (experimental) [trunk revision 241546] (GCC) 
Platform: hppa64-hp-hpux11.11
configure flags:Test Run By dave on Fri Oct 28 06:00:05 2016


Index Nav: [Date Index] [Subject Index] [Author Index] [Thread Index]
Message Nav: [Date Prev] [Date Next] [Thread Prev] [Thread Next]