This is the mail archive of the gcc-testresults@gcc.gnu.org mailing list for the GCC project.


Index Nav: [Date Index] [Subject Index] [Author Index] [Thread Index]
Message Nav: [Date Prev] [Date Next] [Thread Prev] [Thread Next]
Other format: [Raw text]

Results for 6.2.0 20161027 (Debian 6.2.0-10) testsuite on i686-pc-kfreebsd-gnu


LAST_UPDATED: Thu Oct 27 13:18:00 UTC 2016 (revision 241619)

Target: i686-kfreebsd-gnu
gcc version 6.2.0 20161027 (Debian 6.2.0-10) 

Native configuration is i686-pc-kfreebsd-gnu

		=== g++ tests ===


Running target unix
FAIL: g++.dg/abi/abi-tag23.C  -std=gnu++11  (test for warnings, line 22)
FAIL: g++.dg/abi/abi-tag23.C  -std=gnu++11  scan-assembler _ZThn16_N7Derived7get_fooB3barEv
FAIL: g++.dg/abi/abi-tag23.C  -std=gnu++14  (test for warnings, line 22)
FAIL: g++.dg/abi/abi-tag23.C  -std=gnu++14  scan-assembler _ZThn16_N7Derived7get_fooB3barEv
FAIL: g++.dg/abi/abi-tag23.C  -std=gnu++98  (test for warnings, line 22)
FAIL: g++.dg/abi/abi-tag23.C  -std=gnu++98  scan-assembler _ZThn16_N7Derived7get_fooB3barEv
FAIL: g++.dg/abi/abi-tag23a.C  -std=gnu++11  scan-assembler _ZThn16_N7Derived7get_fooEv
FAIL: g++.dg/abi/abi-tag23a.C  -std=gnu++14  scan-assembler _ZThn16_N7Derived7get_fooEv
FAIL: g++.dg/abi/abi-tag23a.C  -std=gnu++98  scan-assembler _ZThn16_N7Derived7get_fooEv
FAIL: g++.dg/gcov/gcov-14.C  -std=gnu++11  gcov failed: gcov-14.C.gov does not exist
FAIL: g++.dg/gcov/gcov-14.C  -std=gnu++11 (test for excess errors)
UNRESOLVED: g++.dg/gcov/gcov-14.C  -std=gnu++11 compilation failed to produce executable
FAIL: g++.dg/gcov/gcov-14.C  -std=gnu++14  gcov failed: gcov-14.C.gov does not exist
FAIL: g++.dg/gcov/gcov-14.C  -std=gnu++14 (test for excess errors)
UNRESOLVED: g++.dg/gcov/gcov-14.C  -std=gnu++14 compilation failed to produce executable
FAIL: g++.dg/gcov/gcov-14.C  -std=gnu++98  gcov failed: gcov-14.C.gov does not exist
FAIL: g++.dg/gcov/gcov-14.C  -std=gnu++98 (test for excess errors)
UNRESOLVED: g++.dg/gcov/gcov-14.C  -std=gnu++98 compilation failed to produce executable
FAIL: g++.dg/guality/pr55665.C   -O2  line 23 p == 40
FAIL: g++.dg/guality/pr55665.C   -O3 -g  line 23 p == 40
XPASS: g++.dg/tls/thread_local-order2.C  -std=c++11 execution test
XPASS: g++.dg/tls/thread_local-order2.C  -std=c++14 execution test

		=== g++ Summary for unix ===

# of expected passes		95718
# of unexpected failures	17
# of unexpected successes	2
# of expected failures		309
# of unresolved testcases	3
# of unsupported tests		3342

Running target unix/-fstack-protector
FAIL: g++.dg/abi/abi-tag23.C  -std=gnu++11  (test for warnings, line 22)
FAIL: g++.dg/abi/abi-tag23.C  -std=gnu++11  scan-assembler _ZThn16_N7Derived7get_fooB3barEv
FAIL: g++.dg/abi/abi-tag23.C  -std=gnu++14  (test for warnings, line 22)
FAIL: g++.dg/abi/abi-tag23.C  -std=gnu++14  scan-assembler _ZThn16_N7Derived7get_fooB3barEv
FAIL: g++.dg/abi/abi-tag23.C  -std=gnu++98  (test for warnings, line 22)
FAIL: g++.dg/abi/abi-tag23.C  -std=gnu++98  scan-assembler _ZThn16_N7Derived7get_fooB3barEv
FAIL: g++.dg/abi/abi-tag23a.C  -std=gnu++11  scan-assembler _ZThn16_N7Derived7get_fooEv
FAIL: g++.dg/abi/abi-tag23a.C  -std=gnu++14  scan-assembler _ZThn16_N7Derived7get_fooEv
FAIL: g++.dg/abi/abi-tag23a.C  -std=gnu++98  scan-assembler _ZThn16_N7Derived7get_fooEv
FAIL: g++.dg/gcov/gcov-14.C  -std=gnu++11  gcov failed: gcov-14.C.gov does not exist
FAIL: g++.dg/gcov/gcov-14.C  -std=gnu++11 (test for excess errors)
UNRESOLVED: g++.dg/gcov/gcov-14.C  -std=gnu++11 compilation failed to produce executable
FAIL: g++.dg/gcov/gcov-14.C  -std=gnu++14  gcov failed: gcov-14.C.gov does not exist
FAIL: g++.dg/gcov/gcov-14.C  -std=gnu++14 (test for excess errors)
UNRESOLVED: g++.dg/gcov/gcov-14.C  -std=gnu++14 compilation failed to produce executable
FAIL: g++.dg/gcov/gcov-14.C  -std=gnu++98  gcov failed: gcov-14.C.gov does not exist
FAIL: g++.dg/gcov/gcov-14.C  -std=gnu++98 (test for excess errors)
UNRESOLVED: g++.dg/gcov/gcov-14.C  -std=gnu++98 compilation failed to produce executable
FAIL: g++.dg/guality/pr55665.C   -O2  line 23 p == 40
FAIL: g++.dg/guality/pr55665.C   -O3 -g  line 23 p == 40
XPASS: g++.dg/tls/thread_local-order2.C  -std=c++11 execution test
XPASS: g++.dg/tls/thread_local-order2.C  -std=c++14 execution test

		=== g++ Summary for unix/-fstack-protector ===

# of expected passes		95718
# of unexpected failures	17
# of unexpected successes	2
# of expected failures		309
# of unresolved testcases	3
# of unsupported tests		3342

		=== g++ Summary ===

# of expected passes		191436
# of unexpected failures	34
# of unexpected successes	4
# of expected failures		618
# of unresolved testcases	6
# of unsupported tests		6684
/build/gcc-6-IxUXVk/gcc-6-6.2.0/build/gcc/xg++  version 6.2.0 20161027 (Debian 6.2.0-10) 

		=== gcc tests ===


Running target unix
FAIL: gcc.c-torture/execute/pr39501.c   -O0  (test for excess errors)
UNRESOLVED: gcc.c-torture/execute/pr39501.c   -O0  compilation failed to produce executable
FAIL: gcc.c-torture/execute/pr39501.c   -O1  (test for excess errors)
UNRESOLVED: gcc.c-torture/execute/pr39501.c   -O1  compilation failed to produce executable
FAIL: gcc.c-torture/execute/pr39501.c   -O2  (test for excess errors)
UNRESOLVED: gcc.c-torture/execute/pr39501.c   -O2  compilation failed to produce executable
FAIL: gcc.c-torture/execute/pr39501.c   -O2 -flto -fno-use-linker-plugin -flto-partition=none  (test for excess errors)
UNRESOLVED: gcc.c-torture/execute/pr39501.c   -O2 -flto -fno-use-linker-plugin -flto-partition=none  compilation failed to produce executable
FAIL: gcc.c-torture/execute/pr39501.c   -O2 -flto -fuse-linker-plugin -fno-fat-lto-objects  (test for excess errors)
UNRESOLVED: gcc.c-torture/execute/pr39501.c   -O2 -flto -fuse-linker-plugin -fno-fat-lto-objects  compilation failed to produce executable
FAIL: gcc.c-torture/execute/pr39501.c   -O3 -g  (test for excess errors)
UNRESOLVED: gcc.c-torture/execute/pr39501.c   -O3 -g  compilation failed to produce executable
FAIL: gcc.c-torture/execute/pr39501.c   -Os  (test for excess errors)
UNRESOLVED: gcc.c-torture/execute/pr39501.c   -Os  compilation failed to produce executable
FAIL: gcc.dg/20020607-2.c (test for excess errors)
UNRESOLVED: gcc.dg/20020607-2.c compilation failed to produce executable
FAIL: gcc.dg/20030414-2.c (test for excess errors)
UNRESOLVED: gcc.dg/20030414-2.c compilation failed to produce executable
FAIL: gcc.dg/20030804-1.c (test for excess errors)
FAIL: gcc.dg/20030826-1.c (test for excess errors)
UNRESOLVED: gcc.dg/20030826-1.c compilation failed to produce executable
FAIL: gcc.dg/builtins-10.c (test for excess errors)
FAIL: gcc.dg/builtins-11.c (test for excess errors)
FAIL: gcc.dg/builtins-17.c (test for excess errors)
FAIL: gcc.dg/builtins-18.c (test for excess errors)
FAIL: gcc.dg/builtins-19.c (test for excess errors)
FAIL: gcc.dg/builtins-20.c (test for excess errors)
FAIL: gcc.dg/builtins-24.c (test for excess errors)
UNRESOLVED: gcc.dg/builtins-24.c compilation failed to produce executable
FAIL: gcc.dg/builtins-26.c (test for excess errors)
FAIL: gcc.dg/builtins-27.c (test for excess errors)
FAIL: gcc.dg/builtins-47.c (test for excess errors)
UNRESOLVED: gcc.dg/builtins-47.c compilation failed to produce executable
FAIL: gcc.dg/builtins-51.c (test for excess errors)
UNRESOLVED: gcc.dg/builtins-51.c compilation failed to produce executable
FAIL: gcc.dg/builtins-52.c (test for excess errors)
FAIL: gcc.dg/builtins-54.c (test for excess errors)
FAIL: gcc.dg/builtins-55.c (test for excess errors)
FAIL: gcc.dg/builtins-6.c (test for excess errors)
UNRESOLVED: gcc.dg/builtins-6.c compilation failed to produce executable
FAIL: gcc.dg/builtins-65.c (test for excess errors)
FAIL: gcc.dg/builtins-67.c (test for excess errors)
FAIL: gcc.dg/builtins-7.c (test for excess errors)
FAIL: gcc.dg/builtins-8.c (test for excess errors)
UNRESOLVED: gcc.dg/builtins-8.c compilation failed to produce executable
FAIL: gcc.dg/fastmath-1.c (test for excess errors)
UNRESOLVED: gcc.dg/fastmath-1.c compilation failed to produce executable
FAIL: gcc.dg/fnegate-1.c (test for excess errors)
UNRESOLVED: gcc.dg/fnegate-1.c compilation failed to produce executable
FAIL: gcc.dg/pow-sqrt-1.c (test for excess errors)
UNRESOLVED: gcc.dg/pow-sqrt-1.c compilation failed to produce executable
FAIL: gcc.dg/pow-sqrt-2.c (test for excess errors)
UNRESOLVED: gcc.dg/pow-sqrt-2.c compilation failed to produce executable
FAIL: gcc.dg/pow-sqrt-3.c (test for excess errors)
UNRESOLVED: gcc.dg/pow-sqrt-3.c compilation failed to produce executable
FAIL: gcc.dg/pr28796-2.c (test for excess errors)
UNRESOLVED: gcc.dg/pr28796-2.c compilation failed to produce executable
FAIL: gcc.dg/pr41963.c (test for excess errors)
UNRESOLVED: gcc.dg/pr41963.c compilation failed to produce executable
FAIL: gcc.dg/pr46728-12.c (test for excess errors)
UNRESOLVED: gcc.dg/pr46728-12.c compilation failed to produce executable
FAIL: gcc.dg/pr46728-9.c (test for excess errors)
UNRESOLVED: gcc.dg/pr46728-9.c compilation failed to produce executable
FAIL: gcc.dg/pr54919.c (test for excess errors)
UNRESOLVED: gcc.dg/pr54919.c compilation failed to produce executable
FAIL: gcc.dg/pr56125.c (test for excess errors)
UNRESOLVED: gcc.dg/pr56125.c compilation failed to produce executable
FAIL: gcc.dg/var-expand2.c (test for excess errors)
UNRESOLVED: gcc.dg/var-expand2.c compilation failed to produce executable
FAIL: gcc.dg/graphite/block-0.c (test for excess errors)
UNRESOLVED: gcc.dg/graphite/block-0.c compilation failed to produce executable
FAIL: gcc.dg/graphite/block-1.c (test for excess errors)
UNRESOLVED: gcc.dg/graphite/block-1.c compilation failed to produce executable
FAIL: gcc.dg/graphite/block-5.c (test for excess errors)
UNRESOLVED: gcc.dg/graphite/block-5.c compilation failed to produce executable
FAIL: gcc.dg/graphite/block-6.c (test for excess errors)
UNRESOLVED: gcc.dg/graphite/block-6.c compilation failed to produce executable
FAIL: gcc.dg/graphite/block-pr47654.c (test for excess errors)
UNRESOLVED: gcc.dg/graphite/block-pr47654.c compilation failed to produce executable
FAIL: gcc.dg/graphite/fuse-2.c (test for excess errors)
UNRESOLVED: gcc.dg/graphite/fuse-2.c compilation failed to produce executable
FAIL: gcc.dg/graphite/interchange-0.c (test for excess errors)
UNRESOLVED: gcc.dg/graphite/interchange-0.c compilation failed to produce executable
FAIL: gcc.dg/graphite/interchange-1.c (test for excess errors)
UNRESOLVED: gcc.dg/graphite/interchange-1.c compilation failed to produce executable
FAIL: gcc.dg/graphite/interchange-10.c (test for excess errors)
UNRESOLVED: gcc.dg/graphite/interchange-10.c compilation failed to produce executable
FAIL: gcc.dg/graphite/interchange-11.c (test for excess errors)
UNRESOLVED: gcc.dg/graphite/interchange-11.c compilation failed to produce executable
FAIL: gcc.dg/graphite/interchange-12.c (test for excess errors)
UNRESOLVED: gcc.dg/graphite/interchange-12.c compilation failed to produce executable
FAIL: gcc.dg/graphite/interchange-13.c (test for excess errors)
UNRESOLVED: gcc.dg/graphite/interchange-13.c compilation failed to produce executable
FAIL: gcc.dg/graphite/interchange-14.c (test for excess errors)
UNRESOLVED: gcc.dg/graphite/interchange-14.c compilation failed to produce executable
FAIL: gcc.dg/graphite/interchange-15.c (test for excess errors)
UNRESOLVED: gcc.dg/graphite/interchange-15.c compilation failed to produce executable
FAIL: gcc.dg/graphite/interchange-16.c (test for excess errors)
UNRESOLVED: gcc.dg/graphite/interchange-16.c compilation failed to produce executable
FAIL: gcc.dg/graphite/interchange-2.c (test for excess errors)
UNRESOLVED: gcc.dg/graphite/interchange-2.c compilation failed to produce executable
FAIL: gcc.dg/graphite/interchange-3.c (test for excess errors)
UNRESOLVED: gcc.dg/graphite/interchange-3.c compilation failed to produce executable
FAIL: gcc.dg/graphite/interchange-4.c (test for excess errors)
UNRESOLVED: gcc.dg/graphite/interchange-4.c compilation failed to produce executable
FAIL: gcc.dg/graphite/interchange-5.c (test for excess errors)
UNRESOLVED: gcc.dg/graphite/interchange-5.c compilation failed to produce executable
FAIL: gcc.dg/graphite/interchange-6.c (test for excess errors)
UNRESOLVED: gcc.dg/graphite/interchange-6.c compilation failed to produce executable
FAIL: gcc.dg/graphite/interchange-7.c (test for excess errors)
UNRESOLVED: gcc.dg/graphite/interchange-7.c compilation failed to produce executable
FAIL: gcc.dg/graphite/interchange-8.c (test for excess errors)
UNRESOLVED: gcc.dg/graphite/interchange-8.c compilation failed to produce executable
FAIL: gcc.dg/graphite/interchange-9.c (test for excess errors)
UNRESOLVED: gcc.dg/graphite/interchange-9.c compilation failed to produce executable
FAIL: gcc.dg/graphite/interchange-mvt.c (test for excess errors)
UNRESOLVED: gcc.dg/graphite/interchange-mvt.c compilation failed to produce executable
FAIL: gcc.dg/graphite/isl-ast-gen-blocks-1.c (test for excess errors)
UNRESOLVED: gcc.dg/graphite/isl-ast-gen-blocks-1.c compilation failed to produce executable
FAIL: gcc.dg/graphite/isl-ast-gen-blocks-2.c (test for excess errors)
UNRESOLVED: gcc.dg/graphite/isl-ast-gen-blocks-2.c compilation failed to produce executable
FAIL: gcc.dg/graphite/isl-ast-gen-blocks-3.c (test for excess errors)
UNRESOLVED: gcc.dg/graphite/isl-ast-gen-blocks-3.c compilation failed to produce executable
FAIL: gcc.dg/graphite/isl-ast-gen-blocks-4.c (test for excess errors)
UNRESOLVED: gcc.dg/graphite/isl-ast-gen-blocks-4.c compilation failed to produce executable
FAIL: gcc.dg/graphite/isl-ast-gen-if-1.c (test for excess errors)
UNRESOLVED: gcc.dg/graphite/isl-ast-gen-if-1.c compilation failed to produce executable
FAIL: gcc.dg/graphite/isl-ast-gen-if-2.c (test for excess errors)
UNRESOLVED: gcc.dg/graphite/isl-ast-gen-if-2.c compilation failed to produce executable
FAIL: gcc.dg/graphite/isl-ast-gen-single-loop-1.c (test for excess errors)
UNRESOLVED: gcc.dg/graphite/isl-ast-gen-single-loop-1.c compilation failed to produce executable
FAIL: gcc.dg/graphite/isl-ast-gen-single-loop-2.c (test for excess errors)
UNRESOLVED: gcc.dg/graphite/isl-ast-gen-single-loop-2.c compilation failed to produce executable
FAIL: gcc.dg/graphite/isl-ast-gen-single-loop-3.c (test for excess errors)
UNRESOLVED: gcc.dg/graphite/isl-ast-gen-single-loop-3.c compilation failed to produce executable
FAIL: gcc.dg/graphite/isl-ast-gen-user-1.c (test for excess errors)
UNRESOLVED: gcc.dg/graphite/isl-ast-gen-user-1.c compilation failed to produce executable
FAIL: gcc.dg/graphite/pr46185.c (test for excess errors)
UNRESOLVED: gcc.dg/graphite/pr46185.c compilation failed to produce executable
FAIL: gcc.dg/graphite/uns-block-1.c (test for excess errors)
UNRESOLVED: gcc.dg/graphite/uns-block-1.c compilation failed to produce executable
FAIL: gcc.dg/graphite/uns-interchange-12.c (test for excess errors)
UNRESOLVED: gcc.dg/graphite/uns-interchange-12.c compilation failed to produce executable
FAIL: gcc.dg/graphite/uns-interchange-14.c (test for excess errors)
UNRESOLVED: gcc.dg/graphite/uns-interchange-14.c compilation failed to produce executable
FAIL: gcc.dg/graphite/uns-interchange-15.c (test for excess errors)
UNRESOLVED: gcc.dg/graphite/uns-interchange-15.c compilation failed to produce executable
FAIL: gcc.dg/graphite/uns-interchange-9.c (test for excess errors)
UNRESOLVED: gcc.dg/graphite/uns-interchange-9.c compilation failed to produce executable
FAIL: gcc.dg/graphite/uns-interchange-mvt.c (test for excess errors)
UNRESOLVED: gcc.dg/graphite/uns-interchange-mvt.c compilation failed to produce executable
XPASS: gcc.dg/guality/example.c   -O0  execution test
XPASS: gcc.dg/guality/example.c   -O1  execution test
XPASS: gcc.dg/guality/guality.c   -O0  execution test
XPASS: gcc.dg/guality/guality.c   -O1  execution test
XPASS: gcc.dg/guality/guality.c   -O2  execution test
XPASS: gcc.dg/guality/guality.c   -O2 -flto -fno-use-linker-plugin -flto-partition=none  execution test
XPASS: gcc.dg/guality/guality.c   -O2 -flto -fuse-linker-plugin -fno-fat-lto-objects  execution test
XPASS: gcc.dg/guality/guality.c   -O3 -g  execution test
XPASS: gcc.dg/guality/guality.c   -Os  execution test
XPASS: gcc.dg/guality/inline-params.c   -O2  execution test
XPASS: gcc.dg/guality/inline-params.c   -O2 -flto -fno-use-linker-plugin -flto-partition=none  execution test
XPASS: gcc.dg/guality/inline-params.c   -O3 -g  execution test
XPASS: gcc.dg/guality/inline-params.c   -Os  execution test
XPASS: gcc.dg/guality/pr41353-1.c   -O0  line 28 j == 28 + 37
XPASS: gcc.dg/guality/pr41353-1.c   -O1  line 28 j == 28 + 37
XPASS: gcc.dg/guality/pr41353-1.c   -O2  line 28 j == 28 + 37
XPASS: gcc.dg/guality/pr41353-1.c   -O2 -flto -fno-use-linker-plugin -flto-partition=none  line 28 j == 28 + 37
XPASS: gcc.dg/guality/pr41353-1.c   -O2 -flto -fuse-linker-plugin -fno-fat-lto-objects  line 28 j == 28 + 37
XPASS: gcc.dg/guality/pr41353-1.c   -O3 -g  line 28 j == 28 + 37
XPASS: gcc.dg/guality/pr41353-1.c   -Os  line 28 j == 28 + 37
FAIL: gcc.dg/guality/pr41447-1.c   -O2  execution test
FAIL: gcc.dg/guality/pr41447-1.c   -O2 -flto -fno-use-linker-plugin -flto-partition=none  execution test
FAIL: gcc.dg/guality/pr41447-1.c   -O3 -g  execution test
FAIL: gcc.dg/guality/pr41616-1.c   -O2 -flto -fuse-linker-plugin -fno-fat-lto-objects  execution test
FAIL: gcc.dg/guality/pr45882.c   -O2 -flto -fuse-linker-plugin -fno-fat-lto-objects  line 16 d == 112
FAIL: gcc.dg/guality/pr45882.c   -O2 -flto -fuse-linker-plugin -fno-fat-lto-objects  line 16 e == 142
FAIL: gcc.dg/guality/pr54519-1.c   -O2 -flto -fno-use-linker-plugin -flto-partition=none  line 20 y == 25
FAIL: gcc.dg/guality/pr54519-1.c   -O2 -flto -fno-use-linker-plugin -flto-partition=none  line 20 z == 6
FAIL: gcc.dg/guality/pr54519-1.c   -O2 -flto -fno-use-linker-plugin -flto-partition=none  line 23 y == 117
FAIL: gcc.dg/guality/pr54519-1.c   -O2 -flto -fno-use-linker-plugin -flto-partition=none  line 23 z == 8
FAIL: gcc.dg/guality/pr54519-2.c   -O2 -flto -fno-use-linker-plugin -flto-partition=none  line 17 y == 25
FAIL: gcc.dg/guality/pr54519-2.c   -O2 -flto -fuse-linker-plugin -fno-fat-lto-objects  line 17 y == 25
FAIL: gcc.dg/guality/pr54519-3.c   -O2 -flto -fno-use-linker-plugin -flto-partition=none  line 20 y == 25
FAIL: gcc.dg/guality/pr54519-3.c   -O2 -flto -fno-use-linker-plugin -flto-partition=none  line 20 z == 6
FAIL: gcc.dg/guality/pr54519-3.c   -O2 -flto -fno-use-linker-plugin -flto-partition=none  line 23 y == 117
FAIL: gcc.dg/guality/pr54519-3.c   -O2 -flto -fno-use-linker-plugin -flto-partition=none  line 23 z == 8
FAIL: gcc.dg/guality/pr54519-3.c   -O2 -flto -fuse-linker-plugin -fno-fat-lto-objects  line 20 y == 25
FAIL: gcc.dg/guality/pr54519-3.c   -O2 -flto -fuse-linker-plugin -fno-fat-lto-objects  line 20 z == 6
FAIL: gcc.dg/guality/pr54519-3.c   -O2 -flto -fuse-linker-plugin -fno-fat-lto-objects  line 23 y == 117
FAIL: gcc.dg/guality/pr54519-3.c   -O2 -flto -fuse-linker-plugin -fno-fat-lto-objects  line 23 z == 8
FAIL: gcc.dg/guality/pr54519-4.c   -O2 -flto -fno-use-linker-plugin -flto-partition=none  line 17 y == 25
FAIL: gcc.dg/guality/pr54519-4.c   -O2 -flto -fuse-linker-plugin -fno-fat-lto-objects  line 17 y == 25
FAIL: gcc.dg/guality/pr54519-5.c   -O2 -flto -fno-use-linker-plugin -flto-partition=none  line 17 y == 25
FAIL: gcc.dg/guality/pr54519-5.c   -O2 -flto -fuse-linker-plugin -fno-fat-lto-objects  line 17 y == 25
FAIL: gcc.dg/guality/pr58791-4.c   -O0  (test for excess errors)
UNRESOLVED: gcc.dg/guality/pr58791-4.c   -O0  compilation failed to produce executable
FAIL: gcc.dg/guality/pr58791-4.c   -O1  (test for excess errors)
UNRESOLVED: gcc.dg/guality/pr58791-4.c   -O1  compilation failed to produce executable
FAIL: gcc.dg/guality/pr58791-4.c   -O2  (test for excess errors)
UNRESOLVED: gcc.dg/guality/pr58791-4.c   -O2  compilation failed to produce executable
FAIL: gcc.dg/guality/pr58791-4.c   -O2 -flto -fno-use-linker-plugin -flto-partition=none  (test for excess errors)
UNRESOLVED: gcc.dg/guality/pr58791-4.c   -O2 -flto -fno-use-linker-plugin -flto-partition=none  compilation failed to produce executable
FAIL: gcc.dg/guality/pr58791-4.c   -O2 -flto -fuse-linker-plugin -fno-fat-lto-objects  (test for excess errors)
UNRESOLVED: gcc.dg/guality/pr58791-4.c   -O2 -flto -fuse-linker-plugin -fno-fat-lto-objects  compilation failed to produce executable
FAIL: gcc.dg/guality/pr58791-4.c   -O3 -g  (test for excess errors)
UNRESOLVED: gcc.dg/guality/pr58791-4.c   -O3 -g  compilation failed to produce executable
FAIL: gcc.dg/guality/pr58791-4.c   -Os  (test for excess errors)
UNRESOLVED: gcc.dg/guality/pr58791-4.c   -Os  compilation failed to produce executable
FAIL: gcc.dg/guality/pr68860-1.c   -O2 -flto -fno-use-linker-plugin -flto-partition=none  line 14 arg1 == 1
FAIL: gcc.dg/guality/pr68860-1.c   -O2 -flto -fno-use-linker-plugin -flto-partition=none  line 14 arg2 == 2
FAIL: gcc.dg/guality/pr68860-1.c   -O2 -flto -fno-use-linker-plugin -flto-partition=none  line 14 arg3 == 3
FAIL: gcc.dg/guality/pr68860-1.c   -O2 -flto -fno-use-linker-plugin -flto-partition=none  line 14 arg4 == 4
FAIL: gcc.dg/guality/pr68860-1.c   -O2 -flto -fno-use-linker-plugin -flto-partition=none  line 14 arg5 == 5
FAIL: gcc.dg/guality/pr68860-1.c   -O2 -flto -fno-use-linker-plugin -flto-partition=none  line 14 arg6 == 6
FAIL: gcc.dg/guality/pr68860-1.c   -O2 -flto -fno-use-linker-plugin -flto-partition=none  line 16 arg1 == 1
FAIL: gcc.dg/guality/pr68860-1.c   -O2 -flto -fno-use-linker-plugin -flto-partition=none  line 16 arg2 == 2
FAIL: gcc.dg/guality/pr68860-1.c   -O2 -flto -fno-use-linker-plugin -flto-partition=none  line 16 arg3 == 3
FAIL: gcc.dg/guality/pr68860-1.c   -O2 -flto -fno-use-linker-plugin -flto-partition=none  line 16 arg4 == 4
FAIL: gcc.dg/guality/pr68860-1.c   -O2 -flto -fno-use-linker-plugin -flto-partition=none  line 16 arg5 == 5
FAIL: gcc.dg/guality/pr68860-1.c   -O2 -flto -fno-use-linker-plugin -flto-partition=none  line 16 arg6 == 6
FAIL: gcc.dg/guality/pr68860-1.c   -O2 -flto -fuse-linker-plugin -fno-fat-lto-objects  line 14 arg1 == 1
FAIL: gcc.dg/guality/pr68860-1.c   -O2 -flto -fuse-linker-plugin -fno-fat-lto-objects  line 14 arg2 == 2
FAIL: gcc.dg/guality/pr68860-1.c   -O2 -flto -fuse-linker-plugin -fno-fat-lto-objects  line 14 arg3 == 3
FAIL: gcc.dg/guality/pr68860-1.c   -O2 -flto -fuse-linker-plugin -fno-fat-lto-objects  line 14 arg4 == 4
FAIL: gcc.dg/guality/pr68860-1.c   -O2 -flto -fuse-linker-plugin -fno-fat-lto-objects  line 14 arg5 == 5
FAIL: gcc.dg/guality/pr68860-1.c   -O2 -flto -fuse-linker-plugin -fno-fat-lto-objects  line 14 arg6 == 6
FAIL: gcc.dg/guality/pr68860-1.c   -O2 -flto -fuse-linker-plugin -fno-fat-lto-objects  line 16 arg1 == 1
FAIL: gcc.dg/guality/pr68860-1.c   -O2 -flto -fuse-linker-plugin -fno-fat-lto-objects  line 16 arg2 == 2
FAIL: gcc.dg/guality/pr68860-1.c   -O2 -flto -fuse-linker-plugin -fno-fat-lto-objects  line 16 arg3 == 3
FAIL: gcc.dg/guality/pr68860-1.c   -O2 -flto -fuse-linker-plugin -fno-fat-lto-objects  line 16 arg4 == 4
FAIL: gcc.dg/guality/pr68860-1.c   -O2 -flto -fuse-linker-plugin -fno-fat-lto-objects  line 16 arg5 == 5
FAIL: gcc.dg/guality/pr68860-1.c   -O2 -flto -fuse-linker-plugin -fno-fat-lto-objects  line 16 arg6 == 6
FAIL: gcc.dg/guality/pr69947.c   -O2 -flto -fno-use-linker-plugin -flto-partition=none  line 14 c[2] == 'o'
FAIL: gcc.dg/guality/pr69947.c   -O2 -flto -fuse-linker-plugin -fno-fat-lto-objects  line 14 c[2] == 'o'
FAIL: gcc.dg/guality/vla-1.c   -O1  line 17 sizeof (a) == 6
FAIL: gcc.dg/guality/vla-1.c   -O2  line 17 sizeof (a) == 6
FAIL: gcc.dg/guality/vla-1.c   -O2 -flto -fno-use-linker-plugin -flto-partition=none  line 17 sizeof (a) == 6
FAIL: gcc.dg/guality/vla-1.c   -O2 -flto -fuse-linker-plugin -fno-fat-lto-objects  line 17 sizeof (a) == 6
FAIL: gcc.dg/guality/vla-1.c   -O3 -g  line 17 sizeof (a) == 6
FAIL: gcc.dg/guality/vla-1.c   -Os  line 17 sizeof (a) == 6
UNRESOLVED: gcc.dg/lto/pr56168 c_lto_pr56168_0.o-c_lto_pr56168_1.o execute  -flto -O -ffast-math -fno-builtin 
FAIL: gcc.dg/lto/pr56168 c_lto_pr56168_0.o-c_lto_pr56168_1.o link,  -flto -O -ffast-math -fno-builtin 
UNRESOLVED: gcc.dg/lto/simd-function c_lto_simd-function_0.o-c_lto_simd-function_0.o execute  -fopenmp-simd -O3 -ffast-math -mavx2 -flto -flto-partition=max 
FAIL: gcc.dg/lto/simd-function c_lto_simd-function_0.o-c_lto_simd-function_0.o link,  -fopenmp-simd -O3 -ffast-math -mavx2 -flto -flto-partition=max 
FAIL: gcc.dg/pch/largefile.c   -Os  assembly comparison
FAIL: gcc.dg/pch/largefile.c  -O0  assembly comparison
FAIL: gcc.dg/pch/largefile.c  -O1  assembly comparison
FAIL: gcc.dg/pch/largefile.c  -O2  assembly comparison
FAIL: gcc.dg/pch/largefile.c  -O3 -g  assembly comparison
FAIL: gcc.dg/pch/largefile.c -O0 -g assembly comparison
FAIL: largefile.c   -O0  -I. -Dwith_PCH (test for excess errors)
FAIL: largefile.c   -O1  -I. -Dwith_PCH (test for excess errors)
FAIL: largefile.c   -O2  -I. -Dwith_PCH (test for excess errors)
FAIL: largefile.c   -O3 -g  -I. -Dwith_PCH (test for excess errors)
FAIL: largefile.c   -Os  -I. -Dwith_PCH (internal compiler error)
FAIL: largefile.c   -Os  -I. -Dwith_PCH (test for excess errors)
FAIL: largefile.c  -O0 -g -I. -Dwith_PCH (test for excess errors)
FAIL: gcc.dg/torture/builtin-attr-1.c   -O0  (test for excess errors)
FAIL: gcc.dg/torture/builtin-attr-1.c   -O1  (test for excess errors)
FAIL: gcc.dg/torture/builtin-attr-1.c   -O2  (test for excess errors)
FAIL: gcc.dg/torture/builtin-attr-1.c   -O2 -flto -fno-use-linker-plugin -flto-partition=none  (test for excess errors)
FAIL: gcc.dg/torture/builtin-attr-1.c   -O2 -flto -fuse-linker-plugin -fno-fat-lto-objects  (test for excess errors)
FAIL: gcc.dg/torture/builtin-attr-1.c   -O3 -g  (test for excess errors)
FAIL: gcc.dg/torture/builtin-attr-1.c   -Os  (test for excess errors)
FAIL: gcc.dg/torture/builtin-convert-1.c   -O0  (test for excess errors)
FAIL: gcc.dg/torture/builtin-convert-1.c   -O1  (test for excess errors)
FAIL: gcc.dg/torture/builtin-convert-1.c   -O2  (test for excess errors)
FAIL: gcc.dg/torture/builtin-convert-1.c   -O2 -flto -fno-use-linker-plugin -flto-partition=none  (test for excess errors)
FAIL: gcc.dg/torture/builtin-convert-1.c   -O2 -flto -fuse-linker-plugin -fno-fat-lto-objects  (test for excess errors)
FAIL: gcc.dg/torture/builtin-convert-1.c   -O3 -g  (test for excess errors)
FAIL: gcc.dg/torture/builtin-convert-1.c   -Os  (test for excess errors)
FAIL: gcc.dg/torture/builtin-convert-2.c   -O0  (test for excess errors)
FAIL: gcc.dg/torture/builtin-convert-2.c   -O1  (test for excess errors)
FAIL: gcc.dg/torture/builtin-convert-2.c   -O2  (test for excess errors)
FAIL: gcc.dg/torture/builtin-convert-2.c   -O2 -flto -fno-use-linker-plugin -flto-partition=none  (test for excess errors)
FAIL: gcc.dg/torture/builtin-convert-2.c   -O2 -flto -fuse-linker-plugin -fno-fat-lto-objects  (test for excess errors)
FAIL: gcc.dg/torture/builtin-convert-2.c   -O3 -g  (test for excess errors)
FAIL: gcc.dg/torture/builtin-convert-2.c   -Os  (test for excess errors)
FAIL: gcc.dg/torture/builtin-convert-3.c   -O0  (test for excess errors)
FAIL: gcc.dg/torture/builtin-convert-3.c   -O1  (test for excess errors)
FAIL: gcc.dg/torture/builtin-convert-3.c   -O2  (test for excess errors)
FAIL: gcc.dg/torture/builtin-convert-3.c   -O2 -flto -fno-use-linker-plugin -flto-partition=none  (test for excess errors)
FAIL: gcc.dg/torture/builtin-convert-3.c   -O2 -flto -fuse-linker-plugin -fno-fat-lto-objects  (test for excess errors)
FAIL: gcc.dg/torture/builtin-convert-3.c   -O3 -g  (test for excess errors)
FAIL: gcc.dg/torture/builtin-convert-3.c   -Os  (test for excess errors)
FAIL: gcc.dg/torture/builtin-explog-1.c   -O1  (test for excess errors)
FAIL: gcc.dg/torture/builtin-explog-1.c   -O2  (test for excess errors)
FAIL: gcc.dg/torture/builtin-explog-1.c   -O2 -flto -fno-use-linker-plugin -flto-partition=none  (test for excess errors)
FAIL: gcc.dg/torture/builtin-explog-1.c   -O2 -flto -fuse-linker-plugin -fno-fat-lto-objects  (test for excess errors)
FAIL: gcc.dg/torture/builtin-explog-1.c   -O3 -g  (test for excess errors)
FAIL: gcc.dg/torture/builtin-explog-1.c   -Os  (test for excess errors)
FAIL: gcc.dg/torture/builtin-nonneg-1.c   -O1  (test for excess errors)
FAIL: gcc.dg/torture/builtin-nonneg-1.c   -O2  (test for excess errors)
FAIL: gcc.dg/torture/builtin-nonneg-1.c   -O2 -flto -fno-use-linker-plugin -flto-partition=none  (test for excess errors)
FAIL: gcc.dg/torture/builtin-nonneg-1.c   -O2 -flto -fuse-linker-plugin -fno-fat-lto-objects  (test for excess errors)
FAIL: gcc.dg/torture/builtin-nonneg-1.c   -O3 -g  (test for excess errors)
FAIL: gcc.dg/torture/builtin-nonneg-1.c   -Os  (test for excess errors)
FAIL: gcc.dg/torture/builtin-power-1.c   -O1  (test for excess errors)
FAIL: gcc.dg/torture/builtin-power-1.c   -O2  (test for excess errors)
FAIL: gcc.dg/torture/builtin-power-1.c   -O2 -flto -fno-use-linker-plugin -flto-partition=none  (test for excess errors)
FAIL: gcc.dg/torture/builtin-power-1.c   -O2 -flto -fuse-linker-plugin -fno-fat-lto-objects  (test for excess errors)
FAIL: gcc.dg/torture/builtin-power-1.c   -O3 -g  (test for excess errors)
FAIL: gcc.dg/torture/builtin-power-1.c   -Os  (test for excess errors)
FAIL: gcc.dg/torture/builtin-sqrt-cmp-1.c   -O1  (test for excess errors)
FAIL: gcc.dg/torture/builtin-sqrt-cmp-1.c   -O2  (test for excess errors)
FAIL: gcc.dg/torture/builtin-sqrt-cmp-1.c   -O2 -flto -fno-use-linker-plugin -flto-partition=none  (test for excess errors)
FAIL: gcc.dg/torture/builtin-sqrt-cmp-1.c   -O2 -flto -fuse-linker-plugin -fno-fat-lto-objects  (test for excess errors)
FAIL: gcc.dg/torture/builtin-sqrt-cmp-1.c   -O3 -g  (test for excess errors)
FAIL: gcc.dg/torture/builtin-sqrt-cmp-1.c   -Os  (test for excess errors)
FAIL: gcc.dg/torture/builtin-symmetric-1.c   -O1  (test for excess errors)
FAIL: gcc.dg/torture/builtin-symmetric-1.c   -O2  (test for excess errors)
FAIL: gcc.dg/torture/builtin-symmetric-1.c   -O2 -flto -fno-use-linker-plugin -flto-partition=none  (test for excess errors)
FAIL: gcc.dg/torture/builtin-symmetric-1.c   -O2 -flto -fuse-linker-plugin -fno-fat-lto-objects  (test for excess errors)
FAIL: gcc.dg/torture/builtin-symmetric-1.c   -O3 -fomit-frame-pointer -funroll-loops -fpeel-loops -ftracer -finline-functions  (test for excess errors)
FAIL: gcc.dg/torture/builtin-symmetric-1.c   -O3 -g  (test for excess errors)
FAIL: gcc.dg/torture/builtin-symmetric-1.c   -Os  (test for excess errors)
FAIL: gcc.dg/torture/pr41094.c   -O0  (test for excess errors)
UNRESOLVED: gcc.dg/torture/pr41094.c   -O0  compilation failed to produce executable
FAIL: gcc.dg/torture/pr41094.c   -O1  (test for excess errors)
UNRESOLVED: gcc.dg/torture/pr41094.c   -O1  compilation failed to produce executable
FAIL: gcc.dg/torture/pr41094.c   -O2  (test for excess errors)
UNRESOLVED: gcc.dg/torture/pr41094.c   -O2  compilation failed to produce executable
FAIL: gcc.dg/torture/pr41094.c   -O2 -flto -fno-use-linker-plugin -flto-partition=none  (test for excess errors)
UNRESOLVED: gcc.dg/torture/pr41094.c   -O2 -flto -fno-use-linker-plugin -flto-partition=none  compilation failed to produce executable
FAIL: gcc.dg/torture/pr41094.c   -O2 -flto -fuse-linker-plugin -fno-fat-lto-objects  (test for excess errors)
UNRESOLVED: gcc.dg/torture/pr41094.c   -O2 -flto -fuse-linker-plugin -fno-fat-lto-objects  compilation failed to produce executable
FAIL: gcc.dg/torture/pr41094.c   -O3 -g  (test for excess errors)
UNRESOLVED: gcc.dg/torture/pr41094.c   -O3 -g  compilation failed to produce executable
FAIL: gcc.dg/torture/pr41094.c   -Os  (test for excess errors)
UNRESOLVED: gcc.dg/torture/pr41094.c   -Os  compilation failed to produce executable
FAIL: gcc.dg/torture/pr54877.c   -O0  (test for excess errors)
UNRESOLVED: gcc.dg/torture/pr54877.c   -O0  compilation failed to produce executable
FAIL: gcc.dg/torture/pr54877.c   -O1  (test for excess errors)
UNRESOLVED: gcc.dg/torture/pr54877.c   -O1  compilation failed to produce executable
FAIL: gcc.dg/torture/pr54877.c   -O2  (test for excess errors)
UNRESOLVED: gcc.dg/torture/pr54877.c   -O2  compilation failed to produce executable
FAIL: gcc.dg/torture/pr54877.c   -O2 -flto -fno-use-linker-plugin -flto-partition=none  (test for excess errors)
UNRESOLVED: gcc.dg/torture/pr54877.c   -O2 -flto -fno-use-linker-plugin -flto-partition=none  compilation failed to produce executable
FAIL: gcc.dg/torture/pr54877.c   -O2 -flto -fuse-linker-plugin -fno-fat-lto-objects  (test for excess errors)
UNRESOLVED: gcc.dg/torture/pr54877.c   -O2 -flto -fuse-linker-plugin -fno-fat-lto-objects  compilation failed to produce executable
FAIL: gcc.dg/torture/pr54877.c   -O3 -fomit-frame-pointer -funroll-loops -fpeel-loops -ftracer -finline-functions  (test for excess errors)
UNRESOLVED: gcc.dg/torture/pr54877.c   -O3 -fomit-frame-pointer -funroll-loops -fpeel-loops -ftracer -finline-functions  compilation failed to produce executable
FAIL: gcc.dg/torture/pr54877.c   -O3 -g  (test for excess errors)
UNRESOLVED: gcc.dg/torture/pr54877.c   -O3 -g  compilation failed to produce executable
FAIL: gcc.dg/torture/pr54877.c   -Os  (test for excess errors)
UNRESOLVED: gcc.dg/torture/pr54877.c   -Os  compilation failed to produce executable
FAIL: gcc.dg/torture/pr77478.c   -O0  (test for excess errors)
UNRESOLVED: gcc.dg/torture/pr77478.c   -O0  compilation failed to produce executable
FAIL: gcc.dg/torture/pr77478.c   -O1  (test for excess errors)
UNRESOLVED: gcc.dg/torture/pr77478.c   -O1  compilation failed to produce executable
FAIL: gcc.dg/torture/pr77478.c   -O2  (test for excess errors)
UNRESOLVED: gcc.dg/torture/pr77478.c   -O2  compilation failed to produce executable
FAIL: gcc.dg/torture/pr77478.c   -O2 -flto -fno-use-linker-plugin -flto-partition=none  (test for excess errors)
UNRESOLVED: gcc.dg/torture/pr77478.c   -O2 -flto -fno-use-linker-plugin -flto-partition=none  compilation failed to produce executable
FAIL: gcc.dg/torture/pr77478.c   -O2 -flto -fuse-linker-plugin -fno-fat-lto-objects  (test for excess errors)
UNRESOLVED: gcc.dg/torture/pr77478.c   -O2 -flto -fuse-linker-plugin -fno-fat-lto-objects  compilation failed to produce executable
FAIL: gcc.dg/torture/pr77478.c   -O3 -fomit-frame-pointer -funroll-loops -fpeel-loops -ftracer -finline-functions  (test for excess errors)
UNRESOLVED: gcc.dg/torture/pr77478.c   -O3 -fomit-frame-pointer -funroll-loops -fpeel-loops -ftracer -finline-functions  compilation failed to produce executable
FAIL: gcc.dg/torture/pr77478.c   -O3 -g  (test for excess errors)
UNRESOLVED: gcc.dg/torture/pr77478.c   -O3 -g  compilation failed to produce executable
FAIL: gcc.dg/torture/pr77478.c   -Os  (test for excess errors)
UNRESOLVED: gcc.dg/torture/pr77478.c   -Os  compilation failed to produce executable
FAIL: gcc.dg/tree-prof/20050826-2.c compilation,  -fprofile-generate -D_PROFILE_GENERATE
UNRESOLVED: gcc.dg/tree-prof/20050826-2.c compilation,  -fprofile-use -D_PROFILE_USE
UNRESOLVED: gcc.dg/tree-prof/20050826-2.c execution,    -fprofile-generate -D_PROFILE_GENERATE
UNRESOLVED: gcc.dg/tree-prof/20050826-2.c execution,    -fprofile-use -D_PROFILE_USE
FAIL: gcc.dg/tree-prof/cmpsf-1.c compilation,  -fprofile-generate -D_PROFILE_GENERATE
UNRESOLVED: gcc.dg/tree-prof/cmpsf-1.c compilation,  -fprofile-use -D_PROFILE_USE
UNRESOLVED: gcc.dg/tree-prof/cmpsf-1.c execution,    -fprofile-generate -D_PROFILE_GENERATE
UNRESOLVED: gcc.dg/tree-prof/cmpsf-1.c execution,    -fprofile-use -D_PROFILE_USE
FAIL: gcc.dg/vect/costmodel/i386/costmodel-fast-math-vect-pr29925.c (test for excess errors)
UNRESOLVED: gcc.dg/vect/costmodel/i386/costmodel-fast-math-vect-pr29925.c compilation failed to produce executable
FAIL: gcc.dg/vect/fast-math-bb-slp-call-1.c (test for excess errors)
UNRESOLVED: gcc.dg/vect/fast-math-bb-slp-call-1.c compilation failed to produce executable
FAIL: gcc.dg/vect/fast-math-bb-slp-call-2.c (test for excess errors)
UNRESOLVED: gcc.dg/vect/fast-math-bb-slp-call-2.c compilation failed to produce executable
FAIL: gcc.dg/vect/fast-math-bb-slp-call-3.c (test for excess errors)
UNRESOLVED: gcc.dg/vect/fast-math-bb-slp-call-3.c compilation failed to produce executable
FAIL: gcc.dg/vect/fast-math-vect-call-1.c (test for excess errors)
UNRESOLVED: gcc.dg/vect/fast-math-vect-call-1.c compilation failed to produce executable
FAIL: gcc.dg/vect/fast-math-vect-call-2.c (test for excess errors)
UNRESOLVED: gcc.dg/vect/fast-math-vect-call-2.c compilation failed to produce executable
FAIL: gcc.dg/vect/fast-math-vect-complex-3.c (test for excess errors)
UNRESOLVED: gcc.dg/vect/fast-math-vect-complex-3.c compilation failed to produce executable
FAIL: gcc.dg/vect/fast-math-vect-pr29925.c (test for excess errors)
UNRESOLVED: gcc.dg/vect/fast-math-vect-pr29925.c compilation failed to produce executable
FAIL: gcc.dg/vect/fast-math-vect-reduc-5.c (test for excess errors)
UNRESOLVED: gcc.dg/vect/fast-math-vect-reduc-5.c compilation failed to produce executable
FAIL: gcc.dg/vect/fast-math-vect-reduc-7.c (test for excess errors)
UNRESOLVED: gcc.dg/vect/fast-math-vect-reduc-7.c compilation failed to produce executable
FAIL: gcc.dg/vect/fast-math-vect-reduc-9.c (test for excess errors)
UNRESOLVED: gcc.dg/vect/fast-math-vect-reduc-9.c compilation failed to produce executable
FAIL: gcc.dg/vect/pr57741-2.c (test for excess errors)
FAIL: gcc.dg/vect/pr57741-2.c -flto -ffat-lto-objects (test for excess errors)
UNRESOLVED: gcc.dg/vect/pr57741-2.c -flto -ffat-lto-objects compilation failed to produce executable
UNRESOLVED: gcc.dg/vect/pr57741-2.c compilation failed to produce executable
FAIL: gcc.dg/vect/pr57741-3.c (test for excess errors)
FAIL: gcc.dg/vect/pr57741-3.c -flto -ffat-lto-objects (test for excess errors)
UNRESOLVED: gcc.dg/vect/pr57741-3.c -flto -ffat-lto-objects compilation failed to produce executable
UNRESOLVED: gcc.dg/vect/pr57741-3.c compilation failed to produce executable
FAIL: gcc.dg/vect/pr64844.c (test for excess errors)
FAIL: gcc.dg/vect/pr64844.c -flto -ffat-lto-objects (test for excess errors)
UNRESOLVED: gcc.dg/vect/pr64844.c -flto -ffat-lto-objects compilation failed to produce executable
UNRESOLVED: gcc.dg/vect/pr64844.c compilation failed to produce executable
FAIL: gcc.dg/vect/vect-mask-load-1.c (test for excess errors)
FAIL: gcc.dg/vect/vect-mask-load-1.c -flto -ffat-lto-objects (test for excess errors)
UNRESOLVED: gcc.dg/vect/vect-mask-load-1.c -flto -ffat-lto-objects compilation failed to produce executable
UNRESOLVED: gcc.dg/vect/vect-mask-load-1.c compilation failed to produce executable
FAIL: gcc.dg/vect/vect-mask-loadstore-1.c (test for excess errors)
FAIL: gcc.dg/vect/vect-mask-loadstore-1.c -flto -ffat-lto-objects (test for excess errors)
UNRESOLVED: gcc.dg/vect/vect-mask-loadstore-1.c -flto -ffat-lto-objects compilation failed to produce executable
UNRESOLVED: gcc.dg/vect/vect-mask-loadstore-1.c compilation failed to produce executable
FAIL: gcc.dg/vect/vect-outer-simd-1.c (test for excess errors)
FAIL: gcc.dg/vect/vect-outer-simd-1.c -flto -ffat-lto-objects (test for excess errors)
UNRESOLVED: gcc.dg/vect/vect-outer-simd-1.c -flto -ffat-lto-objects compilation failed to produce executable
UNRESOLVED: gcc.dg/vect/vect-outer-simd-1.c compilation failed to produce executable
FAIL: gcc.dg/vect/vect-outer-simd-2.c (test for excess errors)
FAIL: gcc.dg/vect/vect-outer-simd-2.c -flto -ffat-lto-objects (test for excess errors)
UNRESOLVED: gcc.dg/vect/vect-outer-simd-2.c -flto -ffat-lto-objects compilation failed to produce executable
UNRESOLVED: gcc.dg/vect/vect-outer-simd-2.c compilation failed to produce executable
FAIL: gcc.dg/vect/vect-outer-simd-3.c (test for excess errors)
FAIL: gcc.dg/vect/vect-outer-simd-3.c -flto -ffat-lto-objects (test for excess errors)
UNRESOLVED: gcc.dg/vect/vect-outer-simd-3.c -flto -ffat-lto-objects compilation failed to produce executable
UNRESOLVED: gcc.dg/vect/vect-outer-simd-3.c compilation failed to produce executable
FAIL: gcc.target/i386/20000609-1.c (test for excess errors)
UNRESOLVED: gcc.target/i386/20000609-1.c compilation failed to produce executable
FAIL: gcc.target/i386/20020523.c (test for excess errors)
UNRESOLVED: gcc.target/i386/20020523.c compilation failed to produce executable
FAIL: gcc.target/i386/991230-1.c (test for excess errors)
UNRESOLVED: gcc.target/i386/991230-1.c compilation failed to produce executable
FAIL: gcc.target/i386/avx-ceil-sfix-2-vec.c (test for excess errors)
UNRESOLVED: gcc.target/i386/avx-ceil-sfix-2-vec.c compilation failed to produce executable
FAIL: gcc.target/i386/avx-ceil-sfix-vec.c (test for excess errors)
UNRESOLVED: gcc.target/i386/avx-ceil-sfix-vec.c compilation failed to produce executable
FAIL: gcc.target/i386/avx-ceil-vec.c (test for excess errors)
UNRESOLVED: gcc.target/i386/avx-ceil-vec.c compilation failed to produce executable
FAIL: gcc.target/i386/avx-ceilf-sfix-vec.c (test for excess errors)
UNRESOLVED: gcc.target/i386/avx-ceilf-sfix-vec.c compilation failed to produce executable
FAIL: gcc.target/i386/avx-ceilf-vec.c (test for excess errors)
UNRESOLVED: gcc.target/i386/avx-ceilf-vec.c compilation failed to produce executable
FAIL: gcc.target/i386/avx-cvt-2-vec.c (test for excess errors)
UNRESOLVED: gcc.target/i386/avx-cvt-2-vec.c compilation failed to produce executable
FAIL: gcc.target/i386/avx-cvt-vec.c (test for excess errors)
UNRESOLVED: gcc.target/i386/avx-cvt-vec.c compilation failed to produce executable
FAIL: gcc.target/i386/avx-floor-sfix-2-vec.c (test for excess errors)
UNRESOLVED: gcc.target/i386/avx-floor-sfix-2-vec.c compilation failed to produce executable
FAIL: gcc.target/i386/avx-floor-sfix-vec.c (test for excess errors)
UNRESOLVED: gcc.target/i386/avx-floor-sfix-vec.c compilation failed to produce executable
FAIL: gcc.target/i386/avx-floor-vec.c (test for excess errors)
UNRESOLVED: gcc.target/i386/avx-floor-vec.c compilation failed to produce executable
FAIL: gcc.target/i386/avx-floorf-sfix-vec.c (test for excess errors)
UNRESOLVED: gcc.target/i386/avx-floorf-sfix-vec.c compilation failed to produce executable
FAIL: gcc.target/i386/avx-floorf-vec.c (test for excess errors)
UNRESOLVED: gcc.target/i386/avx-floorf-vec.c compilation failed to produce executable
FAIL: gcc.target/i386/avx-lrint-vec.c (test for excess errors)
UNRESOLVED: gcc.target/i386/avx-lrint-vec.c compilation failed to produce executable
FAIL: gcc.target/i386/avx-lrintf-vec.c (test for excess errors)
UNRESOLVED: gcc.target/i386/avx-lrintf-vec.c compilation failed to produce executable
FAIL: gcc.target/i386/avx-recip-vec.c (test for excess errors)
UNRESOLVED: gcc.target/i386/avx-recip-vec.c compilation failed to produce executable
FAIL: gcc.target/i386/avx-rint-sfix-2-vec.c (test for excess errors)
UNRESOLVED: gcc.target/i386/avx-rint-sfix-2-vec.c compilation failed to produce executable
FAIL: gcc.target/i386/avx-rint-sfix-vec.c (test for excess errors)
UNRESOLVED: gcc.target/i386/avx-rint-sfix-vec.c compilation failed to produce executable
FAIL: gcc.target/i386/avx-rint-vec.c (test for excess errors)
UNRESOLVED: gcc.target/i386/avx-rint-vec.c compilation failed to produce executable
FAIL: gcc.target/i386/avx-rintf-sfix-vec.c (test for excess errors)
UNRESOLVED: gcc.target/i386/avx-rintf-sfix-vec.c compilation failed to produce executable
FAIL: gcc.target/i386/avx-rintf-vec.c (test for excess errors)
UNRESOLVED: gcc.target/i386/avx-rintf-vec.c compilation failed to produce executable
FAIL: gcc.target/i386/avx-round-sfix-2-vec.c (test for excess errors)
UNRESOLVED: gcc.target/i386/avx-round-sfix-2-vec.c compilation failed to produce executable
FAIL: gcc.target/i386/avx-round-sfix-vec.c (test for excess errors)
UNRESOLVED: gcc.target/i386/avx-round-sfix-vec.c compilation failed to produce executable
FAIL: gcc.target/i386/avx-round-vec.c (test for excess errors)
UNRESOLVED: gcc.target/i386/avx-round-vec.c compilation failed to produce executable
FAIL: gcc.target/i386/avx-roundf-sfix-vec.c (test for excess errors)
UNRESOLVED: gcc.target/i386/avx-roundf-sfix-vec.c compilation failed to produce executable
FAIL: gcc.target/i386/avx-roundf-vec.c (test for excess errors)
UNRESOLVED: gcc.target/i386/avx-roundf-vec.c compilation failed to produce executable
FAIL: gcc.target/i386/avx-trunc-vec.c (test for excess errors)
UNRESOLVED: gcc.target/i386/avx-trunc-vec.c compilation failed to produce executable
FAIL: gcc.target/i386/avx-truncf-vec.c (test for excess errors)
UNRESOLVED: gcc.target/i386/avx-truncf-vec.c compilation failed to produce executable
FAIL: gcc.target/i386/avx2-gather-3.c (test for excess errors)
UNRESOLVED: gcc.target/i386/avx2-gather-3.c compilation failed to produce executable
FAIL: gcc.target/i386/avx512f-ceil-sfix-vec-1.c (test for excess errors)
UNRESOLVED: gcc.target/i386/avx512f-ceil-sfix-vec-1.c compilation failed to produce executable
FAIL: gcc.target/i386/avx512f-ceil-vec-1.c (test for excess errors)
UNRESOLVED: gcc.target/i386/avx512f-ceil-vec-1.c compilation failed to produce executable
FAIL: gcc.target/i386/avx512f-ceilf-sfix-vec-1.c (test for excess errors)
UNRESOLVED: gcc.target/i386/avx512f-ceilf-sfix-vec-1.c compilation failed to produce executable
FAIL: gcc.target/i386/avx512f-ceilf-vec-1.c (test for excess errors)
UNRESOLVED: gcc.target/i386/avx512f-ceilf-vec-1.c compilation failed to produce executable
FAIL: gcc.target/i386/avx512f-floor-sfix-vec-1.c (test for excess errors)
UNRESOLVED: gcc.target/i386/avx512f-floor-sfix-vec-1.c compilation failed to produce executable
FAIL: gcc.target/i386/avx512f-floor-vec-1.c (test for excess errors)
UNRESOLVED: gcc.target/i386/avx512f-floor-vec-1.c compilation failed to produce executable
FAIL: gcc.target/i386/avx512f-floorf-sfix-vec-1.c (test for excess errors)
UNRESOLVED: gcc.target/i386/avx512f-floorf-sfix-vec-1.c compilation failed to produce executable
FAIL: gcc.target/i386/avx512f-floorf-vec-1.c (test for excess errors)
UNRESOLVED: gcc.target/i386/avx512f-floorf-vec-1.c compilation failed to produce executable
FAIL: gcc.target/i386/avx512f-gather-3.c (test for excess errors)
UNRESOLVED: gcc.target/i386/avx512f-gather-3.c compilation failed to produce executable
FAIL: gcc.target/i386/avx512f-rint-sfix-vec-1.c (test for excess errors)
UNRESOLVED: gcc.target/i386/avx512f-rint-sfix-vec-1.c compilation failed to produce executable
FAIL: gcc.target/i386/avx512f-rintf-sfix-vec-1.c (test for excess errors)
UNRESOLVED: gcc.target/i386/avx512f-rintf-sfix-vec-1.c compilation failed to produce executable
FAIL: gcc.target/i386/avx512f-round-sfix-vec-1.c (test for excess errors)
UNRESOLVED: gcc.target/i386/avx512f-round-sfix-vec-1.c compilation failed to produce executable
FAIL: gcc.target/i386/avx512f-roundf-sfix-vec-1.c (test for excess errors)
UNRESOLVED: gcc.target/i386/avx512f-roundf-sfix-vec-1.c compilation failed to produce executable
FAIL: gcc.target/i386/avx512f-trunc-vec-1.c (test for excess errors)
UNRESOLVED: gcc.target/i386/avx512f-trunc-vec-1.c compilation failed to produce executable
FAIL: gcc.target/i386/avx512f-truncf-vec-1.c (test for excess errors)
UNRESOLVED: gcc.target/i386/avx512f-truncf-vec-1.c compilation failed to produce executable
FAIL: gcc.target/i386/brokensqrt.c (test for excess errors)
UNRESOLVED: gcc.target/i386/brokensqrt.c compilation failed to produce executable
FAIL: gcc.target/i386/conversion.c (test for excess errors)
FAIL: gcc.target/i386/loop-3.c (test for excess errors)
UNRESOLVED: gcc.target/i386/loop-3.c compilation failed to produce executable
FAIL: gcc.target/i386/pcommit-1.c (test for excess errors)
FAIL: gcc.target/i386/pr30120.c (test for excess errors)
UNRESOLVED: gcc.target/i386/pr30120.c compilation failed to produce executable
FAIL: gcc.target/i386/pr46085-1.c (test for excess errors)
UNRESOLVED: gcc.target/i386/pr46085-1.c compilation failed to produce executable
FAIL: gcc.target/i386/pr46085-2.c (test for excess errors)
UNRESOLVED: gcc.target/i386/pr46085-2.c compilation failed to produce executable
FAIL: gcc.target/i386/pr55845.c (test for excess errors)
UNRESOLVED: gcc.target/i386/pr55845.c compilation failed to produce executable
FAIL: gcc.target/i386/pr65105-2.c scan-assembler por
FAIL: gcc.target/i386/pr68633.c (test for excess errors)
UNRESOLVED: gcc.target/i386/pr68633.c compilation failed to produce executable
FAIL: gcc.target/i386/pr68956.c (test for excess errors)
UNRESOLVED: gcc.target/i386/pr68956.c compilation failed to produce executable
FAIL: gcc.target/i386/sse-recip-vec.c (test for excess errors)
UNRESOLVED: gcc.target/i386/sse-recip-vec.c compilation failed to produce executable
FAIL: gcc.target/i386/sse-recip.c (test for excess errors)
UNRESOLVED: gcc.target/i386/sse-recip.c compilation failed to produce executable
FAIL: gcc.target/i386/sse2-cvt-vec.c (test for excess errors)
UNRESOLVED: gcc.target/i386/sse2-cvt-vec.c compilation failed to produce executable
FAIL: gcc.target/i386/sse2-lrint-vec.c (test for excess errors)
UNRESOLVED: gcc.target/i386/sse2-lrint-vec.c compilation failed to produce executable
FAIL: gcc.target/i386/sse2-lrintf-vec.c (test for excess errors)
UNRESOLVED: gcc.target/i386/sse2-lrintf-vec.c compilation failed to produce executable
FAIL: gcc.target/i386/sse4_1-ceil-sfix-vec.c (test for excess errors)
UNRESOLVED: gcc.target/i386/sse4_1-ceil-sfix-vec.c compilation failed to produce executable
FAIL: gcc.target/i386/sse4_1-ceil-vec.c (test for excess errors)
UNRESOLVED: gcc.target/i386/sse4_1-ceil-vec.c compilation failed to produce executable
FAIL: gcc.target/i386/sse4_1-ceilf-sfix-vec.c (test for excess errors)
UNRESOLVED: gcc.target/i386/sse4_1-ceilf-sfix-vec.c compilation failed to produce executable
FAIL: gcc.target/i386/sse4_1-ceilf-vec.c (test for excess errors)
UNRESOLVED: gcc.target/i386/sse4_1-ceilf-vec.c compilation failed to produce executable
FAIL: gcc.target/i386/sse4_1-floor-sfix-vec.c (test for excess errors)
UNRESOLVED: gcc.target/i386/sse4_1-floor-sfix-vec.c compilation failed to produce executable
FAIL: gcc.target/i386/sse4_1-floor-vec.c (test for excess errors)
UNRESOLVED: gcc.target/i386/sse4_1-floor-vec.c compilation failed to produce executable
FAIL: gcc.target/i386/sse4_1-floorf-sfix-vec.c (test for excess errors)
UNRESOLVED: gcc.target/i386/sse4_1-floorf-sfix-vec.c compilation failed to produce executable
FAIL: gcc.target/i386/sse4_1-floorf-vec.c (test for excess errors)
UNRESOLVED: gcc.target/i386/sse4_1-floorf-vec.c compilation failed to produce executable
FAIL: gcc.target/i386/sse4_1-rint-sfix-vec.c (test for excess errors)
UNRESOLVED: gcc.target/i386/sse4_1-rint-sfix-vec.c compilation failed to produce executable
FAIL: gcc.target/i386/sse4_1-rint-vec.c (test for excess errors)
UNRESOLVED: gcc.target/i386/sse4_1-rint-vec.c compilation failed to produce executable
FAIL: gcc.target/i386/sse4_1-rintf-sfix-vec.c (test for excess errors)
UNRESOLVED: gcc.target/i386/sse4_1-rintf-sfix-vec.c compilation failed to produce executable
FAIL: gcc.target/i386/sse4_1-rintf-vec.c (test for excess errors)
UNRESOLVED: gcc.target/i386/sse4_1-rintf-vec.c compilation failed to produce executable
FAIL: gcc.target/i386/sse4_1-round-sfix-vec.c (test for excess errors)
UNRESOLVED: gcc.target/i386/sse4_1-round-sfix-vec.c compilation failed to produce executable
FAIL: gcc.target/i386/sse4_1-round-vec.c (test for excess errors)
UNRESOLVED: gcc.target/i386/sse4_1-round-vec.c compilation failed to produce executable
FAIL: gcc.target/i386/sse4_1-roundf-sfix-vec.c (test for excess errors)
UNRESOLVED: gcc.target/i386/sse4_1-roundf-sfix-vec.c compilation failed to produce executable
FAIL: gcc.target/i386/sse4_1-roundf-vec.c (test for excess errors)
UNRESOLVED: gcc.target/i386/sse4_1-roundf-vec.c compilation failed to produce executable
FAIL: gcc.target/i386/sse4_1-trunc-vec.c (test for excess errors)
UNRESOLVED: gcc.target/i386/sse4_1-trunc-vec.c compilation failed to produce executable
FAIL: gcc.target/i386/sse4_1-truncf-vec.c (test for excess errors)
UNRESOLVED: gcc.target/i386/sse4_1-truncf-vec.c compilation failed to produce executable
FAIL: gcc.target/i386/vect-pack-trunc-1.c (test for excess errors)
UNRESOLVED: gcc.target/i386/vect-pack-trunc-1.c compilation failed to produce executable
FAIL: gcc.target/i386/vect-pack-trunc-2.c (test for excess errors)
UNRESOLVED: gcc.target/i386/vect-pack-trunc-2.c compilation failed to produce executable
FAIL: gcc.target/i386/vect-perm-even-1.c (test for excess errors)
UNRESOLVED: gcc.target/i386/vect-perm-even-1.c compilation failed to produce executable
FAIL: gcc.target/i386/vect-perm-odd-1.c (test for excess errors)
UNRESOLVED: gcc.target/i386/vect-perm-odd-1.c compilation failed to produce executable
FAIL: gcc.target/i386/vect-unpack-1.c (test for excess errors)
UNRESOLVED: gcc.target/i386/vect-unpack-1.c compilation failed to produce executable
FAIL: gcc.target/i386/vect-unpack-2.c (test for excess errors)
UNRESOLVED: gcc.target/i386/vect-unpack-2.c compilation failed to produce executable

		=== gcc Summary for unix ===

# of expected passes		108908
# of unexpected failures	358
# of unexpected successes	20
# of expected failures		318
# of unresolved testcases	216
# of unsupported tests		1535

Running target unix/-fstack-protector
FAIL: gcc.c-torture/execute/pr39501.c   -O0  (test for excess errors)
UNRESOLVED: gcc.c-torture/execute/pr39501.c   -O0  compilation failed to produce executable
FAIL: gcc.c-torture/execute/pr39501.c   -O1  (test for excess errors)
UNRESOLVED: gcc.c-torture/execute/pr39501.c   -O1  compilation failed to produce executable
FAIL: gcc.c-torture/execute/pr39501.c   -O2  (test for excess errors)
UNRESOLVED: gcc.c-torture/execute/pr39501.c   -O2  compilation failed to produce executable
FAIL: gcc.c-torture/execute/pr39501.c   -O2 -flto -fno-use-linker-plugin -flto-partition=none  (test for excess errors)
UNRESOLVED: gcc.c-torture/execute/pr39501.c   -O2 -flto -fno-use-linker-plugin -flto-partition=none  compilation failed to produce executable
FAIL: gcc.c-torture/execute/pr39501.c   -O2 -flto -fuse-linker-plugin -fno-fat-lto-objects  (test for excess errors)
UNRESOLVED: gcc.c-torture/execute/pr39501.c   -O2 -flto -fuse-linker-plugin -fno-fat-lto-objects  compilation failed to produce executable
FAIL: gcc.c-torture/execute/pr39501.c   -O3 -g  (test for excess errors)
UNRESOLVED: gcc.c-torture/execute/pr39501.c   -O3 -g  compilation failed to produce executable
FAIL: gcc.c-torture/execute/pr39501.c   -Os  (test for excess errors)
UNRESOLVED: gcc.c-torture/execute/pr39501.c   -Os  compilation failed to produce executable
FAIL: gcc.dg/20020607-2.c (test for excess errors)
UNRESOLVED: gcc.dg/20020607-2.c compilation failed to produce executable
FAIL: gcc.dg/20030414-2.c (test for excess errors)
UNRESOLVED: gcc.dg/20030414-2.c compilation failed to produce executable
FAIL: gcc.dg/20030804-1.c (test for excess errors)
FAIL: gcc.dg/20030826-1.c (test for excess errors)
UNRESOLVED: gcc.dg/20030826-1.c compilation failed to produce executable
FAIL: gcc.dg/builtins-10.c (test for excess errors)
FAIL: gcc.dg/builtins-11.c (test for excess errors)
FAIL: gcc.dg/builtins-17.c (test for excess errors)
FAIL: gcc.dg/builtins-18.c (test for excess errors)
FAIL: gcc.dg/builtins-19.c (test for excess errors)
FAIL: gcc.dg/builtins-20.c (test for excess errors)
FAIL: gcc.dg/builtins-24.c (test for excess errors)
UNRESOLVED: gcc.dg/builtins-24.c compilation failed to produce executable
FAIL: gcc.dg/builtins-26.c (test for excess errors)
FAIL: gcc.dg/builtins-27.c (test for excess errors)
FAIL: gcc.dg/builtins-47.c (test for excess errors)
UNRESOLVED: gcc.dg/builtins-47.c compilation failed to produce executable
FAIL: gcc.dg/builtins-51.c (test for excess errors)
UNRESOLVED: gcc.dg/builtins-51.c compilation failed to produce executable
FAIL: gcc.dg/builtins-52.c (test for excess errors)
FAIL: gcc.dg/builtins-54.c (test for excess errors)
FAIL: gcc.dg/builtins-55.c (test for excess errors)
FAIL: gcc.dg/builtins-6.c (test for excess errors)
UNRESOLVED: gcc.dg/builtins-6.c compilation failed to produce executable
FAIL: gcc.dg/builtins-65.c (test for excess errors)
FAIL: gcc.dg/builtins-67.c (test for excess errors)
FAIL: gcc.dg/builtins-7.c (test for excess errors)
FAIL: gcc.dg/builtins-8.c (test for excess errors)
UNRESOLVED: gcc.dg/builtins-8.c compilation failed to produce executable
FAIL: gcc.dg/fastmath-1.c (test for excess errors)
UNRESOLVED: gcc.dg/fastmath-1.c compilation failed to produce executable
FAIL: gcc.dg/fnegate-1.c (test for excess errors)
UNRESOLVED: gcc.dg/fnegate-1.c compilation failed to produce executable
FAIL: gcc.dg/pow-sqrt-1.c (test for excess errors)
UNRESOLVED: gcc.dg/pow-sqrt-1.c compilation failed to produce executable
FAIL: gcc.dg/pow-sqrt-2.c (test for excess errors)
UNRESOLVED: gcc.dg/pow-sqrt-2.c compilation failed to produce executable
FAIL: gcc.dg/pow-sqrt-3.c (test for excess errors)
UNRESOLVED: gcc.dg/pow-sqrt-3.c compilation failed to produce executable
FAIL: gcc.dg/pr28796-2.c (test for excess errors)
UNRESOLVED: gcc.dg/pr28796-2.c compilation failed to produce executable
FAIL: gcc.dg/pr41963.c (test for excess errors)
UNRESOLVED: gcc.dg/pr41963.c compilation failed to produce executable
FAIL: gcc.dg/pr46728-12.c (test for excess errors)
UNRESOLVED: gcc.dg/pr46728-12.c compilation failed to produce executable
FAIL: gcc.dg/pr46728-9.c (test for excess errors)
UNRESOLVED: gcc.dg/pr46728-9.c compilation failed to produce executable
FAIL: gcc.dg/pr54919.c (test for excess errors)
UNRESOLVED: gcc.dg/pr54919.c compilation failed to produce executable
FAIL: gcc.dg/pr56125.c (test for excess errors)
UNRESOLVED: gcc.dg/pr56125.c compilation failed to produce executable
FAIL: gcc.dg/stack-usage-1.c scan-file foo\\t(256|264)\\tstatic
FAIL: gcc.dg/superblock.c scan-rtl-dump-times sched2 "ADVANCING TO" 2
FAIL: gcc.dg/var-expand2.c (test for excess errors)
UNRESOLVED: gcc.dg/var-expand2.c compilation failed to produce executable
FAIL: gcc.dg/graphite/block-0.c (test for excess errors)
UNRESOLVED: gcc.dg/graphite/block-0.c compilation failed to produce executable
FAIL: gcc.dg/graphite/block-1.c (test for excess errors)
UNRESOLVED: gcc.dg/graphite/block-1.c compilation failed to produce executable
FAIL: gcc.dg/graphite/block-5.c (test for excess errors)
UNRESOLVED: gcc.dg/graphite/block-5.c compilation failed to produce executable
FAIL: gcc.dg/graphite/block-6.c (test for excess errors)
UNRESOLVED: gcc.dg/graphite/block-6.c compilation failed to produce executable
FAIL: gcc.dg/graphite/block-pr47654.c (test for excess errors)
UNRESOLVED: gcc.dg/graphite/block-pr47654.c compilation failed to produce executable
FAIL: gcc.dg/graphite/fuse-2.c (test for excess errors)
UNRESOLVED: gcc.dg/graphite/fuse-2.c compilation failed to produce executable
FAIL: gcc.dg/graphite/interchange-0.c (test for excess errors)
UNRESOLVED: gcc.dg/graphite/interchange-0.c compilation failed to produce executable
FAIL: gcc.dg/graphite/interchange-1.c (test for excess errors)
UNRESOLVED: gcc.dg/graphite/interchange-1.c compilation failed to produce executable
FAIL: gcc.dg/graphite/interchange-10.c (test for excess errors)
UNRESOLVED: gcc.dg/graphite/interchange-10.c compilation failed to produce executable
FAIL: gcc.dg/graphite/interchange-11.c (test for excess errors)
UNRESOLVED: gcc.dg/graphite/interchange-11.c compilation failed to produce executable
FAIL: gcc.dg/graphite/interchange-12.c (test for excess errors)
UNRESOLVED: gcc.dg/graphite/interchange-12.c compilation failed to produce executable
FAIL: gcc.dg/graphite/interchange-13.c (test for excess errors)
UNRESOLVED: gcc.dg/graphite/interchange-13.c compilation failed to produce executable
FAIL: gcc.dg/graphite/interchange-14.c (test for excess errors)
UNRESOLVED: gcc.dg/graphite/interchange-14.c compilation failed to produce executable
FAIL: gcc.dg/graphite/interchange-15.c (test for excess errors)
UNRESOLVED: gcc.dg/graphite/interchange-15.c compilation failed to produce executable
FAIL: gcc.dg/graphite/interchange-16.c (test for excess errors)
UNRESOLVED: gcc.dg/graphite/interchange-16.c compilation failed to produce executable
FAIL: gcc.dg/graphite/interchange-2.c (test for excess errors)
UNRESOLVED: gcc.dg/graphite/interchange-2.c compilation failed to produce executable
FAIL: gcc.dg/graphite/interchange-3.c (test for excess errors)
UNRESOLVED: gcc.dg/graphite/interchange-3.c compilation failed to produce executable
FAIL: gcc.dg/graphite/interchange-4.c (test for excess errors)
UNRESOLVED: gcc.dg/graphite/interchange-4.c compilation failed to produce executable
FAIL: gcc.dg/graphite/interchange-5.c (test for excess errors)
UNRESOLVED: gcc.dg/graphite/interchange-5.c compilation failed to produce executable
FAIL: gcc.dg/graphite/interchange-6.c (test for excess errors)
UNRESOLVED: gcc.dg/graphite/interchange-6.c compilation failed to produce executable
FAIL: gcc.dg/graphite/interchange-7.c (test for excess errors)
UNRESOLVED: gcc.dg/graphite/interchange-7.c compilation failed to produce executable
FAIL: gcc.dg/graphite/interchange-8.c (test for excess errors)
UNRESOLVED: gcc.dg/graphite/interchange-8.c compilation failed to produce executable
FAIL: gcc.dg/graphite/interchange-9.c (test for excess errors)
UNRESOLVED: gcc.dg/graphite/interchange-9.c compilation failed to produce executable
FAIL: gcc.dg/graphite/interchange-mvt.c (test for excess errors)
UNRESOLVED: gcc.dg/graphite/interchange-mvt.c compilation failed to produce executable
FAIL: gcc.dg/graphite/isl-ast-gen-blocks-1.c (test for excess errors)
UNRESOLVED: gcc.dg/graphite/isl-ast-gen-blocks-1.c compilation failed to produce executable
FAIL: gcc.dg/graphite/isl-ast-gen-blocks-2.c (test for excess errors)
UNRESOLVED: gcc.dg/graphite/isl-ast-gen-blocks-2.c compilation failed to produce executable
FAIL: gcc.dg/graphite/isl-ast-gen-blocks-3.c (test for excess errors)
UNRESOLVED: gcc.dg/graphite/isl-ast-gen-blocks-3.c compilation failed to produce executable
FAIL: gcc.dg/graphite/isl-ast-gen-blocks-4.c (test for excess errors)
UNRESOLVED: gcc.dg/graphite/isl-ast-gen-blocks-4.c compilation failed to produce executable
FAIL: gcc.dg/graphite/isl-ast-gen-if-1.c (test for excess errors)
UNRESOLVED: gcc.dg/graphite/isl-ast-gen-if-1.c compilation failed to produce executable
FAIL: gcc.dg/graphite/isl-ast-gen-if-2.c (test for excess errors)
UNRESOLVED: gcc.dg/graphite/isl-ast-gen-if-2.c compilation failed to produce executable
FAIL: gcc.dg/graphite/isl-ast-gen-single-loop-1.c (test for excess errors)
UNRESOLVED: gcc.dg/graphite/isl-ast-gen-single-loop-1.c compilation failed to produce executable
FAIL: gcc.dg/graphite/isl-ast-gen-single-loop-2.c (test for excess errors)
UNRESOLVED: gcc.dg/graphite/isl-ast-gen-single-loop-2.c compilation failed to produce executable
FAIL: gcc.dg/graphite/isl-ast-gen-single-loop-3.c (test for excess errors)
UNRESOLVED: gcc.dg/graphite/isl-ast-gen-single-loop-3.c compilation failed to produce executable
FAIL: gcc.dg/graphite/isl-ast-gen-user-1.c (test for excess errors)
UNRESOLVED: gcc.dg/graphite/isl-ast-gen-user-1.c compilation failed to produce executable
FAIL: gcc.dg/graphite/pr46185.c (test for excess errors)
UNRESOLVED: gcc.dg/graphite/pr46185.c compilation failed to produce executable
FAIL: gcc.dg/graphite/uns-block-1.c (test for excess errors)
UNRESOLVED: gcc.dg/graphite/uns-block-1.c compilation failed to produce executable
FAIL: gcc.dg/graphite/uns-interchange-12.c (test for excess errors)
UNRESOLVED: gcc.dg/graphite/uns-interchange-12.c compilation failed to produce executable
FAIL: gcc.dg/graphite/uns-interchange-14.c (test for excess errors)
UNRESOLVED: gcc.dg/graphite/uns-interchange-14.c compilation failed to produce executable
FAIL: gcc.dg/graphite/uns-interchange-15.c (test for excess errors)
UNRESOLVED: gcc.dg/graphite/uns-interchange-15.c compilation failed to produce executable
FAIL: gcc.dg/graphite/uns-interchange-9.c (test for excess errors)
UNRESOLVED: gcc.dg/graphite/uns-interchange-9.c compilation failed to produce executable
FAIL: gcc.dg/graphite/uns-interchange-mvt.c (test for excess errors)
UNRESOLVED: gcc.dg/graphite/uns-interchange-mvt.c compilation failed to produce executable
XPASS: gcc.dg/guality/example.c   -O0  execution test
XPASS: gcc.dg/guality/example.c   -O1  execution test
XPASS: gcc.dg/guality/guality.c   -O0  execution test
XPASS: gcc.dg/guality/guality.c   -O1  execution test
XPASS: gcc.dg/guality/guality.c   -O2  execution test
XPASS: gcc.dg/guality/guality.c   -O2 -flto -fno-use-linker-plugin -flto-partition=none  execution test
XPASS: gcc.dg/guality/guality.c   -O2 -flto -fuse-linker-plugin -fno-fat-lto-objects  execution test
XPASS: gcc.dg/guality/guality.c   -O3 -g  execution test
XPASS: gcc.dg/guality/guality.c   -Os  execution test
XPASS: gcc.dg/guality/inline-params.c   -O2  execution test
XPASS: gcc.dg/guality/inline-params.c   -O2 -flto -fno-use-linker-plugin -flto-partition=none  execution test
XPASS: gcc.dg/guality/inline-params.c   -O3 -g  execution test
XPASS: gcc.dg/guality/inline-params.c   -Os  execution test
FAIL: gcc.dg/guality/pr36728-2.c   -O3 -g  line 16 arg1 == 1
FAIL: gcc.dg/guality/pr36728-2.c   -O3 -g  line 16 arg2 == 2
FAIL: gcc.dg/guality/pr36728-2.c   -O3 -g  line 16 arg3 == 3
FAIL: gcc.dg/guality/pr36728-2.c   -O3 -g  line 16 arg4 == 4
FAIL: gcc.dg/guality/pr36728-2.c   -O3 -g  line 16 arg5 == 5
FAIL: gcc.dg/guality/pr36728-2.c   -O3 -g  line 16 arg6 == 6
FAIL: gcc.dg/guality/pr36728-2.c   -O3 -g  line 16 arg7 == 30
FAIL: gcc.dg/guality/pr36728-2.c   -O3 -g  line 18 arg1 == 1
FAIL: gcc.dg/guality/pr36728-2.c   -O3 -g  line 18 arg2 == 2
FAIL: gcc.dg/guality/pr36728-2.c   -O3 -g  line 18 arg3 == 3
FAIL: gcc.dg/guality/pr36728-2.c   -O3 -g  line 18 arg4 == 4
FAIL: gcc.dg/guality/pr36728-2.c   -O3 -g  line 18 arg5 == 5
FAIL: gcc.dg/guality/pr36728-2.c   -O3 -g  line 18 arg6 == 6
FAIL: gcc.dg/guality/pr36728-2.c   -O3 -g  line 18 arg7 == 30
XPASS: gcc.dg/guality/pr41353-1.c   -O0  line 28 j == 28 + 37
XPASS: gcc.dg/guality/pr41353-1.c   -O1  line 28 j == 28 + 37
XPASS: gcc.dg/guality/pr41353-1.c   -O2  line 28 j == 28 + 37
XPASS: gcc.dg/guality/pr41353-1.c   -O2 -flto -fno-use-linker-plugin -flto-partition=none  line 28 j == 28 + 37
XPASS: gcc.dg/guality/pr41353-1.c   -O2 -flto -fuse-linker-plugin -fno-fat-lto-objects  line 28 j == 28 + 37
XPASS: gcc.dg/guality/pr41353-1.c   -O3 -g  line 28 j == 28 + 37
XPASS: gcc.dg/guality/pr41353-1.c   -Os  line 28 j == 28 + 37
FAIL: gcc.dg/guality/pr41447-1.c   -O2  execution test
FAIL: gcc.dg/guality/pr41447-1.c   -O2 -flto -fno-use-linker-plugin -flto-partition=none  execution test
FAIL: gcc.dg/guality/pr41447-1.c   -O3 -g  execution test
FAIL: gcc.dg/guality/pr41616-1.c   -O2 -flto -fuse-linker-plugin -fno-fat-lto-objects  execution test
FAIL: gcc.dg/guality/pr45882.c   -O2 -flto -fuse-linker-plugin -fno-fat-lto-objects  line 16 d == 112
FAIL: gcc.dg/guality/pr45882.c   -O2 -flto -fuse-linker-plugin -fno-fat-lto-objects  line 16 e == 142
FAIL: gcc.dg/guality/pr54519-1.c   -O2 -flto -fno-use-linker-plugin -flto-partition=none  line 20 y == 25
FAIL: gcc.dg/guality/pr54519-1.c   -O2 -flto -fno-use-linker-plugin -flto-partition=none  line 20 z == 6
FAIL: gcc.dg/guality/pr54519-1.c   -O2 -flto -fno-use-linker-plugin -flto-partition=none  line 23 y == 117
FAIL: gcc.dg/guality/pr54519-1.c   -O2 -flto -fno-use-linker-plugin -flto-partition=none  line 23 z == 8
FAIL: gcc.dg/guality/pr54519-2.c   -O2 -flto -fno-use-linker-plugin -flto-partition=none  line 17 y == 25
FAIL: gcc.dg/guality/pr54519-2.c   -O2 -flto -fuse-linker-plugin -fno-fat-lto-objects  line 17 y == 25
FAIL: gcc.dg/guality/pr54519-3.c   -O2 -flto -fno-use-linker-plugin -flto-partition=none  line 20 y == 25
FAIL: gcc.dg/guality/pr54519-3.c   -O2 -flto -fno-use-linker-plugin -flto-partition=none  line 20 z == 6
FAIL: gcc.dg/guality/pr54519-3.c   -O2 -flto -fno-use-linker-plugin -flto-partition=none  line 23 y == 117
FAIL: gcc.dg/guality/pr54519-3.c   -O2 -flto -fno-use-linker-plugin -flto-partition=none  line 23 z == 8
FAIL: gcc.dg/guality/pr54519-3.c   -O2 -flto -fuse-linker-plugin -fno-fat-lto-objects  line 20 y == 25
FAIL: gcc.dg/guality/pr54519-3.c   -O2 -flto -fuse-linker-plugin -fno-fat-lto-objects  line 20 z == 6
FAIL: gcc.dg/guality/pr54519-3.c   -O2 -flto -fuse-linker-plugin -fno-fat-lto-objects  line 23 y == 117
FAIL: gcc.dg/guality/pr54519-3.c   -O2 -flto -fuse-linker-plugin -fno-fat-lto-objects  line 23 z == 8
FAIL: gcc.dg/guality/pr54519-4.c   -O2 -flto -fno-use-linker-plugin -flto-partition=none  line 17 y == 25
FAIL: gcc.dg/guality/pr54519-4.c   -O2 -flto -fuse-linker-plugin -fno-fat-lto-objects  line 17 y == 25
FAIL: gcc.dg/guality/pr54519-5.c   -O2 -flto -fno-use-linker-plugin -flto-partition=none  line 17 y == 25
FAIL: gcc.dg/guality/pr54519-5.c   -O2 -flto -fuse-linker-plugin -fno-fat-lto-objects  line 17 y == 25
FAIL: gcc.dg/guality/pr58791-4.c   -O0  (test for excess errors)
UNRESOLVED: gcc.dg/guality/pr58791-4.c   -O0  compilation failed to produce executable
FAIL: gcc.dg/guality/pr58791-4.c   -O1  (test for excess errors)
UNRESOLVED: gcc.dg/guality/pr58791-4.c   -O1  compilation failed to produce executable
FAIL: gcc.dg/guality/pr58791-4.c   -O2  (test for excess errors)
UNRESOLVED: gcc.dg/guality/pr58791-4.c   -O2  compilation failed to produce executable
FAIL: gcc.dg/guality/pr58791-4.c   -O2 -flto -fno-use-linker-plugin -flto-partition=none  (test for excess errors)
UNRESOLVED: gcc.dg/guality/pr58791-4.c   -O2 -flto -fno-use-linker-plugin -flto-partition=none  compilation failed to produce executable
FAIL: gcc.dg/guality/pr58791-4.c   -O2 -flto -fuse-linker-plugin -fno-fat-lto-objects  (test for excess errors)
UNRESOLVED: gcc.dg/guality/pr58791-4.c   -O2 -flto -fuse-linker-plugin -fno-fat-lto-objects  compilation failed to produce executable
FAIL: gcc.dg/guality/pr58791-4.c   -O3 -g  (test for excess errors)
UNRESOLVED: gcc.dg/guality/pr58791-4.c   -O3 -g  compilation failed to produce executable
FAIL: gcc.dg/guality/pr58791-4.c   -Os  (test for excess errors)
UNRESOLVED: gcc.dg/guality/pr58791-4.c   -Os  compilation failed to produce executable
FAIL: gcc.dg/guality/pr68860-1.c   -O2 -flto -fno-use-linker-plugin -flto-partition=none  line 14 arg1 == 1
FAIL: gcc.dg/guality/pr68860-1.c   -O2 -flto -fno-use-linker-plugin -flto-partition=none  line 14 arg2 == 2
FAIL: gcc.dg/guality/pr68860-1.c   -O2 -flto -fno-use-linker-plugin -flto-partition=none  line 14 arg3 == 3
FAIL: gcc.dg/guality/pr68860-1.c   -O2 -flto -fno-use-linker-plugin -flto-partition=none  line 14 arg4 == 4
FAIL: gcc.dg/guality/pr68860-1.c   -O2 -flto -fno-use-linker-plugin -flto-partition=none  line 14 arg5 == 5
FAIL: gcc.dg/guality/pr68860-1.c   -O2 -flto -fno-use-linker-plugin -flto-partition=none  line 14 arg6 == 6
FAIL: gcc.dg/guality/pr68860-1.c   -O2 -flto -fno-use-linker-plugin -flto-partition=none  line 16 arg1 == 1
FAIL: gcc.dg/guality/pr68860-1.c   -O2 -flto -fno-use-linker-plugin -flto-partition=none  line 16 arg2 == 2
FAIL: gcc.dg/guality/pr68860-1.c   -O2 -flto -fno-use-linker-plugin -flto-partition=none  line 16 arg3 == 3
FAIL: gcc.dg/guality/pr68860-1.c   -O2 -flto -fno-use-linker-plugin -flto-partition=none  line 16 arg4 == 4
FAIL: gcc.dg/guality/pr68860-1.c   -O2 -flto -fno-use-linker-plugin -flto-partition=none  line 16 arg5 == 5
FAIL: gcc.dg/guality/pr68860-1.c   -O2 -flto -fno-use-linker-plugin -flto-partition=none  line 16 arg6 == 6
FAIL: gcc.dg/guality/pr68860-1.c   -O2 -flto -fuse-linker-plugin -fno-fat-lto-objects  line 14 arg1 == 1
FAIL: gcc.dg/guality/pr68860-1.c   -O2 -flto -fuse-linker-plugin -fno-fat-lto-objects  line 14 arg2 == 2
FAIL: gcc.dg/guality/pr68860-1.c   -O2 -flto -fuse-linker-plugin -fno-fat-lto-objects  line 14 arg3 == 3
FAIL: gcc.dg/guality/pr68860-1.c   -O2 -flto -fuse-linker-plugin -fno-fat-lto-objects  line 14 arg4 == 4
FAIL: gcc.dg/guality/pr68860-1.c   -O2 -flto -fuse-linker-plugin -fno-fat-lto-objects  line 14 arg5 == 5
FAIL: gcc.dg/guality/pr68860-1.c   -O2 -flto -fuse-linker-plugin -fno-fat-lto-objects  line 14 arg6 == 6
FAIL: gcc.dg/guality/pr68860-1.c   -O2 -flto -fuse-linker-plugin -fno-fat-lto-objects  line 16 arg1 == 1
FAIL: gcc.dg/guality/pr68860-1.c   -O2 -flto -fuse-linker-plugin -fno-fat-lto-objects  line 16 arg2 == 2
FAIL: gcc.dg/guality/pr68860-1.c   -O2 -flto -fuse-linker-plugin -fno-fat-lto-objects  line 16 arg3 == 3
FAIL: gcc.dg/guality/pr68860-1.c   -O2 -flto -fuse-linker-plugin -fno-fat-lto-objects  line 16 arg4 == 4
FAIL: gcc.dg/guality/pr68860-1.c   -O2 -flto -fuse-linker-plugin -fno-fat-lto-objects  line 16 arg5 == 5
FAIL: gcc.dg/guality/pr68860-1.c   -O2 -flto -fuse-linker-plugin -fno-fat-lto-objects  line 16 arg6 == 6
FAIL: gcc.dg/guality/pr69947.c   -O2 -flto -fno-use-linker-plugin -flto-partition=none  line 14 c[2] == 'o'
FAIL: gcc.dg/guality/pr69947.c   -O2 -flto -fuse-linker-plugin -fno-fat-lto-objects  line 14 c[2] == 'o'
FAIL: gcc.dg/guality/vla-1.c   -O1  line 17 sizeof (a) == 6
FAIL: gcc.dg/guality/vla-1.c   -O2  line 17 sizeof (a) == 6
FAIL: gcc.dg/guality/vla-1.c   -O2 -flto -fno-use-linker-plugin -flto-partition=none  line 17 sizeof (a) == 6
FAIL: gcc.dg/guality/vla-1.c   -O2 -flto -fuse-linker-plugin -fno-fat-lto-objects  line 17 sizeof (a) == 6
FAIL: gcc.dg/guality/vla-1.c   -O3 -g  line 17 sizeof (a) == 6
FAIL: gcc.dg/guality/vla-1.c   -Os  line 17 sizeof (a) == 6
UNRESOLVED: gcc.dg/lto/pr56168 c_lto_pr56168_0.o-c_lto_pr56168_1.o execute  -flto -O -ffast-math -fno-builtin 
FAIL: gcc.dg/lto/pr56168 c_lto_pr56168_0.o-c_lto_pr56168_1.o link,  -flto -O -ffast-math -fno-builtin 
UNRESOLVED: gcc.dg/lto/simd-function c_lto_simd-function_0.o-c_lto_simd-function_0.o execute  -fopenmp-simd -O3 -ffast-math -mavx2 -flto -flto-partition=max 
FAIL: gcc.dg/lto/simd-function c_lto_simd-function_0.o-c_lto_simd-function_0.o link,  -fopenmp-simd -O3 -ffast-math -mavx2 -flto -flto-partition=max 
FAIL: gcc.dg/pch/largefile.c   -O1  assembly comparison
FAIL: gcc.dg/pch/largefile.c   -O2  assembly comparison
FAIL: gcc.dg/pch/largefile.c   -Os  assembly comparison
FAIL: gcc.dg/pch/largefile.c  -O0  assembly comparison
FAIL: gcc.dg/pch/largefile.c  -O3 -g  assembly comparison
FAIL: gcc.dg/pch/largefile.c -O0 -g assembly comparison
FAIL: largefile.c   -O0  -I. -Dwith_PCH (test for excess errors)
FAIL: largefile.c   -O1  -I. -Dwith_PCH (internal compiler error)
FAIL: largefile.c   -O1  -I. -Dwith_PCH (test for excess errors)
FAIL: largefile.c   -O2  -I. -Dwith_PCH (internal compiler error)
FAIL: largefile.c   -O2  -I. -Dwith_PCH (test for excess errors)
FAIL: largefile.c   -O3 -g  -I. -Dwith_PCH (test for excess errors)
FAIL: largefile.c   -Os  -I. -Dwith_PCH (internal compiler error)
FAIL: largefile.c   -Os  -I. -Dwith_PCH (test for excess errors)
FAIL: largefile.c  -O0 -g -I. -Dwith_PCH (test for excess errors)
FAIL: gcc.dg/torture/builtin-attr-1.c   -O0  (test for excess errors)
FAIL: gcc.dg/torture/builtin-attr-1.c   -O1  (test for excess errors)
FAIL: gcc.dg/torture/builtin-attr-1.c   -O2  (test for excess errors)
FAIL: gcc.dg/torture/builtin-attr-1.c   -O2 -flto -fno-use-linker-plugin -flto-partition=none  (test for excess errors)
FAIL: gcc.dg/torture/builtin-attr-1.c   -O2 -flto -fuse-linker-plugin -fno-fat-lto-objects  (test for excess errors)
FAIL: gcc.dg/torture/builtin-attr-1.c   -O3 -g  (test for excess errors)
FAIL: gcc.dg/torture/builtin-attr-1.c   -Os  (test for excess errors)
FAIL: gcc.dg/torture/builtin-convert-1.c   -O0  (test for excess errors)
FAIL: gcc.dg/torture/builtin-convert-1.c   -O1  (test for excess errors)
FAIL: gcc.dg/torture/builtin-convert-1.c   -O2  (test for excess errors)
FAIL: gcc.dg/torture/builtin-convert-1.c   -O2 -flto -fno-use-linker-plugin -flto-partition=none  (test for excess errors)
FAIL: gcc.dg/torture/builtin-convert-1.c   -O2 -flto -fuse-linker-plugin -fno-fat-lto-objects  (test for excess errors)
FAIL: gcc.dg/torture/builtin-convert-1.c   -O3 -g  (test for excess errors)
FAIL: gcc.dg/torture/builtin-convert-1.c   -Os  (test for excess errors)
FAIL: gcc.dg/torture/builtin-convert-2.c   -O0  (test for excess errors)
FAIL: gcc.dg/torture/builtin-convert-2.c   -O1  (test for excess errors)
FAIL: gcc.dg/torture/builtin-convert-2.c   -O2  (test for excess errors)
FAIL: gcc.dg/torture/builtin-convert-2.c   -O2 -flto -fno-use-linker-plugin -flto-partition=none  (test for excess errors)
FAIL: gcc.dg/torture/builtin-convert-2.c   -O2 -flto -fuse-linker-plugin -fno-fat-lto-objects  (test for excess errors)
FAIL: gcc.dg/torture/builtin-convert-2.c   -O3 -g  (test for excess errors)
FAIL: gcc.dg/torture/builtin-convert-2.c   -Os  (test for excess errors)
FAIL: gcc.dg/torture/builtin-convert-3.c   -O0  (test for excess errors)
FAIL: gcc.dg/torture/builtin-convert-3.c   -O1  (test for excess errors)
FAIL: gcc.dg/torture/builtin-convert-3.c   -O2  (test for excess errors)
FAIL: gcc.dg/torture/builtin-convert-3.c   -O2 -flto -fno-use-linker-plugin -flto-partition=none  (test for excess errors)
FAIL: gcc.dg/torture/builtin-convert-3.c   -O2 -flto -fuse-linker-plugin -fno-fat-lto-objects  (test for excess errors)
FAIL: gcc.dg/torture/builtin-convert-3.c   -O3 -g  (test for excess errors)
FAIL: gcc.dg/torture/builtin-convert-3.c   -Os  (test for excess errors)
FAIL: gcc.dg/torture/builtin-explog-1.c   -O1  (test for excess errors)
FAIL: gcc.dg/torture/builtin-explog-1.c   -O2  (test for excess errors)
FAIL: gcc.dg/torture/builtin-explog-1.c   -O2 -flto -fno-use-linker-plugin -flto-partition=none  (test for excess errors)
FAIL: gcc.dg/torture/builtin-explog-1.c   -O2 -flto -fuse-linker-plugin -fno-fat-lto-objects  (test for excess errors)
FAIL: gcc.dg/torture/builtin-explog-1.c   -O3 -g  (test for excess errors)
FAIL: gcc.dg/torture/builtin-explog-1.c   -Os  (test for excess errors)
FAIL: gcc.dg/torture/builtin-nonneg-1.c   -O1  (test for excess errors)
FAIL: gcc.dg/torture/builtin-nonneg-1.c   -O2  (test for excess errors)
FAIL: gcc.dg/torture/builtin-nonneg-1.c   -O2 -flto -fno-use-linker-plugin -flto-partition=none  (test for excess errors)
FAIL: gcc.dg/torture/builtin-nonneg-1.c   -O2 -flto -fuse-linker-plugin -fno-fat-lto-objects  (test for excess errors)
FAIL: gcc.dg/torture/builtin-nonneg-1.c   -O3 -g  (test for excess errors)
FAIL: gcc.dg/torture/builtin-nonneg-1.c   -Os  (test for excess errors)
FAIL: gcc.dg/torture/builtin-power-1.c   -O1  (test for excess errors)
FAIL: gcc.dg/torture/builtin-power-1.c   -O2  (test for excess errors)
FAIL: gcc.dg/torture/builtin-power-1.c   -O2 -flto -fno-use-linker-plugin -flto-partition=none  (test for excess errors)
FAIL: gcc.dg/torture/builtin-power-1.c   -O2 -flto -fuse-linker-plugin -fno-fat-lto-objects  (test for excess errors)
FAIL: gcc.dg/torture/builtin-power-1.c   -O3 -g  (test for excess errors)
FAIL: gcc.dg/torture/builtin-power-1.c   -Os  (test for excess errors)
FAIL: gcc.dg/torture/builtin-sqrt-cmp-1.c   -O1  (test for excess errors)
FAIL: gcc.dg/torture/builtin-sqrt-cmp-1.c   -O2  (test for excess errors)
FAIL: gcc.dg/torture/builtin-sqrt-cmp-1.c   -O2 -flto -fno-use-linker-plugin -flto-partition=none  (test for excess errors)
FAIL: gcc.dg/torture/builtin-sqrt-cmp-1.c   -O2 -flto -fuse-linker-plugin -fno-fat-lto-objects  (test for excess errors)
FAIL: gcc.dg/torture/builtin-sqrt-cmp-1.c   -O3 -g  (test for excess errors)
FAIL: gcc.dg/torture/builtin-sqrt-cmp-1.c   -Os  (test for excess errors)
FAIL: gcc.dg/torture/builtin-symmetric-1.c   -O1  (test for excess errors)
FAIL: gcc.dg/torture/builtin-symmetric-1.c   -O2  (test for excess errors)
FAIL: gcc.dg/torture/builtin-symmetric-1.c   -O2 -flto -fno-use-linker-plugin -flto-partition=none  (test for excess errors)
FAIL: gcc.dg/torture/builtin-symmetric-1.c   -O2 -flto -fuse-linker-plugin -fno-fat-lto-objects  (test for excess errors)
FAIL: gcc.dg/torture/builtin-symmetric-1.c   -O3 -fomit-frame-pointer -funroll-loops -fpeel-loops -ftracer -finline-functions  (test for excess errors)
FAIL: gcc.dg/torture/builtin-symmetric-1.c   -O3 -g  (test for excess errors)
FAIL: gcc.dg/torture/builtin-symmetric-1.c   -Os  (test for excess errors)
FAIL: gcc.dg/torture/pr41094.c   -O0  (test for excess errors)
UNRESOLVED: gcc.dg/torture/pr41094.c   -O0  compilation failed to produce executable
FAIL: gcc.dg/torture/pr41094.c   -O1  (test for excess errors)
UNRESOLVED: gcc.dg/torture/pr41094.c   -O1  compilation failed to produce executable
FAIL: gcc.dg/torture/pr41094.c   -O2  (test for excess errors)
UNRESOLVED: gcc.dg/torture/pr41094.c   -O2  compilation failed to produce executable
FAIL: gcc.dg/torture/pr41094.c   -O2 -flto -fno-use-linker-plugin -flto-partition=none  (test for excess errors)
UNRESOLVED: gcc.dg/torture/pr41094.c   -O2 -flto -fno-use-linker-plugin -flto-partition=none  compilation failed to produce executable
FAIL: gcc.dg/torture/pr41094.c   -O2 -flto -fuse-linker-plugin -fno-fat-lto-objects  (test for excess errors)
UNRESOLVED: gcc.dg/torture/pr41094.c   -O2 -flto -fuse-linker-plugin -fno-fat-lto-objects  compilation failed to produce executable
FAIL: gcc.dg/torture/pr41094.c   -O3 -g  (test for excess errors)
UNRESOLVED: gcc.dg/torture/pr41094.c   -O3 -g  compilation failed to produce executable
FAIL: gcc.dg/torture/pr41094.c   -Os  (test for excess errors)
UNRESOLVED: gcc.dg/torture/pr41094.c   -Os  compilation failed to produce executable
FAIL: gcc.dg/torture/pr54877.c   -O0  (test for excess errors)
UNRESOLVED: gcc.dg/torture/pr54877.c   -O0  compilation failed to produce executable
FAIL: gcc.dg/torture/pr54877.c   -O1  (test for excess errors)
UNRESOLVED: gcc.dg/torture/pr54877.c   -O1  compilation failed to produce executable
FAIL: gcc.dg/torture/pr54877.c   -O2  (test for excess errors)
UNRESOLVED: gcc.dg/torture/pr54877.c   -O2  compilation failed to produce executable
FAIL: gcc.dg/torture/pr54877.c   -O2 -flto -fno-use-linker-plugin -flto-partition=none  (test for excess errors)
UNRESOLVED: gcc.dg/torture/pr54877.c   -O2 -flto -fno-use-linker-plugin -flto-partition=none  compilation failed to produce executable
FAIL: gcc.dg/torture/pr54877.c   -O2 -flto -fuse-linker-plugin -fno-fat-lto-objects  (test for excess errors)
UNRESOLVED: gcc.dg/torture/pr54877.c   -O2 -flto -fuse-linker-plugin -fno-fat-lto-objects  compilation failed to produce executable
FAIL: gcc.dg/torture/pr54877.c   -O3 -fomit-frame-pointer -funroll-loops -fpeel-loops -ftracer -finline-functions  (test for excess errors)
UNRESOLVED: gcc.dg/torture/pr54877.c   -O3 -fomit-frame-pointer -funroll-loops -fpeel-loops -ftracer -finline-functions  compilation failed to produce executable
FAIL: gcc.dg/torture/pr54877.c   -O3 -g  (test for excess errors)
UNRESOLVED: gcc.dg/torture/pr54877.c   -O3 -g  compilation failed to produce executable
FAIL: gcc.dg/torture/pr54877.c   -Os  (test for excess errors)
UNRESOLVED: gcc.dg/torture/pr54877.c   -Os  compilation failed to produce executable
FAIL: gcc.dg/torture/pr77478.c   -O0  (test for excess errors)
UNRESOLVED: gcc.dg/torture/pr77478.c   -O0  compilation failed to produce executable
FAIL: gcc.dg/torture/pr77478.c   -O1  (test for excess errors)
UNRESOLVED: gcc.dg/torture/pr77478.c   -O1  compilation failed to produce executable
FAIL: gcc.dg/torture/pr77478.c   -O2  (test for excess errors)
UNRESOLVED: gcc.dg/torture/pr77478.c   -O2  compilation failed to produce executable
FAIL: gcc.dg/torture/pr77478.c   -O2 -flto -fno-use-linker-plugin -flto-partition=none  (test for excess errors)
UNRESOLVED: gcc.dg/torture/pr77478.c   -O2 -flto -fno-use-linker-plugin -flto-partition=none  compilation failed to produce executable
FAIL: gcc.dg/torture/pr77478.c   -O2 -flto -fuse-linker-plugin -fno-fat-lto-objects  (test for excess errors)
UNRESOLVED: gcc.dg/torture/pr77478.c   -O2 -flto -fuse-linker-plugin -fno-fat-lto-objects  compilation failed to produce executable
FAIL: gcc.dg/torture/pr77478.c   -O3 -fomit-frame-pointer -funroll-loops -fpeel-loops -ftracer -finline-functions  (test for excess errors)
UNRESOLVED: gcc.dg/torture/pr77478.c   -O3 -fomit-frame-pointer -funroll-loops -fpeel-loops -ftracer -finline-functions  compilation failed to produce executable
FAIL: gcc.dg/torture/pr77478.c   -O3 -g  (test for excess errors)
UNRESOLVED: gcc.dg/torture/pr77478.c   -O3 -g  compilation failed to produce executable
FAIL: gcc.dg/torture/pr77478.c   -Os  (test for excess errors)
UNRESOLVED: gcc.dg/torture/pr77478.c   -Os  compilation failed to produce executable
FAIL: gcc.dg/tree-prof/20050826-2.c compilation,  -fprofile-generate -D_PROFILE_GENERATE
UNRESOLVED: gcc.dg/tree-prof/20050826-2.c compilation,  -fprofile-use -D_PROFILE_USE
UNRESOLVED: gcc.dg/tree-prof/20050826-2.c execution,    -fprofile-generate -D_PROFILE_GENERATE
UNRESOLVED: gcc.dg/tree-prof/20050826-2.c execution,    -fprofile-use -D_PROFILE_USE
FAIL: gcc.dg/tree-prof/cmpsf-1.c compilation,  -fprofile-generate -D_PROFILE_GENERATE
UNRESOLVED: gcc.dg/tree-prof/cmpsf-1.c compilation,  -fprofile-use -D_PROFILE_USE
UNRESOLVED: gcc.dg/tree-prof/cmpsf-1.c execution,    -fprofile-generate -D_PROFILE_GENERATE
UNRESOLVED: gcc.dg/tree-prof/cmpsf-1.c execution,    -fprofile-use -D_PROFILE_USE
FAIL: gcc.dg/vect/costmodel/i386/costmodel-fast-math-vect-pr29925.c (test for excess errors)
UNRESOLVED: gcc.dg/vect/costmodel/i386/costmodel-fast-math-vect-pr29925.c compilation failed to produce executable
FAIL: gcc.dg/vect/fast-math-bb-slp-call-1.c (test for excess errors)
UNRESOLVED: gcc.dg/vect/fast-math-bb-slp-call-1.c compilation failed to produce executable
FAIL: gcc.dg/vect/fast-math-bb-slp-call-2.c (test for excess errors)
UNRESOLVED: gcc.dg/vect/fast-math-bb-slp-call-2.c compilation failed to produce executable
FAIL: gcc.dg/vect/fast-math-bb-slp-call-3.c (test for excess errors)
UNRESOLVED: gcc.dg/vect/fast-math-bb-slp-call-3.c compilation failed to produce executable
FAIL: gcc.dg/vect/fast-math-vect-call-1.c (test for excess errors)
UNRESOLVED: gcc.dg/vect/fast-math-vect-call-1.c compilation failed to produce executable
FAIL: gcc.dg/vect/fast-math-vect-call-2.c (test for excess errors)
UNRESOLVED: gcc.dg/vect/fast-math-vect-call-2.c compilation failed to produce executable
FAIL: gcc.dg/vect/fast-math-vect-complex-3.c (test for excess errors)
UNRESOLVED: gcc.dg/vect/fast-math-vect-complex-3.c compilation failed to produce executable
FAIL: gcc.dg/vect/fast-math-vect-pr29925.c (test for excess errors)
UNRESOLVED: gcc.dg/vect/fast-math-vect-pr29925.c compilation failed to produce executable
FAIL: gcc.dg/vect/fast-math-vect-reduc-5.c (test for excess errors)
UNRESOLVED: gcc.dg/vect/fast-math-vect-reduc-5.c compilation failed to produce executable
FAIL: gcc.dg/vect/fast-math-vect-reduc-7.c (test for excess errors)
UNRESOLVED: gcc.dg/vect/fast-math-vect-reduc-7.c compilation failed to produce executable
FAIL: gcc.dg/vect/fast-math-vect-reduc-9.c (test for excess errors)
UNRESOLVED: gcc.dg/vect/fast-math-vect-reduc-9.c compilation failed to produce executable
FAIL: gcc.dg/vect/pr57741-2.c (test for excess errors)
FAIL: gcc.dg/vect/pr57741-2.c -flto -ffat-lto-objects (test for excess errors)
UNRESOLVED: gcc.dg/vect/pr57741-2.c -flto -ffat-lto-objects compilation failed to produce executable
UNRESOLVED: gcc.dg/vect/pr57741-2.c compilation failed to produce executable
FAIL: gcc.dg/vect/pr57741-3.c (test for excess errors)
FAIL: gcc.dg/vect/pr57741-3.c -flto -ffat-lto-objects (test for excess errors)
UNRESOLVED: gcc.dg/vect/pr57741-3.c -flto -ffat-lto-objects compilation failed to produce executable
UNRESOLVED: gcc.dg/vect/pr57741-3.c compilation failed to produce executable
FAIL: gcc.dg/vect/pr64844.c (test for excess errors)
FAIL: gcc.dg/vect/pr64844.c -flto -ffat-lto-objects (test for excess errors)
UNRESOLVED: gcc.dg/vect/pr64844.c -flto -ffat-lto-objects compilation failed to produce executable
UNRESOLVED: gcc.dg/vect/pr64844.c compilation failed to produce executable
FAIL: gcc.dg/vect/vect-mask-load-1.c (test for excess errors)
FAIL: gcc.dg/vect/vect-mask-load-1.c -flto -ffat-lto-objects (test for excess errors)
UNRESOLVED: gcc.dg/vect/vect-mask-load-1.c -flto -ffat-lto-objects compilation failed to produce executable
UNRESOLVED: gcc.dg/vect/vect-mask-load-1.c compilation failed to produce executable
FAIL: gcc.dg/vect/vect-mask-loadstore-1.c (test for excess errors)
FAIL: gcc.dg/vect/vect-mask-loadstore-1.c -flto -ffat-lto-objects (test for excess errors)
UNRESOLVED: gcc.dg/vect/vect-mask-loadstore-1.c -flto -ffat-lto-objects compilation failed to produce executable
UNRESOLVED: gcc.dg/vect/vect-mask-loadstore-1.c compilation failed to produce executable
FAIL: gcc.dg/vect/vect-outer-simd-1.c (test for excess errors)
FAIL: gcc.dg/vect/vect-outer-simd-1.c -flto -ffat-lto-objects (test for excess errors)
UNRESOLVED: gcc.dg/vect/vect-outer-simd-1.c -flto -ffat-lto-objects compilation failed to produce executable
UNRESOLVED: gcc.dg/vect/vect-outer-simd-1.c compilation failed to produce executable
FAIL: gcc.dg/vect/vect-outer-simd-2.c (test for excess errors)
FAIL: gcc.dg/vect/vect-outer-simd-2.c -flto -ffat-lto-objects (test for excess errors)
UNRESOLVED: gcc.dg/vect/vect-outer-simd-2.c -flto -ffat-lto-objects compilation failed to produce executable
UNRESOLVED: gcc.dg/vect/vect-outer-simd-2.c compilation failed to produce executable
FAIL: gcc.dg/vect/vect-outer-simd-3.c (test for excess errors)
FAIL: gcc.dg/vect/vect-outer-simd-3.c -flto -ffat-lto-objects (test for excess errors)
UNRESOLVED: gcc.dg/vect/vect-outer-simd-3.c -flto -ffat-lto-objects compilation failed to produce executable
UNRESOLVED: gcc.dg/vect/vect-outer-simd-3.c compilation failed to produce executable
FAIL: gcc.target/i386/20000609-1.c (test for excess errors)
UNRESOLVED: gcc.target/i386/20000609-1.c compilation failed to produce executable
FAIL: gcc.target/i386/20020523.c (test for excess errors)
UNRESOLVED: gcc.target/i386/20020523.c compilation failed to produce executable
FAIL: gcc.target/i386/991230-1.c (test for excess errors)
UNRESOLVED: gcc.target/i386/991230-1.c compilation failed to produce executable
FAIL: gcc.target/i386/avx-ceil-sfix-2-vec.c (test for excess errors)
UNRESOLVED: gcc.target/i386/avx-ceil-sfix-2-vec.c compilation failed to produce executable
FAIL: gcc.target/i386/avx-ceil-sfix-vec.c (test for excess errors)
UNRESOLVED: gcc.target/i386/avx-ceil-sfix-vec.c compilation failed to produce executable
FAIL: gcc.target/i386/avx-ceil-vec.c (test for excess errors)
UNRESOLVED: gcc.target/i386/avx-ceil-vec.c compilation failed to produce executable
FAIL: gcc.target/i386/avx-ceilf-sfix-vec.c (test for excess errors)
UNRESOLVED: gcc.target/i386/avx-ceilf-sfix-vec.c compilation failed to produce executable
FAIL: gcc.target/i386/avx-ceilf-vec.c (test for excess errors)
UNRESOLVED: gcc.target/i386/avx-ceilf-vec.c compilation failed to produce executable
FAIL: gcc.target/i386/avx-cvt-2-vec.c (test for excess errors)
UNRESOLVED: gcc.target/i386/avx-cvt-2-vec.c compilation failed to produce executable
FAIL: gcc.target/i386/avx-cvt-vec.c (test for excess errors)
UNRESOLVED: gcc.target/i386/avx-cvt-vec.c compilation failed to produce executable
FAIL: gcc.target/i386/avx-floor-sfix-2-vec.c (test for excess errors)
UNRESOLVED: gcc.target/i386/avx-floor-sfix-2-vec.c compilation failed to produce executable
FAIL: gcc.target/i386/avx-floor-sfix-vec.c (test for excess errors)
UNRESOLVED: gcc.target/i386/avx-floor-sfix-vec.c compilation failed to produce executable
FAIL: gcc.target/i386/avx-floor-vec.c (test for excess errors)
UNRESOLVED: gcc.target/i386/avx-floor-vec.c compilation failed to produce executable
FAIL: gcc.target/i386/avx-floorf-sfix-vec.c (test for excess errors)
UNRESOLVED: gcc.target/i386/avx-floorf-sfix-vec.c compilation failed to produce executable
FAIL: gcc.target/i386/avx-floorf-vec.c (test for excess errors)
UNRESOLVED: gcc.target/i386/avx-floorf-vec.c compilation failed to produce executable
FAIL: gcc.target/i386/avx-lrint-vec.c (test for excess errors)
UNRESOLVED: gcc.target/i386/avx-lrint-vec.c compilation failed to produce executable
FAIL: gcc.target/i386/avx-lrintf-vec.c (test for excess errors)
UNRESOLVED: gcc.target/i386/avx-lrintf-vec.c compilation failed to produce executable
FAIL: gcc.target/i386/avx-recip-vec.c (test for excess errors)
UNRESOLVED: gcc.target/i386/avx-recip-vec.c compilation failed to produce executable
FAIL: gcc.target/i386/avx-rint-sfix-2-vec.c (test for excess errors)
UNRESOLVED: gcc.target/i386/avx-rint-sfix-2-vec.c compilation failed to produce executable
FAIL: gcc.target/i386/avx-rint-sfix-vec.c (test for excess errors)
UNRESOLVED: gcc.target/i386/avx-rint-sfix-vec.c compilation failed to produce executable
FAIL: gcc.target/i386/avx-rint-vec.c (test for excess errors)
UNRESOLVED: gcc.target/i386/avx-rint-vec.c compilation failed to produce executable
FAIL: gcc.target/i386/avx-rintf-sfix-vec.c (test for excess errors)
UNRESOLVED: gcc.target/i386/avx-rintf-sfix-vec.c compilation failed to produce executable
FAIL: gcc.target/i386/avx-rintf-vec.c (test for excess errors)
UNRESOLVED: gcc.target/i386/avx-rintf-vec.c compilation failed to produce executable
FAIL: gcc.target/i386/avx-round-sfix-2-vec.c (test for excess errors)
UNRESOLVED: gcc.target/i386/avx-round-sfix-2-vec.c compilation failed to produce executable
FAIL: gcc.target/i386/avx-round-sfix-vec.c (test for excess errors)
UNRESOLVED: gcc.target/i386/avx-round-sfix-vec.c compilation failed to produce executable
FAIL: gcc.target/i386/avx-round-vec.c (test for excess errors)
UNRESOLVED: gcc.target/i386/avx-round-vec.c compilation failed to produce executable
FAIL: gcc.target/i386/avx-roundf-sfix-vec.c (test for excess errors)
UNRESOLVED: gcc.target/i386/avx-roundf-sfix-vec.c compilation failed to produce executable
FAIL: gcc.target/i386/avx-roundf-vec.c (test for excess errors)
UNRESOLVED: gcc.target/i386/avx-roundf-vec.c compilation failed to produce executable
FAIL: gcc.target/i386/avx-trunc-vec.c (test for excess errors)
UNRESOLVED: gcc.target/i386/avx-trunc-vec.c compilation failed to produce executable
FAIL: gcc.target/i386/avx-truncf-vec.c (test for excess errors)
UNRESOLVED: gcc.target/i386/avx-truncf-vec.c compilation failed to produce executable
FAIL: gcc.target/i386/avx2-gather-3.c (test for excess errors)
UNRESOLVED: gcc.target/i386/avx2-gather-3.c compilation failed to produce executable
FAIL: gcc.target/i386/avx512f-ceil-sfix-vec-1.c (test for excess errors)
UNRESOLVED: gcc.target/i386/avx512f-ceil-sfix-vec-1.c compilation failed to produce executable
FAIL: gcc.target/i386/avx512f-ceil-vec-1.c (test for excess errors)
UNRESOLVED: gcc.target/i386/avx512f-ceil-vec-1.c compilation failed to produce executable
FAIL: gcc.target/i386/avx512f-ceilf-sfix-vec-1.c (test for excess errors)
UNRESOLVED: gcc.target/i386/avx512f-ceilf-sfix-vec-1.c compilation failed to produce executable
FAIL: gcc.target/i386/avx512f-ceilf-vec-1.c (test for excess errors)
UNRESOLVED: gcc.target/i386/avx512f-ceilf-vec-1.c compilation failed to produce executable
FAIL: gcc.target/i386/avx512f-floor-sfix-vec-1.c (test for excess errors)
UNRESOLVED: gcc.target/i386/avx512f-floor-sfix-vec-1.c compilation failed to produce executable
FAIL: gcc.target/i386/avx512f-floor-vec-1.c (test for excess errors)
UNRESOLVED: gcc.target/i386/avx512f-floor-vec-1.c compilation failed to produce executable
FAIL: gcc.target/i386/avx512f-floorf-sfix-vec-1.c (test for excess errors)
UNRESOLVED: gcc.target/i386/avx512f-floorf-sfix-vec-1.c compilation failed to produce executable
FAIL: gcc.target/i386/avx512f-floorf-vec-1.c (test for excess errors)
UNRESOLVED: gcc.target/i386/avx512f-floorf-vec-1.c compilation failed to produce executable
FAIL: gcc.target/i386/avx512f-gather-3.c (test for excess errors)
UNRESOLVED: gcc.target/i386/avx512f-gather-3.c compilation failed to produce executable
FAIL: gcc.target/i386/avx512f-rint-sfix-vec-1.c (test for excess errors)
UNRESOLVED: gcc.target/i386/avx512f-rint-sfix-vec-1.c compilation failed to produce executable
FAIL: gcc.target/i386/avx512f-rintf-sfix-vec-1.c (test for excess errors)
UNRESOLVED: gcc.target/i386/avx512f-rintf-sfix-vec-1.c compilation failed to produce executable
FAIL: gcc.target/i386/avx512f-round-sfix-vec-1.c (test for excess errors)
UNRESOLVED: gcc.target/i386/avx512f-round-sfix-vec-1.c compilation failed to produce executable
FAIL: gcc.target/i386/avx512f-roundf-sfix-vec-1.c (test for excess errors)
UNRESOLVED: gcc.target/i386/avx512f-roundf-sfix-vec-1.c compilation failed to produce executable
FAIL: gcc.target/i386/avx512f-trunc-vec-1.c (test for excess errors)
UNRESOLVED: gcc.target/i386/avx512f-trunc-vec-1.c compilation failed to produce executable
FAIL: gcc.target/i386/avx512f-truncf-vec-1.c (test for excess errors)
UNRESOLVED: gcc.target/i386/avx512f-truncf-vec-1.c compilation failed to produce executable
FAIL: gcc.target/i386/brokensqrt.c (test for excess errors)
UNRESOLVED: gcc.target/i386/brokensqrt.c compilation failed to produce executable
FAIL: gcc.target/i386/conversion.c (test for excess errors)
FAIL: gcc.target/i386/loop-3.c (test for excess errors)
UNRESOLVED: gcc.target/i386/loop-3.c compilation failed to produce executable
FAIL: gcc.target/i386/pcommit-1.c (test for excess errors)
FAIL: gcc.target/i386/pr30120.c (test for excess errors)
UNRESOLVED: gcc.target/i386/pr30120.c compilation failed to produce executable
FAIL: gcc.target/i386/pr46085-1.c (test for excess errors)
UNRESOLVED: gcc.target/i386/pr46085-1.c compilation failed to produce executable
FAIL: gcc.target/i386/pr46085-2.c (test for excess errors)
UNRESOLVED: gcc.target/i386/pr46085-2.c compilation failed to produce executable
FAIL: gcc.target/i386/pr55845.c (test for excess errors)
UNRESOLVED: gcc.target/i386/pr55845.c compilation failed to produce executable
FAIL: gcc.target/i386/pr65105-2.c scan-assembler por
FAIL: gcc.target/i386/pr68633.c (test for excess errors)
UNRESOLVED: gcc.target/i386/pr68633.c compilation failed to produce executable
FAIL: gcc.target/i386/pr68956.c (test for excess errors)
UNRESOLVED: gcc.target/i386/pr68956.c compilation failed to produce executable
FAIL: gcc.target/i386/sse-recip-vec.c (test for excess errors)
UNRESOLVED: gcc.target/i386/sse-recip-vec.c compilation failed to produce executable
FAIL: gcc.target/i386/sse-recip.c (test for excess errors)
UNRESOLVED: gcc.target/i386/sse-recip.c compilation failed to produce executable
FAIL: gcc.target/i386/sse2-cvt-vec.c (test for excess errors)
UNRESOLVED: gcc.target/i386/sse2-cvt-vec.c compilation failed to produce executable
FAIL: gcc.target/i386/sse2-lrint-vec.c (test for excess errors)
UNRESOLVED: gcc.target/i386/sse2-lrint-vec.c compilation failed to produce executable
FAIL: gcc.target/i386/sse2-lrintf-vec.c (test for excess errors)
UNRESOLVED: gcc.target/i386/sse2-lrintf-vec.c compilation failed to produce executable
FAIL: gcc.target/i386/sse4_1-ceil-sfix-vec.c (test for excess errors)
UNRESOLVED: gcc.target/i386/sse4_1-ceil-sfix-vec.c compilation failed to produce executable
FAIL: gcc.target/i386/sse4_1-ceil-vec.c (test for excess errors)
UNRESOLVED: gcc.target/i386/sse4_1-ceil-vec.c compilation failed to produce executable
FAIL: gcc.target/i386/sse4_1-ceilf-sfix-vec.c (test for excess errors)
UNRESOLVED: gcc.target/i386/sse4_1-ceilf-sfix-vec.c compilation failed to produce executable
FAIL: gcc.target/i386/sse4_1-ceilf-vec.c (test for excess errors)
UNRESOLVED: gcc.target/i386/sse4_1-ceilf-vec.c compilation failed to produce executable
FAIL: gcc.target/i386/sse4_1-floor-sfix-vec.c (test for excess errors)
UNRESOLVED: gcc.target/i386/sse4_1-floor-sfix-vec.c compilation failed to produce executable
FAIL: gcc.target/i386/sse4_1-floor-vec.c (test for excess errors)
UNRESOLVED: gcc.target/i386/sse4_1-floor-vec.c compilation failed to produce executable
FAIL: gcc.target/i386/sse4_1-floorf-sfix-vec.c (test for excess errors)
UNRESOLVED: gcc.target/i386/sse4_1-floorf-sfix-vec.c compilation failed to produce executable
FAIL: gcc.target/i386/sse4_1-floorf-vec.c (test for excess errors)
UNRESOLVED: gcc.target/i386/sse4_1-floorf-vec.c compilation failed to produce executable
FAIL: gcc.target/i386/sse4_1-rint-sfix-vec.c (test for excess errors)
UNRESOLVED: gcc.target/i386/sse4_1-rint-sfix-vec.c compilation failed to produce executable
FAIL: gcc.target/i386/sse4_1-rint-vec.c (test for excess errors)
UNRESOLVED: gcc.target/i386/sse4_1-rint-vec.c compilation failed to produce executable
FAIL: gcc.target/i386/sse4_1-rintf-sfix-vec.c (test for excess errors)
UNRESOLVED: gcc.target/i386/sse4_1-rintf-sfix-vec.c compilation failed to produce executable
FAIL: gcc.target/i386/sse4_1-rintf-vec.c (test for excess errors)
UNRESOLVED: gcc.target/i386/sse4_1-rintf-vec.c compilation failed to produce executable
FAIL: gcc.target/i386/sse4_1-round-sfix-vec.c (test for excess errors)
UNRESOLVED: gcc.target/i386/sse4_1-round-sfix-vec.c compilation failed to produce executable
FAIL: gcc.target/i386/sse4_1-round-vec.c (test for excess errors)
UNRESOLVED: gcc.target/i386/sse4_1-round-vec.c compilation failed to produce executable
FAIL: gcc.target/i386/sse4_1-roundf-sfix-vec.c (test for excess errors)
UNRESOLVED: gcc.target/i386/sse4_1-roundf-sfix-vec.c compilation failed to produce executable
FAIL: gcc.target/i386/sse4_1-roundf-vec.c (test for excess errors)
UNRESOLVED: gcc.target/i386/sse4_1-roundf-vec.c compilation failed to produce executable
FAIL: gcc.target/i386/sse4_1-trunc-vec.c (test for excess errors)
UNRESOLVED: gcc.target/i386/sse4_1-trunc-vec.c compilation failed to produce executable
FAIL: gcc.target/i386/sse4_1-truncf-vec.c (test for excess errors)
UNRESOLVED: gcc.target/i386/sse4_1-truncf-vec.c compilation failed to produce executable
FAIL: gcc.target/i386/vect-pack-trunc-1.c (test for excess errors)
UNRESOLVED: gcc.target/i386/vect-pack-trunc-1.c compilation failed to produce executable
FAIL: gcc.target/i386/vect-pack-trunc-2.c (test for excess errors)
UNRESOLVED: gcc.target/i386/vect-pack-trunc-2.c compilation failed to produce executable
FAIL: gcc.target/i386/vect-perm-even-1.c (test for excess errors)
UNRESOLVED: gcc.target/i386/vect-perm-even-1.c compilation failed to produce executable
FAIL: gcc.target/i386/vect-perm-odd-1.c (test for excess errors)
UNRESOLVED: gcc.target/i386/vect-perm-odd-1.c compilation failed to produce executable
FAIL: gcc.target/i386/vect-unpack-1.c (test for excess errors)
UNRESOLVED: gcc.target/i386/vect-unpack-1.c compilation failed to produce executable
FAIL: gcc.target/i386/vect-unpack-2.c (test for excess errors)
UNRESOLVED: gcc.target/i386/vect-unpack-2.c compilation failed to produce executable

		=== gcc Summary for unix/-fstack-protector ===

# of expected passes		108896
# of unexpected failures	376
# of unexpected successes	20
# of expected failures		318
# of unresolved testcases	216
# of unsupported tests		1534

		=== gcc Summary ===

# of expected passes		217804
# of unexpected failures	734
# of unexpected successes	40
# of expected failures		636
# of unresolved testcases	432
# of unsupported tests		3069
/build/gcc-6-IxUXVk/gcc-6-6.2.0/build/gcc/xgcc  version 6.2.0 20161027 (Debian 6.2.0-10) 

		=== gfortran tests ===


Running target unix
FAIL: gfortran.dg/pr32533.f90   -O0  (test for excess errors)
UNRESOLVED: gfortran.dg/pr32533.f90   -O0  compilation failed to produce executable
FAIL: gfortran.dg/pr32533.f90   -O1  (test for excess errors)
UNRESOLVED: gfortran.dg/pr32533.f90   -O1  compilation failed to produce executable
FAIL: gfortran.dg/pr32533.f90   -O2  (test for excess errors)
UNRESOLVED: gfortran.dg/pr32533.f90   -O2  compilation failed to produce executable
FAIL: gfortran.dg/pr32533.f90   -O3 -fomit-frame-pointer -funroll-loops -fpeel-loops -ftracer -finline-functions  (test for excess errors)
UNRESOLVED: gfortran.dg/pr32533.f90   -O3 -fomit-frame-pointer -funroll-loops -fpeel-loops -ftracer -finline-functions  compilation failed to produce executable
FAIL: gfortran.dg/pr32533.f90   -O3 -g  (test for excess errors)
UNRESOLVED: gfortran.dg/pr32533.f90   -O3 -g  compilation failed to produce executable
FAIL: gfortran.dg/pr32533.f90   -Os  (test for excess errors)
UNRESOLVED: gfortran.dg/pr32533.f90   -Os  compilation failed to produce executable
FAIL: gfortran.dg/pr33794.f90   -O0  (test for excess errors)
UNRESOLVED: gfortran.dg/pr33794.f90   -O0  compilation failed to produce executable
FAIL: gfortran.dg/pr33794.f90   -O1  (test for excess errors)
UNRESOLVED: gfortran.dg/pr33794.f90   -O1  compilation failed to produce executable
FAIL: gfortran.dg/pr33794.f90   -O2  (test for excess errors)
UNRESOLVED: gfortran.dg/pr33794.f90   -O2  compilation failed to produce executable
FAIL: gfortran.dg/pr33794.f90   -O3 -fomit-frame-pointer -funroll-loops -fpeel-loops -ftracer -finline-functions  (test for excess errors)
UNRESOLVED: gfortran.dg/pr33794.f90   -O3 -fomit-frame-pointer -funroll-loops -fpeel-loops -ftracer -finline-functions  compilation failed to produce executable
FAIL: gfortran.dg/pr33794.f90   -O3 -g  (test for excess errors)
UNRESOLVED: gfortran.dg/pr33794.f90   -O3 -g  compilation failed to produce executable
FAIL: gfortran.dg/pr33794.f90   -Os  (test for excess errors)
UNRESOLVED: gfortran.dg/pr33794.f90   -Os  compilation failed to produce executable
FAIL: gfortran.dg/pr56015.f90   -O0  (test for excess errors)
UNRESOLVED: gfortran.dg/pr56015.f90   -O0  compilation failed to produce executable
FAIL: gfortran.dg/pr56015.f90   -O1  (test for excess errors)
UNRESOLVED: gfortran.dg/pr56015.f90   -O1  compilation failed to produce executable
FAIL: gfortran.dg/pr56015.f90   -O2  (test for excess errors)
UNRESOLVED: gfortran.dg/pr56015.f90   -O2  compilation failed to produce executable
FAIL: gfortran.dg/pr56015.f90   -O3 -fomit-frame-pointer -funroll-loops -fpeel-loops -ftracer -finline-functions  (test for excess errors)
UNRESOLVED: gfortran.dg/pr56015.f90   -O3 -fomit-frame-pointer -funroll-loops -fpeel-loops -ftracer -finline-functions  compilation failed to produce executable
FAIL: gfortran.dg/pr56015.f90   -O3 -g  (test for excess errors)
UNRESOLVED: gfortran.dg/pr56015.f90   -O3 -g  compilation failed to produce executable
FAIL: gfortran.dg/pr56015.f90   -Os  (test for excess errors)
UNRESOLVED: gfortran.dg/pr56015.f90   -Os  compilation failed to produce executable
FAIL: gfortran.dg/read_dir.f90   -O0  execution test
FAIL: gfortran.dg/read_dir.f90   -O1  execution test
FAIL: gfortran.dg/read_dir.f90   -O2  execution test
FAIL: gfortran.dg/read_dir.f90   -O3 -fomit-frame-pointer -funroll-loops -fpeel-loops -ftracer -finline-functions  execution test
FAIL: gfortran.dg/read_dir.f90   -O3 -g  execution test
FAIL: gfortran.dg/read_dir.f90   -Os  execution test
FAIL: gfortran.dg/g77/20010216-1.f   -O0  (test for excess errors)
UNRESOLVED: gfortran.dg/g77/20010216-1.f   -O0  compilation failed to produce executable
FAIL: gfortran.dg/g77/20010216-1.f   -O1  (test for excess errors)
UNRESOLVED: gfortran.dg/g77/20010216-1.f   -O1  compilation failed to produce executable
FAIL: gfortran.dg/g77/20010216-1.f   -O2  (test for excess errors)
UNRESOLVED: gfortran.dg/g77/20010216-1.f   -O2  compilation failed to produce executable
FAIL: gfortran.dg/g77/20010216-1.f   -O3 -fomit-frame-pointer -funroll-loops -fpeel-loops -ftracer -finline-functions  (test for excess errors)
UNRESOLVED: gfortran.dg/g77/20010216-1.f   -O3 -fomit-frame-pointer -funroll-loops -fpeel-loops -ftracer -finline-functions  compilation failed to produce executable
FAIL: gfortran.dg/g77/20010216-1.f   -O3 -g  (test for excess errors)
UNRESOLVED: gfortran.dg/g77/20010216-1.f   -O3 -g  compilation failed to produce executable
FAIL: gfortran.dg/g77/20010216-1.f   -Os  (test for excess errors)
UNRESOLVED: gfortran.dg/g77/20010216-1.f   -Os  compilation failed to produce executable
FAIL: gfortran.dg/prof/dynamic_dispatch_6.f03 compilation,  -fprofile-generate -D_PROFILE_GENERATE
UNRESOLVED: gfortran.dg/prof/dynamic_dispatch_6.f03 compilation,  -fprofile-use -D_PROFILE_USE
UNRESOLVED: gfortran.dg/prof/dynamic_dispatch_6.f03 execution,    -fprofile-generate -D_PROFILE_GENERATE
UNRESOLVED: gfortran.dg/prof/dynamic_dispatch_6.f03 execution,    -fprofile-use -D_PROFILE_USE
FAIL: gfortran.dg/vect/fast-math-pr33299.f90   -O  (test for excess errors)
UNRESOLVED: gfortran.dg/vect/fast-math-pr33299.f90   -O  compilation failed to produce executable
FAIL: gfortran.dg/vect/fast-math-pr38968.f90   -O  (test for excess errors)
UNRESOLVED: gfortran.dg/vect/fast-math-pr38968.f90   -O  compilation failed to produce executable
FAIL: gfortran.dg/vect/pr69882.f90   -O  (test for excess errors)
UNRESOLVED: gfortran.dg/vect/pr69882.f90   -O  compilation failed to produce executable
FAIL: gfortran.dg/vect/pr69980.f90   -O0  (test for excess errors)
UNRESOLVED: gfortran.dg/vect/pr69980.f90   -O0  compilation failed to produce executable
FAIL: gfortran.dg/vect/pr69980.f90   -O1  (test for excess errors)
UNRESOLVED: gfortran.dg/vect/pr69980.f90   -O1  compilation failed to produce executable
FAIL: gfortran.dg/vect/pr69980.f90   -O2  (test for excess errors)
UNRESOLVED: gfortran.dg/vect/pr69980.f90   -O2  compilation failed to produce executable
FAIL: gfortran.dg/vect/pr69980.f90   -O3 -fomit-frame-pointer -funroll-loops -fpeel-loops -ftracer -finline-functions  (test for excess errors)
UNRESOLVED: gfortran.dg/vect/pr69980.f90   -O3 -fomit-frame-pointer -funroll-loops -fpeel-loops -ftracer -finline-functions  compilation failed to produce executable
FAIL: gfortran.dg/vect/pr69980.f90   -O3 -g  (test for excess errors)
UNRESOLVED: gfortran.dg/vect/pr69980.f90   -O3 -g  compilation failed to produce executable
FAIL: gfortran.dg/vect/pr69980.f90   -Os  (test for excess errors)
UNRESOLVED: gfortran.dg/vect/pr69980.f90   -Os  compilation failed to produce executable

		=== gfortran Summary for unix ===

# of expected passes		42570
# of unexpected failures	40
# of expected failures		76
# of unresolved testcases	36
# of unsupported tests		169

Running target unix/-fstack-protector
FAIL: gfortran.dg/pr32533.f90   -O0  (test for excess errors)
UNRESOLVED: gfortran.dg/pr32533.f90   -O0  compilation failed to produce executable
FAIL: gfortran.dg/pr32533.f90   -O1  (test for excess errors)
UNRESOLVED: gfortran.dg/pr32533.f90   -O1  compilation failed to produce executable
FAIL: gfortran.dg/pr32533.f90   -O2  (test for excess errors)
UNRESOLVED: gfortran.dg/pr32533.f90   -O2  compilation failed to produce executable
FAIL: gfortran.dg/pr32533.f90   -O3 -fomit-frame-pointer -funroll-loops -fpeel-loops -ftracer -finline-functions  (test for excess errors)
UNRESOLVED: gfortran.dg/pr32533.f90   -O3 -fomit-frame-pointer -funroll-loops -fpeel-loops -ftracer -finline-functions  compilation failed to produce executable
FAIL: gfortran.dg/pr32533.f90   -O3 -g  (test for excess errors)
UNRESOLVED: gfortran.dg/pr32533.f90   -O3 -g  compilation failed to produce executable
FAIL: gfortran.dg/pr32533.f90   -Os  (test for excess errors)
UNRESOLVED: gfortran.dg/pr32533.f90   -Os  compilation failed to produce executable
FAIL: gfortran.dg/pr33794.f90   -O0  (test for excess errors)
UNRESOLVED: gfortran.dg/pr33794.f90   -O0  compilation failed to produce executable
FAIL: gfortran.dg/pr33794.f90   -O1  (test for excess errors)
UNRESOLVED: gfortran.dg/pr33794.f90   -O1  compilation failed to produce executable
FAIL: gfortran.dg/pr33794.f90   -O2  (test for excess errors)
UNRESOLVED: gfortran.dg/pr33794.f90   -O2  compilation failed to produce executable
FAIL: gfortran.dg/pr33794.f90   -O3 -fomit-frame-pointer -funroll-loops -fpeel-loops -ftracer -finline-functions  (test for excess errors)
UNRESOLVED: gfortran.dg/pr33794.f90   -O3 -fomit-frame-pointer -funroll-loops -fpeel-loops -ftracer -finline-functions  compilation failed to produce executable
FAIL: gfortran.dg/pr33794.f90   -O3 -g  (test for excess errors)
UNRESOLVED: gfortran.dg/pr33794.f90   -O3 -g  compilation failed to produce executable
FAIL: gfortran.dg/pr33794.f90   -Os  (test for excess errors)
UNRESOLVED: gfortran.dg/pr33794.f90   -Os  compilation failed to produce executable
FAIL: gfortran.dg/pr56015.f90   -O0  (test for excess errors)
UNRESOLVED: gfortran.dg/pr56015.f90   -O0  compilation failed to produce executable
FAIL: gfortran.dg/pr56015.f90   -O1  (test for excess errors)
UNRESOLVED: gfortran.dg/pr56015.f90   -O1  compilation failed to produce executable
FAIL: gfortran.dg/pr56015.f90   -O2  (test for excess errors)
UNRESOLVED: gfortran.dg/pr56015.f90   -O2  compilation failed to produce executable
FAIL: gfortran.dg/pr56015.f90   -O3 -fomit-frame-pointer -funroll-loops -fpeel-loops -ftracer -finline-functions  (test for excess errors)
UNRESOLVED: gfortran.dg/pr56015.f90   -O3 -fomit-frame-pointer -funroll-loops -fpeel-loops -ftracer -finline-functions  compilation failed to produce executable
FAIL: gfortran.dg/pr56015.f90   -O3 -g  (test for excess errors)
UNRESOLVED: gfortran.dg/pr56015.f90   -O3 -g  compilation failed to produce executable
FAIL: gfortran.dg/pr56015.f90   -Os  (test for excess errors)
UNRESOLVED: gfortran.dg/pr56015.f90   -Os  compilation failed to produce executable
FAIL: gfortran.dg/read_dir.f90   -O0  execution test
FAIL: gfortran.dg/read_dir.f90   -O1  execution test
FAIL: gfortran.dg/read_dir.f90   -O2  execution test
FAIL: gfortran.dg/read_dir.f90   -O3 -fomit-frame-pointer -funroll-loops -fpeel-loops -ftracer -finline-functions  execution test
FAIL: gfortran.dg/read_dir.f90   -O3 -g  execution test
FAIL: gfortran.dg/read_dir.f90   -Os  execution test
FAIL: gfortran.dg/g77/20010216-1.f   -O0  (test for excess errors)
UNRESOLVED: gfortran.dg/g77/20010216-1.f   -O0  compilation failed to produce executable
FAIL: gfortran.dg/g77/20010216-1.f   -O1  (test for excess errors)
UNRESOLVED: gfortran.dg/g77/20010216-1.f   -O1  compilation failed to produce executable
FAIL: gfortran.dg/g77/20010216-1.f   -O2  (test for excess errors)
UNRESOLVED: gfortran.dg/g77/20010216-1.f   -O2  compilation failed to produce executable
FAIL: gfortran.dg/g77/20010216-1.f   -O3 -fomit-frame-pointer -funroll-loops -fpeel-loops -ftracer -finline-functions  (test for excess errors)
UNRESOLVED: gfortran.dg/g77/20010216-1.f   -O3 -fomit-frame-pointer -funroll-loops -fpeel-loops -ftracer -finline-functions  compilation failed to produce executable
FAIL: gfortran.dg/g77/20010216-1.f   -O3 -g  (test for excess errors)
UNRESOLVED: gfortran.dg/g77/20010216-1.f   -O3 -g  compilation failed to produce executable
FAIL: gfortran.dg/g77/20010216-1.f   -Os  (test for excess errors)
UNRESOLVED: gfortran.dg/g77/20010216-1.f   -Os  compilation failed to produce executable
FAIL: gfortran.dg/prof/dynamic_dispatch_6.f03 compilation,  -fprofile-generate -D_PROFILE_GENERATE
UNRESOLVED: gfortran.dg/prof/dynamic_dispatch_6.f03 compilation,  -fprofile-use -D_PROFILE_USE
UNRESOLVED: gfortran.dg/prof/dynamic_dispatch_6.f03 execution,    -fprofile-generate -D_PROFILE_GENERATE
UNRESOLVED: gfortran.dg/prof/dynamic_dispatch_6.f03 execution,    -fprofile-use -D_PROFILE_USE
FAIL: gfortran.dg/vect/fast-math-pr33299.f90   -O  (test for excess errors)
UNRESOLVED: gfortran.dg/vect/fast-math-pr33299.f90   -O  compilation failed to produce executable
FAIL: gfortran.dg/vect/fast-math-pr38968.f90   -O  (test for excess errors)
UNRESOLVED: gfortran.dg/vect/fast-math-pr38968.f90   -O  compilation failed to produce executable
FAIL: gfortran.dg/vect/pr69882.f90   -O  (test for excess errors)
UNRESOLVED: gfortran.dg/vect/pr69882.f90   -O  compilation failed to produce executable
FAIL: gfortran.dg/vect/pr69980.f90   -O0  (test for excess errors)
UNRESOLVED: gfortran.dg/vect/pr69980.f90   -O0  compilation failed to produce executable
FAIL: gfortran.dg/vect/pr69980.f90   -O1  (test for excess errors)
UNRESOLVED: gfortran.dg/vect/pr69980.f90   -O1  compilation failed to produce executable
FAIL: gfortran.dg/vect/pr69980.f90   -O2  (test for excess errors)
UNRESOLVED: gfortran.dg/vect/pr69980.f90   -O2  compilation failed to produce executable
FAIL: gfortran.dg/vect/pr69980.f90   -O3 -fomit-frame-pointer -funroll-loops -fpeel-loops -ftracer -finline-functions  (test for excess errors)
UNRESOLVED: gfortran.dg/vect/pr69980.f90   -O3 -fomit-frame-pointer -funroll-loops -fpeel-loops -ftracer -finline-functions  compilation failed to produce executable
FAIL: gfortran.dg/vect/pr69980.f90   -O3 -g  (test for excess errors)
UNRESOLVED: gfortran.dg/vect/pr69980.f90   -O3 -g  compilation failed to produce executable
FAIL: gfortran.dg/vect/pr69980.f90   -Os  (test for excess errors)
UNRESOLVED: gfortran.dg/vect/pr69980.f90   -Os  compilation failed to produce executable

		=== gfortran Summary for unix/-fstack-protector ===

# of expected passes		42570
# of unexpected failures	40
# of expected failures		76
# of unresolved testcases	36
# of unsupported tests		169

		=== gfortran Summary ===

# of expected passes		85140
# of unexpected failures	80
# of expected failures		152
# of unresolved testcases	72
# of unsupported tests		338
/build/gcc-6-IxUXVk/gcc-6-6.2.0/build/gcc/gfortran  version 6.2.0 20161027 (Debian 6.2.0-10) 

		=== gnat tests ===


Running target unix
FAIL: gnat.dg/null_pointer_deref1.adb execution test
FAIL: gnat.dg/null_pointer_deref3.adb execution test
FAIL: gnat.dg/stack_check1.adb execution test
FAIL: gnat.dg/stack_check2.adb execution test

		=== gnat Summary for unix ===

# of expected passes		2511
# of unexpected failures	4
# of expected failures		22
# of unsupported tests		4

Running target unix/-fstack-protector
FAIL: gnat.dg/null_pointer_deref1.adb execution test
FAIL: gnat.dg/null_pointer_deref3.adb execution test
FAIL: gnat.dg/stack_check1.adb execution test
FAIL: gnat.dg/stack_check2.adb execution test

		=== gnat Summary for unix/-fstack-protector ===

# of expected passes		2511
# of unexpected failures	4
# of expected failures		22
# of unsupported tests		4

		=== gnat Summary ===

# of expected passes		5022
# of unexpected failures	8
# of expected failures		44
# of unsupported tests		8
/build/gcc-6-IxUXVk/gcc-6-6.2.0/build/gnattools/gnatmake version 6.2.0

		=== obj-c++ tests ===


Running target unix

		=== obj-c++ Summary for unix ===

# of expected passes		1454
# of expected failures		2
# of unsupported tests		77

Running target unix/-fstack-protector

		=== obj-c++ Summary for unix/-fstack-protector ===

# of expected passes		1454
# of expected failures		2
# of unsupported tests		77

		=== obj-c++ Summary ===

# of expected passes		2908
# of expected failures		4
# of unsupported tests		154
/build/gcc-6-IxUXVk/gcc-6-6.2.0/build/gcc/xg++  version 6.2.0 20161027 (Debian 6.2.0-10) 

		=== objc tests ===


Running target unix

		=== objc Summary for unix ===

# of expected passes		2783
# of expected failures		6
# of unsupported tests		68

Running target unix/-fstack-protector

		=== objc Summary for unix/-fstack-protector ===

# of expected passes		2783
# of expected failures		6
# of unsupported tests		68

		=== objc Summary ===

# of expected passes		5566
# of expected failures		12
# of unsupported tests		136
/build/gcc-6-IxUXVk/gcc-6-6.2.0/build/gcc/xgcc  version 6.2.0 20161027 (Debian 6.2.0-10) 

		=== boehm-gc tests ===


Running target unix

		=== boehm-gc Summary for unix ===

# of expected passes		12
# of unsupported tests		1

Running target unix/-fstack-protector

		=== boehm-gc Summary for unix/-fstack-protector ===

# of expected passes		12
# of unsupported tests		1

		=== boehm-gc Summary ===

# of expected passes		24
# of unsupported tests		2
		=== libatomic tests ===


Running target unix

		=== libatomic Summary for unix ===

# of expected passes		44
# of unsupported tests		5

Running target unix/-fstack-protector

		=== libatomic Summary for unix/-fstack-protector ===

# of expected passes		44
# of unsupported tests		5

		=== libatomic Summary ===

# of expected passes		88
# of unsupported tests		10
		=== libffi tests ===


Running target unix

		=== libffi Summary for unix ===

# of expected passes		2799

Running target unix/-fstack-protector

		=== libffi Summary for unix/-fstack-protector ===

# of expected passes		2799

		=== libffi Summary ===

# of expected passes		5598
		=== libgomp tests ===


Running target unix
FAIL: libgomp.c/autopar-1.c (test for excess errors)
UNRESOLVED: libgomp.c/autopar-1.c compilation failed to produce executable
FAIL: libgomp.c/autopar-2.c (test for excess errors)
UNRESOLVED: libgomp.c/autopar-2.c compilation failed to produce executable
FAIL: libgomp.c/autopar-3.c (test for excess errors)
UNRESOLVED: libgomp.c/autopar-3.c compilation failed to produce executable
FAIL: libgomp.c/autopar-4.c (test for excess errors)
UNRESOLVED: libgomp.c/autopar-4.c compilation failed to produce executable
FAIL: libgomp.c/autopar-5.c (test for excess errors)
UNRESOLVED: libgomp.c/autopar-5.c compilation failed to produce executable
FAIL: libgomp.c/autopar-6.c (test for excess errors)
UNRESOLVED: libgomp.c/autopar-6.c compilation failed to produce executable
FAIL: libgomp.c/autopar-7.c (test for excess errors)
UNRESOLVED: libgomp.c/autopar-7.c compilation failed to produce executable
FAIL: libgomp.c/autopar-8.c (test for excess errors)
UNRESOLVED: libgomp.c/autopar-8.c compilation failed to produce executable
FAIL: libgomp.c/lock-2.c execution test

		=== libgomp Summary for unix ===

# of expected passes		5135
# of unexpected failures	9
# of unresolved testcases	8
# of unsupported tests		271

Running target unix/-fstack-protector
FAIL: libgomp.c/autopar-1.c (test for excess errors)
UNRESOLVED: libgomp.c/autopar-1.c compilation failed to produce executable
FAIL: libgomp.c/autopar-2.c (test for excess errors)
UNRESOLVED: libgomp.c/autopar-2.c compilation failed to produce executable
FAIL: libgomp.c/autopar-3.c (test for excess errors)
UNRESOLVED: libgomp.c/autopar-3.c compilation failed to produce executable
FAIL: libgomp.c/autopar-4.c (test for excess errors)
UNRESOLVED: libgomp.c/autopar-4.c compilation failed to produce executable
FAIL: libgomp.c/autopar-5.c (test for excess errors)
UNRESOLVED: libgomp.c/autopar-5.c compilation failed to produce executable
FAIL: libgomp.c/autopar-6.c (test for excess errors)
UNRESOLVED: libgomp.c/autopar-6.c compilation failed to produce executable
FAIL: libgomp.c/autopar-7.c (test for excess errors)
UNRESOLVED: libgomp.c/autopar-7.c compilation failed to produce executable
FAIL: libgomp.c/autopar-8.c (test for excess errors)
UNRESOLVED: libgomp.c/autopar-8.c compilation failed to produce executable
FAIL: libgomp.c/lock-2.c execution test

		=== libgomp Summary for unix/-fstack-protector ===

# of expected passes		5135
# of unexpected failures	9
# of unresolved testcases	8
# of unsupported tests		271

		=== libgomp Summary ===

# of expected passes		10270
# of unexpected failures	18
# of unresolved testcases	16
# of unsupported tests		542
		=== libjava tests ===


Running target unix
FAIL: Throw_2 execution - source compiled test
FAIL: Throw_2 -findirect-dispatch execution - source compiled test
FAIL: Throw_2 -O3 execution - source compiled test
FAIL: Throw_2 -O3 -findirect-dispatch execution - source compiled test

		=== libjava Summary for unix ===

# of expected passes		2574
# of unexpected failures	4
# of expected failures		4
# of untested testcases		4

Running target unix/-fstack-protector
FAIL: Throw_2 execution - source compiled test
FAIL: Throw_2 -findirect-dispatch execution - source compiled test
FAIL: Throw_2 -O3 execution - source compiled test
FAIL: Throw_2 -O3 -findirect-dispatch execution - source compiled test

		=== libjava Summary for unix/-fstack-protector ===

# of expected passes		2574
# of unexpected failures	4
# of expected failures		4
# of untested testcases		4

		=== libjava Summary ===

# of expected passes		5148
# of unexpected failures	8
# of expected failures		8
# of untested testcases		8
		=== libstdc++ tests ===


Running target unix
FAIL: 22_locale/time_get/get_date/wchar_t/4.cc execution test
FAIL: 26_numerics/headers/cmath/60637.cc (test for excess errors)
UNRESOLVED: 26_numerics/headers/cmath/60637.cc compilation failed to produce executable
FAIL: 27_io/basic_ios/copyfmt/char/1.cc execution test
FAIL: 27_io/basic_ios/exceptions/char/1.cc execution test
FAIL: 27_io/basic_istream/extractors_arithmetic/char/exceptions_failbit.cc execution test
FAIL: 27_io/basic_istream/extractors_arithmetic/wchar_t/exceptions_failbit.cc execution test
FAIL: 27_io/basic_istream/extractors_other/char/exceptions_null.cc execution test
FAIL: 27_io/basic_istream/extractors_other/wchar_t/exceptions_null.cc execution test
FAIL: 27_io/basic_istream/sentry/char/12297.cc execution test
FAIL: 27_io/basic_istream/sentry/wchar_t/12297.cc execution test
FAIL: 27_io/basic_ostream/inserters_other/char/exceptions_null.cc execution test
FAIL: 27_io/basic_ostream/inserters_other/wchar_t/exceptions_null.cc execution test
FAIL: 27_io/ios_base/storage/2.cc execution test

		=== libstdc++ Summary for unix ===

# of expected passes		11279
# of unexpected failures	13
# of expected failures		66
# of unresolved testcases	1
# of unsupported tests		273

Running target unix/-fstack-protector
FAIL: 22_locale/time_get/get_date/wchar_t/4.cc execution test
UNRESOLVED: 26_numerics/headers/cmath/60637.cc compilation failed to produce executable
FAIL: 27_io/basic_ios/copyfmt/char/1.cc execution test
FAIL: 27_io/basic_ios/exceptions/char/1.cc execution test
FAIL: 27_io/basic_istream/extractors_arithmetic/char/exceptions_failbit.cc execution test
FAIL: 27_io/basic_istream/extractors_arithmetic/wchar_t/exceptions_failbit.cc execution test
FAIL: 27_io/basic_istream/extractors_other/char/exceptions_null.cc execution test
FAIL: 27_io/basic_istream/extractors_other/wchar_t/exceptions_null.cc execution test
FAIL: 27_io/basic_istream/sentry/char/12297.cc execution test
FAIL: 27_io/basic_istream/sentry/wchar_t/12297.cc execution test
FAIL: 27_io/basic_ostream/inserters_other/char/exceptions_null.cc execution test
FAIL: 27_io/basic_ostream/inserters_other/wchar_t/exceptions_null.cc execution test
FAIL: 27_io/ios_base/storage/2.cc execution test

		=== libstdc++ Summary for unix/-fstack-protector ===

# of expected passes		5009
# of unexpected failures	12
# of expected failures		62
# of unresolved testcases	1
# of unsupported tests		273

		=== libstdc++ Summary ===

# of expected passes		16288
# of unexpected failures	25
# of expected failures		128
# of unresolved testcases	2
# of unsupported tests		546

Compiler version: 6.2.0 20161027 (Debian 6.2.0-10) 
Platform: i686-pc-kfreebsd-gnu
configure flags: -v --with-pkgversion='Debian 6.2.0-10' --with-bugurl=file:///usr/share/doc/gcc-6/README.Bugs --enable-languages=c,ada,c++,java,d,fortran,objc,obj-c++ --prefix=/usr --program-suffix=-6 --program-prefix=i686-kfreebsd-gnu- --enable-shared --enable-linker-build-id --libexecdir=/usr/lib --without-included-gettext --enable-threads=posix --libdir=/usr/lib --enable-nls --with-sysroot=/ --enable-clocale=gnu --enable-libstdcxx-debug --enable-libstdcxx-time=yes --with-default-libstdcxx-abi=new --disable-libitm --disable-libsanitizer --enable-plugin --with-system-zlib --disable-browser-plugin --enable-java-awt=gtk --enable-gtk-cairo --with-java-home=/usr/lib/jvm/java-1.5.0-gcj-6-kfreebsd-i386/jre --enable-java-home --with-jvm-root-dir=/usr/lib/jvm/java-1.5.0-gcj-6-kfreebsd-i386 --with-jvm-jar-dir=/usr/lib/jvm-exports/java-1.5.0-gcj-6-kfreebsd-i386 --with-arch-directory=i386 --with-ecj-jar=/usr/share/java/eclipse-ecj.jar --enable-objc-gc --enable-multiarch --with-arch-32=i686 --with-tune=generic --enable-checking=release --build=i686-kfreebsd-gnu --host=i686-kfreebsd-gnu --target=i686-kfreebsd-gnu
BOOT_CFLAGS=


Build Dependencies:
Desired=Unknown/Install/Remove/Purge/Hold
| Status=Not/Inst/Conf-files/Unpacked/halF-conf/Half-inst/trig-aWait/Trig-pend
|/ Err?=(none)/Reinst-required (Status,Err: uppercase=bad)
||/ Name                      Version        Architecture  Description
+++-=========================-==============-=============-===============================================================================
ii  binutils                  2.27-9+b1      kfreebsd-i386 GNU assembler, linker and binary utilities
ii  g++-6                     6.2.0-9        kfreebsd-i386 GNU C++ compiler
ii  libc0.1:kfreebsd-i386     2.24-5         kfreebsd-i386 GNU C Library: Shared libraries
ii  libgmp-dev:kfreebsd-i386  2:6.1.1+dfsg-1 kfreebsd-i386 Multiprecision arithmetic library developers tools
ii  libisl-dev:kfreebsd-i386  0.17.1-1       kfreebsd-i386 manipulating sets and relations of integer points bounded by linear constraints
ii  libmpc-dev:kfreebsd-i386  1.0.3-1        kfreebsd-i386 multiple precision complex floating-point library development package
ii  libmpfr-dev:kfreebsd-i386 3.1.5-1        kfreebsd-i386 multiple precision floating-point computation developers tools


svn-updates:
  updates from the 6 branch upto 20161027 (r241619).

gcc-gfdl-build:
  Build a dummy s-tm-texi without access to the texinfo sources

gcc-textdomain:
  Set gettext's domain and textdomain to the versioned package name.

gcc-driver-extra-langs:
  Add options and specs for languages that are not built from a source
  (but built from separate sources).

gcc-hash-style-gnu:
  Link using --hash-style=gnu (aarch64, alpha, amd64, armel, armhf, ia64,
  i386, powerpc, ppc64, s390, sparc)

libstdc++-pic:
  Build and install libstdc++_pic.a library.

libstdc++-doclink:
  adjust hrefs to point to the local documentation

libstdc++-man-3cxx:
  Install libstdc++ man pages with suffix .3cxx instead of .3

libstdc++-test-installed:
  Add support to run the libstdc++-v3 testsuite using the
  installed shared libraries.

libjava-stacktrace:
  libgcj: Lookup source file name and line number in separated
  debug files found in /usr/lib/debug

libjava-jnipath:
  - Add /usr/lib/jni and /usr/lib/<multiarch>/jni to java.library.path.
  - When running the i386 binaries on amd64, look in
  - /usr/lib32/gcj-x.y and /usr/lib32/jni instead.

libjava-sjlj:
  Don't try to use _Unwind_Backtrace on SJLJ targets.
  See bug #387875, #388505, GCC PR 29206.

libjava-disable-plugin:
  Don't build the gcjwebplugin, even when configured with --enable-plugin

alpha-no-ev4-directive:
  never emit .ev4 directive.

boehm-gc-getnprocs:
  boehm-gc/pthread_support.c (GC_get_nprocs): Use sysconf as fallback.

note-gnu-stack:
  Add .note.GNU-stack sections for gcc's crt files, libffi and boehm-gc
  Taken from FC.

libgomp-omp_h-multilib:
  Fix up omp.h for multilibs.

gccgo-version:
  Omit the subminor number from the go libdir

pr47818:
  Fix PR ada/47818: Pragma Assert is rejected with No_Implementation_Pragmas restriction.

gcc-base-version:
  Set base version to 5, introduce full version 5.x.y.

libgo-testsuite:
  Only run the libgo testsuite for flags configured in RUNTESTFLAGS

gcc-target-include-asm:
  Search \$(builddir)/sys-include for the asm header files

libgo-revert-timeout-exp:

libgo-setcontext-config:
  libgo: Overwrite the setcontext_clobbers_tls check on mips*

gcc-auto-build:
  Fix cross building a native compiler.

kfreebsd-unwind:
  DWARF2 EH unwinding support for AMD x86-64 and x86 KFreeBSD.

libitm-no-fortify-source:
  Build libitm with -U_FORTIFY_SOURCE on x86 and x86_64.

sparc64-biarch-long-double-128:
  Fix --with-long-double-128 for sparc32 when defaulting to 64-bit.

gcc-ia64-bootstrap-ignore:
  Ignore bootstrap comparison failure on ia64. Filed upstream as
  PR middle-end/65874.

gotools-configury:
  Fix gotools cross build.

pr66368:
  PR go/66368, build libgo with -fno-stack-protector

pr67590:
  Fix PR67590, setting objdump macro.

ada-gnattools-ldflags:
  Link gnat tools with the defaults LDFLAGS

libjit-ldflags:

gcc-SOURCE_DATE_EPOCH:
  Allow embedded timestamps by C/C++ macros to be set externally

gcc-SOURCE_DATE_EPOCH-2:

cmd-go-combine-gccgo-s-ld-and-ldShared-methods:
  cmd/go: combine gccgo's ld() and ldShared() methods

libjava-mips64el:

PR55947-revert:
  Revert fix for PR target/55947, causing PR libstdc++/72813

gccgo-issue16780:
  gccgo: Call default_file_start from s390_asm_file_start

pr77379:
  Fix PR c++/77379, taken from the trunk.

vulcan-cpu:
  Accept vulcan as a cpu name for the AArch64 port of GCC

vulcan-costs:
  Add cost model for vulcan CPU

libffi-pax:

libffi-race-condition:

pr77686-workaround:
  Apply workaround for PR libstdc++/77686

libgo-add-getrandom-mips-sparc:
  Backport r240457 from trunk

libgo-fix-getrandom-clone-sparc64:
  Backport r241072 from trunk

libgo-rawClone-no_split_stack:
  Backport r241171 from trunk

libgo-rawClone-no-pt_regs:
  Backport r241084 from trunk

libgo-elf-relocations-sparc64:
  Backport r241051 from trunk
  src/libgo/go/debug/elf/testdata/go-relocation-test-gcc620-sparc64.obj is
  encoded in debian/go-relocation-test-gcc620-sparc64.obj.uue and is
  decoded at patch time.

pr78039:
  Fix PR c++/78039 - fails to compile glibc tests (proposed patch)

libstdc++-functexcept:
  PR libstdc++/66145, std::ios_base::failure objects thrown from libstdc++.so use old ABI
  Just build src/c++11/functexcept.cc using the new ABI. It will break
  code, which will be handled in the archive by adding Breaks for the
  affected packages.  Third party code using such code will need a rebuild.

ada-arm:

ada-kfreebsd:
  add support for GNU/kFreeBSD.

ada-revert-pr63225:
  Revert the changes made to allow bootstrapping with -fno-inline.
  We allow inlining during bootstrap and this change breaks aliversion compatibility
  with earlier uploads of libgnatvsn5.  This patch shall be removed in the next
  major version of GNAT.

ada-driver-check:
  Simplify Ada driver check (we always build using the required
  Ada version. Needed for warnings on alpha.

ada-gcc-name:
  use gcc-6 instead of gcc as the command name.

ada-default-project-path:
  - Change the default search path for project files to the one specified
  by the Debian Policy for Ada: /usr/share/ada/adainclude.

ada-library-project-files-soname:
  - in project files, use the exact Library_Version provided, if any, as
  the soname of libraries; do not strip minor version numbers
  (PR ada/40025).

ada-link-lib:
  - Install the shared Ada libraries as '.so.1', not '.so' to conform
  to the Debian policy.
  - Don't include a runtime link path (-rpath), when linking binaries.
  - Build the shared libraries on hppa-linux.
  - Instead of building libada as a target library only, build it as
  both a host and, if different, target library.
  - Build the GNAT tools in their top-level directory; do not use
  recursive makefiles.
  - Link the GNAT tools dynamically.

ada-libgnatvsn:
  - Introduce a new shared library named libgnatvsn, containing
  common components of GNAT under the GNAT-Modified GPL, for
  use in GNAT tools, ASIS, GLADE and GPS.   Link the gnat tools
  against this new library.

ada-libgnatprj:
  - Introduce a new shared library named libgnatprj, containing
  the GNAT project file manager licensed under the pure GPL, for
  use in GNAT tools, GLADE and GPS.  Link the GNAT tools against
  this new library.

ada-gnattools-cross:
  - When building the native gnat, link the gnat tools against
  the build tree (build/\$(host_alias)/{libgnatvsn,libgnatprj}.)
  - When building a cross gnat, link against the libgnatvsn-6-dev
  and libgnatprj-6-dev packages.
  This link will be done by /usr/bin/\$(host_alias)-gnat*, thus
  the native gnat with the same major version will be required.

ada-acats:
  - When running the ACATS, look for the gnat tools in their new
  directory (build/gnattools), and for the shared libraries in
  build/gcc/ada/rts, build/libgnatvsn and build/libgnatprj.

libgnatprj-cross-hack:

ada-sjlj:

ada-link-shlib:
  In gnatlink, pass the options and libraries after objects to the
  linker to avoid link failures with --as-needed. Closes: #680292.

gdc-6:
  This implements D language support in the GCC back end, and adds
  relevant documentation about the GDC front end (code part).

gdc-updates:
  gdc updates up to 20160115.

gdc-versym-cpu:
  Implements D CPU version conditions.

gdc-versym-os:
  Implements D OS version conditions.

gdc-frontend-posix:
  Fix build of the D frontend on the Hurd and KFreeBSD.

gdc-base-version:
  Use the GCC base version for the D include dir name

gdc-profiledbuild:
  Don't build gdc build tools idgen and impcnvgen with profiling flags

gdc-libphobos-link:
  gdc: Always link with -ldl when linking with -lgphobos.

gdc-symbol-mangling:

gdc-texinfo:
  Add macros for the gdc texinfo documentation.

gdc-driver-nophobos:
  Modify gdc driver to have no libphobos by default.

disable-gdc-tests:
  Disable D tests, hang on many buildds

sys-auxv-header:
  Check for the sys/auxv.h header file.

libcilkrts-targets:
  Disable libcilkrts on KFreeBSD and the Hurd. See #734973.

arm-multilib-defaults:
  Set MULTILIB_DEFAULTS for ARM multilib builds

gcc-ice-dump:
  For ICEs, dump the preprocessed source file to stderr
  when in a distro build environment.

gcc-ice-apport:
  Report an ICE to apport (if apport is available
  and the environment variable GCC_NOAPPORT is not set)

skip-bootstrap-multilib:
  Skip non-default multilib and libstdc++-v3 debug builds in bootstrap builds

libjava-fixed-symlinks:
  Remove unneed '..' elements from symlinks in JAVA_HOME

libffi-ro-eh_frame_sect:
  PR libffi/47248, force a read only eh frame section.

libffi-mips:
  Backport Mips go closure support, taken from libffi issue #197.

pr67899:
  Proposed patch for PR sanitizer/67899

gcc-multiarch:
  - Remaining multiarch patches, not yet submitted upstream.
  - Add MULTIARCH_DIRNAME definitions for multilib configurations,
  which are used for the non-multilib builds.

libjava-multiarch:
  Install libjava libraries to multiarch location

libjava-nobiarch-check:
  For biarch builds, disable the testsuite for the non-default architecture
  for runtime libraries, which are not built by default (libjava).

config-ml:
  - Disable some biarch libraries for biarch builds.
  - Fix multilib builds on kernels which don't support all multilibs.

g++-multiarch-incdir:
  Use /usr/include/<multiarch>/c++/4.x as the include directory
  for host dependent c++ header files.

canonical-cpppath:
  Don't use any relative path names for the standard include paths.

gcc-multilib-multiarch:
  Don't auto-detect multilib osdirnames.

libgomp-kfreebsd-testsuite:
  Disable lock-2.c test on kfreebsd-*

go-testsuite:
  Skip Go testcase on AArch64 which hangs on the buildds.

ada-749574:

ada-mips:
  Improve support for mips.

ada-bootstrap-compare:
  For the bootstrap comparison, ignore gcc/ada/a-except.o on
  mips and mipsel. See PR ada/65618.

Counting all warnings,
there are 0 warnings in stage3 of this bootstrap.

Number of warnings per file:

Number of warning types:


Index Nav: [Date Index] [Subject Index] [Author Index] [Thread Index]
Message Nav: [Date Prev] [Date Next] [Thread Prev] [Thread Next]