This is the mail archive of the gcc-testresults@gcc.gnu.org mailing list for the GCC project.


Index Nav: [Date Index] [Subject Index] [Author Index] [Thread Index]
Message Nav: [Date Prev] [Date Next] [Thread Prev] [Thread Next]
Other format: [Raw text]

Results for 7.0.0 20161025 (experimental) (GCC) testsuite on x86_64-pc-linux-gnu


Native configuration is x86_64-pc-linux-gnu

		=== gcc tests ===


Running target unix//-m64
UNRESOLVED: gcc.dg/asan/pr78106.c   -O2 -flto -fuse-linker-plugin -fno-fat-lto-objects   scan-tree-dump-not sanopt "Optimizing out(\\n|\\r\\n|\\r)  ASAN_CHECK \\\\(7, variable.*"
FAIL: gcc.dg/tree-ssa/pr69270-3.c scan-tree-dump-times uncprop1 ", 1" 4
FAIL: gcc.dg/tree-ssa/slsr-8.c scan-tree-dump-times optimized " w?\\\\* " 7
FAIL: c-c++-common/ubsan/float-cast-overflow-1.c   -Os  output pattern test
FAIL: c-c++-common/ubsan/float-cast-overflow-10.c   -O2 -flto -fno-use-linker-plugin -flto-partition=none  output pattern test
FAIL: c-c++-common/ubsan/float-cast-overflow-10.c   -O2 -flto -fuse-linker-plugin -fno-fat-lto-objects  output pattern test
FAIL: c-c++-common/ubsan/float-cast-overflow-2.c   -O0  output pattern test
FAIL: c-c++-common/ubsan/float-cast-overflow-2.c   -O2  output pattern test
FAIL: c-c++-common/ubsan/float-cast-overflow-2.c   -O2 -flto -fno-use-linker-plugin -flto-partition=none  output pattern test
FAIL: c-c++-common/ubsan/float-cast-overflow-2.c   -O2 -flto -fuse-linker-plugin -fno-fat-lto-objects  output pattern test
FAIL: c-c++-common/ubsan/float-cast-overflow-2.c   -O3 -g  output pattern test
FAIL: c-c++-common/ubsan/overflow-mul-4.c   -O0  output pattern test
FAIL: c-c++-common/ubsan/overflow-mul-4.c   -O3 -g  output pattern test

		=== gcc Summary ===

# of expected passes		123304
# of unexpected failures	12
# of expected failures		334
# of unresolved testcases	1
# of unsupported tests		1984
/home/jenkins/workspace/GCCupstream/objdir/gcc/xgcc  version 7.0.0 20161025 (experimental) (GCC) 

		=== gfortran tests ===


Running target unix//-m64

		=== gfortran Summary ===

# of expected passes		43572
# of expected failures		66
# of unsupported tests		77
/home/jenkins/workspace/GCCupstream/objdir/gcc/testsuite/gfortran/../../gfortran  version 7.0.0 20161025 (experimental) (GCC) 

		=== g++ tests ===


Running target unix//-m64
XPASS: g++.dg/tls/thread_local-order2.C  -std=c++11 execution test
XPASS: g++.dg/tls/thread_local-order2.C  -std=c++14 execution test
FAIL: c-c++-common/ubsan/float-cast-overflow-10.c   -O2  output pattern test
FAIL: c-c++-common/ubsan/float-cast-overflow-10.c   -O2 -flto -fno-use-linker-plugin -flto-partition=none  output pattern test
FAIL: c-c++-common/ubsan/float-cast-overflow-10.c   -O2 -flto -fuse-linker-plugin -fno-fat-lto-objects  output pattern test
FAIL: c-c++-common/ubsan/float-cast-overflow-2.c   -O0  output pattern test
FAIL: c-c++-common/ubsan/float-cast-overflow-2.c   -O1  output pattern test
FAIL: c-c++-common/ubsan/float-cast-overflow-2.c   -O2  output pattern test
FAIL: c-c++-common/ubsan/float-cast-overflow-2.c   -O3 -g  output pattern test
FAIL: c-c++-common/ubsan/float-cast-overflow-2.c   -Os  output pattern test
FAIL: c-c++-common/ubsan/overflow-mul-4.c   -O2  output pattern test
FAIL: c-c++-common/ubsan/overflow-mul-4.c   -O3 -fomit-frame-pointer -funroll-loops -fpeel-loops -ftracer -finline-functions  output pattern test
FAIL: c-c++-common/ubsan/overflow-mul-4.c   -O3 -g  output pattern test

		=== g++ Summary ===

# of expected passes		110235
# of unexpected failures	11
# of unexpected successes	2
# of expected failures		333
# of unsupported tests		3966
/home/jenkins/workspace/GCCupstream/objdir/gcc/testsuite/g++/../../xg++  version 7.0.0 20161025 (experimental) (GCC) 

		=== objc tests ===


Running target unix//-m64

		=== objc Summary ===

# of expected passes		2797
# of expected failures		6
# of unsupported tests		68
/home/jenkins/workspace/GCCupstream/objdir/gcc/xgcc  version 7.0.0 20161025 (experimental) (GCC) 

		=== libatomic tests ===


Running target unix//-m64

		=== libatomic Summary ===

# of expected passes		54
		=== libgomp tests ===


Running target unix//-m64

		=== libgomp Summary ===

# of expected passes		5052
# of unsupported tests		319
		=== libitm tests ===


Running target unix//-m64

		=== libitm Summary ===

# of expected passes		42
# of expected failures		3
# of unsupported tests		1
		=== libstdc++ tests ===


Running target unix//-m64

		=== libstdc++ Summary ===

# of expected passes		10968
# of expected failures		65
# of unsupported tests		562

Compiler version: 7.0.0 20161025 (experimental) (GCC) 
Platform: x86_64-pc-linux-gnu
configure flags: --prefix=/home/jenkins/workspace/GCCupstream/objdir/install --disable-multilib


Index Nav: [Date Index] [Subject Index] [Author Index] [Thread Index]
Message Nav: [Date Prev] [Date Next] [Thread Prev] [Thread Next]