This is the mail archive of the gcc-testresults@gcc.gnu.org mailing list for the GCC project.


Index Nav: [Date Index] [Subject Index] [Author Index] [Thread Index]
Message Nav: [Date Prev] [Date Next] [Thread Prev] [Thread Next]
Other format: [Raw text]

Results for 7.0.0 20161023 (experimental) (GCC) testsuite on x86_64-apple-darwin13.4.0


Native configuration is x86_64-apple-darwin13.4.0

		=== g++ tests ===


Running target unix
FAIL: c-c++-common/cilk-plus/AN/builtin_fn_mutating.c  -O1 -fcilkplus (test for excess errors)
WARNING: Could not compile g++.dg/compat/struct-layout-1 generator
FAIL: g++.dg/concepts/intro2.C   (test for excess errors)
FAIL: g++.dg/cpp0x/nsdmi-union5.C  -std=c++14 (test for excess errors)
FAIL: g++.dg/ext/fnname3.C  -std=c++98 (test for excess errors)
FAIL: g++.dg/ext/label13.C  -std=gnu++11 (test for excess errors)
FAIL: g++.dg/ext/sync-4.C  -std=gnu++98 execution test
FAIL: g++.dg/ext/sync-4.C  -std=gnu++11 execution test
FAIL: g++.dg/ext/sync-4.C  -std=gnu++14 execution test
FAIL: g++.dg/ipa/pr67056.C   scan-ipa-dump cp "Speculative outer type:struct CompositeClass"
WARNING: program timed out
FAIL: g++.dg/template/expr1.C  -std=gnu++98 (test for excess errors)
FAIL: g++.dg/gcov/pr16855.C  -std=gnu++98  line 21: is #####:should be 1
FAIL: g++.dg/gcov/pr16855.C  -std=gnu++98  gcov: 1 failures in line counts, 0 in branch percentages, 0 in return percentages, 0 in intermediate format
FAIL: g++.dg/gcov/pr16855.C  -std=gnu++11  line 21: is #####:should be 1
FAIL: g++.dg/gcov/pr16855.C  -std=gnu++11  gcov: 1 failures in line counts, 0 in branch percentages, 0 in return percentages, 0 in intermediate format
FAIL: g++.dg/gcov/pr16855.C  -std=gnu++14  line 21: is #####:should be 1
FAIL: g++.dg/gcov/pr16855.C  -std=gnu++14  gcov: 1 failures in line counts, 0 in branch percentages, 0 in return percentages, 0 in intermediate format
FAIL: g++.dg/lto/pr65276 cp_lto_pr65276_0.o-cp_lto_pr65276_1.o link, -flto -O0 -std=c++11
UNRESOLVED: g++.dg/lto/pr65276 cp_lto_pr65276_0.o-cp_lto_pr65276_1.o execute -flto -O0 -std=c++11
FAIL: g++.dg/plugin/attribute_plugin.c compilation
FAIL: g++.dg/plugin/pragma_plugin.c compilation
FAIL: g++.dg/plugin/selfassign.c compilation
FAIL: g++.dg/plugin/dumb_plugin.c compilation
FAIL: g++.dg/plugin/header_plugin.c compilation
FAIL: g++.dg/plugin/decl_plugin.c compilation
FAIL: g++.dg/plugin/def_plugin.c compilation
FAIL: g++.dg/plugin/../../gcc.dg/plugin/diagnostic_plugin_test_tree_expression_range.c compilation
FAIL: g++.dg/tree-prof/partition1.C compilation,  -fprofile-use -D_PROFILE_USE
UNRESOLVED: g++.dg/tree-prof/partition1.C execution,    -fprofile-use -D_PROFILE_USE
FAIL: g++.dg/tree-prof/pr57451.C compilation,  -fprofile-use -D_PROFILE_USE
UNRESOLVED: g++.dg/tree-prof/pr57451.C execution,    -fprofile-use -D_PROFILE_USE

		=== g++ Summary ===

# of expected passes		106824
# of unexpected failures	27
# of expected failures		336
# of unresolved testcases	3
# of unsupported tests		4352
/Users/Peter/Devel/build-gcc/gcc/xg++  version 7.0.0 20161023 (experimental) (GCC) 

		=== gcc tests ===


Running target unix
FAIL: c-c++-common/asan/strncpy-overflow-1.c   -O0  execution test
WARNING: Could not compile gcc.dg/compat/struct-layout-1 generator
FAIL: gcc.dg/cpp/direct2s.c (test for excess errors)
FAIL: gcc.dg/debug/dwarf2/prod-options.c scan-assembler DW_AT_producer: "GNU C
FAIL: gcc.dg/pr77587.c (test for excess errors)
FAIL: gcc.dg/pr77587a.c (test for excess errors)
FAIL: gcc.dg/stack-layout-dynamic-1.c (test for excess errors)
UNRESOLVED: gcc.dg/stack-layout-dynamic-1.c scan-assembler-not cfi_def_cfa_register
FAIL: gcc.dg/uninit-19.c  (test for warnings, line 22)
FAIL: gcc.dg/uninit-19.c (test for excess errors)
FAIL: gcc.dg/graphite/scop-19.c scan-tree-dump-times graphite "number of SCoPs: 0" 1
FAIL: gcc.dg/ipa/pr77653.c scan-ipa-dump icf "Not unifying; address of original may be compared."
FAIL: gcc.dg/lto/pr61526 c_lto_pr61526_0.o-c_lto_pr61526_1.o link,  -fPIC -flto -flto-partition=1to1 
UNRESOLVED: gcc.dg/lto/pr61526 c_lto_pr61526_0.o-c_lto_pr61526_1.o execute  -fPIC -flto -flto-partition=1to1 
FAIL: gcc.dg/plugin/selfassign.c compilation
FAIL: gcc.dg/plugin/ggcplug.c compilation
FAIL: gcc.dg/plugin/one_time_plugin.c compilation
FAIL: gcc.dg/plugin/start_unit_plugin.c compilation
FAIL: gcc.dg/plugin/finish_unit_plugin.c compilation
FAIL: gcc.dg/plugin/wide-int_plugin.c compilation
FAIL: gcc.dg/plugin/diagnostic_plugin_test_show_locus.c compilation
FAIL: gcc.dg/plugin/diagnostic_plugin_test_tree_expression_range.c compilation
FAIL: gcc.dg/plugin/diagnostic_plugin_show_trees.c compilation
FAIL: gcc.dg/plugin/diagnostic_plugin_test_string_literals.c compilation
FAIL: gcc.dg/plugin/location_overflow_plugin.c compilation
FAIL: gcc.dg/plugin/must_tail_call_plugin.c compilation
FAIL: gcc.dg/torture/ftrapv-1.c   -O0  execution test
FAIL: gcc.dg/torture/ftrapv-1.c   -O1  execution test
FAIL: gcc.dg/torture/ftrapv-1.c   -O2  execution test
FAIL: gcc.dg/torture/ftrapv-1.c   -O3 -fomit-frame-pointer -funroll-loops -fpeel-loops -ftracer -finline-functions  execution test
FAIL: gcc.dg/torture/ftrapv-1.c   -O3 -g  execution test
FAIL: gcc.dg/torture/ftrapv-1.c   -Os  execution test
FAIL: gcc.dg/torture/ftrapv-1.c   -O2 -flto -flto-partition=none  execution test
FAIL: gcc.dg/torture/ftrapv-1.c   -O2 -flto  execution test
FAIL: gcc.dg/torture/ftrapv-2.c   -O0  execution test
FAIL: gcc.dg/torture/ftrapv-2.c   -O1  execution test
FAIL: gcc.dg/torture/ftrapv-2.c   -O2  execution test
FAIL: gcc.dg/torture/ftrapv-2.c   -O3 -fomit-frame-pointer -funroll-loops -fpeel-loops -ftracer -finline-functions  execution test
FAIL: gcc.dg/torture/ftrapv-2.c   -O3 -g  execution test
FAIL: gcc.dg/torture/ftrapv-2.c   -Os  execution test
FAIL: gcc.dg/torture/pr68264.c   -O0  execution test
FAIL: gcc.dg/torture/pr68264.c   -O1  execution test
FAIL: gcc.dg/torture/pr68264.c   -O2  execution test
FAIL: gcc.dg/torture/pr68264.c   -O3 -g  execution test
FAIL: gcc.dg/torture/pr68264.c   -Os  execution test
FAIL: gcc.dg/torture/pr68264.c   -O2 -flto -flto-partition=none  execution test
FAIL: gcc.dg/torture/pr68264.c   -O2 -flto  execution test
FAIL: gcc.dg/tree-prof/20041218-1.c compilation,  -fprofile-use -D_PROFILE_USE
UNRESOLVED: gcc.dg/tree-prof/20041218-1.c execution,    -fprofile-use -D_PROFILE_USE
FAIL: gcc.dg/tree-prof/crossmodule-indircall-1.c compilation,  -fprofile-use -D_PROFILE_USE
UNRESOLVED: gcc.dg/tree-prof/crossmodule-indircall-1.c execution,    -fprofile-use -D_PROFILE_USE
FAIL: gcc.dg/tree-prof/indir-call-prof.c compilation,  -fprofile-use -D_PROFILE_USE
UNRESOLVED: gcc.dg/tree-prof/indir-call-prof.c execution,    -fprofile-use -D_PROFILE_USE
FAIL: gcc.dg/tree-prof/pr34999.c compilation,  -fprofile-use -D_PROFILE_USE
UNRESOLVED: gcc.dg/tree-prof/pr34999.c execution,    -fprofile-use -D_PROFILE_USE
FAIL: gcc.dg/tree-prof/pr45354.c compilation,  -fprofile-use -D_PROFILE_USE
UNRESOLVED: gcc.dg/tree-prof/pr45354.c execution,    -fprofile-use -D_PROFILE_USE
FAIL: gcc.dg/tree-prof/pr49299-1.c compilation,  -fprofile-use -D_PROFILE_USE
UNRESOLVED: gcc.dg/tree-prof/pr49299-1.c execution,    -fprofile-use -D_PROFILE_USE
FAIL: gcc.dg/tree-prof/pr49299-2.c compilation,  -fprofile-use -D_PROFILE_USE
UNRESOLVED: gcc.dg/tree-prof/pr49299-2.c execution,    -fprofile-use -D_PROFILE_USE
FAIL: gcc.dg/tree-prof/pr50907.c compilation,  -fprofile-use -D_PROFILE_USE
UNRESOLVED: gcc.dg/tree-prof/pr50907.c execution,    -fprofile-use -D_PROFILE_USE
FAIL: gcc.dg/tree-prof/val-prof-7.c compilation,  -fprofile-use -D_PROFILE_USE
UNRESOLVED: gcc.dg/tree-prof/val-prof-7.c execution,    -fprofile-use -D_PROFILE_USE
FAIL: gcc.dg/tree-ssa/pr69270-3.c scan-tree-dump-times uncprop1 ", 1" 4
FAIL: gcc.dg/tree-ssa/slsr-8.c scan-tree-dump-times optimized " w?\\\\* " 7
FAIL: gcc.target/i386/iinline-attr-2.c scan-assembler p2align
FAIL: gcc.target/i386/memcpy-strategy-3.c scan-assembler-times memcpy 2
FAIL: gcc.target/i386/memset-strategy-1.c scan-assembler-times memset 2
FAIL: gcc.target/i386/pr24414.c (test for excess errors)
UNRESOLVED: gcc.target/i386/pr24414.c compilation failed to produce executable
FAIL: gcc.target/i386/pr32219-1.c scan-assembler movl[ \\t]xxx\\\\(%rip\\\\), %eax
FAIL: gcc.target/i386/pr32219-3.c scan-assembler movl[ \\t]xxx\\\\(%rip\\\\), %eax
FAIL: gcc.target/i386/pr32219-3.c scan-assembler-not xxx@GOTPCREL
FAIL: gcc.target/i386/pr32219-5.c scan-assembler movl[ \\t]xxx\\\\(%rip\\\\), %eax
FAIL: gcc.target/i386/pr32219-6.c scan-assembler xxx@GOTPCREL
FAIL: gcc.target/i386/pr32219-7.c scan-assembler movl[ \\t]xxx\\\\(%rip\\\\), %eax
FAIL: gcc.target/i386/pr32219-7.c scan-assembler-not xxx@GOTPCREL
FAIL: gcc.target/i386/pr39013-1.c scan-assembler foo@PLT
FAIL: gcc.target/i386/pr39013-1.c scan-assembler bar@PLT
FAIL: gcc.target/i386/pr39013-2.c scan-assembler foo@PLT
FAIL: gcc.target/i386/pr39013-2.c scan-assembler bar@PLT
FAIL: gcc.target/i386/pr49866.c (test for excess errors)
FAIL: gcc.target/i386/pr61599-1.c (test for excess errors)
UNRESOLVED: gcc.target/i386/pr61599-1.c compilation failed to produce executable
FAIL: gcc.target/i386/pr63538.c scan-assembler movabs

		=== gcc Summary ===

# of expected passes		113117
# of unexpected failures	73
# of expected failures		336
# of unresolved testcases	13
# of unsupported tests		4284
/Users/Peter/Devel/build-gcc/gcc/xgcc  version 7.0.0 20161023 (experimental) (GCC) 

		=== gfortran tests ===


Running target unix
WARNING: program timed out
FAIL: gfortran.dg/namelist_internal.f90   -O1  (test for excess errors)
FAIL: gfortran.dg/graphite/pr68279.f90   -O  (internal compiler error)
FAIL: gfortran.dg/graphite/pr68279.f90   -O  (test for excess errors)
FAIL: gfortran.dg/prof/dynamic_dispatch_6.f03 compilation,  -fprofile-use -D_PROFILE_USE
UNRESOLVED: gfortran.dg/prof/dynamic_dispatch_6.f03 execution,    -fprofile-use -D_PROFILE_USE

		=== gfortran Summary ===

# of expected passes		43573
# of unexpected failures	4
# of expected failures		76
# of unresolved testcases	1
# of unsupported tests		80
/Users/Peter/Devel/build-gcc/gcc/gfortran  version 7.0.0 20161023 (experimental) (GCC) 

		=== libatomic tests ===


Running target unix

		=== libatomic Summary ===

# of expected passes		54
		=== libgomp tests ===


Running target unix

		=== libgomp Summary ===

# of expected passes		4972
# of unsupported tests		382
		=== libitm tests ===


Running target unix

		=== libitm Summary ===

# of expected passes		40
# of expected failures		3
# of unsupported tests		2
		=== libstdc++ tests ===


Running target unix
FAIL: 23_containers/unordered_map/allocator/copy.cc (test for excess errors)
FAIL: 23_containers/unordered_map/allocator/minimal.cc (test for excess errors)
FAIL: 23_containers/unordered_map/allocator/move.cc (test for excess errors)
FAIL: 23_containers/unordered_map/debug/construct5_neg.cc (test for excess errors)
FAIL: 23_containers/unordered_map/debug/move_neg.cc (test for excess errors)
FAIL: 23_containers/unordered_map/dr761.cc (test for excess errors)
FAIL: 23_containers/unordered_map/modifiers/extract.cc (test for excess errors)
FAIL: 23_containers/unordered_map/modifiers/merge.cc (test for excess errors)
FAIL: 23_containers/unordered_map/operations/count.cc (test for excess errors)
FAIL: 23_containers/unordered_map/operators/1.cc (test for excess errors)
FAIL: 23_containers/unordered_map/requirements/exception/basic.cc (test for excess errors)
FAIL: 23_containers/unordered_map/requirements/exception/propagation_consistent.cc (test for excess errors)
FAIL: 23_containers/unordered_multimap/allocator/copy.cc (test for excess errors)
FAIL: 23_containers/unordered_multimap/allocator/minimal.cc (test for excess errors)
FAIL: 23_containers/unordered_multimap/allocator/move.cc (test for excess errors)
FAIL: 23_containers/unordered_multimap/debug/construct5_neg.cc (test for excess errors)
FAIL: 23_containers/unordered_multimap/debug/move_neg.cc (test for excess errors)
FAIL: 23_containers/unordered_multimap/modifiers/extract.cc (test for excess errors)
FAIL: 23_containers/unordered_multimap/modifiers/merge.cc (test for excess errors)
FAIL: 23_containers/unordered_multimap/operations/count.cc (test for excess errors)
FAIL: 23_containers/unordered_multimap/operators/1.cc (test for excess errors)
FAIL: 23_containers/unordered_multimap/requirements/exception/basic.cc (test for excess errors)
FAIL: 23_containers/unordered_multimap/requirements/exception/propagation_consistent.cc (test for excess errors)
FAIL: 23_containers/unordered_multiset/allocator/copy.cc (test for excess errors)
FAIL: 23_containers/unordered_multiset/allocator/minimal.cc (test for excess errors)
FAIL: 23_containers/unordered_multiset/allocator/move.cc (test for excess errors)
FAIL: 23_containers/unordered_multiset/cons/copy.cc (test for excess errors)
FAIL: 23_containers/unordered_multiset/debug/construct5_neg.cc (test for excess errors)
FAIL: 23_containers/unordered_multiset/debug/move_neg.cc (test for excess errors)
FAIL: 23_containers/unordered_multiset/modifiers/extract.cc (test for excess errors)
FAIL: 23_containers/unordered_multiset/modifiers/merge.cc (test for excess errors)
FAIL: 23_containers/unordered_multiset/operations/count.cc (test for excess errors)
FAIL: 23_containers/unordered_multiset/operators/1.cc (test for excess errors)
FAIL: 23_containers/unordered_multiset/requirements/exception/basic.cc (test for excess errors)
FAIL: 23_containers/unordered_multiset/requirements/exception/propagation_consistent.cc (test for excess errors)
FAIL: 23_containers/unordered_set/allocator/copy.cc (test for excess errors)
FAIL: 23_containers/unordered_set/allocator/ext_ptr.cc (test for excess errors)
FAIL: 23_containers/unordered_set/allocator/minimal.cc (test for excess errors)
FAIL: 23_containers/unordered_set/allocator/move.cc (test for excess errors)
FAIL: 23_containers/unordered_set/debug/construct5_neg.cc (test for excess errors)
FAIL: 23_containers/unordered_set/debug/move_neg.cc (test for excess errors)
FAIL: 23_containers/unordered_set/modifiers/extract.cc (test for excess errors)
FAIL: 23_containers/unordered_set/modifiers/merge.cc (test for excess errors)
FAIL: 23_containers/unordered_set/operations/count.cc (test for excess errors)
FAIL: 23_containers/unordered_set/operators/1.cc (test for excess errors)
FAIL: 23_containers/unordered_set/requirements/exception/basic.cc (test for excess errors)
FAIL: 23_containers/unordered_set/requirements/exception/propagation_consistent.cc (test for excess errors)
FAIL: 30_threads/async/42819.cc (test for excess errors)
FAIL: 30_threads/async/49668.cc (test for excess errors)
FAIL: 30_threads/async/54297.cc (test for excess errors)
FAIL: 30_threads/async/any.cc (test for excess errors)
FAIL: 30_threads/async/async.cc (test for excess errors)
FAIL: 30_threads/async/except.cc (test for excess errors)
FAIL: 30_threads/async/sync.cc (test for excess errors)
FAIL: experimental/filesystem/operations/canonical.cc execution test

		=== libstdc++ Summary ===

# of expected passes		10484
# of unexpected failures	55
# of expected failures		65
# of unsupported tests		672

Compiler version: 7.0.0 20161023 (experimental) (GCC) 
Platform: x86_64-apple-darwin13.4.0
configure flags: --enable-languages=c,c++,fortran,lto --with-gmp=/sw --with-libiconv-prefix=/sw --with-isl=/sw --with-mpc=/sw --with-system-zlib --program-suffix=-7


Index Nav: [Date Index] [Subject Index] [Author Index] [Thread Index]
Message Nav: [Date Prev] [Date Next] [Thread Prev] [Thread Next]