This is the mail archive of the gcc-testresults@gcc.gnu.org mailing list for the GCC project.


Index Nav: [Date Index] [Subject Index] [Author Index] [Thread Index]
Message Nav: [Date Prev] [Date Next] [Thread Prev] [Thread Next]
Other format: [Raw text]

Results for 7.0.0 20161021 (experimental) [trunk revision 241395] (GCC) testsuite on x86_64-pc-solaris2.11


LAST_UPDATED: Fri Oct 21 09:00:27  2016 (revision 241395)

Native configuration is x86_64-pc-solaris2.11

		=== boehm-gc tests ===


Running target unix/-m32

		=== boehm-gc Summary for unix/-m32 ===

# of expected passes		12
# of unsupported tests		1

Running target unix

		=== boehm-gc Summary for unix ===

# of expected passes		12
# of unsupported tests		1

		=== boehm-gc Summary ===

# of expected passes		24
# of unsupported tests		2
		=== libatomic tests ===


Running target unix/-m32

		=== libatomic Summary for unix/-m32 ===

# of expected passes		44
# of unsupported tests		5

Running target unix

		=== libatomic Summary for unix ===

# of expected passes		54

		=== libatomic Summary ===

# of expected passes		98
# of unsupported tests		5
		=== libffi tests ===


Running target unix/-m32

		=== libffi Summary for unix/-m32 ===

# of expected passes		2799

Running target unix

		=== libffi Summary for unix ===

# of expected passes		2214

		=== libffi Summary ===

# of expected passes		5013
		=== libgo tests ===


Running target unix
FAIL: net
FAIL: go/build

		=== libgo Summary for unix ===

# of expected passes		138
# of unexpected failures	2

Running target unix/-m32
FAIL: net
FAIL: go/build

		=== libgo Summary for unix/-m32 ===

# of expected passes		138
# of unexpected failures	2

		=== libgo Summary ===

# of expected passes		276
# of unexpected failures	4
/var/gcc/regression/trunk/11-gcc-gas-64/build/./gcc/gccgo version 7.0.0 20161021 (experimental) [trunk revision 241395] (GCC)

		=== libgomp tests ===


Running target unix/-m32

		=== libgomp Summary for unix/-m32 ===

# of expected passes		5068
# of unsupported tests		334

Running target unix

		=== libgomp Summary for unix ===

# of expected passes		5068
# of unsupported tests		334

		=== libgomp Summary ===

# of expected passes		10136
# of unsupported tests		668
		=== libitm tests ===


Running target unix/-m32

		=== libitm Summary for unix/-m32 ===

# of expected passes		42
# of expected failures		3
# of unsupported tests		1

Running target unix

		=== libitm Summary for unix ===

# of expected passes		42
# of expected failures		3
# of unsupported tests		1

		=== libitm Summary ===

# of expected passes		84
# of expected failures		6
# of unsupported tests		2
		=== libstdc++ tests ===


Running target unix
FAIL: 27_io/headers/cstdio/functions_neg.cc  (test for errors, line 24)

		=== libstdc++ Summary for unix ===

# of expected passes		10419
# of unexpected failures	1
# of expected failures		66
# of unsupported tests		701

Running target unix/-m32
FAIL: 27_io/headers/cstdio/functions_neg.cc  (test for errors, line 24)
FAIL: experimental/memory_resource/resource_adaptor.cc execution test

		=== libstdc++ Summary for unix/-m32 ===

# of expected passes		10426
# of unexpected failures	2
# of expected failures		66
# of unsupported tests		697

		=== libstdc++ Summary ===

# of expected passes		20845
# of unexpected failures	3
# of expected failures		132
# of unsupported tests		1398
		=== acats tests ===

		=== acats Summary ===
# of expected passes		2320
# of unexpected failures	0

		=== g++ tests ===


Running target unix
FAIL: g++.dg/cilk-plus/AN/array_test_ND_tplt.cc  -O3 -fcilkplus (test for excess errors)
WARNING: g++.dg/cilk-plus/AN/array_test_ND_tplt.cc  -O3 -fcilkplus compilation failed to produce executable
FAIL: g++.dg/cilk-plus/AN/array_test_ND_tplt.cc  -O3 -ftree-vectorize -fcilkplus -g (test for excess errors)
WARNING: g++.dg/cilk-plus/AN/array_test_ND_tplt.cc  -O3 -ftree-vectorize -fcilkplus -g compilation failed to produce executable
FAIL: g++.dg/cilk-plus/AN/array_test_ND_tplt.cc  -g -O3 -fcilkplus (test for excess errors)
WARNING: g++.dg/cilk-plus/AN/array_test_ND_tplt.cc  -g -O3 -fcilkplus compilation failed to produce executable
WARNING: program timed out.
WARNING: program timed out.
WARNING: program timed out.

		=== g++ Summary for unix ===

# of expected passes		102724
# of unexpected failures	3
# of expected failures		338
# of unsupported tests		3941

Running target unix/-m32
FAIL: g++.dg/opt/pr59470.C  -std=gnu++11 (test for excess errors)
WARNING: g++.dg/opt/pr59470.C  -std=gnu++11 compilation failed to produce executable
FAIL: g++.dg/opt/pr59470.C  -std=gnu++14 (test for excess errors)
WARNING: g++.dg/opt/pr59470.C  -std=gnu++14 compilation failed to produce executable
FAIL: g++.dg/opt/pr59470.C  -std=gnu++98 (test for excess errors)
WARNING: g++.dg/opt/pr59470.C  -std=gnu++98 compilation failed to produce executable

		=== g++ Summary for unix/-m32 ===

# of expected passes		101363
# of unexpected failures	3
# of expected failures		338
# of unsupported tests		3697

		=== g++ Summary ===

# of expected passes		204087
# of unexpected failures	6
# of expected failures		676
# of unsupported tests		7638
/var/gcc/regression/trunk/11-gcc-gas-64/build/gcc/testsuite/g++/../../xg++  version 7.0.0 20161021 (experimental) [trunk revision 241395] (GCC) 

		=== gcc tests ===


Running target unix
FAIL: gcc.dg/visibility-22.c execution test
FAIL: gcc.dg/tree-ssa/pr69270-3.c scan-tree-dump-times uncprop1 ", 1" 4
FAIL: gcc.dg/tree-ssa/slsr-8.c scan-tree-dump-times optimized " w?\\\\* " 7
FAIL: gcc.target/i386/bmi-4.c (test for excess errors)
FAIL: gcc.target/i386/bmi-5.c (test for excess errors)
FAIL: gcc.target/i386/bmi-6.c (test for excess errors)

		=== gcc Summary for unix ===

# of expected passes		114063
# of unexpected failures	6
# of expected failures		339
# of unsupported tests		1973

Running target unix/-m32
FAIL: gcc.dg/visibility-22.c execution test
FAIL: gcc.dg/graphite/scop-dsyr2k.c scan-tree-dump-times graphite "number of SCoPs: 1" 1
FAIL: gcc.dg/graphite/scop-dsyrk.c scan-tree-dump-times graphite "number of SCoPs: 1" 1
FAIL: gcc.dg/tree-ssa/pr69270-3.c scan-tree-dump-times uncprop1 ", 1" 4
FAIL: gcc.dg/tree-ssa/scev-5.c scan-tree-dump-times optimized "&a" 1
FAIL: gcc.dg/tree-ssa/slsr-8.c scan-tree-dump-times optimized " w?\\\\* " 7
FAIL: gcc.target/i386/bmi-4.c (test for excess errors)
FAIL: gcc.target/i386/bmi-6.c (test for excess errors)

		=== gcc Summary for unix/-m32 ===

# of expected passes		112561
# of unexpected failures	8
# of expected failures		343
# of unsupported tests		1960

		=== gcc Summary ===

# of expected passes		226624
# of unexpected failures	14
# of expected failures		682
# of unsupported tests		3933
/var/gcc/regression/trunk/11-gcc-gas-64/build/gcc/xgcc  version 7.0.0 20161021 (experimental) [trunk revision 241395] (GCC) 

		=== gfortran tests ===


Running target unix
FAIL: gfortran.dg/coarray/event_1.f90 -fcoarray=lib  -O2  -lcaf_single -latomic execution test
FAIL: gfortran.dg/graphite/pr68279.f90   -O  (internal compiler error)
FAIL: gfortran.dg/graphite/pr68279.f90   -O  (test for excess errors)

		=== gfortran Summary for unix ===

# of expected passes		43477
# of unexpected failures	3
# of expected failures		76
# of unsupported tests		79

Running target unix/-m32
FAIL: gfortran.dg/coarray/event_1.f90 -fcoarray=lib  -O2  -lcaf_single -latomic execution test
FAIL: gfortran.dg/coarray/event_2.f90 -fcoarray=lib  -O2  -lcaf_single -latomic execution test
FAIL: gfortran.dg/vect/fast-math-mgrid-resid.f   -O   scan-tree-dump-times pcom "Executing predictive commoning without unrolling" 2

		=== gfortran Summary for unix/-m32 ===

# of expected passes		43259
# of unexpected failures	3
# of expected failures		76
# of unsupported tests		182

		=== gfortran Summary ===

# of expected passes		86736
# of unexpected failures	6
# of expected failures		152
# of unsupported tests		261
/var/gcc/regression/trunk/11-gcc-gas-64/build/gcc/testsuite/gfortran/../../gfortran  version 7.0.0 20161021 (experimental) [trunk revision 241395] (GCC) 

		=== gnat tests ===


Running target unix
FAIL: gnat.dg/vect3.adb scan-tree-dump-times vect "vectorized 1 loops" 15
FAIL: gnat.dg/vect6.adb scan-tree-dump-times vect "vectorized 1 loops" 15

		=== gnat Summary for unix ===

# of expected passes		2537
# of unexpected failures	2
# of expected failures		24
# of unsupported tests		7

Running target unix/-m32
FAIL: gnat.dg/vect3.adb scan-tree-dump-times vect "vectorized 1 loops" 15
FAIL: gnat.dg/vect6.adb scan-tree-dump-times vect "vectorized 1 loops" 15

		=== gnat Summary for unix/-m32 ===

# of expected passes		2537
# of unexpected failures	2
# of expected failures		24
# of unsupported tests		7

		=== gnat Summary ===

# of expected passes		5074
# of unexpected failures	4
# of expected failures		48
# of unsupported tests		14
/var/gcc/regression/trunk/11-gcc-gas-64/build/gcc/gnatmake version 7.0.0 20161021 (experimental) [trunk revision 241395]

		=== go tests ===


Running target unix

		=== go Summary for unix ===

# of expected passes		7247
# of expected failures		1
# of untested testcases		10
# of unsupported tests		1

Running target unix/-m32
FAIL: go.test/test/fixedbugs/bug114.go compilation,  -O2 -g 
FAIL: go.test/test/printbig.go -O (test for excess errors)
FAIL: go.test/test/printbig.go execution

		=== go Summary for unix/-m32 ===

# of expected passes		7361
# of unexpected failures	3
# of expected failures		1
# of untested testcases		12
# of unsupported tests		2

		=== go Summary ===

# of expected passes		14608
# of unexpected failures	3
# of expected failures		2
# of untested testcases		22
# of unsupported tests		3
		=== obj-c++ tests ===


Running target unix/-m32

		=== obj-c++ Summary for unix/-m32 ===

# of expected passes		1458
# of expected failures		2
# of unsupported tests		77

Running target unix

		=== obj-c++ Summary for unix ===

# of expected passes		1450
# of expected failures		10
# of unsupported tests		77

		=== obj-c++ Summary ===

# of expected passes		2908
# of expected failures		12
# of unsupported tests		154
/var/gcc/regression/trunk/11-gcc-gas-64/build/gcc/testsuite/obj-c++/../../xg++  version 7.0.0 20161021 (experimental) [trunk revision 241395] (GCC) 

		=== objc tests ===


Running target unix

		=== objc Summary for unix ===

# of expected passes		2797
# of expected failures		6
# of unsupported tests		68

Running target unix/-m32

		=== objc Summary for unix/-m32 ===

# of expected passes		2797
# of expected failures		6
# of unsupported tests		68

		=== objc Summary ===

# of expected passes		5594
# of expected failures		12
# of unsupported tests		136
/var/gcc/regression/trunk/11-gcc-gas-64/build/gcc/xgcc  version 7.0.0 20161021 (experimental) [trunk revision 241395] (GCC) 


Compiler version: 7.0.0 20161021 (experimental) [trunk revision 241395] (GCC) 
Platform: x86_64-pc-solaris2.11
configure flags: --prefix=/vol/gcc --target=amd64-pc-solaris2.11 --enable-objc-gc --enable-libmudflap --with-as=/vol/gcc/bin/amd64/gas-2.27 --with-gnu-as --with-gmp-include=/vol/gcc/include --with-gmp-lib=/vol/gcc/lib/amd64 --with-mpfr-include=/vol/gcc/include --with-mpfr-lib=/vol/gcc/lib/amd64 --with-mpc-include=/vol/gcc/include --with-mpc-lib=/vol/gcc/lib/amd64 --enable-languages=all,ada,obj-c++,go --with-isl-include=/vol/gcc/include --with-isl-lib=/vol/gcc/lib/amd64 --build=amd64-pc-solaris2.11 --host=amd64-pc-solaris2.11
BOOT_CFLAGS=-g -O2


Index Nav: [Date Index] [Subject Index] [Author Index] [Thread Index]
Message Nav: [Date Prev] [Date Next] [Thread Prev] [Thread Next]