This is the mail archive of the gcc-testresults@gcc.gnu.org mailing list for the GCC project.


Index Nav: [Date Index] [Subject Index] [Author Index] [Thread Index]
Message Nav: [Date Prev] [Date Next] [Thread Prev] [Thread Next]
Other format: [Raw text]

Results for 6.2.1 20161021 [gcc-6-branch revision 241390] (GCC) testsuite on sparc-sun-solaris2.12


LAST_UPDATED: Fri Oct 21 09:03:03  2016 (revision 241390)

		=== acats tests ===

		=== acats Summary ===
# of expected passes		2320
# of unexpected failures	0
Native configuration is sparc-sun-solaris2.12

		=== g++ tests ===


Running target unix

		=== g++ Summary for unix ===

# of expected passes		92990
# of expected failures		314
# of unsupported tests		3952

Running target unix/-m64

		=== g++ Summary for unix/-m64 ===

# of expected passes		94862
# of expected failures		314
# of unsupported tests		3929

		=== g++ Summary ===

# of expected passes		187852
# of expected failures		628
# of unsupported tests		7881
/var/gcc/regression/gcc-6-branch/12-gcc/build/gcc/testsuite/g++/../../xg++  version 6.2.1 20161021 [gcc-6-branch revision 241390] (GCC) 

		=== gcc tests ===


Running target unix
FAIL: gcc.dg/simulate-thread/atomic-other-int.c   -O2 -g  thread simulation test
FAIL: gcc.dg/simulate-thread/atomic-other-int.c   -O3 -g  thread simulation test
FAIL: gcc.dg/simulate-thread/speculative-store-4.c   -O0 -g  thread simulation test
FAIL: gcc.dg/simulate-thread/speculative-store-4.c   -O2 -g  thread simulation test
FAIL: gcc.dg/simulate-thread/speculative-store-4.c   -O3 -g  thread simulation test
FAIL: gcc.dg/simulate-thread/speculative-store.c   -O0 -g  thread simulation test
FAIL: gcc.dg/vect/pr71264.c -flto -ffat-lto-objects  scan-tree-dump vect "vectorized 1 loops in function"
FAIL: gcc.dg/vect/pr71264.c scan-tree-dump vect "vectorized 1 loops in function"

		=== gcc Summary for unix ===

# of expected passes		88512
# of unexpected failures	8
# of expected failures		344
# of unsupported tests		2135

Running target unix/-m64
FAIL: gcc.dg/vect/pr71264.c -flto -ffat-lto-objects  scan-tree-dump vect "vectorized 1 loops in function"
FAIL: gcc.dg/vect/pr71264.c scan-tree-dump vect "vectorized 1 loops in function"

		=== gcc Summary for unix/-m64 ===

# of expected passes		89445
# of unexpected failures	2
# of expected failures		332
# of unsupported tests		1991

		=== gcc Summary ===

# of expected passes		177957
# of unexpected failures	10
# of expected failures		676
# of unsupported tests		4126
/var/gcc/regression/gcc-6-branch/12-gcc/build/gcc/xgcc  version 6.2.1 20161021 [gcc-6-branch revision 241390] (GCC) 

		=== gfortran tests ===


Running target unix
FAIL: gfortran.dg/coarray/event_1.f90 -fcoarray=lib  -O2  -lcaf_single -latomic execution test
FAIL: gfortran.dg/coarray/event_2.f90 -fcoarray=lib  -O2  -lcaf_single -latomic execution test

		=== gfortran Summary for unix ===

# of expected passes		42415
# of unexpected failures	2
# of expected failures		78
# of unsupported tests		229

Running target unix/-m64
FAIL: gfortran.dg/coarray/event_1.f90 -fcoarray=lib  -O2  -lcaf_single -latomic execution test
FAIL: gfortran.dg/coarray/event_2.f90 -fcoarray=lib  -O2  -lcaf_single -latomic execution test

		=== gfortran Summary for unix/-m64 ===

# of expected passes		42662
# of unexpected failures	2
# of expected failures		78
# of unsupported tests		108

		=== gfortran Summary ===

# of expected passes		85077
# of unexpected failures	4
# of expected failures		156
# of unsupported tests		337
/var/gcc/regression/gcc-6-branch/12-gcc/build/gcc/testsuite/gfortran/../../gfortran  version 6.2.1 20161021 [gcc-6-branch revision 241390] (GCC) 

		=== gnat tests ===


Running target unix

		=== gnat Summary for unix ===

# of expected passes		2477
# of expected failures		22
# of unsupported tests		21

Running target unix/-m64

		=== gnat Summary for unix/-m64 ===

# of expected passes		2477
# of expected failures		22
# of unsupported tests		21

		=== gnat Summary ===

# of expected passes		4954
# of expected failures		44
# of unsupported tests		42
/var/gcc/regression/gcc-6-branch/12-gcc/build/gcc/gnatmake version 6.2.1 20161021 [gcc-6-branch revision 241390]

		=== go tests ===


Running target unix
FAIL: go.test/test/fixedbugs/issue4562.go execution,  -O2 -g 
FAIL: go.test/test/nil.go execution,  -O2 -g 

		=== go Summary for unix ===

# of expected passes		7361
# of unexpected failures	2
# of expected failures		1
# of untested testcases		11
# of unsupported tests		3

Running target unix/-m64
FAIL: go.test/test/fixedbugs/issue4562.go execution,  -O2 -g 
FAIL: go.test/test/nil.go execution,  -O2 -g 

		=== go Summary for unix/-m64 ===

# of expected passes		7241
# of unexpected failures	2
# of expected failures		1
# of untested testcases		11
# of unsupported tests		3

		=== go Summary ===

# of expected passes		14602
# of unexpected failures	4
# of expected failures		2
# of untested testcases		22
# of unsupported tests		6
		=== obj-c++ tests ===


Running target unix

		=== obj-c++ Summary for unix ===

# of expected passes		1454
# of expected failures		2
# of unsupported tests		77

Running target unix/-m64

		=== obj-c++ Summary for unix/-m64 ===

# of expected passes		1446
# of expected failures		10
# of unsupported tests		77

		=== obj-c++ Summary ===

# of expected passes		2900
# of expected failures		12
# of unsupported tests		154
/var/gcc/regression/gcc-6-branch/12-gcc/build/gcc/testsuite/obj-c++/../../xg++  version 6.2.1 20161021 [gcc-6-branch revision 241390] (GCC) 

		=== objc tests ===


Running target unix

		=== objc Summary for unix ===

# of expected passes		2789
# of unsupported tests		68

Running target unix/-m64

		=== objc Summary for unix/-m64 ===

# of expected passes		2789
# of unsupported tests		68

		=== objc Summary ===

# of expected passes		5578
# of unsupported tests		136
/var/gcc/regression/gcc-6-branch/12-gcc/build/gcc/xgcc  version 6.2.1 20161021 [gcc-6-branch revision 241390] (GCC) 

		=== boehm-gc tests ===


Running target unix

		=== boehm-gc Summary for unix ===

# of expected passes		12
# of unsupported tests		1

Running target unix/-m64

		=== boehm-gc Summary for unix/-m64 ===

# of expected passes		12
# of unsupported tests		1

		=== boehm-gc Summary ===

# of expected passes		24
# of unsupported tests		2
		=== libatomic tests ===


Running target unix

		=== libatomic Summary for unix ===

# of expected passes		44
# of unsupported tests		5

Running target unix/-m64

		=== libatomic Summary for unix/-m64 ===

# of expected passes		54

		=== libatomic Summary ===

# of expected passes		98
# of unsupported tests		5
		=== libffi tests ===


Running target unix

		=== libffi Summary for unix ===

# of expected passes		2214

Running target unix/-m64

		=== libffi Summary for unix/-m64 ===

# of expected passes		2214

		=== libffi Summary ===

# of expected passes		4428
		=== libgo tests ===


Running target unix
FAIL: reflect
FAIL: go/build
FAIL: log/syslog

		=== libgo Summary for unix ===

# of expected passes		131
# of unexpected failures	3

Running target unix/-m64
FAIL: net
FAIL: go/build

		=== libgo Summary for unix/-m64 ===

# of expected passes		132
# of unexpected failures	2

		=== libgo Summary ===

# of expected passes		263
# of unexpected failures	5
/var/gcc/regression/gcc-6-branch/12-gcc/build/./gcc/gccgo version 6.2.1 20161021 [gcc-6-branch revision 241390] (GCC)

		=== libgomp tests ===


Running target unix

		=== libgomp Summary for unix ===

# of expected passes		5050
# of unsupported tests		322

Running target unix/-m64

		=== libgomp Summary for unix/-m64 ===

# of expected passes		5050
# of unsupported tests		322

		=== libgomp Summary ===

# of expected passes		10100
# of unsupported tests		644
		=== libitm tests ===


Running target unix

		=== libitm Summary for unix ===

# of expected passes		42
# of expected failures		3
# of unsupported tests		1

Running target unix/-m64

		=== libitm Summary for unix/-m64 ===

# of expected passes		42
# of expected failures		3
# of unsupported tests		1

		=== libitm Summary ===

# of expected passes		84
# of expected failures		6
# of unsupported tests		2
		=== libjava tests ===


Running target unix

		=== libjava Summary for unix ===

# of expected passes		2582
# of expected failures		4

Running target unix/-m64

		=== libjava Summary for unix/-m64 ===

# of expected passes		2582
# of expected failures		4

		=== libjava Summary ===

# of expected passes		5164
# of expected failures		8
		=== libstdc++ tests ===


Running target unix
FAIL: experimental/filesystem/operations/copy.cc execution test
FAIL: experimental/filesystem/operations/copy_file.cc execution test

		=== libstdc++ Summary for unix ===

# of expected passes		9893
# of unexpected failures	2
# of expected failures		67
# of unsupported tests		698

Running target unix/-m64
FAIL: experimental/filesystem/operations/copy.cc execution test
FAIL: experimental/filesystem/operations/copy_file.cc execution test

		=== libstdc++ Summary for unix/-m64 ===

# of expected passes		9893
# of unexpected failures	2
# of expected failures		67
# of unsupported tests		698

		=== libstdc++ Summary ===

# of expected passes		19786
# of unexpected failures	4
# of expected failures		134
# of unsupported tests		1396

Compiler version: 6.2.1 20161021 [gcc-6-branch revision 241390] (GCC) 
Platform: sparc-sun-solaris2.12
configure flags: --prefix=/vol/gcc --target=sparc-sun-solaris2.12 --enable-objc-gc --with-as=/usr/ccs/bin/as --without-gnu-as --with-gmp-include=/vol/gcc/include --with-gmp-lib=/vol/gcc/lib --with-mpfr-include=/vol/gcc/include --with-mpfr-lib=/vol/gcc/lib --with-mpc-include=/vol/gcc/include --with-mpc-lib=/vol/gcc/lib --enable-languages=all,ada,obj-c++,go --with-isl-include=/vol/gcc/include --with-isl-lib=/vol/gcc/lib
BOOT_CFLAGS=-g -O2


Index Nav: [Date Index] [Subject Index] [Author Index] [Thread Index]
Message Nav: [Date Prev] [Date Next] [Thread Prev] [Thread Next]