This is the mail archive of the gcc-testresults@gcc.gnu.org mailing list for the GCC project.


Index Nav: [Date Index] [Subject Index] [Author Index] [Thread Index]
Message Nav: [Date Prev] [Date Next] [Thread Prev] [Thread Next]
Other format: [Raw text]

Results for 7.0.0 20161019 (experimental) [trunk revision 241340] (Debian 20161019-1) testsuite on aarch64-unknown-linux-gnu


LAST_UPDATED: Wed Oct 19 12:21:55 UTC 2016 (revision 241340)

Native configuration is aarch64-unknown-linux-gnu

		=== libatomic tests ===


Running target unix

		=== libatomic Summary ===

# of expected passes		54
		=== libffi tests ===


Running target unix

		=== libffi Summary ===

# of expected passes		2214
		=== libgo tests ===


Running target unix
FAIL: time

		=== libgo Summary ===

# of expected passes		139
# of unexpected failures	1
/build/gcc-snapshot-35nbyu/gcc-snapshot-20161019/build/./gcc/gccgo version 7.0.0 20161019 (experimental) [trunk revision 241340] (Debian 20161019-1)

		=== libgomp tests ===


Running target unix

		=== libgomp Summary ===

# of expected passes		4976
# of unsupported tests		380
		=== libitm tests ===


Running target unix

		=== libitm Summary ===

# of expected passes		42
# of expected failures		3
# of unsupported tests		1
		=== libstdc++ tests ===


Running target unix
FAIL: 22_locale/time_get/get_date/wchar_t/4.cc execution test

		=== libstdc++ Summary ===

# of expected passes		11607
# of unexpected failures	1
# of expected failures		65
# of unsupported tests		292
Target: aarch64-linux-gnu
gcc version 7.0.0 20161019 (experimental) [trunk revision 241340] (Debian 20161019-1) 

		=== acats tests ===

		=== acats Summary ===
# of expected passes		2320
# of unexpected failures	0

		=== g++ tests ===


Running target unix
FAIL: g++.dg/cpp1z/aligned-new7.C   (test for excess errors)
FAIL: g++.dg/other/anon5.C  -std=gnu++11 (test for excess errors)
FAIL: g++.dg/other/anon5.C  -std=gnu++14 (test for excess errors)
FAIL: g++.dg/other/anon5.C  -std=gnu++98 (test for excess errors)
FAIL: g++.dg/guality/pr55665.C   -O2  line 23 p == 40
FAIL: g++.dg/guality/pr55665.C   -O3 -g  line 23 p == 40
FAIL: g++.dg/simulate-thread/atomics-2.C   -O3 -g -std=c++11  thread simulation test
FAIL: g++.dg/simulate-thread/atomics-2.C   -Os -g  thread simulation test
XPASS: g++.dg/tls/thread_local-order2.C  -std=c++11 execution test
XPASS: g++.dg/tls/thread_local-order2.C  -std=c++14 execution test

		=== g++ Summary ===

# of expected passes		103258
# of unexpected failures	8
# of unexpected successes	2
# of expected failures		327
# of unsupported tests		4396
/build/gcc-snapshot-35nbyu/gcc-snapshot-20161019/build/gcc/xg++  version 7.0.0 20161019 (experimental) [trunk revision 241340] (Debian 20161019-1) 

		=== gcc tests ===


Running target unix
FAIL: gcc.dg/uninit-19.c  (test for warnings, line 22)
FAIL: gcc.dg/uninit-19.c (test for excess errors)
FAIL: gcc.dg/graphite/pr35356-1.c scan-tree-dump graphite "if \\\\(P_8 >= P_9 \\\\+ 1 && P_9 >= 0\\\\) \\\\{"
FAIL: gcc.dg/graphite/scop-19.c scan-tree-dump-times graphite "number of SCoPs: 0" 1
XPASS: gcc.dg/guality/example.c   -O0  execution test
XPASS: gcc.dg/guality/example.c   -O1  execution test
XPASS: gcc.dg/guality/example.c   -O2  execution test
XPASS: gcc.dg/guality/example.c   -O2 -flto -fno-use-linker-plugin -flto-partition=none  execution test
XPASS: gcc.dg/guality/guality.c   -O0  execution test
XPASS: gcc.dg/guality/guality.c   -O1  execution test
XPASS: gcc.dg/guality/guality.c   -O2  execution test
XPASS: gcc.dg/guality/guality.c   -O2 -flto -fno-use-linker-plugin -flto-partition=none  execution test
XPASS: gcc.dg/guality/guality.c   -O2 -flto -fuse-linker-plugin -fno-fat-lto-objects  execution test
XPASS: gcc.dg/guality/guality.c   -O3 -g  execution test
XPASS: gcc.dg/guality/guality.c   -Os  execution test
XPASS: gcc.dg/guality/inline-params.c   -O2  execution test
XPASS: gcc.dg/guality/inline-params.c   -O2 -flto -fno-use-linker-plugin -flto-partition=none  execution test
XPASS: gcc.dg/guality/inline-params.c   -O3 -g  execution test
XPASS: gcc.dg/guality/inline-params.c   -Os  execution test
FAIL: gcc.dg/guality/nrv-1.c   -O2 -flto -fuse-linker-plugin -fno-fat-lto-objects  line 20 a2.i[0] == 42
FAIL: gcc.dg/guality/pr36728-1.c   -O1  line 16 arg1 == 1
FAIL: gcc.dg/guality/pr36728-1.c   -O1  line 16 arg2 == 2
FAIL: gcc.dg/guality/pr36728-1.c   -O1  line 16 arg7 == 30
FAIL: gcc.dg/guality/pr36728-1.c   -O1  line 18 arg1 == 1
FAIL: gcc.dg/guality/pr36728-1.c   -O1  line 18 arg2 == 2
FAIL: gcc.dg/guality/pr36728-1.c   -O1  line 18 arg4 == 4
FAIL: gcc.dg/guality/pr36728-1.c   -O1  line 18 arg7 == 30
FAIL: gcc.dg/guality/pr36728-1.c   -O2  line 16 arg1 == 1
FAIL: gcc.dg/guality/pr36728-1.c   -O2  line 16 arg4 == 4
FAIL: gcc.dg/guality/pr36728-1.c   -O2  line 16 arg5 == 5
FAIL: gcc.dg/guality/pr36728-1.c   -O2  line 16 arg7 == 30
FAIL: gcc.dg/guality/pr36728-1.c   -O2  line 16 y == 2
FAIL: gcc.dg/guality/pr36728-1.c   -O2  line 18 *x == (char) 25
FAIL: gcc.dg/guality/pr36728-1.c   -O2  line 18 arg1 == 1
FAIL: gcc.dg/guality/pr36728-1.c   -O2  line 18 arg2 == 2
FAIL: gcc.dg/guality/pr36728-1.c   -O2  line 18 arg4 == 4
FAIL: gcc.dg/guality/pr36728-1.c   -O2  line 18 arg5 == 5
FAIL: gcc.dg/guality/pr36728-1.c   -O2  line 18 arg7 == 30
FAIL: gcc.dg/guality/pr36728-1.c   -O2 -flto -fno-use-linker-plugin -flto-partition=none  line 16 arg1 == 1
FAIL: gcc.dg/guality/pr36728-1.c   -O2 -flto -fno-use-linker-plugin -flto-partition=none  line 16 arg4 == 4
FAIL: gcc.dg/guality/pr36728-1.c   -O2 -flto -fno-use-linker-plugin -flto-partition=none  line 16 arg5 == 5
FAIL: gcc.dg/guality/pr36728-1.c   -O2 -flto -fno-use-linker-plugin -flto-partition=none  line 16 arg7 == 30
FAIL: gcc.dg/guality/pr36728-1.c   -O2 -flto -fno-use-linker-plugin -flto-partition=none  line 16 y == 2
FAIL: gcc.dg/guality/pr36728-1.c   -O2 -flto -fno-use-linker-plugin -flto-partition=none  line 18 *x == (char) 25
FAIL: gcc.dg/guality/pr36728-1.c   -O2 -flto -fno-use-linker-plugin -flto-partition=none  line 18 arg1 == 1
FAIL: gcc.dg/guality/pr36728-1.c   -O2 -flto -fno-use-linker-plugin -flto-partition=none  line 18 arg2 == 2
FAIL: gcc.dg/guality/pr36728-1.c   -O2 -flto -fno-use-linker-plugin -flto-partition=none  line 18 arg4 == 4
FAIL: gcc.dg/guality/pr36728-1.c   -O2 -flto -fno-use-linker-plugin -flto-partition=none  line 18 arg5 == 5
FAIL: gcc.dg/guality/pr36728-1.c   -O2 -flto -fno-use-linker-plugin -flto-partition=none  line 18 arg7 == 30
FAIL: gcc.dg/guality/pr36728-1.c   -O2 -flto -fuse-linker-plugin -fno-fat-lto-objects  line 16 arg1 == 1
FAIL: gcc.dg/guality/pr36728-1.c   -O2 -flto -fuse-linker-plugin -fno-fat-lto-objects  line 16 arg2 == 2
FAIL: gcc.dg/guality/pr36728-1.c   -O2 -flto -fuse-linker-plugin -fno-fat-lto-objects  line 16 arg3 == 3
FAIL: gcc.dg/guality/pr36728-1.c   -O2 -flto -fuse-linker-plugin -fno-fat-lto-objects  line 16 arg4 == 4
FAIL: gcc.dg/guality/pr36728-1.c   -O2 -flto -fuse-linker-plugin -fno-fat-lto-objects  line 16 arg5 == 5
FAIL: gcc.dg/guality/pr36728-1.c   -O2 -flto -fuse-linker-plugin -fno-fat-lto-objects  line 16 arg6 == 6
FAIL: gcc.dg/guality/pr36728-1.c   -O2 -flto -fuse-linker-plugin -fno-fat-lto-objects  line 16 arg7 == 30
FAIL: gcc.dg/guality/pr36728-1.c   -O2 -flto -fuse-linker-plugin -fno-fat-lto-objects  line 16 y == 2
FAIL: gcc.dg/guality/pr36728-1.c   -O2 -flto -fuse-linker-plugin -fno-fat-lto-objects  line 18 arg1 == 1
FAIL: gcc.dg/guality/pr36728-1.c   -O2 -flto -fuse-linker-plugin -fno-fat-lto-objects  line 18 arg2 == 2
FAIL: gcc.dg/guality/pr36728-1.c   -O2 -flto -fuse-linker-plugin -fno-fat-lto-objects  line 18 arg3 == 3
FAIL: gcc.dg/guality/pr36728-1.c   -O2 -flto -fuse-linker-plugin -fno-fat-lto-objects  line 18 arg4 == 4
FAIL: gcc.dg/guality/pr36728-1.c   -O2 -flto -fuse-linker-plugin -fno-fat-lto-objects  line 18 arg5 == 5
FAIL: gcc.dg/guality/pr36728-1.c   -O2 -flto -fuse-linker-plugin -fno-fat-lto-objects  line 18 arg6 == 6
FAIL: gcc.dg/guality/pr36728-1.c   -O2 -flto -fuse-linker-plugin -fno-fat-lto-objects  line 18 arg7 == 30
FAIL: gcc.dg/guality/pr36728-1.c   -O3 -g  line 16 arg1 == 1
FAIL: gcc.dg/guality/pr36728-1.c   -O3 -g  line 16 arg2 == 2
FAIL: gcc.dg/guality/pr36728-1.c   -O3 -g  line 16 arg3 == 3
FAIL: gcc.dg/guality/pr36728-1.c   -O3 -g  line 16 arg4 == 4
FAIL: gcc.dg/guality/pr36728-1.c   -O3 -g  line 16 arg5 == 5
FAIL: gcc.dg/guality/pr36728-1.c   -O3 -g  line 16 arg6 == 6
FAIL: gcc.dg/guality/pr36728-1.c   -O3 -g  line 16 arg7 == 30
FAIL: gcc.dg/guality/pr36728-1.c   -O3 -g  line 16 y == 2
FAIL: gcc.dg/guality/pr36728-1.c   -O3 -g  line 18 *x == (char) 25
FAIL: gcc.dg/guality/pr36728-1.c   -O3 -g  line 18 arg1 == 1
FAIL: gcc.dg/guality/pr36728-1.c   -O3 -g  line 18 arg2 == 2
FAIL: gcc.dg/guality/pr36728-1.c   -O3 -g  line 18 arg3 == 3
FAIL: gcc.dg/guality/pr36728-1.c   -O3 -g  line 18 arg4 == 4
FAIL: gcc.dg/guality/pr36728-1.c   -O3 -g  line 18 arg5 == 5
FAIL: gcc.dg/guality/pr36728-1.c   -O3 -g  line 18 arg6 == 6
FAIL: gcc.dg/guality/pr36728-1.c   -O3 -g  line 18 arg7 == 30
FAIL: gcc.dg/guality/pr36728-1.c   -Os  line 16 arg1 == 1
FAIL: gcc.dg/guality/pr36728-1.c   -Os  line 16 arg2 == 2
FAIL: gcc.dg/guality/pr36728-1.c   -Os  line 16 arg4 == 4
FAIL: gcc.dg/guality/pr36728-1.c   -Os  line 16 arg7 == 30
FAIL: gcc.dg/guality/pr36728-1.c   -Os  line 18 arg1 == 1
FAIL: gcc.dg/guality/pr36728-1.c   -Os  line 18 arg2 == 2
FAIL: gcc.dg/guality/pr36728-1.c   -Os  line 18 arg4 == 4
FAIL: gcc.dg/guality/pr36728-1.c   -Os  line 18 arg7 == 30
FAIL: gcc.dg/guality/pr36728-2.c   -O1  line 16 arg1 == 1
FAIL: gcc.dg/guality/pr36728-2.c   -O1  line 16 arg2 == 2
FAIL: gcc.dg/guality/pr36728-2.c   -O1  line 18 arg1 == 1
FAIL: gcc.dg/guality/pr36728-2.c   -O1  line 18 arg2 == 2
FAIL: gcc.dg/guality/pr36728-2.c   -O1  line 18 arg3 == 3
FAIL: gcc.dg/guality/pr36728-2.c   -O2  line 16 arg1 == 1
FAIL: gcc.dg/guality/pr36728-2.c   -O2  line 16 arg4 == 4
FAIL: gcc.dg/guality/pr36728-2.c   -O2  line 16 arg5 == 5
FAIL: gcc.dg/guality/pr36728-2.c   -O2  line 16 y == 2
FAIL: gcc.dg/guality/pr36728-2.c   -O2  line 18 arg1 == 1
FAIL: gcc.dg/guality/pr36728-2.c   -O2  line 18 arg2 == 2
FAIL: gcc.dg/guality/pr36728-2.c   -O2  line 18 arg4 == 4
FAIL: gcc.dg/guality/pr36728-2.c   -O2  line 18 arg5 == 5
FAIL: gcc.dg/guality/pr36728-2.c   -O2  line 18 y == 2
FAIL: gcc.dg/guality/pr36728-2.c   -O2 -flto -fno-use-linker-plugin -flto-partition=none  line 16 arg1 == 1
FAIL: gcc.dg/guality/pr36728-2.c   -O2 -flto -fno-use-linker-plugin -flto-partition=none  line 16 arg4 == 4
FAIL: gcc.dg/guality/pr36728-2.c   -O2 -flto -fno-use-linker-plugin -flto-partition=none  line 16 arg5 == 5
FAIL: gcc.dg/guality/pr36728-2.c   -O2 -flto -fno-use-linker-plugin -flto-partition=none  line 16 y == 2
FAIL: gcc.dg/guality/pr36728-2.c   -O2 -flto -fno-use-linker-plugin -flto-partition=none  line 18 arg1 == 1
FAIL: gcc.dg/guality/pr36728-2.c   -O2 -flto -fno-use-linker-plugin -flto-partition=none  line 18 arg2 == 2
FAIL: gcc.dg/guality/pr36728-2.c   -O2 -flto -fno-use-linker-plugin -flto-partition=none  line 18 arg4 == 4
FAIL: gcc.dg/guality/pr36728-2.c   -O2 -flto -fno-use-linker-plugin -flto-partition=none  line 18 arg5 == 5
FAIL: gcc.dg/guality/pr36728-2.c   -O2 -flto -fno-use-linker-plugin -flto-partition=none  line 18 y == 2
FAIL: gcc.dg/guality/pr36728-2.c   -O2 -flto -fuse-linker-plugin -fno-fat-lto-objects  line 16 arg1 == 1
FAIL: gcc.dg/guality/pr36728-2.c   -O2 -flto -fuse-linker-plugin -fno-fat-lto-objects  line 16 arg2 == 2
FAIL: gcc.dg/guality/pr36728-2.c   -O2 -flto -fuse-linker-plugin -fno-fat-lto-objects  line 16 arg3 == 3
FAIL: gcc.dg/guality/pr36728-2.c   -O2 -flto -fuse-linker-plugin -fno-fat-lto-objects  line 16 arg4 == 4
FAIL: gcc.dg/guality/pr36728-2.c   -O2 -flto -fuse-linker-plugin -fno-fat-lto-objects  line 16 arg5 == 5
FAIL: gcc.dg/guality/pr36728-2.c   -O2 -flto -fuse-linker-plugin -fno-fat-lto-objects  line 16 arg6 == 6
FAIL: gcc.dg/guality/pr36728-2.c   -O2 -flto -fuse-linker-plugin -fno-fat-lto-objects  line 16 arg7 == 30
FAIL: gcc.dg/guality/pr36728-2.c   -O2 -flto -fuse-linker-plugin -fno-fat-lto-objects  line 16 y == 2
FAIL: gcc.dg/guality/pr36728-2.c   -O2 -flto -fuse-linker-plugin -fno-fat-lto-objects  line 18 arg1 == 1
FAIL: gcc.dg/guality/pr36728-2.c   -O2 -flto -fuse-linker-plugin -fno-fat-lto-objects  line 18 arg2 == 2
FAIL: gcc.dg/guality/pr36728-2.c   -O2 -flto -fuse-linker-plugin -fno-fat-lto-objects  line 18 arg3 == 3
FAIL: gcc.dg/guality/pr36728-2.c   -O2 -flto -fuse-linker-plugin -fno-fat-lto-objects  line 18 arg4 == 4
FAIL: gcc.dg/guality/pr36728-2.c   -O2 -flto -fuse-linker-plugin -fno-fat-lto-objects  line 18 arg5 == 5
FAIL: gcc.dg/guality/pr36728-2.c   -O2 -flto -fuse-linker-plugin -fno-fat-lto-objects  line 18 arg6 == 6
FAIL: gcc.dg/guality/pr36728-2.c   -O2 -flto -fuse-linker-plugin -fno-fat-lto-objects  line 18 arg7 == 30
FAIL: gcc.dg/guality/pr36728-2.c   -O3 -g  line 16 arg1 == 1
FAIL: gcc.dg/guality/pr36728-2.c   -O3 -g  line 16 arg2 == 2
FAIL: gcc.dg/guality/pr36728-2.c   -O3 -g  line 16 arg3 == 3
FAIL: gcc.dg/guality/pr36728-2.c   -O3 -g  line 16 arg4 == 4
FAIL: gcc.dg/guality/pr36728-2.c   -O3 -g  line 16 arg5 == 5
FAIL: gcc.dg/guality/pr36728-2.c   -O3 -g  line 16 arg6 == 6
FAIL: gcc.dg/guality/pr36728-2.c   -O3 -g  line 16 arg7 == 30
FAIL: gcc.dg/guality/pr36728-2.c   -O3 -g  line 16 y == 2
FAIL: gcc.dg/guality/pr36728-2.c   -O3 -g  line 18 arg1 == 1
FAIL: gcc.dg/guality/pr36728-2.c   -O3 -g  line 18 arg2 == 2
FAIL: gcc.dg/guality/pr36728-2.c   -O3 -g  line 18 arg3 == 3
FAIL: gcc.dg/guality/pr36728-2.c   -O3 -g  line 18 arg4 == 4
FAIL: gcc.dg/guality/pr36728-2.c   -O3 -g  line 18 arg5 == 5
FAIL: gcc.dg/guality/pr36728-2.c   -O3 -g  line 18 arg6 == 6
FAIL: gcc.dg/guality/pr36728-2.c   -O3 -g  line 18 arg7 == 30
FAIL: gcc.dg/guality/pr36728-2.c   -O3 -g  line 18 y == 2
FAIL: gcc.dg/guality/pr36728-2.c   -Os  line 16 arg1 == 1
FAIL: gcc.dg/guality/pr36728-2.c   -Os  line 16 arg2 == 2
FAIL: gcc.dg/guality/pr36728-2.c   -Os  line 16 arg3 == 3
FAIL: gcc.dg/guality/pr36728-2.c   -Os  line 18 arg1 == 1
FAIL: gcc.dg/guality/pr36728-2.c   -Os  line 18 arg2 == 2
FAIL: gcc.dg/guality/pr36728-2.c   -Os  line 18 arg3 == 3
FAIL: gcc.dg/guality/pr36728-2.c   -Os  line 18 y == 2
FAIL: gcc.dg/guality/pr36728-3.c   -O1  line 14 arg1 == 1
FAIL: gcc.dg/guality/pr36728-3.c   -O1  line 14 arg3 == 3
FAIL: gcc.dg/guality/pr36728-3.c   -O1  line 14 arg7 == 30
FAIL: gcc.dg/guality/pr36728-3.c   -O1  line 16 arg1 == 1
FAIL: gcc.dg/guality/pr36728-3.c   -O1  line 16 arg3 == 3
FAIL: gcc.dg/guality/pr36728-3.c   -O1  line 16 arg7 == 30
FAIL: gcc.dg/guality/pr36728-3.c   -O2  line 14 arg1 == 1
FAIL: gcc.dg/guality/pr36728-3.c   -O2  line 14 arg3 == 3
FAIL: gcc.dg/guality/pr36728-3.c   -O2  line 14 arg4 == 4
FAIL: gcc.dg/guality/pr36728-3.c   -O2  line 14 arg7 == 30
FAIL: gcc.dg/guality/pr36728-3.c   -O2  line 16 arg1 == 1
FAIL: gcc.dg/guality/pr36728-3.c   -O2  line 16 arg3 == 3
FAIL: gcc.dg/guality/pr36728-3.c   -O2  line 16 arg4 == 4
FAIL: gcc.dg/guality/pr36728-3.c   -O2  line 16 arg7 == 30
FAIL: gcc.dg/guality/pr36728-3.c   -O2 -flto -fno-use-linker-plugin -flto-partition=none  line 14 arg1 == 1
FAIL: gcc.dg/guality/pr36728-3.c   -O2 -flto -fno-use-linker-plugin -flto-partition=none  line 14 arg3 == 3
FAIL: gcc.dg/guality/pr36728-3.c   -O2 -flto -fno-use-linker-plugin -flto-partition=none  line 14 arg4 == 4
FAIL: gcc.dg/guality/pr36728-3.c   -O2 -flto -fno-use-linker-plugin -flto-partition=none  line 14 arg7 == 30
FAIL: gcc.dg/guality/pr36728-3.c   -O2 -flto -fno-use-linker-plugin -flto-partition=none  line 16 arg1 == 1
FAIL: gcc.dg/guality/pr36728-3.c   -O2 -flto -fno-use-linker-plugin -flto-partition=none  line 16 arg3 == 3
FAIL: gcc.dg/guality/pr36728-3.c   -O2 -flto -fno-use-linker-plugin -flto-partition=none  line 16 arg4 == 4
FAIL: gcc.dg/guality/pr36728-3.c   -O2 -flto -fno-use-linker-plugin -flto-partition=none  line 16 arg7 == 30
FAIL: gcc.dg/guality/pr36728-3.c   -O2 -flto -fuse-linker-plugin -fno-fat-lto-objects  line 14 arg1 == 1
FAIL: gcc.dg/guality/pr36728-3.c   -O2 -flto -fuse-linker-plugin -fno-fat-lto-objects  line 14 arg2 == 2
FAIL: gcc.dg/guality/pr36728-3.c   -O2 -flto -fuse-linker-plugin -fno-fat-lto-objects  line 14 arg3 == 3
FAIL: gcc.dg/guality/pr36728-3.c   -O2 -flto -fuse-linker-plugin -fno-fat-lto-objects  line 14 arg4 == 4
FAIL: gcc.dg/guality/pr36728-3.c   -O2 -flto -fuse-linker-plugin -fno-fat-lto-objects  line 14 arg5 == 5
FAIL: gcc.dg/guality/pr36728-3.c   -O2 -flto -fuse-linker-plugin -fno-fat-lto-objects  line 14 arg6 == 6
FAIL: gcc.dg/guality/pr36728-3.c   -O2 -flto -fuse-linker-plugin -fno-fat-lto-objects  line 14 arg7 == 30
FAIL: gcc.dg/guality/pr36728-3.c   -O2 -flto -fuse-linker-plugin -fno-fat-lto-objects  line 16 arg1 == 1
FAIL: gcc.dg/guality/pr36728-3.c   -O2 -flto -fuse-linker-plugin -fno-fat-lto-objects  line 16 arg2 == 2
FAIL: gcc.dg/guality/pr36728-3.c   -O2 -flto -fuse-linker-plugin -fno-fat-lto-objects  line 16 arg3 == 3
FAIL: gcc.dg/guality/pr36728-3.c   -O2 -flto -fuse-linker-plugin -fno-fat-lto-objects  line 16 arg4 == 4
FAIL: gcc.dg/guality/pr36728-3.c   -O2 -flto -fuse-linker-plugin -fno-fat-lto-objects  line 16 arg5 == 5
FAIL: gcc.dg/guality/pr36728-3.c   -O2 -flto -fuse-linker-plugin -fno-fat-lto-objects  line 16 arg6 == 6
FAIL: gcc.dg/guality/pr36728-3.c   -O2 -flto -fuse-linker-plugin -fno-fat-lto-objects  line 16 arg7 == 30
FAIL: gcc.dg/guality/pr36728-3.c   -O3 -g  line 14 arg1 == 1
FAIL: gcc.dg/guality/pr36728-3.c   -O3 -g  line 14 arg2 == 2
FAIL: gcc.dg/guality/pr36728-3.c   -O3 -g  line 14 arg3 == 3
FAIL: gcc.dg/guality/pr36728-3.c   -O3 -g  line 14 arg4 == 4
FAIL: gcc.dg/guality/pr36728-3.c   -O3 -g  line 14 arg5 == 5
FAIL: gcc.dg/guality/pr36728-3.c   -O3 -g  line 14 arg6 == 6
FAIL: gcc.dg/guality/pr36728-3.c   -O3 -g  line 14 arg7 == 30
FAIL: gcc.dg/guality/pr36728-3.c   -O3 -g  line 16 arg1 == 1
FAIL: gcc.dg/guality/pr36728-3.c   -O3 -g  line 16 arg2 == 2
FAIL: gcc.dg/guality/pr36728-3.c   -O3 -g  line 16 arg3 == 3
FAIL: gcc.dg/guality/pr36728-3.c   -O3 -g  line 16 arg4 == 4
FAIL: gcc.dg/guality/pr36728-3.c   -O3 -g  line 16 arg5 == 5
FAIL: gcc.dg/guality/pr36728-3.c   -O3 -g  line 16 arg6 == 6
FAIL: gcc.dg/guality/pr36728-3.c   -O3 -g  line 16 arg7 == 30
FAIL: gcc.dg/guality/pr36728-3.c   -Os  line 14 arg1 == 1
FAIL: gcc.dg/guality/pr36728-3.c   -Os  line 14 arg3 == 3
FAIL: gcc.dg/guality/pr36728-3.c   -Os  line 14 arg7 == 30
FAIL: gcc.dg/guality/pr36728-3.c   -Os  line 16 arg1 == 1
FAIL: gcc.dg/guality/pr36728-3.c   -Os  line 16 arg3 == 3
FAIL: gcc.dg/guality/pr36728-3.c   -Os  line 16 arg7 == 30
FAIL: gcc.dg/guality/pr36728-4.c   -O1  line 14 arg1 == 1
FAIL: gcc.dg/guality/pr36728-4.c   -O1  line 14 arg2 == 2
FAIL: gcc.dg/guality/pr36728-4.c   -O1  line 16 arg1 == 1
FAIL: gcc.dg/guality/pr36728-4.c   -O1  line 16 arg2 == 2
FAIL: gcc.dg/guality/pr36728-4.c   -O2  line 14 arg1 == 1
FAIL: gcc.dg/guality/pr36728-4.c   -O2  line 14 arg2 == 2
FAIL: gcc.dg/guality/pr36728-4.c   -O2  line 14 arg3 == 3
FAIL: gcc.dg/guality/pr36728-4.c   -O2  line 16 arg1 == 1
FAIL: gcc.dg/guality/pr36728-4.c   -O2  line 16 arg2 == 2
FAIL: gcc.dg/guality/pr36728-4.c   -O2  line 16 arg3 == 3
FAIL: gcc.dg/guality/pr36728-4.c   -O2 -flto -fno-use-linker-plugin -flto-partition=none  line 14 arg1 == 1
FAIL: gcc.dg/guality/pr36728-4.c   -O2 -flto -fno-use-linker-plugin -flto-partition=none  line 14 arg2 == 2
FAIL: gcc.dg/guality/pr36728-4.c   -O2 -flto -fno-use-linker-plugin -flto-partition=none  line 14 arg3 == 3
FAIL: gcc.dg/guality/pr36728-4.c   -O2 -flto -fno-use-linker-plugin -flto-partition=none  line 16 arg1 == 1
FAIL: gcc.dg/guality/pr36728-4.c   -O2 -flto -fno-use-linker-plugin -flto-partition=none  line 16 arg2 == 2
FAIL: gcc.dg/guality/pr36728-4.c   -O2 -flto -fno-use-linker-plugin -flto-partition=none  line 16 arg3 == 3
FAIL: gcc.dg/guality/pr36728-4.c   -O2 -flto -fuse-linker-plugin -fno-fat-lto-objects  line 14 arg1 == 1
FAIL: gcc.dg/guality/pr36728-4.c   -O2 -flto -fuse-linker-plugin -fno-fat-lto-objects  line 14 arg2 == 2
FAIL: gcc.dg/guality/pr36728-4.c   -O2 -flto -fuse-linker-plugin -fno-fat-lto-objects  line 14 arg3 == 3
FAIL: gcc.dg/guality/pr36728-4.c   -O2 -flto -fuse-linker-plugin -fno-fat-lto-objects  line 14 arg4 == 4
FAIL: gcc.dg/guality/pr36728-4.c   -O2 -flto -fuse-linker-plugin -fno-fat-lto-objects  line 14 arg5 == 5
FAIL: gcc.dg/guality/pr36728-4.c   -O2 -flto -fuse-linker-plugin -fno-fat-lto-objects  line 14 arg6 == 6
FAIL: gcc.dg/guality/pr36728-4.c   -O2 -flto -fuse-linker-plugin -fno-fat-lto-objects  line 14 arg7 == 30
FAIL: gcc.dg/guality/pr36728-4.c   -O2 -flto -fuse-linker-plugin -fno-fat-lto-objects  line 16 arg1 == 1
FAIL: gcc.dg/guality/pr36728-4.c   -O2 -flto -fuse-linker-plugin -fno-fat-lto-objects  line 16 arg2 == 2
FAIL: gcc.dg/guality/pr36728-4.c   -O2 -flto -fuse-linker-plugin -fno-fat-lto-objects  line 16 arg3 == 3
FAIL: gcc.dg/guality/pr36728-4.c   -O2 -flto -fuse-linker-plugin -fno-fat-lto-objects  line 16 arg4 == 4
FAIL: gcc.dg/guality/pr36728-4.c   -O2 -flto -fuse-linker-plugin -fno-fat-lto-objects  line 16 arg5 == 5
FAIL: gcc.dg/guality/pr36728-4.c   -O2 -flto -fuse-linker-plugin -fno-fat-lto-objects  line 16 arg6 == 6
FAIL: gcc.dg/guality/pr36728-4.c   -O2 -flto -fuse-linker-plugin -fno-fat-lto-objects  line 16 arg7 == 30
FAIL: gcc.dg/guality/pr36728-4.c   -O3 -g  line 14 arg1 == 1
FAIL: gcc.dg/guality/pr36728-4.c   -O3 -g  line 14 arg2 == 2
FAIL: gcc.dg/guality/pr36728-4.c   -O3 -g  line 14 arg3 == 3
FAIL: gcc.dg/guality/pr36728-4.c   -O3 -g  line 14 arg4 == 4
FAIL: gcc.dg/guality/pr36728-4.c   -O3 -g  line 14 arg5 == 5
FAIL: gcc.dg/guality/pr36728-4.c   -O3 -g  line 14 arg6 == 6
FAIL: gcc.dg/guality/pr36728-4.c   -O3 -g  line 14 arg7 == 30
FAIL: gcc.dg/guality/pr36728-4.c   -O3 -g  line 16 arg1 == 1
FAIL: gcc.dg/guality/pr36728-4.c   -O3 -g  line 16 arg2 == 2
FAIL: gcc.dg/guality/pr36728-4.c   -O3 -g  line 16 arg3 == 3
FAIL: gcc.dg/guality/pr36728-4.c   -O3 -g  line 16 arg4 == 4
FAIL: gcc.dg/guality/pr36728-4.c   -O3 -g  line 16 arg5 == 5
FAIL: gcc.dg/guality/pr36728-4.c   -O3 -g  line 16 arg6 == 6
FAIL: gcc.dg/guality/pr36728-4.c   -O3 -g  line 16 arg7 == 30
FAIL: gcc.dg/guality/pr36728-4.c   -Os  line 14 arg1 == 1
FAIL: gcc.dg/guality/pr36728-4.c   -Os  line 14 arg2 == 2
FAIL: gcc.dg/guality/pr36728-4.c   -Os  line 16 arg1 == 1
FAIL: gcc.dg/guality/pr36728-4.c   -Os  line 16 arg2 == 2
XPASS: gcc.dg/guality/pr41353-1.c   -O0  line 28 j == 28 + 37
FAIL: gcc.dg/guality/pr41447-1.c   -O2  execution test
FAIL: gcc.dg/guality/pr41447-1.c   -O2 -flto -fno-use-linker-plugin -flto-partition=none  execution test
FAIL: gcc.dg/guality/pr41447-1.c   -O3 -g  execution test
FAIL: gcc.dg/guality/pr41447-1.c   -Os  execution test
FAIL: gcc.dg/guality/pr41616-1.c   -O2 -flto -fuse-linker-plugin -fno-fat-lto-objects  execution test
FAIL: gcc.dg/guality/pr43051-1.c   -O3 -fomit-frame-pointer -funroll-loops -fpeel-loops -ftracer -finline-functions  line 34 c == &a[0]
FAIL: gcc.dg/guality/pr43051-1.c   -O3 -fomit-frame-pointer -funroll-loops -fpeel-loops -ftracer -finline-functions  line 36 e == &a[1]
FAIL: gcc.dg/guality/pr43051-1.c   -O3 -fomit-frame-pointer -funroll-loops -fpeel-loops -ftracer -finline-functions  line 39 c == &a[0]
FAIL: gcc.dg/guality/pr43051-1.c   -O3 -fomit-frame-pointer -funroll-loops -fpeel-loops -ftracer -finline-functions  line 41 e == &a[1]
FAIL: gcc.dg/guality/pr45882.c   -O2 -flto -fuse-linker-plugin -fno-fat-lto-objects  line 16 d == 112
FAIL: gcc.dg/guality/pr45882.c   -O2 -flto -fuse-linker-plugin -fno-fat-lto-objects  line 16 e == 142
FAIL: gcc.dg/guality/pr54200.c   -O1  line 20 z == 3
FAIL: gcc.dg/guality/pr54200.c   -O2  line 20 z == 3
FAIL: gcc.dg/guality/pr54200.c   -O2 -flto -fno-use-linker-plugin -flto-partition=none  line 20 z == 3
FAIL: gcc.dg/guality/pr54200.c   -O3 -g  line 20 z == 3
FAIL: gcc.dg/guality/pr54200.c   -Os  line 20 z == 3
FAIL: gcc.dg/guality/pr54519-1.c   -O1  line 20 z == 6
FAIL: gcc.dg/guality/pr54519-1.c   -O1  line 23 z == 8
FAIL: gcc.dg/guality/pr54519-1.c   -O2  line 20 y == 25
FAIL: gcc.dg/guality/pr54519-1.c   -O2  line 20 z == 6
FAIL: gcc.dg/guality/pr54519-1.c   -O2  line 23 y == 117
FAIL: gcc.dg/guality/pr54519-1.c   -O2  line 23 z == 8
FAIL: gcc.dg/guality/pr54519-1.c   -O2 -flto -fno-use-linker-plugin -flto-partition=none  line 20 y == 25
FAIL: gcc.dg/guality/pr54519-1.c   -O2 -flto -fno-use-linker-plugin -flto-partition=none  line 20 z == 6
FAIL: gcc.dg/guality/pr54519-1.c   -O2 -flto -fno-use-linker-plugin -flto-partition=none  line 23 y == 117
FAIL: gcc.dg/guality/pr54519-1.c   -O2 -flto -fno-use-linker-plugin -flto-partition=none  line 23 z == 8
FAIL: gcc.dg/guality/pr54519-1.c   -Os  line 20 y == 25
FAIL: gcc.dg/guality/pr54519-1.c   -Os  line 20 z == 6
FAIL: gcc.dg/guality/pr54519-1.c   -Os  line 23 y == 117
FAIL: gcc.dg/guality/pr54519-1.c   -Os  line 23 z == 8
FAIL: gcc.dg/guality/pr54519-2.c   -O1  line 17 y == 25
FAIL: gcc.dg/guality/pr54519-2.c   -O2  line 17 y == 25
FAIL: gcc.dg/guality/pr54519-2.c   -O2 -flto -fno-use-linker-plugin -flto-partition=none  line 17 y == 25
FAIL: gcc.dg/guality/pr54519-2.c   -O2 -flto -fuse-linker-plugin -fno-fat-lto-objects  line 17 y == 25
FAIL: gcc.dg/guality/pr54519-2.c   -Os  line 17 y == 25
FAIL: gcc.dg/guality/pr54519-3.c   -O1  line 20 z == 6
FAIL: gcc.dg/guality/pr54519-3.c   -O1  line 23 z == 8
FAIL: gcc.dg/guality/pr54519-3.c   -O2 -flto -fno-use-linker-plugin -flto-partition=none  line 20 y == 25
FAIL: gcc.dg/guality/pr54519-3.c   -O2 -flto -fno-use-linker-plugin -flto-partition=none  line 20 z == 6
FAIL: gcc.dg/guality/pr54519-3.c   -O2 -flto -fno-use-linker-plugin -flto-partition=none  line 23 y == 117
FAIL: gcc.dg/guality/pr54519-3.c   -O2 -flto -fno-use-linker-plugin -flto-partition=none  line 23 z == 8
FAIL: gcc.dg/guality/pr54519-3.c   -O2 -flto -fuse-linker-plugin -fno-fat-lto-objects  line 20 y == 25
FAIL: gcc.dg/guality/pr54519-3.c   -O2 -flto -fuse-linker-plugin -fno-fat-lto-objects  line 20 z == 6
FAIL: gcc.dg/guality/pr54519-3.c   -O2 -flto -fuse-linker-plugin -fno-fat-lto-objects  line 23 y == 117
FAIL: gcc.dg/guality/pr54519-3.c   -O2 -flto -fuse-linker-plugin -fno-fat-lto-objects  line 23 z == 8
FAIL: gcc.dg/guality/pr54519-4.c   -O1  line 17 y == 25
FAIL: gcc.dg/guality/pr54519-4.c   -O2 -flto -fno-use-linker-plugin -flto-partition=none  line 17 y == 25
FAIL: gcc.dg/guality/pr54519-4.c   -O2 -flto -fuse-linker-plugin -fno-fat-lto-objects  line 17 y == 25
FAIL: gcc.dg/guality/pr54519-5.c   -O1  line 17 y == 25
FAIL: gcc.dg/guality/pr54519-5.c   -O2  line 17 y == 25
FAIL: gcc.dg/guality/pr54519-5.c   -O2 -flto -fno-use-linker-plugin -flto-partition=none  line 17 y == 25
FAIL: gcc.dg/guality/pr54519-5.c   -O2 -flto -fuse-linker-plugin -fno-fat-lto-objects  line 17 y == 25
FAIL: gcc.dg/guality/pr54519-5.c   -Os  line 17 y == 25
FAIL: gcc.dg/guality/pr54551.c   -O1  line 18 a == 4
FAIL: gcc.dg/guality/pr54551.c   -O1  line 18 z == 3
FAIL: gcc.dg/guality/pr54796.c   -O1  line 17 a == 5
FAIL: gcc.dg/guality/pr54796.c   -O1  line 17 b == 6
FAIL: gcc.dg/guality/pr54796.c   -O1  line 17 c == 5
FAIL: gcc.dg/guality/pr54796.c   -O2  line 17 a == 5
FAIL: gcc.dg/guality/pr54796.c   -O2  line 17 b == 6
FAIL: gcc.dg/guality/pr54796.c   -O2  line 17 c == 5
FAIL: gcc.dg/guality/pr54796.c   -O2 -flto -fno-use-linker-plugin -flto-partition=none  line 17 a == 5
FAIL: gcc.dg/guality/pr54796.c   -O2 -flto -fno-use-linker-plugin -flto-partition=none  line 17 b == 6
FAIL: gcc.dg/guality/pr54796.c   -O2 -flto -fno-use-linker-plugin -flto-partition=none  line 17 c == 5
FAIL: gcc.dg/guality/pr54796.c   -O2 -flto -fuse-linker-plugin -fno-fat-lto-objects  line 17 a == 5
FAIL: gcc.dg/guality/pr54796.c   -O2 -flto -fuse-linker-plugin -fno-fat-lto-objects  line 17 b == 6
FAIL: gcc.dg/guality/pr54796.c   -O2 -flto -fuse-linker-plugin -fno-fat-lto-objects  line 17 c == 5
FAIL: gcc.dg/guality/pr54796.c   -O3 -g  line 17 a == 5
FAIL: gcc.dg/guality/pr54796.c   -O3 -g  line 17 b == 6
FAIL: gcc.dg/guality/pr54796.c   -O3 -g  line 17 c == 5
FAIL: gcc.dg/guality/pr54796.c   -Os  line 17 a == 5
FAIL: gcc.dg/guality/pr54796.c   -Os  line 17 b == 6
FAIL: gcc.dg/guality/pr54796.c   -Os  line 17 c == 5
FAIL: gcc.dg/guality/pr68860-1.c   -O1  line 14 arg1 == 1
FAIL: gcc.dg/guality/pr68860-1.c   -O1  line 14 arg3 == 3
FAIL: gcc.dg/guality/pr68860-1.c   -O1  line 14 arg7 == 30
FAIL: gcc.dg/guality/pr68860-1.c   -O1  line 16 arg1 == 1
FAIL: gcc.dg/guality/pr68860-1.c   -O1  line 16 arg3 == 3
FAIL: gcc.dg/guality/pr68860-1.c   -O1  line 16 arg7 == 30
FAIL: gcc.dg/guality/pr68860-1.c   -O2  line 14 arg1 == 1
FAIL: gcc.dg/guality/pr68860-1.c   -O2  line 14 arg2 == 2
FAIL: gcc.dg/guality/pr68860-1.c   -O2  line 14 arg3 == 3
FAIL: gcc.dg/guality/pr68860-1.c   -O2  line 14 arg4 == 4
FAIL: gcc.dg/guality/pr68860-1.c   -O2  line 14 arg5 == 5
FAIL: gcc.dg/guality/pr68860-1.c   -O2  line 14 arg6 == 6
FAIL: gcc.dg/guality/pr68860-1.c   -O2  line 14 arg7 == 30
FAIL: gcc.dg/guality/pr68860-1.c   -O2  line 16 arg1 == 1
FAIL: gcc.dg/guality/pr68860-1.c   -O2  line 16 arg2 == 2
FAIL: gcc.dg/guality/pr68860-1.c   -O2  line 16 arg3 == 3
FAIL: gcc.dg/guality/pr68860-1.c   -O2  line 16 arg4 == 4
FAIL: gcc.dg/guality/pr68860-1.c   -O2  line 16 arg5 == 5
FAIL: gcc.dg/guality/pr68860-1.c   -O2  line 16 arg6 == 6
FAIL: gcc.dg/guality/pr68860-1.c   -O2  line 16 arg7 == 30
FAIL: gcc.dg/guality/pr68860-1.c   -O2 -flto -fno-use-linker-plugin -flto-partition=none  line 14 arg1 == 1
FAIL: gcc.dg/guality/pr68860-1.c   -O2 -flto -fno-use-linker-plugin -flto-partition=none  line 14 arg2 == 2
FAIL: gcc.dg/guality/pr68860-1.c   -O2 -flto -fno-use-linker-plugin -flto-partition=none  line 14 arg3 == 3
FAIL: gcc.dg/guality/pr68860-1.c   -O2 -flto -fno-use-linker-plugin -flto-partition=none  line 14 arg4 == 4
FAIL: gcc.dg/guality/pr68860-1.c   -O2 -flto -fno-use-linker-plugin -flto-partition=none  line 14 arg5 == 5
FAIL: gcc.dg/guality/pr68860-1.c   -O2 -flto -fno-use-linker-plugin -flto-partition=none  line 14 arg6 == 6
FAIL: gcc.dg/guality/pr68860-1.c   -O2 -flto -fno-use-linker-plugin -flto-partition=none  line 14 arg7 == 30
FAIL: gcc.dg/guality/pr68860-1.c   -O2 -flto -fno-use-linker-plugin -flto-partition=none  line 16 arg1 == 1
FAIL: gcc.dg/guality/pr68860-1.c   -O2 -flto -fno-use-linker-plugin -flto-partition=none  line 16 arg2 == 2
FAIL: gcc.dg/guality/pr68860-1.c   -O2 -flto -fno-use-linker-plugin -flto-partition=none  line 16 arg3 == 3
FAIL: gcc.dg/guality/pr68860-1.c   -O2 -flto -fno-use-linker-plugin -flto-partition=none  line 16 arg4 == 4
FAIL: gcc.dg/guality/pr68860-1.c   -O2 -flto -fno-use-linker-plugin -flto-partition=none  line 16 arg5 == 5
FAIL: gcc.dg/guality/pr68860-1.c   -O2 -flto -fno-use-linker-plugin -flto-partition=none  line 16 arg6 == 6
FAIL: gcc.dg/guality/pr68860-1.c   -O2 -flto -fno-use-linker-plugin -flto-partition=none  line 16 arg7 == 30
FAIL: gcc.dg/guality/pr68860-1.c   -O2 -flto -fuse-linker-plugin -fno-fat-lto-objects  line 14 arg1 == 1
FAIL: gcc.dg/guality/pr68860-1.c   -O2 -flto -fuse-linker-plugin -fno-fat-lto-objects  line 14 arg2 == 2
FAIL: gcc.dg/guality/pr68860-1.c   -O2 -flto -fuse-linker-plugin -fno-fat-lto-objects  line 14 arg3 == 3
FAIL: gcc.dg/guality/pr68860-1.c   -O2 -flto -fuse-linker-plugin -fno-fat-lto-objects  line 14 arg4 == 4
FAIL: gcc.dg/guality/pr68860-1.c   -O2 -flto -fuse-linker-plugin -fno-fat-lto-objects  line 14 arg5 == 5
FAIL: gcc.dg/guality/pr68860-1.c   -O2 -flto -fuse-linker-plugin -fno-fat-lto-objects  line 14 arg6 == 6
FAIL: gcc.dg/guality/pr68860-1.c   -O2 -flto -fuse-linker-plugin -fno-fat-lto-objects  line 14 arg7 == 30
FAIL: gcc.dg/guality/pr68860-1.c   -O2 -flto -fuse-linker-plugin -fno-fat-lto-objects  line 16 arg1 == 1
FAIL: gcc.dg/guality/pr68860-1.c   -O2 -flto -fuse-linker-plugin -fno-fat-lto-objects  line 16 arg2 == 2
FAIL: gcc.dg/guality/pr68860-1.c   -O2 -flto -fuse-linker-plugin -fno-fat-lto-objects  line 16 arg3 == 3
FAIL: gcc.dg/guality/pr68860-1.c   -O2 -flto -fuse-linker-plugin -fno-fat-lto-objects  line 16 arg4 == 4
FAIL: gcc.dg/guality/pr68860-1.c   -O2 -flto -fuse-linker-plugin -fno-fat-lto-objects  line 16 arg5 == 5
FAIL: gcc.dg/guality/pr68860-1.c   -O2 -flto -fuse-linker-plugin -fno-fat-lto-objects  line 16 arg6 == 6
FAIL: gcc.dg/guality/pr68860-1.c   -O2 -flto -fuse-linker-plugin -fno-fat-lto-objects  line 16 arg7 == 30
FAIL: gcc.dg/guality/pr68860-1.c   -O3 -g  line 14 arg1 == 1
FAIL: gcc.dg/guality/pr68860-1.c   -O3 -g  line 14 arg2 == 2
FAIL: gcc.dg/guality/pr68860-1.c   -O3 -g  line 14 arg3 == 3
FAIL: gcc.dg/guality/pr68860-1.c   -O3 -g  line 14 arg4 == 4
FAIL: gcc.dg/guality/pr68860-1.c   -O3 -g  line 14 arg5 == 5
FAIL: gcc.dg/guality/pr68860-1.c   -O3 -g  line 14 arg6 == 6
FAIL: gcc.dg/guality/pr68860-1.c   -O3 -g  line 14 arg7 == 30
FAIL: gcc.dg/guality/pr68860-1.c   -O3 -g  line 16 arg1 == 1
FAIL: gcc.dg/guality/pr68860-1.c   -O3 -g  line 16 arg2 == 2
FAIL: gcc.dg/guality/pr68860-1.c   -O3 -g  line 16 arg3 == 3
FAIL: gcc.dg/guality/pr68860-1.c   -O3 -g  line 16 arg4 == 4
FAIL: gcc.dg/guality/pr68860-1.c   -O3 -g  line 16 arg5 == 5
FAIL: gcc.dg/guality/pr68860-1.c   -O3 -g  line 16 arg6 == 6
FAIL: gcc.dg/guality/pr68860-1.c   -O3 -g  line 16 arg7 == 30
FAIL: gcc.dg/guality/pr68860-1.c   -Os  line 14 arg1 == 1
FAIL: gcc.dg/guality/pr68860-1.c   -Os  line 14 arg2 == 2
FAIL: gcc.dg/guality/pr68860-1.c   -Os  line 14 arg3 == 3
FAIL: gcc.dg/guality/pr68860-1.c   -Os  line 14 arg4 == 4
FAIL: gcc.dg/guality/pr68860-1.c   -Os  line 14 arg5 == 5
FAIL: gcc.dg/guality/pr68860-1.c   -Os  line 14 arg6 == 6
FAIL: gcc.dg/guality/pr68860-1.c   -Os  line 14 arg7 == 30
FAIL: gcc.dg/guality/pr68860-1.c   -Os  line 16 arg1 == 1
FAIL: gcc.dg/guality/pr68860-1.c   -Os  line 16 arg2 == 2
FAIL: gcc.dg/guality/pr68860-1.c   -Os  line 16 arg3 == 3
FAIL: gcc.dg/guality/pr68860-1.c   -Os  line 16 arg4 == 4
FAIL: gcc.dg/guality/pr68860-1.c   -Os  line 16 arg5 == 5
FAIL: gcc.dg/guality/pr68860-1.c   -Os  line 16 arg6 == 6
FAIL: gcc.dg/guality/pr68860-1.c   -Os  line 16 arg7 == 30
FAIL: gcc.dg/guality/pr68860-2.c   -O1  line 14 arg1 == 1
FAIL: gcc.dg/guality/pr68860-2.c   -O1  line 14 arg3 == 3
FAIL: gcc.dg/guality/pr68860-2.c   -O1  line 14 arg7 == 30
FAIL: gcc.dg/guality/pr68860-2.c   -O1  line 16 arg1 == 1
FAIL: gcc.dg/guality/pr68860-2.c   -O1  line 16 arg3 == 3
FAIL: gcc.dg/guality/pr68860-2.c   -O1  line 16 arg7 == 30
FAIL: gcc.dg/guality/pr68860-2.c   -O2  line 14 arg1 == 1
FAIL: gcc.dg/guality/pr68860-2.c   -O2  line 14 arg3 == 3
FAIL: gcc.dg/guality/pr68860-2.c   -O2  line 14 arg7 == 30
FAIL: gcc.dg/guality/pr68860-2.c   -O2  line 16 arg1 == 1
FAIL: gcc.dg/guality/pr68860-2.c   -O2  line 16 arg3 == 3
FAIL: gcc.dg/guality/pr68860-2.c   -O2  line 16 arg7 == 30
FAIL: gcc.dg/guality/pr68860-2.c   -O2 -flto -fno-use-linker-plugin -flto-partition=none  line 14 arg1 == 1
FAIL: gcc.dg/guality/pr68860-2.c   -O2 -flto -fno-use-linker-plugin -flto-partition=none  line 14 arg3 == 3
FAIL: gcc.dg/guality/pr68860-2.c   -O2 -flto -fno-use-linker-plugin -flto-partition=none  line 14 arg7 == 30
FAIL: gcc.dg/guality/pr68860-2.c   -O2 -flto -fno-use-linker-plugin -flto-partition=none  line 16 arg1 == 1
FAIL: gcc.dg/guality/pr68860-2.c   -O2 -flto -fno-use-linker-plugin -flto-partition=none  line 16 arg3 == 3
FAIL: gcc.dg/guality/pr68860-2.c   -O2 -flto -fno-use-linker-plugin -flto-partition=none  line 16 arg7 == 30
FAIL: gcc.dg/guality/pr68860-2.c   -O2 -flto -fuse-linker-plugin -fno-fat-lto-objects  line 14 arg1 == 1
FAIL: gcc.dg/guality/pr68860-2.c   -O2 -flto -fuse-linker-plugin -fno-fat-lto-objects  line 14 arg2 == 2
FAIL: gcc.dg/guality/pr68860-2.c   -O2 -flto -fuse-linker-plugin -fno-fat-lto-objects  line 14 arg3 == 3
FAIL: gcc.dg/guality/pr68860-2.c   -O2 -flto -fuse-linker-plugin -fno-fat-lto-objects  line 14 arg4 == 4
FAIL: gcc.dg/guality/pr68860-2.c   -O2 -flto -fuse-linker-plugin -fno-fat-lto-objects  line 14 arg5 == 5
FAIL: gcc.dg/guality/pr68860-2.c   -O2 -flto -fuse-linker-plugin -fno-fat-lto-objects  line 14 arg6 == 6
FAIL: gcc.dg/guality/pr68860-2.c   -O2 -flto -fuse-linker-plugin -fno-fat-lto-objects  line 14 arg7 == 30
FAIL: gcc.dg/guality/pr68860-2.c   -O2 -flto -fuse-linker-plugin -fno-fat-lto-objects  line 16 arg1 == 1
FAIL: gcc.dg/guality/pr68860-2.c   -O2 -flto -fuse-linker-plugin -fno-fat-lto-objects  line 16 arg2 == 2
FAIL: gcc.dg/guality/pr68860-2.c   -O2 -flto -fuse-linker-plugin -fno-fat-lto-objects  line 16 arg3 == 3
FAIL: gcc.dg/guality/pr68860-2.c   -O2 -flto -fuse-linker-plugin -fno-fat-lto-objects  line 16 arg4 == 4
FAIL: gcc.dg/guality/pr68860-2.c   -O2 -flto -fuse-linker-plugin -fno-fat-lto-objects  line 16 arg5 == 5
FAIL: gcc.dg/guality/pr68860-2.c   -O2 -flto -fuse-linker-plugin -fno-fat-lto-objects  line 16 arg6 == 6
FAIL: gcc.dg/guality/pr68860-2.c   -O2 -flto -fuse-linker-plugin -fno-fat-lto-objects  line 16 arg7 == 30
FAIL: gcc.dg/guality/pr68860-2.c   -O3 -g  line 14 arg1 == 1
FAIL: gcc.dg/guality/pr68860-2.c   -O3 -g  line 14 arg2 == 2
FAIL: gcc.dg/guality/pr68860-2.c   -O3 -g  line 14 arg3 == 3
FAIL: gcc.dg/guality/pr68860-2.c   -O3 -g  line 14 arg4 == 4
FAIL: gcc.dg/guality/pr68860-2.c   -O3 -g  line 14 arg5 == 5
FAIL: gcc.dg/guality/pr68860-2.c   -O3 -g  line 14 arg6 == 6
FAIL: gcc.dg/guality/pr68860-2.c   -O3 -g  line 14 arg7 == 30
FAIL: gcc.dg/guality/pr68860-2.c   -O3 -g  line 16 arg1 == 1
FAIL: gcc.dg/guality/pr68860-2.c   -O3 -g  line 16 arg2 == 2
FAIL: gcc.dg/guality/pr68860-2.c   -O3 -g  line 16 arg3 == 3
FAIL: gcc.dg/guality/pr68860-2.c   -O3 -g  line 16 arg4 == 4
FAIL: gcc.dg/guality/pr68860-2.c   -O3 -g  line 16 arg5 == 5
FAIL: gcc.dg/guality/pr68860-2.c   -O3 -g  line 16 arg6 == 6
FAIL: gcc.dg/guality/pr68860-2.c   -O3 -g  line 16 arg7 == 30
FAIL: gcc.dg/guality/pr68860-2.c   -Os  line 14 arg1 == 1
FAIL: gcc.dg/guality/pr68860-2.c   -Os  line 14 arg3 == 3
FAIL: gcc.dg/guality/pr68860-2.c   -Os  line 14 arg7 == 30
FAIL: gcc.dg/guality/pr68860-2.c   -Os  line 16 arg1 == 1
FAIL: gcc.dg/guality/pr68860-2.c   -Os  line 16 arg3 == 3
FAIL: gcc.dg/guality/pr68860-2.c   -Os  line 16 arg7 == 30
FAIL: gcc.dg/guality/pr69947.c   -O2 -flto -fno-use-linker-plugin -flto-partition=none  line 14 c[2] == 'o'
FAIL: gcc.dg/guality/pr69947.c   -O2 -flto -fuse-linker-plugin -fno-fat-lto-objects  line 14 c[2] == 'o'
FAIL: gcc.dg/guality/vla-1.c   -O1  line 17 sizeof (a) == 6
FAIL: gcc.dg/guality/vla-1.c   -O2  line 17 sizeof (a) == 6
FAIL: gcc.dg/guality/vla-1.c   -O2 -flto -fno-use-linker-plugin -flto-partition=none  line 17 sizeof (a) == 6
FAIL: gcc.dg/guality/vla-1.c   -O2 -flto -fuse-linker-plugin -fno-fat-lto-objects  line 17 i == 5
FAIL: gcc.dg/guality/vla-1.c   -O2 -flto -fuse-linker-plugin -fno-fat-lto-objects  line 17 sizeof (a) == 6
FAIL: gcc.dg/guality/vla-1.c   -O3 -g  line 17 i == 5
FAIL: gcc.dg/guality/vla-1.c   -O3 -g  line 17 sizeof (a) == 6
FAIL: gcc.dg/guality/vla-1.c   -Os  line 17 sizeof (a) == 6
FAIL: gcc.dg/torture/builtin-fp-int-inexact.c   -O1  execution test
FAIL: gcc.dg/tree-ssa/pr69270-3.c scan-tree-dump-times uncprop1 ", 1" 4
FAIL: gcc.dg/tree-ssa/scev-4.c scan-tree-dump-times optimized "&a" 1
FAIL: gcc.dg/tree-ssa/slsr-8.c scan-tree-dump-times optimized " w?\\\\* " 7
XPASS: gcc.dg/vect/vect-24.c -flto -ffat-lto-objects  scan-tree-dump-times vect "vectorized 3 loops" 1
XPASS: gcc.dg/vect/vect-24.c scan-tree-dump-times vect "vectorized 3 loops" 1
FAIL: gcc.target/aarch64/aapcs64/test_1.c compilation,  -O0 
FAIL: gcc.target/aarch64/aapcs64/test_1.c compilation,  -O1 
FAIL: gcc.target/aarch64/aapcs64/test_1.c compilation,  -O2 
FAIL: gcc.target/aarch64/aapcs64/test_1.c compilation,  -O3 -g 
FAIL: gcc.target/aarch64/aapcs64/test_1.c compilation,  -Og -g 
FAIL: gcc.target/aarch64/aapcs64/test_1.c compilation,  -Os 
UNRESOLVED: gcc.target/aarch64/aapcs64/test_1.c execution,  -O0 
UNRESOLVED: gcc.target/aarch64/aapcs64/test_1.c execution,  -O1 
UNRESOLVED: gcc.target/aarch64/aapcs64/test_1.c execution,  -O2 
UNRESOLVED: gcc.target/aarch64/aapcs64/test_1.c execution,  -O3 -g 
UNRESOLVED: gcc.target/aarch64/aapcs64/test_1.c execution,  -Og -g 
UNRESOLVED: gcc.target/aarch64/aapcs64/test_1.c execution,  -Os 
FAIL: gcc.target/aarch64/aapcs64/test_10.c compilation,  -O0 
FAIL: gcc.target/aarch64/aapcs64/test_10.c compilation,  -O1 
FAIL: gcc.target/aarch64/aapcs64/test_10.c compilation,  -O2 
FAIL: gcc.target/aarch64/aapcs64/test_10.c compilation,  -O3 -g 
FAIL: gcc.target/aarch64/aapcs64/test_10.c compilation,  -Og -g 
FAIL: gcc.target/aarch64/aapcs64/test_10.c compilation,  -Os 
UNRESOLVED: gcc.target/aarch64/aapcs64/test_10.c execution,  -O0 
UNRESOLVED: gcc.target/aarch64/aapcs64/test_10.c execution,  -O1 
UNRESOLVED: gcc.target/aarch64/aapcs64/test_10.c execution,  -O2 
UNRESOLVED: gcc.target/aarch64/aapcs64/test_10.c execution,  -O3 -g 
UNRESOLVED: gcc.target/aarch64/aapcs64/test_10.c execution,  -Og -g 
UNRESOLVED: gcc.target/aarch64/aapcs64/test_10.c execution,  -Os 
FAIL: gcc.target/aarch64/aapcs64/test_11.c compilation,  -O0 
FAIL: gcc.target/aarch64/aapcs64/test_11.c compilation,  -O1 
FAIL: gcc.target/aarch64/aapcs64/test_11.c compilation,  -O2 
FAIL: gcc.target/aarch64/aapcs64/test_11.c compilation,  -O3 -g 
FAIL: gcc.target/aarch64/aapcs64/test_11.c compilation,  -Og -g 
FAIL: gcc.target/aarch64/aapcs64/test_11.c compilation,  -Os 
UNRESOLVED: gcc.target/aarch64/aapcs64/test_11.c execution,  -O0 
UNRESOLVED: gcc.target/aarch64/aapcs64/test_11.c execution,  -O1 
UNRESOLVED: gcc.target/aarch64/aapcs64/test_11.c execution,  -O2 
UNRESOLVED: gcc.target/aarch64/aapcs64/test_11.c execution,  -O3 -g 
UNRESOLVED: gcc.target/aarch64/aapcs64/test_11.c execution,  -Og -g 
UNRESOLVED: gcc.target/aarch64/aapcs64/test_11.c execution,  -Os 
FAIL: gcc.target/aarch64/aapcs64/test_12.c compilation,  -O0 
FAIL: gcc.target/aarch64/aapcs64/test_12.c compilation,  -O1 
FAIL: gcc.target/aarch64/aapcs64/test_12.c compilation,  -O2 
FAIL: gcc.target/aarch64/aapcs64/test_12.c compilation,  -O3 -g 
FAIL: gcc.target/aarch64/aapcs64/test_12.c compilation,  -Og -g 
FAIL: gcc.target/aarch64/aapcs64/test_12.c compilation,  -Os 
UNRESOLVED: gcc.target/aarch64/aapcs64/test_12.c execution,  -O0 
UNRESOLVED: gcc.target/aarch64/aapcs64/test_12.c execution,  -O1 
UNRESOLVED: gcc.target/aarch64/aapcs64/test_12.c execution,  -O2 
UNRESOLVED: gcc.target/aarch64/aapcs64/test_12.c execution,  -O3 -g 
UNRESOLVED: gcc.target/aarch64/aapcs64/test_12.c execution,  -Og -g 
UNRESOLVED: gcc.target/aarch64/aapcs64/test_12.c execution,  -Os 
FAIL: gcc.target/aarch64/aapcs64/test_13.c compilation,  -O0 
FAIL: gcc.target/aarch64/aapcs64/test_13.c compilation,  -O1 
FAIL: gcc.target/aarch64/aapcs64/test_13.c compilation,  -O2 
FAIL: gcc.target/aarch64/aapcs64/test_13.c compilation,  -O3 -g 
FAIL: gcc.target/aarch64/aapcs64/test_13.c compilation,  -Og -g 
FAIL: gcc.target/aarch64/aapcs64/test_13.c compilation,  -Os 
UNRESOLVED: gcc.target/aarch64/aapcs64/test_13.c execution,  -O0 
UNRESOLVED: gcc.target/aarch64/aapcs64/test_13.c execution,  -O1 
UNRESOLVED: gcc.target/aarch64/aapcs64/test_13.c execution,  -O2 
UNRESOLVED: gcc.target/aarch64/aapcs64/test_13.c execution,  -O3 -g 
UNRESOLVED: gcc.target/aarch64/aapcs64/test_13.c execution,  -Og -g 
UNRESOLVED: gcc.target/aarch64/aapcs64/test_13.c execution,  -Os 
FAIL: gcc.target/aarch64/aapcs64/test_14.c compilation,  -O0 
FAIL: gcc.target/aarch64/aapcs64/test_14.c compilation,  -O1 
FAIL: gcc.target/aarch64/aapcs64/test_14.c compilation,  -O2 
FAIL: gcc.target/aarch64/aapcs64/test_14.c compilation,  -O3 -g 
FAIL: gcc.target/aarch64/aapcs64/test_14.c compilation,  -Og -g 
FAIL: gcc.target/aarch64/aapcs64/test_14.c compilation,  -Os 
UNRESOLVED: gcc.target/aarch64/aapcs64/test_14.c execution,  -O0 
UNRESOLVED: gcc.target/aarch64/aapcs64/test_14.c execution,  -O1 
UNRESOLVED: gcc.target/aarch64/aapcs64/test_14.c execution,  -O2 
UNRESOLVED: gcc.target/aarch64/aapcs64/test_14.c execution,  -O3 -g 
UNRESOLVED: gcc.target/aarch64/aapcs64/test_14.c execution,  -Og -g 
UNRESOLVED: gcc.target/aarch64/aapcs64/test_14.c execution,  -Os 
FAIL: gcc.target/aarch64/aapcs64/test_15.c compilation,  -O0 
FAIL: gcc.target/aarch64/aapcs64/test_15.c compilation,  -O1 
FAIL: gcc.target/aarch64/aapcs64/test_15.c compilation,  -O2 
FAIL: gcc.target/aarch64/aapcs64/test_15.c compilation,  -O3 -g 
FAIL: gcc.target/aarch64/aapcs64/test_15.c compilation,  -Og -g 
FAIL: gcc.target/aarch64/aapcs64/test_15.c compilation,  -Os 
UNRESOLVED: gcc.target/aarch64/aapcs64/test_15.c execution,  -O0 
UNRESOLVED: gcc.target/aarch64/aapcs64/test_15.c execution,  -O1 
UNRESOLVED: gcc.target/aarch64/aapcs64/test_15.c execution,  -O2 
UNRESOLVED: gcc.target/aarch64/aapcs64/test_15.c execution,  -O3 -g 
UNRESOLVED: gcc.target/aarch64/aapcs64/test_15.c execution,  -Og -g 
UNRESOLVED: gcc.target/aarch64/aapcs64/test_15.c execution,  -Os 
FAIL: gcc.target/aarch64/aapcs64/test_16.c compilation,  -O0 
FAIL: gcc.target/aarch64/aapcs64/test_16.c compilation,  -O1 
FAIL: gcc.target/aarch64/aapcs64/test_16.c compilation,  -O2 
FAIL: gcc.target/aarch64/aapcs64/test_16.c compilation,  -O3 -g 
FAIL: gcc.target/aarch64/aapcs64/test_16.c compilation,  -Og -g 
FAIL: gcc.target/aarch64/aapcs64/test_16.c compilation,  -Os 
UNRESOLVED: gcc.target/aarch64/aapcs64/test_16.c execution,  -O0 
UNRESOLVED: gcc.target/aarch64/aapcs64/test_16.c execution,  -O1 
UNRESOLVED: gcc.target/aarch64/aapcs64/test_16.c execution,  -O2 
UNRESOLVED: gcc.target/aarch64/aapcs64/test_16.c execution,  -O3 -g 
UNRESOLVED: gcc.target/aarch64/aapcs64/test_16.c execution,  -Og -g 
UNRESOLVED: gcc.target/aarch64/aapcs64/test_16.c execution,  -Os 
FAIL: gcc.target/aarch64/aapcs64/test_17.c compilation,  -O0 
FAIL: gcc.target/aarch64/aapcs64/test_17.c compilation,  -O1 
FAIL: gcc.target/aarch64/aapcs64/test_17.c compilation,  -O2 
FAIL: gcc.target/aarch64/aapcs64/test_17.c compilation,  -O3 -g 
FAIL: gcc.target/aarch64/aapcs64/test_17.c compilation,  -Og -g 
FAIL: gcc.target/aarch64/aapcs64/test_17.c compilation,  -Os 
UNRESOLVED: gcc.target/aarch64/aapcs64/test_17.c execution,  -O0 
UNRESOLVED: gcc.target/aarch64/aapcs64/test_17.c execution,  -O1 
UNRESOLVED: gcc.target/aarch64/aapcs64/test_17.c execution,  -O2 
UNRESOLVED: gcc.target/aarch64/aapcs64/test_17.c execution,  -O3 -g 
UNRESOLVED: gcc.target/aarch64/aapcs64/test_17.c execution,  -Og -g 
UNRESOLVED: gcc.target/aarch64/aapcs64/test_17.c execution,  -Os 
FAIL: gcc.target/aarch64/aapcs64/test_18.c compilation,  -O0 
FAIL: gcc.target/aarch64/aapcs64/test_18.c compilation,  -O1 
FAIL: gcc.target/aarch64/aapcs64/test_18.c compilation,  -O2 
FAIL: gcc.target/aarch64/aapcs64/test_18.c compilation,  -O3 -g 
FAIL: gcc.target/aarch64/aapcs64/test_18.c compilation,  -Og -g 
FAIL: gcc.target/aarch64/aapcs64/test_18.c compilation,  -Os 
UNRESOLVED: gcc.target/aarch64/aapcs64/test_18.c execution,  -O0 
UNRESOLVED: gcc.target/aarch64/aapcs64/test_18.c execution,  -O1 
UNRESOLVED: gcc.target/aarch64/aapcs64/test_18.c execution,  -O2 
UNRESOLVED: gcc.target/aarch64/aapcs64/test_18.c execution,  -O3 -g 
UNRESOLVED: gcc.target/aarch64/aapcs64/test_18.c execution,  -Og -g 
UNRESOLVED: gcc.target/aarch64/aapcs64/test_18.c execution,  -Os 
FAIL: gcc.target/aarch64/aapcs64/test_19.c compilation,  -O0 
FAIL: gcc.target/aarch64/aapcs64/test_19.c compilation,  -O1 
FAIL: gcc.target/aarch64/aapcs64/test_19.c compilation,  -O2 
FAIL: gcc.target/aarch64/aapcs64/test_19.c compilation,  -O3 -g 
FAIL: gcc.target/aarch64/aapcs64/test_19.c compilation,  -Og -g 
FAIL: gcc.target/aarch64/aapcs64/test_19.c compilation,  -Os 
UNRESOLVED: gcc.target/aarch64/aapcs64/test_19.c execution,  -O0 
UNRESOLVED: gcc.target/aarch64/aapcs64/test_19.c execution,  -O1 
UNRESOLVED: gcc.target/aarch64/aapcs64/test_19.c execution,  -O2 
UNRESOLVED: gcc.target/aarch64/aapcs64/test_19.c execution,  -O3 -g 
UNRESOLVED: gcc.target/aarch64/aapcs64/test_19.c execution,  -Og -g 
UNRESOLVED: gcc.target/aarch64/aapcs64/test_19.c execution,  -Os 
FAIL: gcc.target/aarch64/aapcs64/test_2.c compilation,  -O0 
FAIL: gcc.target/aarch64/aapcs64/test_2.c compilation,  -O1 
FAIL: gcc.target/aarch64/aapcs64/test_2.c compilation,  -O2 
FAIL: gcc.target/aarch64/aapcs64/test_2.c compilation,  -O3 -g 
FAIL: gcc.target/aarch64/aapcs64/test_2.c compilation,  -Og -g 
FAIL: gcc.target/aarch64/aapcs64/test_2.c compilation,  -Os 
UNRESOLVED: gcc.target/aarch64/aapcs64/test_2.c execution,  -O0 
UNRESOLVED: gcc.target/aarch64/aapcs64/test_2.c execution,  -O1 
UNRESOLVED: gcc.target/aarch64/aapcs64/test_2.c execution,  -O2 
UNRESOLVED: gcc.target/aarch64/aapcs64/test_2.c execution,  -O3 -g 
UNRESOLVED: gcc.target/aarch64/aapcs64/test_2.c execution,  -Og -g 
UNRESOLVED: gcc.target/aarch64/aapcs64/test_2.c execution,  -Os 
FAIL: gcc.target/aarch64/aapcs64/test_20.c compilation,  -O0 
FAIL: gcc.target/aarch64/aapcs64/test_20.c compilation,  -O1 
FAIL: gcc.target/aarch64/aapcs64/test_20.c compilation,  -O2 
FAIL: gcc.target/aarch64/aapcs64/test_20.c compilation,  -O3 -g 
FAIL: gcc.target/aarch64/aapcs64/test_20.c compilation,  -Og -g 
FAIL: gcc.target/aarch64/aapcs64/test_20.c compilation,  -Os 
UNRESOLVED: gcc.target/aarch64/aapcs64/test_20.c execution,  -O0 
UNRESOLVED: gcc.target/aarch64/aapcs64/test_20.c execution,  -O1 
UNRESOLVED: gcc.target/aarch64/aapcs64/test_20.c execution,  -O2 
UNRESOLVED: gcc.target/aarch64/aapcs64/test_20.c execution,  -O3 -g 
UNRESOLVED: gcc.target/aarch64/aapcs64/test_20.c execution,  -Og -g 
UNRESOLVED: gcc.target/aarch64/aapcs64/test_20.c execution,  -Os 
FAIL: gcc.target/aarch64/aapcs64/test_21.c compilation,  -O0 
FAIL: gcc.target/aarch64/aapcs64/test_21.c compilation,  -O1 
FAIL: gcc.target/aarch64/aapcs64/test_21.c compilation,  -O2 
FAIL: gcc.target/aarch64/aapcs64/test_21.c compilation,  -O3 -g 
FAIL: gcc.target/aarch64/aapcs64/test_21.c compilation,  -Og -g 
FAIL: gcc.target/aarch64/aapcs64/test_21.c compilation,  -Os 
UNRESOLVED: gcc.target/aarch64/aapcs64/test_21.c execution,  -O0 
UNRESOLVED: gcc.target/aarch64/aapcs64/test_21.c execution,  -O1 
UNRESOLVED: gcc.target/aarch64/aapcs64/test_21.c execution,  -O2 
UNRESOLVED: gcc.target/aarch64/aapcs64/test_21.c execution,  -O3 -g 
UNRESOLVED: gcc.target/aarch64/aapcs64/test_21.c execution,  -Og -g 
UNRESOLVED: gcc.target/aarch64/aapcs64/test_21.c execution,  -Os 
FAIL: gcc.target/aarch64/aapcs64/test_22.c compilation,  -O0 
FAIL: gcc.target/aarch64/aapcs64/test_22.c compilation,  -O1 
FAIL: gcc.target/aarch64/aapcs64/test_22.c compilation,  -O2 
FAIL: gcc.target/aarch64/aapcs64/test_22.c compilation,  -O3 -g 
FAIL: gcc.target/aarch64/aapcs64/test_22.c compilation,  -Og -g 
FAIL: gcc.target/aarch64/aapcs64/test_22.c compilation,  -Os 
UNRESOLVED: gcc.target/aarch64/aapcs64/test_22.c execution,  -O0 
UNRESOLVED: gcc.target/aarch64/aapcs64/test_22.c execution,  -O1 
UNRESOLVED: gcc.target/aarch64/aapcs64/test_22.c execution,  -O2 
UNRESOLVED: gcc.target/aarch64/aapcs64/test_22.c execution,  -O3 -g 
UNRESOLVED: gcc.target/aarch64/aapcs64/test_22.c execution,  -Og -g 
UNRESOLVED: gcc.target/aarch64/aapcs64/test_22.c execution,  -Os 
FAIL: gcc.target/aarch64/aapcs64/test_23.c compilation,  -O0 
FAIL: gcc.target/aarch64/aapcs64/test_23.c compilation,  -O1 
FAIL: gcc.target/aarch64/aapcs64/test_23.c compilation,  -O2 
FAIL: gcc.target/aarch64/aapcs64/test_23.c compilation,  -O3 -g 
FAIL: gcc.target/aarch64/aapcs64/test_23.c compilation,  -Og -g 
FAIL: gcc.target/aarch64/aapcs64/test_23.c compilation,  -Os 
UNRESOLVED: gcc.target/aarch64/aapcs64/test_23.c execution,  -O0 
UNRESOLVED: gcc.target/aarch64/aapcs64/test_23.c execution,  -O1 
UNRESOLVED: gcc.target/aarch64/aapcs64/test_23.c execution,  -O2 
UNRESOLVED: gcc.target/aarch64/aapcs64/test_23.c execution,  -O3 -g 
UNRESOLVED: gcc.target/aarch64/aapcs64/test_23.c execution,  -Og -g 
UNRESOLVED: gcc.target/aarch64/aapcs64/test_23.c execution,  -Os 
FAIL: gcc.target/aarch64/aapcs64/test_24.c compilation,  -O0 
FAIL: gcc.target/aarch64/aapcs64/test_24.c compilation,  -O1 
FAIL: gcc.target/aarch64/aapcs64/test_24.c compilation,  -O2 
FAIL: gcc.target/aarch64/aapcs64/test_24.c compilation,  -O3 -g 
FAIL: gcc.target/aarch64/aapcs64/test_24.c compilation,  -Og -g 
FAIL: gcc.target/aarch64/aapcs64/test_24.c compilation,  -Os 
UNRESOLVED: gcc.target/aarch64/aapcs64/test_24.c execution,  -O0 
UNRESOLVED: gcc.target/aarch64/aapcs64/test_24.c execution,  -O1 
UNRESOLVED: gcc.target/aarch64/aapcs64/test_24.c execution,  -O2 
UNRESOLVED: gcc.target/aarch64/aapcs64/test_24.c execution,  -O3 -g 
UNRESOLVED: gcc.target/aarch64/aapcs64/test_24.c execution,  -Og -g 
UNRESOLVED: gcc.target/aarch64/aapcs64/test_24.c execution,  -Os 
FAIL: gcc.target/aarch64/aapcs64/test_25.c compilation,  -O0 
FAIL: gcc.target/aarch64/aapcs64/test_25.c compilation,  -O1 
FAIL: gcc.target/aarch64/aapcs64/test_25.c compilation,  -O2 
FAIL: gcc.target/aarch64/aapcs64/test_25.c compilation,  -O3 -g 
FAIL: gcc.target/aarch64/aapcs64/test_25.c compilation,  -Og -g 
FAIL: gcc.target/aarch64/aapcs64/test_25.c compilation,  -Os 
UNRESOLVED: gcc.target/aarch64/aapcs64/test_25.c execution,  -O0 
UNRESOLVED: gcc.target/aarch64/aapcs64/test_25.c execution,  -O1 
UNRESOLVED: gcc.target/aarch64/aapcs64/test_25.c execution,  -O2 
UNRESOLVED: gcc.target/aarch64/aapcs64/test_25.c execution,  -O3 -g 
UNRESOLVED: gcc.target/aarch64/aapcs64/test_25.c execution,  -Og -g 
UNRESOLVED: gcc.target/aarch64/aapcs64/test_25.c execution,  -Os 
FAIL: gcc.target/aarch64/aapcs64/test_26.c compilation,  -O0 
FAIL: gcc.target/aarch64/aapcs64/test_26.c compilation,  -O1 
FAIL: gcc.target/aarch64/aapcs64/test_26.c compilation,  -O2 
FAIL: gcc.target/aarch64/aapcs64/test_26.c compilation,  -O3 -g 
FAIL: gcc.target/aarch64/aapcs64/test_26.c compilation,  -Og -g 
FAIL: gcc.target/aarch64/aapcs64/test_26.c compilation,  -Os 
UNRESOLVED: gcc.target/aarch64/aapcs64/test_26.c execution,  -O0 
UNRESOLVED: gcc.target/aarch64/aapcs64/test_26.c execution,  -O1 
UNRESOLVED: gcc.target/aarch64/aapcs64/test_26.c execution,  -O2 
UNRESOLVED: gcc.target/aarch64/aapcs64/test_26.c execution,  -O3 -g 
UNRESOLVED: gcc.target/aarch64/aapcs64/test_26.c execution,  -Og -g 
UNRESOLVED: gcc.target/aarch64/aapcs64/test_26.c execution,  -Os 
FAIL: gcc.target/aarch64/aapcs64/test_27.c compilation,  -O0 
FAIL: gcc.target/aarch64/aapcs64/test_27.c compilation,  -O1 
FAIL: gcc.target/aarch64/aapcs64/test_27.c compilation,  -O2 
FAIL: gcc.target/aarch64/aapcs64/test_27.c compilation,  -O3 -g 
FAIL: gcc.target/aarch64/aapcs64/test_27.c compilation,  -Og -g 
FAIL: gcc.target/aarch64/aapcs64/test_27.c compilation,  -Os 
UNRESOLVED: gcc.target/aarch64/aapcs64/test_27.c execution,  -O0 
UNRESOLVED: gcc.target/aarch64/aapcs64/test_27.c execution,  -O1 
UNRESOLVED: gcc.target/aarch64/aapcs64/test_27.c execution,  -O2 
UNRESOLVED: gcc.target/aarch64/aapcs64/test_27.c execution,  -O3 -g 
UNRESOLVED: gcc.target/aarch64/aapcs64/test_27.c execution,  -Og -g 
UNRESOLVED: gcc.target/aarch64/aapcs64/test_27.c execution,  -Os 
FAIL: gcc.target/aarch64/aapcs64/test_3.c compilation,  -O0 
FAIL: gcc.target/aarch64/aapcs64/test_3.c compilation,  -O1 
FAIL: gcc.target/aarch64/aapcs64/test_3.c compilation,  -O2 
FAIL: gcc.target/aarch64/aapcs64/test_3.c compilation,  -O3 -g 
FAIL: gcc.target/aarch64/aapcs64/test_3.c compilation,  -Og -g 
FAIL: gcc.target/aarch64/aapcs64/test_3.c compilation,  -Os 
UNRESOLVED: gcc.target/aarch64/aapcs64/test_3.c execution,  -O0 
UNRESOLVED: gcc.target/aarch64/aapcs64/test_3.c execution,  -O1 
UNRESOLVED: gcc.target/aarch64/aapcs64/test_3.c execution,  -O2 
UNRESOLVED: gcc.target/aarch64/aapcs64/test_3.c execution,  -O3 -g 
UNRESOLVED: gcc.target/aarch64/aapcs64/test_3.c execution,  -Og -g 
UNRESOLVED: gcc.target/aarch64/aapcs64/test_3.c execution,  -Os 
FAIL: gcc.target/aarch64/aapcs64/test_4.c compilation,  -O0 
FAIL: gcc.target/aarch64/aapcs64/test_4.c compilation,  -O1 
FAIL: gcc.target/aarch64/aapcs64/test_4.c compilation,  -O2 
FAIL: gcc.target/aarch64/aapcs64/test_4.c compilation,  -O3 -g 
FAIL: gcc.target/aarch64/aapcs64/test_4.c compilation,  -Og -g 
FAIL: gcc.target/aarch64/aapcs64/test_4.c compilation,  -Os 
UNRESOLVED: gcc.target/aarch64/aapcs64/test_4.c execution,  -O0 
UNRESOLVED: gcc.target/aarch64/aapcs64/test_4.c execution,  -O1 
UNRESOLVED: gcc.target/aarch64/aapcs64/test_4.c execution,  -O2 
UNRESOLVED: gcc.target/aarch64/aapcs64/test_4.c execution,  -O3 -g 
UNRESOLVED: gcc.target/aarch64/aapcs64/test_4.c execution,  -Og -g 
UNRESOLVED: gcc.target/aarch64/aapcs64/test_4.c execution,  -Os 
FAIL: gcc.target/aarch64/aapcs64/test_5.c compilation,  -O0 
FAIL: gcc.target/aarch64/aapcs64/test_5.c compilation,  -O1 
FAIL: gcc.target/aarch64/aapcs64/test_5.c compilation,  -O2 
FAIL: gcc.target/aarch64/aapcs64/test_5.c compilation,  -O3 -g 
FAIL: gcc.target/aarch64/aapcs64/test_5.c compilation,  -Og -g 
FAIL: gcc.target/aarch64/aapcs64/test_5.c compilation,  -Os 
UNRESOLVED: gcc.target/aarch64/aapcs64/test_5.c execution,  -O0 
UNRESOLVED: gcc.target/aarch64/aapcs64/test_5.c execution,  -O1 
UNRESOLVED: gcc.target/aarch64/aapcs64/test_5.c execution,  -O2 
UNRESOLVED: gcc.target/aarch64/aapcs64/test_5.c execution,  -O3 -g 
UNRESOLVED: gcc.target/aarch64/aapcs64/test_5.c execution,  -Og -g 
UNRESOLVED: gcc.target/aarch64/aapcs64/test_5.c execution,  -Os 
FAIL: gcc.target/aarch64/aapcs64/test_6.c compilation,  -O0 
FAIL: gcc.target/aarch64/aapcs64/test_6.c compilation,  -O1 
FAIL: gcc.target/aarch64/aapcs64/test_6.c compilation,  -O2 
FAIL: gcc.target/aarch64/aapcs64/test_6.c compilation,  -O3 -g 
FAIL: gcc.target/aarch64/aapcs64/test_6.c compilation,  -Og -g 
FAIL: gcc.target/aarch64/aapcs64/test_6.c compilation,  -Os 
UNRESOLVED: gcc.target/aarch64/aapcs64/test_6.c execution,  -O0 
UNRESOLVED: gcc.target/aarch64/aapcs64/test_6.c execution,  -O1 
UNRESOLVED: gcc.target/aarch64/aapcs64/test_6.c execution,  -O2 
UNRESOLVED: gcc.target/aarch64/aapcs64/test_6.c execution,  -O3 -g 
UNRESOLVED: gcc.target/aarch64/aapcs64/test_6.c execution,  -Og -g 
UNRESOLVED: gcc.target/aarch64/aapcs64/test_6.c execution,  -Os 
FAIL: gcc.target/aarch64/aapcs64/test_64x1_1.c compilation,  -O0 
FAIL: gcc.target/aarch64/aapcs64/test_64x1_1.c compilation,  -O1 
FAIL: gcc.target/aarch64/aapcs64/test_64x1_1.c compilation,  -O2 
FAIL: gcc.target/aarch64/aapcs64/test_64x1_1.c compilation,  -O3 -g 
FAIL: gcc.target/aarch64/aapcs64/test_64x1_1.c compilation,  -Og -g 
FAIL: gcc.target/aarch64/aapcs64/test_64x1_1.c compilation,  -Os 
UNRESOLVED: gcc.target/aarch64/aapcs64/test_64x1_1.c execution,  -O0 
UNRESOLVED: gcc.target/aarch64/aapcs64/test_64x1_1.c execution,  -O1 
UNRESOLVED: gcc.target/aarch64/aapcs64/test_64x1_1.c execution,  -O2 
UNRESOLVED: gcc.target/aarch64/aapcs64/test_64x1_1.c execution,  -O3 -g 
UNRESOLVED: gcc.target/aarch64/aapcs64/test_64x1_1.c execution,  -Og -g 
UNRESOLVED: gcc.target/aarch64/aapcs64/test_64x1_1.c execution,  -Os 
FAIL: gcc.target/aarch64/aapcs64/test_7.c compilation,  -O0 
FAIL: gcc.target/aarch64/aapcs64/test_7.c compilation,  -O1 
FAIL: gcc.target/aarch64/aapcs64/test_7.c compilation,  -O2 
FAIL: gcc.target/aarch64/aapcs64/test_7.c compilation,  -O3 -g 
FAIL: gcc.target/aarch64/aapcs64/test_7.c compilation,  -Og -g 
FAIL: gcc.target/aarch64/aapcs64/test_7.c compilation,  -Os 
UNRESOLVED: gcc.target/aarch64/aapcs64/test_7.c execution,  -O0 
UNRESOLVED: gcc.target/aarch64/aapcs64/test_7.c execution,  -O1 
UNRESOLVED: gcc.target/aarch64/aapcs64/test_7.c execution,  -O2 
UNRESOLVED: gcc.target/aarch64/aapcs64/test_7.c execution,  -O3 -g 
UNRESOLVED: gcc.target/aarch64/aapcs64/test_7.c execution,  -Og -g 
UNRESOLVED: gcc.target/aarch64/aapcs64/test_7.c execution,  -Os 
FAIL: gcc.target/aarch64/aapcs64/test_8.c compilation,  -O0 
FAIL: gcc.target/aarch64/aapcs64/test_8.c compilation,  -O1 
FAIL: gcc.target/aarch64/aapcs64/test_8.c compilation,  -O2 
FAIL: gcc.target/aarch64/aapcs64/test_8.c compilation,  -O3 -g 
FAIL: gcc.target/aarch64/aapcs64/test_8.c compilation,  -Og -g 
FAIL: gcc.target/aarch64/aapcs64/test_8.c compilation,  -Os 
UNRESOLVED: gcc.target/aarch64/aapcs64/test_8.c execution,  -O0 
UNRESOLVED: gcc.target/aarch64/aapcs64/test_8.c execution,  -O1 
UNRESOLVED: gcc.target/aarch64/aapcs64/test_8.c execution,  -O2 
UNRESOLVED: gcc.target/aarch64/aapcs64/test_8.c execution,  -O3 -g 
UNRESOLVED: gcc.target/aarch64/aapcs64/test_8.c execution,  -Og -g 
UNRESOLVED: gcc.target/aarch64/aapcs64/test_8.c execution,  -Os 
FAIL: gcc.target/aarch64/aapcs64/test_9.c compilation,  -O0 
FAIL: gcc.target/aarch64/aapcs64/test_9.c compilation,  -O1 
FAIL: gcc.target/aarch64/aapcs64/test_9.c compilation,  -O2 
FAIL: gcc.target/aarch64/aapcs64/test_9.c compilation,  -O3 -g 
FAIL: gcc.target/aarch64/aapcs64/test_9.c compilation,  -Og -g 
FAIL: gcc.target/aarch64/aapcs64/test_9.c compilation,  -Os 
UNRESOLVED: gcc.target/aarch64/aapcs64/test_9.c execution,  -O0 
UNRESOLVED: gcc.target/aarch64/aapcs64/test_9.c execution,  -O1 
UNRESOLVED: gcc.target/aarch64/aapcs64/test_9.c execution,  -O2 
UNRESOLVED: gcc.target/aarch64/aapcs64/test_9.c execution,  -O3 -g 
UNRESOLVED: gcc.target/aarch64/aapcs64/test_9.c execution,  -Og -g 
UNRESOLVED: gcc.target/aarch64/aapcs64/test_9.c execution,  -Os 
FAIL: gcc.target/aarch64/aapcs64/test_align-1.c compilation,  -O0 
FAIL: gcc.target/aarch64/aapcs64/test_align-1.c compilation,  -O1 
FAIL: gcc.target/aarch64/aapcs64/test_align-1.c compilation,  -O2 
FAIL: gcc.target/aarch64/aapcs64/test_align-1.c compilation,  -O3 -g 
FAIL: gcc.target/aarch64/aapcs64/test_align-1.c compilation,  -Og -g 
FAIL: gcc.target/aarch64/aapcs64/test_align-1.c compilation,  -Os 
UNRESOLVED: gcc.target/aarch64/aapcs64/test_align-1.c execution,  -O0 
UNRESOLVED: gcc.target/aarch64/aapcs64/test_align-1.c execution,  -O1 
UNRESOLVED: gcc.target/aarch64/aapcs64/test_align-1.c execution,  -O2 
UNRESOLVED: gcc.target/aarch64/aapcs64/test_align-1.c execution,  -O3 -g 
UNRESOLVED: gcc.target/aarch64/aapcs64/test_align-1.c execution,  -Og -g 
UNRESOLVED: gcc.target/aarch64/aapcs64/test_align-1.c execution,  -Os 
FAIL: gcc.target/aarch64/aapcs64/test_align-2.c compilation,  -O0 
FAIL: gcc.target/aarch64/aapcs64/test_align-2.c compilation,  -O1 
FAIL: gcc.target/aarch64/aapcs64/test_align-2.c compilation,  -O2 
FAIL: gcc.target/aarch64/aapcs64/test_align-2.c compilation,  -O3 -g 
FAIL: gcc.target/aarch64/aapcs64/test_align-2.c compilation,  -Og -g 
FAIL: gcc.target/aarch64/aapcs64/test_align-2.c compilation,  -Os 
UNRESOLVED: gcc.target/aarch64/aapcs64/test_align-2.c execution,  -O0 
UNRESOLVED: gcc.target/aarch64/aapcs64/test_align-2.c execution,  -O1 
UNRESOLVED: gcc.target/aarch64/aapcs64/test_align-2.c execution,  -O2 
UNRESOLVED: gcc.target/aarch64/aapcs64/test_align-2.c execution,  -O3 -g 
UNRESOLVED: gcc.target/aarch64/aapcs64/test_align-2.c execution,  -Og -g 
UNRESOLVED: gcc.target/aarch64/aapcs64/test_align-2.c execution,  -Os 
FAIL: gcc.target/aarch64/aapcs64/test_align-3.c compilation,  -O0 
FAIL: gcc.target/aarch64/aapcs64/test_align-3.c compilation,  -O1 
FAIL: gcc.target/aarch64/aapcs64/test_align-3.c compilation,  -O2 
FAIL: gcc.target/aarch64/aapcs64/test_align-3.c compilation,  -O3 -g 
FAIL: gcc.target/aarch64/aapcs64/test_align-3.c compilation,  -Og -g 
FAIL: gcc.target/aarch64/aapcs64/test_align-3.c compilation,  -Os 
UNRESOLVED: gcc.target/aarch64/aapcs64/test_align-3.c execution,  -O0 
UNRESOLVED: gcc.target/aarch64/aapcs64/test_align-3.c execution,  -O1 
UNRESOLVED: gcc.target/aarch64/aapcs64/test_align-3.c execution,  -O2 
UNRESOLVED: gcc.target/aarch64/aapcs64/test_align-3.c execution,  -O3 -g 
UNRESOLVED: gcc.target/aarch64/aapcs64/test_align-3.c execution,  -Og -g 
UNRESOLVED: gcc.target/aarch64/aapcs64/test_align-3.c execution,  -Os 
FAIL: gcc.target/aarch64/aapcs64/test_align-4.c compilation,  -O0 
FAIL: gcc.target/aarch64/aapcs64/test_align-4.c compilation,  -O1 
FAIL: gcc.target/aarch64/aapcs64/test_align-4.c compilation,  -O2 
FAIL: gcc.target/aarch64/aapcs64/test_align-4.c compilation,  -O3 -g 
FAIL: gcc.target/aarch64/aapcs64/test_align-4.c compilation,  -Og -g 
FAIL: gcc.target/aarch64/aapcs64/test_align-4.c compilation,  -Os 
UNRESOLVED: gcc.target/aarch64/aapcs64/test_align-4.c execution,  -O0 
UNRESOLVED: gcc.target/aarch64/aapcs64/test_align-4.c execution,  -O1 
UNRESOLVED: gcc.target/aarch64/aapcs64/test_align-4.c execution,  -O2 
UNRESOLVED: gcc.target/aarch64/aapcs64/test_align-4.c execution,  -O3 -g 
UNRESOLVED: gcc.target/aarch64/aapcs64/test_align-4.c execution,  -Og -g 
UNRESOLVED: gcc.target/aarch64/aapcs64/test_align-4.c execution,  -Os 
FAIL: gcc.target/aarch64/aapcs64/test_align-5.c compilation,  -O0 
FAIL: gcc.target/aarch64/aapcs64/test_align-5.c compilation,  -O1 
FAIL: gcc.target/aarch64/aapcs64/test_align-5.c compilation,  -O2 
FAIL: gcc.target/aarch64/aapcs64/test_align-5.c compilation,  -O3 -g 
FAIL: gcc.target/aarch64/aapcs64/test_align-5.c compilation,  -Og -g 
FAIL: gcc.target/aarch64/aapcs64/test_align-5.c compilation,  -Os 
UNRESOLVED: gcc.target/aarch64/aapcs64/test_align-5.c execution,  -O0 
UNRESOLVED: gcc.target/aarch64/aapcs64/test_align-5.c execution,  -O1 
UNRESOLVED: gcc.target/aarch64/aapcs64/test_align-5.c execution,  -O2 
UNRESOLVED: gcc.target/aarch64/aapcs64/test_align-5.c execution,  -O3 -g 
UNRESOLVED: gcc.target/aarch64/aapcs64/test_align-5.c execution,  -Og -g 
UNRESOLVED: gcc.target/aarch64/aapcs64/test_align-5.c execution,  -Os 
FAIL: gcc.target/aarch64/aapcs64/test_align-6.c compilation,  -O0 
FAIL: gcc.target/aarch64/aapcs64/test_align-6.c compilation,  -O1 
FAIL: gcc.target/aarch64/aapcs64/test_align-6.c compilation,  -O2 
FAIL: gcc.target/aarch64/aapcs64/test_align-6.c compilation,  -O3 -g 
FAIL: gcc.target/aarch64/aapcs64/test_align-6.c compilation,  -Og -g 
FAIL: gcc.target/aarch64/aapcs64/test_align-6.c compilation,  -Os 
UNRESOLVED: gcc.target/aarch64/aapcs64/test_align-6.c execution,  -O0 
UNRESOLVED: gcc.target/aarch64/aapcs64/test_align-6.c execution,  -O1 
UNRESOLVED: gcc.target/aarch64/aapcs64/test_align-6.c execution,  -O2 
UNRESOLVED: gcc.target/aarch64/aapcs64/test_align-6.c execution,  -O3 -g 
UNRESOLVED: gcc.target/aarch64/aapcs64/test_align-6.c execution,  -Og -g 
UNRESOLVED: gcc.target/aarch64/aapcs64/test_align-6.c execution,  -Os 
FAIL: gcc.target/aarch64/aapcs64/test_align-7.c compilation,  -O0 
FAIL: gcc.target/aarch64/aapcs64/test_align-7.c compilation,  -O1 
FAIL: gcc.target/aarch64/aapcs64/test_align-7.c compilation,  -O2 
FAIL: gcc.target/aarch64/aapcs64/test_align-7.c compilation,  -O3 -g 
FAIL: gcc.target/aarch64/aapcs64/test_align-7.c compilation,  -Og -g 
FAIL: gcc.target/aarch64/aapcs64/test_align-7.c compilation,  -Os 
UNRESOLVED: gcc.target/aarch64/aapcs64/test_align-7.c execution,  -O0 
UNRESOLVED: gcc.target/aarch64/aapcs64/test_align-7.c execution,  -O1 
UNRESOLVED: gcc.target/aarch64/aapcs64/test_align-7.c execution,  -O2 
UNRESOLVED: gcc.target/aarch64/aapcs64/test_align-7.c execution,  -O3 -g 
UNRESOLVED: gcc.target/aarch64/aapcs64/test_align-7.c execution,  -Og -g 
UNRESOLVED: gcc.target/aarch64/aapcs64/test_align-7.c execution,  -Os 
FAIL: gcc.target/aarch64/aapcs64/test_align-8.c compilation,  -O0 
FAIL: gcc.target/aarch64/aapcs64/test_align-8.c compilation,  -O1 
FAIL: gcc.target/aarch64/aapcs64/test_align-8.c compilation,  -O2 
FAIL: gcc.target/aarch64/aapcs64/test_align-8.c compilation,  -O3 -g 
FAIL: gcc.target/aarch64/aapcs64/test_align-8.c compilation,  -Og -g 
FAIL: gcc.target/aarch64/aapcs64/test_align-8.c compilation,  -Os 
UNRESOLVED: gcc.target/aarch64/aapcs64/test_align-8.c execution,  -O0 
UNRESOLVED: gcc.target/aarch64/aapcs64/test_align-8.c execution,  -O1 
UNRESOLVED: gcc.target/aarch64/aapcs64/test_align-8.c execution,  -O2 
UNRESOLVED: gcc.target/aarch64/aapcs64/test_align-8.c execution,  -O3 -g 
UNRESOLVED: gcc.target/aarch64/aapcs64/test_align-8.c execution,  -Og -g 
UNRESOLVED: gcc.target/aarch64/aapcs64/test_align-8.c execution,  -Os 
FAIL: gcc.target/aarch64/aapcs64/test_align-9.c compilation,  -O0 
FAIL: gcc.target/aarch64/aapcs64/test_align-9.c compilation,  -O1 
FAIL: gcc.target/aarch64/aapcs64/test_align-9.c compilation,  -O2 
FAIL: gcc.target/aarch64/aapcs64/test_align-9.c compilation,  -O3 -g 
FAIL: gcc.target/aarch64/aapcs64/test_align-9.c compilation,  -Og -g 
FAIL: gcc.target/aarch64/aapcs64/test_align-9.c compilation,  -Os 
UNRESOLVED: gcc.target/aarch64/aapcs64/test_align-9.c execution,  -O0 
UNRESOLVED: gcc.target/aarch64/aapcs64/test_align-9.c execution,  -O1 
UNRESOLVED: gcc.target/aarch64/aapcs64/test_align-9.c execution,  -O2 
UNRESOLVED: gcc.target/aarch64/aapcs64/test_align-9.c execution,  -O3 -g 
UNRESOLVED: gcc.target/aarch64/aapcs64/test_align-9.c execution,  -Og -g 
UNRESOLVED: gcc.target/aarch64/aapcs64/test_align-9.c execution,  -Os 
FAIL: gcc.target/aarch64/aapcs64/test_complex.c compilation,  -O0 
FAIL: gcc.target/aarch64/aapcs64/test_complex.c compilation,  -O1 
FAIL: gcc.target/aarch64/aapcs64/test_complex.c compilation,  -O2 
FAIL: gcc.target/aarch64/aapcs64/test_complex.c compilation,  -O3 -g 
FAIL: gcc.target/aarch64/aapcs64/test_complex.c compilation,  -Og -g 
FAIL: gcc.target/aarch64/aapcs64/test_complex.c compilation,  -Os 
UNRESOLVED: gcc.target/aarch64/aapcs64/test_complex.c execution,  -O0 
UNRESOLVED: gcc.target/aarch64/aapcs64/test_complex.c execution,  -O1 
UNRESOLVED: gcc.target/aarch64/aapcs64/test_complex.c execution,  -O2 
UNRESOLVED: gcc.target/aarch64/aapcs64/test_complex.c execution,  -O3 -g 
UNRESOLVED: gcc.target/aarch64/aapcs64/test_complex.c execution,  -Og -g 
UNRESOLVED: gcc.target/aarch64/aapcs64/test_complex.c execution,  -Os 
FAIL: gcc.target/aarch64/aapcs64/test_int128.c compilation,  -O0 
FAIL: gcc.target/aarch64/aapcs64/test_int128.c compilation,  -O1 
FAIL: gcc.target/aarch64/aapcs64/test_int128.c compilation,  -O2 
FAIL: gcc.target/aarch64/aapcs64/test_int128.c compilation,  -O3 -g 
FAIL: gcc.target/aarch64/aapcs64/test_int128.c compilation,  -Og -g 
FAIL: gcc.target/aarch64/aapcs64/test_int128.c compilation,  -Os 
UNRESOLVED: gcc.target/aarch64/aapcs64/test_int128.c execution,  -O0 
UNRESOLVED: gcc.target/aarch64/aapcs64/test_int128.c execution,  -O1 
UNRESOLVED: gcc.target/aarch64/aapcs64/test_int128.c execution,  -O2 
UNRESOLVED: gcc.target/aarch64/aapcs64/test_int128.c execution,  -O3 -g 
UNRESOLVED: gcc.target/aarch64/aapcs64/test_int128.c execution,  -Og -g 
UNRESOLVED: gcc.target/aarch64/aapcs64/test_int128.c execution,  -Os 
FAIL: gcc.target/aarch64/aapcs64/test_quad_double.c compilation,  -O0 
FAIL: gcc.target/aarch64/aapcs64/test_quad_double.c compilation,  -O1 
FAIL: gcc.target/aarch64/aapcs64/test_quad_double.c compilation,  -O2 
FAIL: gcc.target/aarch64/aapcs64/test_quad_double.c compilation,  -O3 -g 
FAIL: gcc.target/aarch64/aapcs64/test_quad_double.c compilation,  -Og -g 
FAIL: gcc.target/aarch64/aapcs64/test_quad_double.c compilation,  -Os 
UNRESOLVED: gcc.target/aarch64/aapcs64/test_quad_double.c execution,  -O0 
UNRESOLVED: gcc.target/aarch64/aapcs64/test_quad_double.c execution,  -O1 
UNRESOLVED: gcc.target/aarch64/aapcs64/test_quad_double.c execution,  -O2 
UNRESOLVED: gcc.target/aarch64/aapcs64/test_quad_double.c execution,  -O3 -g 
UNRESOLVED: gcc.target/aarch64/aapcs64/test_quad_double.c execution,  -Og -g 
UNRESOLVED: gcc.target/aarch64/aapcs64/test_quad_double.c execution,  -Os 
FAIL: gcc.target/aarch64/aapcs64/va_arg-1.c compilation,  -O0 
FAIL: gcc.target/aarch64/aapcs64/va_arg-1.c compilation,  -O1 
FAIL: gcc.target/aarch64/aapcs64/va_arg-1.c compilation,  -O2 
FAIL: gcc.target/aarch64/aapcs64/va_arg-1.c compilation,  -O3 -g 
FAIL: gcc.target/aarch64/aapcs64/va_arg-1.c compilation,  -Og -g 
FAIL: gcc.target/aarch64/aapcs64/va_arg-1.c compilation,  -Os 
UNRESOLVED: gcc.target/aarch64/aapcs64/va_arg-1.c execution,  -O0 
UNRESOLVED: gcc.target/aarch64/aapcs64/va_arg-1.c execution,  -O1 
UNRESOLVED: gcc.target/aarch64/aapcs64/va_arg-1.c execution,  -O2 
UNRESOLVED: gcc.target/aarch64/aapcs64/va_arg-1.c execution,  -O3 -g 
UNRESOLVED: gcc.target/aarch64/aapcs64/va_arg-1.c execution,  -Og -g 
UNRESOLVED: gcc.target/aarch64/aapcs64/va_arg-1.c execution,  -Os 
FAIL: gcc.target/aarch64/aapcs64/va_arg-10.c compilation,  -O0 
FAIL: gcc.target/aarch64/aapcs64/va_arg-10.c compilation,  -O1 
FAIL: gcc.target/aarch64/aapcs64/va_arg-10.c compilation,  -O2 
FAIL: gcc.target/aarch64/aapcs64/va_arg-10.c compilation,  -O3 -g 
FAIL: gcc.target/aarch64/aapcs64/va_arg-10.c compilation,  -Og -g 
FAIL: gcc.target/aarch64/aapcs64/va_arg-10.c compilation,  -Os 
UNRESOLVED: gcc.target/aarch64/aapcs64/va_arg-10.c execution,  -O0 
UNRESOLVED: gcc.target/aarch64/aapcs64/va_arg-10.c execution,  -O1 
UNRESOLVED: gcc.target/aarch64/aapcs64/va_arg-10.c execution,  -O2 
UNRESOLVED: gcc.target/aarch64/aapcs64/va_arg-10.c execution,  -O3 -g 
UNRESOLVED: gcc.target/aarch64/aapcs64/va_arg-10.c execution,  -Og -g 
UNRESOLVED: gcc.target/aarch64/aapcs64/va_arg-10.c execution,  -Os 
FAIL: gcc.target/aarch64/aapcs64/va_arg-11.c compilation,  -O0 
FAIL: gcc.target/aarch64/aapcs64/va_arg-11.c compilation,  -O1 
FAIL: gcc.target/aarch64/aapcs64/va_arg-11.c compilation,  -O2 
FAIL: gcc.target/aarch64/aapcs64/va_arg-11.c compilation,  -O3 -g 
FAIL: gcc.target/aarch64/aapcs64/va_arg-11.c compilation,  -Og -g 
FAIL: gcc.target/aarch64/aapcs64/va_arg-11.c compilation,  -Os 
UNRESOLVED: gcc.target/aarch64/aapcs64/va_arg-11.c execution,  -O0 
UNRESOLVED: gcc.target/aarch64/aapcs64/va_arg-11.c execution,  -O1 
UNRESOLVED: gcc.target/aarch64/aapcs64/va_arg-11.c execution,  -O2 
UNRESOLVED: gcc.target/aarch64/aapcs64/va_arg-11.c execution,  -O3 -g 
UNRESOLVED: gcc.target/aarch64/aapcs64/va_arg-11.c execution,  -Og -g 
UNRESOLVED: gcc.target/aarch64/aapcs64/va_arg-11.c execution,  -Os 
FAIL: gcc.target/aarch64/aapcs64/va_arg-12.c compilation,  -O0 
FAIL: gcc.target/aarch64/aapcs64/va_arg-12.c compilation,  -O1 
FAIL: gcc.target/aarch64/aapcs64/va_arg-12.c compilation,  -O2 
FAIL: gcc.target/aarch64/aapcs64/va_arg-12.c compilation,  -O3 -g 
FAIL: gcc.target/aarch64/aapcs64/va_arg-12.c compilation,  -Og -g 
FAIL: gcc.target/aarch64/aapcs64/va_arg-12.c compilation,  -Os 
UNRESOLVED: gcc.target/aarch64/aapcs64/va_arg-12.c execution,  -O0 
UNRESOLVED: gcc.target/aarch64/aapcs64/va_arg-12.c execution,  -O1 
UNRESOLVED: gcc.target/aarch64/aapcs64/va_arg-12.c execution,  -O2 
UNRESOLVED: gcc.target/aarch64/aapcs64/va_arg-12.c execution,  -O3 -g 
UNRESOLVED: gcc.target/aarch64/aapcs64/va_arg-12.c execution,  -Og -g 
UNRESOLVED: gcc.target/aarch64/aapcs64/va_arg-12.c execution,  -Os 
FAIL: gcc.target/aarch64/aapcs64/va_arg-13.c compilation,  -O0 
FAIL: gcc.target/aarch64/aapcs64/va_arg-13.c compilation,  -O1 
FAIL: gcc.target/aarch64/aapcs64/va_arg-13.c compilation,  -O2 
FAIL: gcc.target/aarch64/aapcs64/va_arg-13.c compilation,  -O3 -g 
FAIL: gcc.target/aarch64/aapcs64/va_arg-13.c compilation,  -Og -g 
FAIL: gcc.target/aarch64/aapcs64/va_arg-13.c compilation,  -Os 
UNRESOLVED: gcc.target/aarch64/aapcs64/va_arg-13.c execution,  -O0 
UNRESOLVED: gcc.target/aarch64/aapcs64/va_arg-13.c execution,  -O1 
UNRESOLVED: gcc.target/aarch64/aapcs64/va_arg-13.c execution,  -O2 
UNRESOLVED: gcc.target/aarch64/aapcs64/va_arg-13.c execution,  -O3 -g 
UNRESOLVED: gcc.target/aarch64/aapcs64/va_arg-13.c execution,  -Og -g 
UNRESOLVED: gcc.target/aarch64/aapcs64/va_arg-13.c execution,  -Os 
FAIL: gcc.target/aarch64/aapcs64/va_arg-14.c compilation,  -O0 
FAIL: gcc.target/aarch64/aapcs64/va_arg-14.c compilation,  -O1 
FAIL: gcc.target/aarch64/aapcs64/va_arg-14.c compilation,  -O2 
FAIL: gcc.target/aarch64/aapcs64/va_arg-14.c compilation,  -O3 -g 
FAIL: gcc.target/aarch64/aapcs64/va_arg-14.c compilation,  -Og -g 
FAIL: gcc.target/aarch64/aapcs64/va_arg-14.c compilation,  -Os 
UNRESOLVED: gcc.target/aarch64/aapcs64/va_arg-14.c execution,  -O0 
UNRESOLVED: gcc.target/aarch64/aapcs64/va_arg-14.c execution,  -O1 
UNRESOLVED: gcc.target/aarch64/aapcs64/va_arg-14.c execution,  -O2 
UNRESOLVED: gcc.target/aarch64/aapcs64/va_arg-14.c execution,  -O3 -g 
UNRESOLVED: gcc.target/aarch64/aapcs64/va_arg-14.c execution,  -Og -g 
UNRESOLVED: gcc.target/aarch64/aapcs64/va_arg-14.c execution,  -Os 
FAIL: gcc.target/aarch64/aapcs64/va_arg-15.c compilation,  -O0 
FAIL: gcc.target/aarch64/aapcs64/va_arg-15.c compilation,  -O1 
FAIL: gcc.target/aarch64/aapcs64/va_arg-15.c compilation,  -O2 
FAIL: gcc.target/aarch64/aapcs64/va_arg-15.c compilation,  -O3 -g 
FAIL: gcc.target/aarch64/aapcs64/va_arg-15.c compilation,  -Og -g 
FAIL: gcc.target/aarch64/aapcs64/va_arg-15.c compilation,  -Os 
UNRESOLVED: gcc.target/aarch64/aapcs64/va_arg-15.c execution,  -O0 
UNRESOLVED: gcc.target/aarch64/aapcs64/va_arg-15.c execution,  -O1 
UNRESOLVED: gcc.target/aarch64/aapcs64/va_arg-15.c execution,  -O2 
UNRESOLVED: gcc.target/aarch64/aapcs64/va_arg-15.c execution,  -O3 -g 
UNRESOLVED: gcc.target/aarch64/aapcs64/va_arg-15.c execution,  -Og -g 
UNRESOLVED: gcc.target/aarch64/aapcs64/va_arg-15.c execution,  -Os 
FAIL: gcc.target/aarch64/aapcs64/va_arg-16.c compilation,  -O0 
FAIL: gcc.target/aarch64/aapcs64/va_arg-16.c compilation,  -O1 
FAIL: gcc.target/aarch64/aapcs64/va_arg-16.c compilation,  -O2 
FAIL: gcc.target/aarch64/aapcs64/va_arg-16.c compilation,  -O3 -g 
FAIL: gcc.target/aarch64/aapcs64/va_arg-16.c compilation,  -Og -g 
FAIL: gcc.target/aarch64/aapcs64/va_arg-16.c compilation,  -Os 
UNRESOLVED: gcc.target/aarch64/aapcs64/va_arg-16.c execution,  -O0 
UNRESOLVED: gcc.target/aarch64/aapcs64/va_arg-16.c execution,  -O1 
UNRESOLVED: gcc.target/aarch64/aapcs64/va_arg-16.c execution,  -O2 
UNRESOLVED: gcc.target/aarch64/aapcs64/va_arg-16.c execution,  -O3 -g 
UNRESOLVED: gcc.target/aarch64/aapcs64/va_arg-16.c execution,  -Og -g 
UNRESOLVED: gcc.target/aarch64/aapcs64/va_arg-16.c execution,  -Os 
FAIL: gcc.target/aarch64/aapcs64/va_arg-2.c compilation,  -O0 
FAIL: gcc.target/aarch64/aapcs64/va_arg-2.c compilation,  -O1 
FAIL: gcc.target/aarch64/aapcs64/va_arg-2.c compilation,  -O2 
FAIL: gcc.target/aarch64/aapcs64/va_arg-2.c compilation,  -O3 -g 
FAIL: gcc.target/aarch64/aapcs64/va_arg-2.c compilation,  -Og -g 
FAIL: gcc.target/aarch64/aapcs64/va_arg-2.c compilation,  -Os 
UNRESOLVED: gcc.target/aarch64/aapcs64/va_arg-2.c execution,  -O0 
UNRESOLVED: gcc.target/aarch64/aapcs64/va_arg-2.c execution,  -O1 
UNRESOLVED: gcc.target/aarch64/aapcs64/va_arg-2.c execution,  -O2 
UNRESOLVED: gcc.target/aarch64/aapcs64/va_arg-2.c execution,  -O3 -g 
UNRESOLVED: gcc.target/aarch64/aapcs64/va_arg-2.c execution,  -Og -g 
UNRESOLVED: gcc.target/aarch64/aapcs64/va_arg-2.c execution,  -Os 
FAIL: gcc.target/aarch64/aapcs64/va_arg-3.c compilation,  -O0 
FAIL: gcc.target/aarch64/aapcs64/va_arg-3.c compilation,  -O1 
FAIL: gcc.target/aarch64/aapcs64/va_arg-3.c compilation,  -O2 
FAIL: gcc.target/aarch64/aapcs64/va_arg-3.c compilation,  -O3 -g 
FAIL: gcc.target/aarch64/aapcs64/va_arg-3.c compilation,  -Og -g 
FAIL: gcc.target/aarch64/aapcs64/va_arg-3.c compilation,  -Os 
UNRESOLVED: gcc.target/aarch64/aapcs64/va_arg-3.c execution,  -O0 
UNRESOLVED: gcc.target/aarch64/aapcs64/va_arg-3.c execution,  -O1 
UNRESOLVED: gcc.target/aarch64/aapcs64/va_arg-3.c execution,  -O2 
UNRESOLVED: gcc.target/aarch64/aapcs64/va_arg-3.c execution,  -O3 -g 
UNRESOLVED: gcc.target/aarch64/aapcs64/va_arg-3.c execution,  -Og -g 
UNRESOLVED: gcc.target/aarch64/aapcs64/va_arg-3.c execution,  -Os 
FAIL: gcc.target/aarch64/aapcs64/va_arg-4.c compilation,  -O0 
FAIL: gcc.target/aarch64/aapcs64/va_arg-4.c compilation,  -O1 
FAIL: gcc.target/aarch64/aapcs64/va_arg-4.c compilation,  -O2 
FAIL: gcc.target/aarch64/aapcs64/va_arg-4.c compilation,  -O3 -g 
FAIL: gcc.target/aarch64/aapcs64/va_arg-4.c compilation,  -Og -g 
FAIL: gcc.target/aarch64/aapcs64/va_arg-4.c compilation,  -Os 
UNRESOLVED: gcc.target/aarch64/aapcs64/va_arg-4.c execution,  -O0 
UNRESOLVED: gcc.target/aarch64/aapcs64/va_arg-4.c execution,  -O1 
UNRESOLVED: gcc.target/aarch64/aapcs64/va_arg-4.c execution,  -O2 
UNRESOLVED: gcc.target/aarch64/aapcs64/va_arg-4.c execution,  -O3 -g 
UNRESOLVED: gcc.target/aarch64/aapcs64/va_arg-4.c execution,  -Og -g 
UNRESOLVED: gcc.target/aarch64/aapcs64/va_arg-4.c execution,  -Os 
FAIL: gcc.target/aarch64/aapcs64/va_arg-5.c compilation,  -O0 
FAIL: gcc.target/aarch64/aapcs64/va_arg-5.c compilation,  -O1 
FAIL: gcc.target/aarch64/aapcs64/va_arg-5.c compilation,  -O2 
FAIL: gcc.target/aarch64/aapcs64/va_arg-5.c compilation,  -O3 -g 
FAIL: gcc.target/aarch64/aapcs64/va_arg-5.c compilation,  -Og -g 
FAIL: gcc.target/aarch64/aapcs64/va_arg-5.c compilation,  -Os 
UNRESOLVED: gcc.target/aarch64/aapcs64/va_arg-5.c execution,  -O0 
UNRESOLVED: gcc.target/aarch64/aapcs64/va_arg-5.c execution,  -O1 
UNRESOLVED: gcc.target/aarch64/aapcs64/va_arg-5.c execution,  -O2 
UNRESOLVED: gcc.target/aarch64/aapcs64/va_arg-5.c execution,  -O3 -g 
UNRESOLVED: gcc.target/aarch64/aapcs64/va_arg-5.c execution,  -Og -g 
UNRESOLVED: gcc.target/aarch64/aapcs64/va_arg-5.c execution,  -Os 
FAIL: gcc.target/aarch64/aapcs64/va_arg-6.c compilation,  -O0 
FAIL: gcc.target/aarch64/aapcs64/va_arg-6.c compilation,  -O1 
FAIL: gcc.target/aarch64/aapcs64/va_arg-6.c compilation,  -O2 
FAIL: gcc.target/aarch64/aapcs64/va_arg-6.c compilation,  -O3 -g 
FAIL: gcc.target/aarch64/aapcs64/va_arg-6.c compilation,  -Og -g 
FAIL: gcc.target/aarch64/aapcs64/va_arg-6.c compilation,  -Os 
UNRESOLVED: gcc.target/aarch64/aapcs64/va_arg-6.c execution,  -O0 
UNRESOLVED: gcc.target/aarch64/aapcs64/va_arg-6.c execution,  -O1 
UNRESOLVED: gcc.target/aarch64/aapcs64/va_arg-6.c execution,  -O2 
UNRESOLVED: gcc.target/aarch64/aapcs64/va_arg-6.c execution,  -O3 -g 
UNRESOLVED: gcc.target/aarch64/aapcs64/va_arg-6.c execution,  -Og -g 
UNRESOLVED: gcc.target/aarch64/aapcs64/va_arg-6.c execution,  -Os 
FAIL: gcc.target/aarch64/aapcs64/va_arg-7.c compilation,  -O0 
FAIL: gcc.target/aarch64/aapcs64/va_arg-7.c compilation,  -O1 
FAIL: gcc.target/aarch64/aapcs64/va_arg-7.c compilation,  -O2 
FAIL: gcc.target/aarch64/aapcs64/va_arg-7.c compilation,  -O3 -g 
FAIL: gcc.target/aarch64/aapcs64/va_arg-7.c compilation,  -Og -g 
FAIL: gcc.target/aarch64/aapcs64/va_arg-7.c compilation,  -Os 
UNRESOLVED: gcc.target/aarch64/aapcs64/va_arg-7.c execution,  -O0 
UNRESOLVED: gcc.target/aarch64/aapcs64/va_arg-7.c execution,  -O1 
UNRESOLVED: gcc.target/aarch64/aapcs64/va_arg-7.c execution,  -O2 
UNRESOLVED: gcc.target/aarch64/aapcs64/va_arg-7.c execution,  -O3 -g 
UNRESOLVED: gcc.target/aarch64/aapcs64/va_arg-7.c execution,  -Og -g 
UNRESOLVED: gcc.target/aarch64/aapcs64/va_arg-7.c execution,  -Os 
FAIL: gcc.target/aarch64/aapcs64/va_arg-8.c compilation,  -O0 
FAIL: gcc.target/aarch64/aapcs64/va_arg-8.c compilation,  -O1 
FAIL: gcc.target/aarch64/aapcs64/va_arg-8.c compilation,  -O2 
FAIL: gcc.target/aarch64/aapcs64/va_arg-8.c compilation,  -O3 -g 
FAIL: gcc.target/aarch64/aapcs64/va_arg-8.c compilation,  -Og -g 
FAIL: gcc.target/aarch64/aapcs64/va_arg-8.c compilation,  -Os 
UNRESOLVED: gcc.target/aarch64/aapcs64/va_arg-8.c execution,  -O0 
UNRESOLVED: gcc.target/aarch64/aapcs64/va_arg-8.c execution,  -O1 
UNRESOLVED: gcc.target/aarch64/aapcs64/va_arg-8.c execution,  -O2 
UNRESOLVED: gcc.target/aarch64/aapcs64/va_arg-8.c execution,  -O3 -g 
UNRESOLVED: gcc.target/aarch64/aapcs64/va_arg-8.c execution,  -Og -g 
UNRESOLVED: gcc.target/aarch64/aapcs64/va_arg-8.c execution,  -Os 
FAIL: gcc.target/aarch64/aapcs64/va_arg-9.c compilation,  -O0 
FAIL: gcc.target/aarch64/aapcs64/va_arg-9.c compilation,  -O1 
FAIL: gcc.target/aarch64/aapcs64/va_arg-9.c compilation,  -O2 
FAIL: gcc.target/aarch64/aapcs64/va_arg-9.c compilation,  -O3 -g 
FAIL: gcc.target/aarch64/aapcs64/va_arg-9.c compilation,  -Og -g 
FAIL: gcc.target/aarch64/aapcs64/va_arg-9.c compilation,  -Os 
UNRESOLVED: gcc.target/aarch64/aapcs64/va_arg-9.c execution,  -O0 
UNRESOLVED: gcc.target/aarch64/aapcs64/va_arg-9.c execution,  -O1 
UNRESOLVED: gcc.target/aarch64/aapcs64/va_arg-9.c execution,  -O2 
UNRESOLVED: gcc.target/aarch64/aapcs64/va_arg-9.c execution,  -O3 -g 
UNRESOLVED: gcc.target/aarch64/aapcs64/va_arg-9.c execution,  -Og -g 
UNRESOLVED: gcc.target/aarch64/aapcs64/va_arg-9.c execution,  -Os 
FAIL: gcc.target/aarch64/fuse_adrp_add_1.c scan-assembler adrp\\tx.*, fixed_regs\\n\\tadd\\tx.*, x.*fixed_regs
FAIL: gcc.target/aarch64/ldp_vec_64_1.c scan-assembler ldp\\td[0-9]+, d[0-9]
FAIL: gcc.target/aarch64/pr63304_1.c (test for excess errors)
FAIL: gcc.target/aarch64/pr63304_1.c scan-assembler-times adrp 6
FAIL: gcc.target/aarch64/pr70120-2.c (test for excess errors)
FAIL: gcc.target/aarch64/reload-valid-spoff.c (test for excess errors)
FAIL: gcc.target/aarch64/test_frame_12.c scan-assembler-times ldp\\tx29, x30, \\\\[sp, [0-9]+\\\\] 1
FAIL: gcc.target/aarch64/test_frame_12.c scan-assembler-times sub\\tsp, sp, #[0-9]+ 1
FAIL: gcc.target/aarch64/test_frame_15.c scan-assembler-times stp\\tx29, x30, \\\\[sp, [0-9]+\\\\] 1
FAIL: gcc.target/aarch64/test_frame_15.c scan-assembler-times sub\\tsp, sp, #[0-9]+ 1
FAIL: gcc.target/aarch64/test_frame_8.c scan-assembler-times ldr\\tx30, \\\\[sp, [0-9]+\\\\] 1
FAIL: gcc.target/aarch64/test_frame_8.c scan-assembler-times str\\tx30, \\\\[sp, [0-9]+\\\\] 1
FAIL: gcc.target/aarch64/vect-abs-compile.c scan-assembler abs\\\\tv[0-9]+.16b
FAIL: gcc.target/aarch64/vect-abs-compile.c scan-assembler abs\\\\tv[0-9]+.8h
FAIL: gcc.target/aarch64/vect-add-sub-cond.c scan-assembler-not \\tld[^\\t]*\\t[wx]

		=== gcc Summary ===

# of expected passes		109656
# of unexpected failures	804
# of unexpected successes	18
# of expected failures		304
# of unresolved testcases	336
# of unsupported tests		3361
/build/gcc-snapshot-35nbyu/gcc-snapshot-20161019/build/gcc/xgcc  version 7.0.0 20161019 (experimental) [trunk revision 241340] (Debian 20161019-1) 

		=== gfortran tests ===


Running target unix
FAIL: gfortran.dg/dtio_17.f90   -O1  execution test
FAIL: gfortran.dg/graphite/pr68279.f90   -O  (internal compiler error)
FAIL: gfortran.dg/graphite/pr68279.f90   -O  (test for excess errors)
FAIL: gfortran.dg/ieee/ieee_6.f90   -O0  execution test
FAIL: gfortran.dg/ieee/ieee_6.f90   -O1  execution test
FAIL: gfortran.dg/ieee/ieee_6.f90   -O2  execution test
FAIL: gfortran.dg/ieee/ieee_6.f90   -O3 -fomit-frame-pointer -funroll-loops -fpeel-loops -ftracer -finline-functions  execution test
FAIL: gfortran.dg/ieee/ieee_6.f90   -O3 -g  execution test
FAIL: gfortran.dg/ieee/ieee_6.f90   -Os  execution test

		=== gfortran Summary ===

# of expected passes		42898
# of unexpected failures	9
# of expected failures		77
# of unsupported tests		70
/build/gcc-snapshot-35nbyu/gcc-snapshot-20161019/build/gcc/gfortran  version 7.0.0 20161019 (experimental) [trunk revision 241340] (Debian 20161019-1) 

		=== gnat tests ===


Running target unix
FAIL: gnat.dg/trampoline3.adb scan-assembler-not GNU-stack.*x

		=== gnat Summary ===

# of expected passes		2504
# of unexpected failures	1
# of expected failures		24
# of unsupported tests		21
/build/gcc-snapshot-35nbyu/gcc-snapshot-20161019/build/gcc/gnatmake version 7.0.0 20161019 (experimental) [trunk revision 241340]

		=== go tests ===


Running target unix

		=== go Summary ===

# of expected passes		486
# of untested testcases		834
/build/gcc-snapshot-35nbyu/gcc-snapshot-20161019/build/gcc/gccgo  version 7.0.0 20161019 (experimental) [trunk revision 241340] (Debian 20161019-1) 

		=== obj-c++ tests ===


Running target unix

		=== obj-c++ Summary ===

# of expected passes		1450
# of expected failures		10
# of unsupported tests		77
/build/gcc-snapshot-35nbyu/gcc-snapshot-20161019/build/gcc/xg++  version 7.0.0 20161019 (experimental) [trunk revision 241340] (Debian 20161019-1) 

		=== objc tests ===


Running target unix

		=== objc Summary ===

# of expected passes		2801
# of unsupported tests		69
/build/gcc-snapshot-35nbyu/gcc-snapshot-20161019/build/gcc/xgcc  version 7.0.0 20161019 (experimental) [trunk revision 241340] (Debian 20161019-1) 


Compiler version: 7.0.0 20161019 (experimental) [trunk revision 241340] (Debian 20161019-1) 
Platform: aarch64-unknown-linux-gnu
configure flags: -v --with-pkgversion='Debian 20161019-1' --with-bugurl=file:///usr/share/doc/gcc-snapshot/README.Bugs --enable-languages=c,ada,c++,go,fortran,objc,obj-c++ --prefix=/usr/lib/gcc-snapshot --program-prefix= --enable-shared --enable-linker-build-id --disable-nls --with-sysroot=/ --enable-clocale=gnu --enable-libstdcxx-debug --enable-libstdcxx-time=yes --with-default-libstdcxx-abi=new --enable-gnu-unique-object --disable-libquadmath --enable-plugin --enable-default-pie --with-system-zlib --enable-multiarch --enable-fix-cortex-a53-843419 --disable-werror --enable-checking=yes --build=aarch64-linux-gnu --host=aarch64-linux-gnu --target=aarch64-linux-gnu
BOOT_CFLAGS=


Build Dependencies:
Desired=Unknown/Install/Remove/Purge/Hold
| Status=Not/Inst/Conf-files/Unpacked/halF-conf/Half-inst/trig-aWait/Trig-pend
|/ Err?=(none)/Reinst-required (Status,Err: uppercase=bad)
||/ Name                      Version        Architecture Description
+++-=========================-==============-============-===============================================================================
ii  binutils                  2.27-9         arm64        GNU assembler, linker and binary utilities
ii  g++-5                     5.4.1-3        arm64        GNU C++ compiler
ii  g++-6                     6.2.0-7        arm64        GNU C++ compiler
ii  libc6:arm64               2.24-5         arm64        GNU C Library: Shared libraries
ii  libgmp-dev:arm64          2:6.1.1+dfsg-1 arm64        Multiprecision arithmetic library developers tools
ii  libisl-dev:arm64          0.17.1-1       arm64        manipulating sets and relations of integer points bounded by linear constraints
ii  libmpc-dev:arm64          1.0.3-1        arm64        multiple precision complex floating-point library development package
ii  libmpfr-dev:arm64         3.1.5-1        arm64        multiple precision floating-point computation developers tools


sys-auxv-header:
  Check for the sys/auxv.h header file.

libcilkrts-targets:
  Disable libcilkrts on KFreeBSD and the Hurd. See #734973.

arm-multilib-defaults:
  Set MULTILIB_DEFAULTS for ARM multilib builds

gcc-ice-dump:
  For ICEs, dump the preprocessed source file to stderr
  when in a distro build environment.

gcc-ice-apport:
  Report an ICE to apport (if apport is available
  and the environment variable GCC_NOAPPORT is not set)

skip-bootstrap-multilib:
  Skip non-default multilib and libstdc++-v3 debug builds in bootstrap builds

libffi-ro-eh_frame_sect:
  PR libffi/47248, force a read only eh frame section.

libffi-mips:
  Backport Mips go closure support, taken from libffi issue #197.

pr67899:
  Proposed patch for PR sanitizer/67899

gcc-multiarch:
  - Remaining multiarch patches, not yet submitted upstream.
  - Add MULTIARCH_DIRNAME definitions for multilib configurations,
  which are used for the non-multilib builds.

config-ml:
  - Disable some biarch libraries for biarch builds.
  - Fix multilib builds on kernels which don't support all multilibs.

gcc-multilib-multiarch:
  Don't auto-detect multilib osdirnames.

libgomp-kfreebsd-testsuite:
  Disable lock-2.c test on kfreebsd-*

go-testsuite:
  Skip Go testcase on AArch64 which hangs on the buildds.

ada-749574:

ada-mips:
  Improve support for mips.

ada-bootstrap-compare:
  For the bootstrap comparison, ignore gcc/ada/a-except.o on
  mips and mipsel. See PR ada/65618.

Counting all warnings,
there are 0 warnings in stage3 of this bootstrap.

Number of warnings per file:

Number of warning types:


Index Nav: [Date Index] [Subject Index] [Author Index] [Thread Index]
Message Nav: [Date Prev] [Date Next] [Thread Prev] [Thread Next]