This is the mail archive of the gcc-testresults@gcc.gnu.org mailing list for the GCC project.


Index Nav: [Date Index] [Subject Index] [Author Index] [Thread Index]
Message Nav: [Date Prev] [Date Next] [Thread Prev] [Thread Next]
Other format: [Raw text]

Results for 7.0.0 20161018 (experimental) [trunk revision 241318] (GCC) testsuite on x86_64-pc-linux-gnu


Native configuration is x86_64-pc-linux-gnu

		=== gcc tests ===


Running target unix
XPASS: gcc.dg/guality/example.c   -O0  execution test
XPASS: gcc.dg/guality/example.c   -O1  execution test
XPASS: gcc.dg/guality/example.c   -O2  execution test
XPASS: gcc.dg/guality/example.c   -O2 -flto -fno-use-linker-plugin -flto-partition=none  execution test
XPASS: gcc.dg/guality/guality.c   -O0  execution test
XPASS: gcc.dg/guality/guality.c   -O1  execution test
XPASS: gcc.dg/guality/guality.c   -O2  execution test
XPASS: gcc.dg/guality/guality.c   -O2 -flto -fno-use-linker-plugin -flto-partition=none  execution test
XPASS: gcc.dg/guality/guality.c   -O2 -flto -fuse-linker-plugin -fno-fat-lto-objects  execution test
XPASS: gcc.dg/guality/guality.c   -O3 -g  execution test
XPASS: gcc.dg/guality/guality.c   -Os  execution test
XPASS: gcc.dg/guality/inline-params.c   -O2  execution test
XPASS: gcc.dg/guality/inline-params.c   -O2 -flto -fno-use-linker-plugin -flto-partition=none  execution test
XPASS: gcc.dg/guality/inline-params.c   -O3 -g  execution test
XPASS: gcc.dg/guality/inline-params.c   -Os  execution test
XPASS: gcc.dg/guality/pr41353-1.c   -O0  line 28 j == 28 + 37
XPASS: gcc.dg/guality/pr41353-1.c   -O1  line 28 j == 28 + 37
XPASS: gcc.dg/guality/pr41353-1.c   -O2  line 28 j == 28 + 37
XPASS: gcc.dg/guality/pr41353-1.c   -O2 -flto -fno-use-linker-plugin -flto-partition=none  line 28 j == 28 + 37
XPASS: gcc.dg/guality/pr41353-1.c   -O2 -flto -fuse-linker-plugin -fno-fat-lto-objects  line 28 j == 28 + 37
XPASS: gcc.dg/guality/pr41353-1.c   -O3 -g  line 28 j == 28 + 37
XPASS: gcc.dg/guality/pr41353-1.c   -Os  line 28 j == 28 + 37
FAIL: gcc.dg/guality/pr41616-1.c   -O2 -flto -fuse-linker-plugin -fno-fat-lto-objects  execution test
FAIL: gcc.dg/guality/pr43051-1.c   -O3 -fomit-frame-pointer -funroll-loops -fpeel-loops -ftracer -finline-functions  line 34 c == &a[0]
FAIL: gcc.dg/guality/pr43051-1.c   -O3 -fomit-frame-pointer -funroll-loops -fpeel-loops -ftracer -finline-functions  line 36 e == &a[1]
FAIL: gcc.dg/guality/pr45882.c   -O2 -flto -fuse-linker-plugin -fno-fat-lto-objects  line 16 d == 112
FAIL: gcc.dg/guality/pr45882.c   -O2 -flto -fuse-linker-plugin -fno-fat-lto-objects  line 16 e == 142
FAIL: gcc.dg/guality/pr54200.c   -Os  line 20 z == 3
FAIL: gcc.dg/guality/pr54519-1.c   -O2 -flto -fno-use-linker-plugin -flto-partition=none  line 20 y == 25
FAIL: gcc.dg/guality/pr54519-1.c   -O2 -flto -fno-use-linker-plugin -flto-partition=none  line 20 z == 6
FAIL: gcc.dg/guality/pr54519-1.c   -O2 -flto -fno-use-linker-plugin -flto-partition=none  line 23 y == 117
FAIL: gcc.dg/guality/pr54519-1.c   -O2 -flto -fno-use-linker-plugin -flto-partition=none  line 23 z == 8
FAIL: gcc.dg/guality/pr54519-2.c   -O2 -flto -fno-use-linker-plugin -flto-partition=none  line 17 y == 25
FAIL: gcc.dg/guality/pr54519-2.c   -O2 -flto -fuse-linker-plugin -fno-fat-lto-objects  line 17 y == 25
FAIL: gcc.dg/guality/pr54519-3.c   -O2 -flto -fno-use-linker-plugin -flto-partition=none  line 20 y == 25
FAIL: gcc.dg/guality/pr54519-3.c   -O2 -flto -fno-use-linker-plugin -flto-partition=none  line 20 z == 6
FAIL: gcc.dg/guality/pr54519-3.c   -O2 -flto -fno-use-linker-plugin -flto-partition=none  line 23 y == 117
FAIL: gcc.dg/guality/pr54519-3.c   -O2 -flto -fno-use-linker-plugin -flto-partition=none  line 23 z == 8
FAIL: gcc.dg/guality/pr54519-3.c   -O2 -flto -fuse-linker-plugin -fno-fat-lto-objects  line 20 y == 25
FAIL: gcc.dg/guality/pr54519-3.c   -O2 -flto -fuse-linker-plugin -fno-fat-lto-objects  line 20 z == 6
FAIL: gcc.dg/guality/pr54519-3.c   -O2 -flto -fuse-linker-plugin -fno-fat-lto-objects  line 23 y == 117
FAIL: gcc.dg/guality/pr54519-3.c   -O2 -flto -fuse-linker-plugin -fno-fat-lto-objects  line 23 z == 8
FAIL: gcc.dg/guality/pr54519-4.c   -O2 -flto -fno-use-linker-plugin -flto-partition=none  line 17 y == 25
FAIL: gcc.dg/guality/pr54519-4.c   -O2 -flto -fuse-linker-plugin -fno-fat-lto-objects  line 17 y == 25
FAIL: gcc.dg/guality/pr54519-5.c   -O2 -flto -fno-use-linker-plugin -flto-partition=none  line 17 y == 25
FAIL: gcc.dg/guality/pr54519-5.c   -O2 -flto -fuse-linker-plugin -fno-fat-lto-objects  line 17 y == 25
FAIL: gcc.dg/guality/pr68860-1.c   -O2 -flto -fno-use-linker-plugin -flto-partition=none  line 14 arg1 == 1
FAIL: gcc.dg/guality/pr68860-1.c   -O2 -flto -fno-use-linker-plugin -flto-partition=none  line 14 arg2 == 2
FAIL: gcc.dg/guality/pr68860-1.c   -O2 -flto -fno-use-linker-plugin -flto-partition=none  line 14 arg3 == 3
FAIL: gcc.dg/guality/pr68860-1.c   -O2 -flto -fno-use-linker-plugin -flto-partition=none  line 14 arg4 == 4
FAIL: gcc.dg/guality/pr68860-1.c   -O2 -flto -fno-use-linker-plugin -flto-partition=none  line 14 arg5 == 5
FAIL: gcc.dg/guality/pr68860-1.c   -O2 -flto -fno-use-linker-plugin -flto-partition=none  line 14 arg6 == 6
FAIL: gcc.dg/guality/pr68860-1.c   -O2 -flto -fno-use-linker-plugin -flto-partition=none  line 16 arg1 == 1
FAIL: gcc.dg/guality/pr68860-1.c   -O2 -flto -fno-use-linker-plugin -flto-partition=none  line 16 arg2 == 2
FAIL: gcc.dg/guality/pr68860-1.c   -O2 -flto -fno-use-linker-plugin -flto-partition=none  line 16 arg3 == 3
FAIL: gcc.dg/guality/pr68860-1.c   -O2 -flto -fno-use-linker-plugin -flto-partition=none  line 16 arg4 == 4
FAIL: gcc.dg/guality/pr68860-1.c   -O2 -flto -fno-use-linker-plugin -flto-partition=none  line 16 arg5 == 5
FAIL: gcc.dg/guality/pr68860-1.c   -O2 -flto -fno-use-linker-plugin -flto-partition=none  line 16 arg6 == 6
FAIL: gcc.dg/guality/pr68860-1.c   -O2 -flto -fuse-linker-plugin -fno-fat-lto-objects  line 14 arg1 == 1
FAIL: gcc.dg/guality/pr68860-1.c   -O2 -flto -fuse-linker-plugin -fno-fat-lto-objects  line 14 arg2 == 2
FAIL: gcc.dg/guality/pr68860-1.c   -O2 -flto -fuse-linker-plugin -fno-fat-lto-objects  line 14 arg3 == 3
FAIL: gcc.dg/guality/pr68860-1.c   -O2 -flto -fuse-linker-plugin -fno-fat-lto-objects  line 14 arg4 == 4
FAIL: gcc.dg/guality/pr68860-1.c   -O2 -flto -fuse-linker-plugin -fno-fat-lto-objects  line 14 arg5 == 5
FAIL: gcc.dg/guality/pr68860-1.c   -O2 -flto -fuse-linker-plugin -fno-fat-lto-objects  line 14 arg6 == 6
FAIL: gcc.dg/guality/pr68860-1.c   -O2 -flto -fuse-linker-plugin -fno-fat-lto-objects  line 16 arg1 == 1
FAIL: gcc.dg/guality/pr68860-1.c   -O2 -flto -fuse-linker-plugin -fno-fat-lto-objects  line 16 arg2 == 2
FAIL: gcc.dg/guality/pr68860-1.c   -O2 -flto -fuse-linker-plugin -fno-fat-lto-objects  line 16 arg3 == 3
FAIL: gcc.dg/guality/pr68860-1.c   -O2 -flto -fuse-linker-plugin -fno-fat-lto-objects  line 16 arg4 == 4
FAIL: gcc.dg/guality/pr68860-1.c   -O2 -flto -fuse-linker-plugin -fno-fat-lto-objects  line 16 arg5 == 5
FAIL: gcc.dg/guality/pr68860-1.c   -O2 -flto -fuse-linker-plugin -fno-fat-lto-objects  line 16 arg6 == 6
FAIL: gcc.dg/guality/vla-1.c   -O1  line 17 sizeof (a) == 6
FAIL: gcc.dg/guality/vla-1.c   -O2  line 17 sizeof (a) == 6
FAIL: gcc.dg/guality/vla-1.c   -O2 -flto -fno-use-linker-plugin -flto-partition=none  line 17 sizeof (a) == 6
FAIL: gcc.dg/guality/vla-1.c   -O2 -flto -fuse-linker-plugin -fno-fat-lto-objects  line 17 sizeof (a) == 6
FAIL: gcc.dg/guality/vla-1.c   -O3 -g  line 17 sizeof (a) == 6
FAIL: gcc.dg/guality/vla-1.c   -Os  line 17 sizeof (a) == 6
FAIL: gcc.dg/tree-ssa/pr69270-3.c scan-tree-dump-times uncprop1 ", 1" 4
FAIL: gcc.dg/tree-ssa/slsr-8.c scan-tree-dump-times optimized " w?\\\\* " 7

		=== gcc Summary for unix ===

# of expected passes		127317
# of unexpected failures	56
# of unexpected successes	22
# of expected failures		342
# of unsupported tests		2062

Running target unix/-m32
FAIL: gcc.dg/Walloca-1.c  (test for warnings, line 26)
FAIL: gcc.dg/Walloca-1.c (test for excess errors)
FAIL: gcc.dg/Walloca-2.c  (test for warnings, line 34)
FAIL: gcc.dg/Walloca-2.c (test for excess errors)
FAIL: gcc.dg/Walloca-2.c note (test for warnings, line 34)
FAIL: gcc.dg/graphite/scop-dsyr2k.c scan-tree-dump-times graphite "number of SCoPs: 1" 1
FAIL: gcc.dg/graphite/scop-dsyrk.c scan-tree-dump-times graphite "number of SCoPs: 1" 1
XPASS: gcc.dg/guality/example.c   -O0  execution test
XPASS: gcc.dg/guality/example.c   -O1  execution test
XPASS: gcc.dg/guality/guality.c   -O0  execution test
XPASS: gcc.dg/guality/guality.c   -O1  execution test
XPASS: gcc.dg/guality/guality.c   -O2  execution test
XPASS: gcc.dg/guality/guality.c   -O2 -flto -fno-use-linker-plugin -flto-partition=none  execution test
XPASS: gcc.dg/guality/guality.c   -O2 -flto -fuse-linker-plugin -fno-fat-lto-objects  execution test
XPASS: gcc.dg/guality/guality.c   -O3 -g  execution test
XPASS: gcc.dg/guality/guality.c   -Os  execution test
XPASS: gcc.dg/guality/inline-params.c   -O2  execution test
XPASS: gcc.dg/guality/inline-params.c   -O2 -flto -fno-use-linker-plugin -flto-partition=none  execution test
XPASS: gcc.dg/guality/inline-params.c   -O3 -g  execution test
XPASS: gcc.dg/guality/inline-params.c   -Os  execution test
XPASS: gcc.dg/guality/pr41353-1.c   -O0  line 28 j == 28 + 37
XPASS: gcc.dg/guality/pr41353-1.c   -O1  line 28 j == 28 + 37
XPASS: gcc.dg/guality/pr41353-1.c   -O2  line 28 j == 28 + 37
XPASS: gcc.dg/guality/pr41353-1.c   -O2 -flto -fno-use-linker-plugin -flto-partition=none  line 28 j == 28 + 37
XPASS: gcc.dg/guality/pr41353-1.c   -O2 -flto -fuse-linker-plugin -fno-fat-lto-objects  line 28 j == 28 + 37
XPASS: gcc.dg/guality/pr41353-1.c   -O3 -g  line 28 j == 28 + 37
XPASS: gcc.dg/guality/pr41353-1.c   -Os  line 28 j == 28 + 37
FAIL: gcc.dg/guality/pr41447-1.c   -O2  execution test
FAIL: gcc.dg/guality/pr41447-1.c   -O2 -flto -fno-use-linker-plugin -flto-partition=none  execution test
FAIL: gcc.dg/guality/pr41447-1.c   -O3 -g  execution test
FAIL: gcc.dg/guality/pr41616-1.c   -O2 -flto -fuse-linker-plugin -fno-fat-lto-objects  execution test
FAIL: gcc.dg/guality/pr45882.c   -O2 -flto -fuse-linker-plugin -fno-fat-lto-objects  line 16 d == 112
FAIL: gcc.dg/guality/pr45882.c   -O2 -flto -fuse-linker-plugin -fno-fat-lto-objects  line 16 e == 142
FAIL: gcc.dg/guality/pr54519-1.c   -O2 -flto -fno-use-linker-plugin -flto-partition=none  line 20 y == 25
FAIL: gcc.dg/guality/pr54519-1.c   -O2 -flto -fno-use-linker-plugin -flto-partition=none  line 20 z == 6
FAIL: gcc.dg/guality/pr54519-1.c   -O2 -flto -fno-use-linker-plugin -flto-partition=none  line 23 y == 117
FAIL: gcc.dg/guality/pr54519-1.c   -O2 -flto -fno-use-linker-plugin -flto-partition=none  line 23 z == 8
FAIL: gcc.dg/guality/pr54519-2.c   -O2 -flto -fno-use-linker-plugin -flto-partition=none  line 17 y == 25
FAIL: gcc.dg/guality/pr54519-2.c   -O2 -flto -fuse-linker-plugin -fno-fat-lto-objects  line 17 y == 25
FAIL: gcc.dg/guality/pr54519-3.c   -O2 -flto -fno-use-linker-plugin -flto-partition=none  line 20 y == 25
FAIL: gcc.dg/guality/pr54519-3.c   -O2 -flto -fno-use-linker-plugin -flto-partition=none  line 20 z == 6
FAIL: gcc.dg/guality/pr54519-3.c   -O2 -flto -fno-use-linker-plugin -flto-partition=none  line 23 y == 117
FAIL: gcc.dg/guality/pr54519-3.c   -O2 -flto -fno-use-linker-plugin -flto-partition=none  line 23 z == 8
FAIL: gcc.dg/guality/pr54519-3.c   -O2 -flto -fuse-linker-plugin -fno-fat-lto-objects  line 20 y == 25
FAIL: gcc.dg/guality/pr54519-3.c   -O2 -flto -fuse-linker-plugin -fno-fat-lto-objects  line 20 z == 6
FAIL: gcc.dg/guality/pr54519-3.c   -O2 -flto -fuse-linker-plugin -fno-fat-lto-objects  line 23 y == 117
FAIL: gcc.dg/guality/pr54519-3.c   -O2 -flto -fuse-linker-plugin -fno-fat-lto-objects  line 23 z == 8
FAIL: gcc.dg/guality/pr54519-4.c   -O2 -flto -fno-use-linker-plugin -flto-partition=none  line 17 y == 25
FAIL: gcc.dg/guality/pr54519-4.c   -O2 -flto -fuse-linker-plugin -fno-fat-lto-objects  line 17 y == 25
FAIL: gcc.dg/guality/pr54519-5.c   -O2 -flto -fno-use-linker-plugin -flto-partition=none  line 17 y == 25
FAIL: gcc.dg/guality/pr54519-5.c   -O2 -flto -fuse-linker-plugin -fno-fat-lto-objects  line 17 y == 25
FAIL: gcc.dg/guality/pr68860-1.c   -O2 -flto -fno-use-linker-plugin -flto-partition=none  line 14 arg1 == 1
FAIL: gcc.dg/guality/pr68860-1.c   -O2 -flto -fno-use-linker-plugin -flto-partition=none  line 14 arg2 == 2
FAIL: gcc.dg/guality/pr68860-1.c   -O2 -flto -fno-use-linker-plugin -flto-partition=none  line 14 arg3 == 3
FAIL: gcc.dg/guality/pr68860-1.c   -O2 -flto -fno-use-linker-plugin -flto-partition=none  line 14 arg4 == 4
FAIL: gcc.dg/guality/pr68860-1.c   -O2 -flto -fno-use-linker-plugin -flto-partition=none  line 14 arg5 == 5
FAIL: gcc.dg/guality/pr68860-1.c   -O2 -flto -fno-use-linker-plugin -flto-partition=none  line 14 arg6 == 6
FAIL: gcc.dg/guality/pr68860-1.c   -O2 -flto -fno-use-linker-plugin -flto-partition=none  line 16 arg1 == 1
FAIL: gcc.dg/guality/pr68860-1.c   -O2 -flto -fno-use-linker-plugin -flto-partition=none  line 16 arg2 == 2
FAIL: gcc.dg/guality/pr68860-1.c   -O2 -flto -fno-use-linker-plugin -flto-partition=none  line 16 arg3 == 3
FAIL: gcc.dg/guality/pr68860-1.c   -O2 -flto -fno-use-linker-plugin -flto-partition=none  line 16 arg4 == 4
FAIL: gcc.dg/guality/pr68860-1.c   -O2 -flto -fno-use-linker-plugin -flto-partition=none  line 16 arg5 == 5
FAIL: gcc.dg/guality/pr68860-1.c   -O2 -flto -fno-use-linker-plugin -flto-partition=none  line 16 arg6 == 6
FAIL: gcc.dg/guality/pr68860-1.c   -O2 -flto -fuse-linker-plugin -fno-fat-lto-objects  line 14 arg1 == 1
FAIL: gcc.dg/guality/pr68860-1.c   -O2 -flto -fuse-linker-plugin -fno-fat-lto-objects  line 14 arg2 == 2
FAIL: gcc.dg/guality/pr68860-1.c   -O2 -flto -fuse-linker-plugin -fno-fat-lto-objects  line 14 arg3 == 3
FAIL: gcc.dg/guality/pr68860-1.c   -O2 -flto -fuse-linker-plugin -fno-fat-lto-objects  line 14 arg4 == 4
FAIL: gcc.dg/guality/pr68860-1.c   -O2 -flto -fuse-linker-plugin -fno-fat-lto-objects  line 14 arg5 == 5
FAIL: gcc.dg/guality/pr68860-1.c   -O2 -flto -fuse-linker-plugin -fno-fat-lto-objects  line 14 arg6 == 6
FAIL: gcc.dg/guality/pr68860-1.c   -O2 -flto -fuse-linker-plugin -fno-fat-lto-objects  line 16 arg1 == 1
FAIL: gcc.dg/guality/pr68860-1.c   -O2 -flto -fuse-linker-plugin -fno-fat-lto-objects  line 16 arg2 == 2
FAIL: gcc.dg/guality/pr68860-1.c   -O2 -flto -fuse-linker-plugin -fno-fat-lto-objects  line 16 arg3 == 3
FAIL: gcc.dg/guality/pr68860-1.c   -O2 -flto -fuse-linker-plugin -fno-fat-lto-objects  line 16 arg4 == 4
FAIL: gcc.dg/guality/pr68860-1.c   -O2 -flto -fuse-linker-plugin -fno-fat-lto-objects  line 16 arg5 == 5
FAIL: gcc.dg/guality/pr68860-1.c   -O2 -flto -fuse-linker-plugin -fno-fat-lto-objects  line 16 arg6 == 6
FAIL: gcc.dg/guality/vla-1.c   -O1  line 17 sizeof (a) == 6
FAIL: gcc.dg/guality/vla-1.c   -O2  line 17 sizeof (a) == 6
FAIL: gcc.dg/guality/vla-1.c   -O2 -flto -fno-use-linker-plugin -flto-partition=none  line 17 sizeof (a) == 6
FAIL: gcc.dg/guality/vla-1.c   -O2 -flto -fuse-linker-plugin -fno-fat-lto-objects  line 17 sizeof (a) == 6
FAIL: gcc.dg/guality/vla-1.c   -O3 -g  line 17 sizeof (a) == 6
FAIL: gcc.dg/guality/vla-1.c   -Os  line 17 sizeof (a) == 6
FAIL: gcc.dg/tree-ssa/builtin-sprintf-warn-1.c  (test for warnings, line 1229)
FAIL: gcc.dg/tree-ssa/builtin-sprintf-warn-1.c  (test for warnings, line 1279)
FAIL: gcc.dg/tree-ssa/builtin-sprintf-warn-1.c  (test for warnings, line 1390)
FAIL: gcc.dg/tree-ssa/builtin-sprintf-warn-1.c (test for excess errors)
XPASS: gcc.dg/tree-ssa/builtin-sprintf-warn-6.c unsigned long long (test for bogus messages, line 91)
FAIL: gcc.dg/tree-ssa/pr69270-3.c scan-tree-dump-times uncprop1 ", 1" 4
FAIL: gcc.dg/tree-ssa/scev-5.c scan-tree-dump-times optimized "&a" 1
FAIL: gcc.dg/tree-ssa/slsr-8.c scan-tree-dump-times optimized " w?\\\\* " 7

		=== gcc Summary for unix/-m32 ===

# of expected passes		125351
# of unexpected failures	68
# of unexpected successes	21
# of expected failures		345
# of unsupported tests		2108

		=== gcc Summary ===

# of expected passes		252668
# of unexpected failures	124
# of unexpected successes	43
# of expected failures		687
# of unsupported tests		4170
/export/gnu/import/git/gcc-test-intel64corei7/bld/gcc/xgcc  version 7.0.0 20161018 (experimental) [trunk revision 241318] (GCC) 

		=== gfortran tests ===


Running target unix
FAIL: gfortran.dg/goacc/routine-4.f90   -O   (test for errors, line 116)
FAIL: gfortran.dg/goacc/routine-4.f90   -O   (test for errors, line 54)
FAIL: gfortran.dg/goacc/routine-4.f90   -O   (test for errors, line 59)
FAIL: gfortran.dg/goacc/routine-4.f90   -O   (test for errors, line 64)
FAIL: gfortran.dg/goacc/routine-4.f90   -O   (test for errors, line 85)
FAIL: gfortran.dg/goacc/routine-4.f90   -O   (test for errors, line 90)
FAIL: gfortran.dg/goacc/routine-4.f90   -O   (test for warnings, line 114)
FAIL: gfortran.dg/goacc/routine-4.f90   -O   (test for warnings, line 141)
FAIL: gfortran.dg/goacc/routine-4.f90   -O   (test for warnings, line 47)
FAIL: gfortran.dg/goacc/routine-4.f90   -O   (test for warnings, line 52)
FAIL: gfortran.dg/goacc/routine-4.f90   -O   (test for warnings, line 57)
FAIL: gfortran.dg/goacc/routine-4.f90   -O   (test for warnings, line 62)
FAIL: gfortran.dg/goacc/routine-4.f90   -O   (test for warnings, line 83)
FAIL: gfortran.dg/goacc/routine-4.f90   -O   (test for warnings, line 88)
FAIL: gfortran.dg/goacc/routine-4.f90   -O  2 (test for warnings, line 131)
FAIL: gfortran.dg/goacc/routine-4.f90   -O  3 (test for warnings, line 121)
FAIL: gfortran.dg/goacc/routine-5.f90   -O   (test for errors, line 104)
FAIL: gfortran.dg/goacc/routine-5.f90   -O   (test for errors, line 109)
FAIL: gfortran.dg/goacc/routine-5.f90   -O   (test for errors, line 45)
FAIL: gfortran.dg/goacc/routine-5.f90   -O   (test for errors, line 72)
FAIL: gfortran.dg/goacc/routine-5.f90   -O   (test for errors, line 77)
FAIL: gfortran.dg/goacc/routine-5.f90   -O   (test for errors, line 99)
FAIL: gfortran.dg/goacc/routine-5.f90   -O   (test for warnings, line 94)
FAIL: gfortran.dg/graphite/pr68279.f90   -O  (internal compiler error)
FAIL: gfortran.dg/graphite/pr68279.f90   -O  (test for excess errors)

		=== gfortran Summary for unix ===

# of expected passes		43521
# of unexpected failures	25
# of expected failures		76
# of unsupported tests		67

Running target unix/-m32
FAIL: gfortran.dg/bessel_6.f90   -O0  execution test
FAIL: gfortran.dg/bessel_6.f90   -O1  execution test
FAIL: gfortran.dg/bessel_6.f90   -O2  execution test
FAIL: gfortran.dg/bessel_6.f90   -O3 -fomit-frame-pointer -funroll-loops -fpeel-loops -ftracer -finline-functions  execution test
FAIL: gfortran.dg/bessel_6.f90   -O3 -g  execution test
FAIL: gfortran.dg/bessel_6.f90   -Os  execution test
FAIL: gfortran.dg/goacc/routine-4.f90   -O   (test for errors, line 116)
FAIL: gfortran.dg/goacc/routine-4.f90   -O   (test for errors, line 54)
FAIL: gfortran.dg/goacc/routine-4.f90   -O   (test for errors, line 59)
FAIL: gfortran.dg/goacc/routine-4.f90   -O   (test for errors, line 64)
FAIL: gfortran.dg/goacc/routine-4.f90   -O   (test for errors, line 85)
FAIL: gfortran.dg/goacc/routine-4.f90   -O   (test for errors, line 90)
FAIL: gfortran.dg/goacc/routine-4.f90   -O   (test for warnings, line 114)
FAIL: gfortran.dg/goacc/routine-4.f90   -O   (test for warnings, line 141)
FAIL: gfortran.dg/goacc/routine-4.f90   -O   (test for warnings, line 47)
FAIL: gfortran.dg/goacc/routine-4.f90   -O   (test for warnings, line 52)
FAIL: gfortran.dg/goacc/routine-4.f90   -O   (test for warnings, line 57)
FAIL: gfortran.dg/goacc/routine-4.f90   -O   (test for warnings, line 62)
FAIL: gfortran.dg/goacc/routine-4.f90   -O   (test for warnings, line 83)
FAIL: gfortran.dg/goacc/routine-4.f90   -O   (test for warnings, line 88)
FAIL: gfortran.dg/goacc/routine-4.f90   -O  2 (test for warnings, line 131)
FAIL: gfortran.dg/goacc/routine-4.f90   -O  3 (test for warnings, line 121)
FAIL: gfortran.dg/goacc/routine-5.f90   -O   (test for errors, line 104)
FAIL: gfortran.dg/goacc/routine-5.f90   -O   (test for errors, line 109)
FAIL: gfortran.dg/goacc/routine-5.f90   -O   (test for errors, line 45)
FAIL: gfortran.dg/goacc/routine-5.f90   -O   (test for errors, line 72)
FAIL: gfortran.dg/goacc/routine-5.f90   -O   (test for errors, line 77)
FAIL: gfortran.dg/goacc/routine-5.f90   -O   (test for errors, line 99)
FAIL: gfortran.dg/goacc/routine-5.f90   -O   (test for warnings, line 94)
FAIL: gfortran.dg/vect/fast-math-mgrid-resid.f   -O   scan-tree-dump-times pcom "Executing predictive commoning without unrolling" 2

		=== gfortran Summary for unix/-m32 ===

# of expected passes		43298
# of unexpected failures	30
# of expected failures		76
# of unsupported tests		170

		=== gfortran Summary ===

# of expected passes		86819
# of unexpected failures	55
# of expected failures		152
# of unsupported tests		237
/export/gnu/import/git/gcc-test-intel64corei7/bld/gcc/testsuite/gfortran/../../gfortran  version 7.0.0 20161018 (experimental) [trunk revision 241318] (GCC) 

		=== g++ tests ===


Running target unix
FAIL: g++.dg/guality/pr55665.C   -O2  line 23 p == 40
FAIL: g++.dg/guality/pr55665.C   -O3 -g  line 23 p == 40
XPASS: g++.dg/tls/thread_local-order2.C  -std=c++11 execution test
XPASS: g++.dg/tls/thread_local-order2.C  -std=c++14 execution test

		=== g++ Summary for unix ===

# of expected passes		110403
# of unexpected failures	2
# of unexpected successes	2
# of expected failures		333
# of unsupported tests		3975

Running target unix/-m32
FAIL: g++.dg/guality/pr55665.C   -O2  line 23 p == 40
FAIL: g++.dg/guality/pr55665.C   -O3 -g  line 23 p == 40
XPASS: g++.dg/tls/thread_local-order2.C  -std=c++11 execution test
XPASS: g++.dg/tls/thread_local-order2.C  -std=c++14 execution test

		=== g++ Summary for unix/-m32 ===

# of expected passes		108795
# of unexpected failures	2
# of unexpected successes	2
# of expected failures		333
# of unsupported tests		3747

		=== g++ Summary ===

# of expected passes		219198
# of unexpected failures	4
# of unexpected successes	4
# of expected failures		666
# of unsupported tests		7722
/export/gnu/import/git/gcc-test-intel64corei7/bld/gcc/testsuite/g++/../../xg++  version 7.0.0 20161018 (experimental) [trunk revision 241318] (GCC) 

		=== objc tests ===


Running target unix

		=== objc Summary for unix ===

# of expected passes		2797
# of expected failures		6
# of unsupported tests		68

Running target unix/-m32

		=== objc Summary for unix/-m32 ===

# of expected passes		2797
# of expected failures		6
# of unsupported tests		68

		=== objc Summary ===

# of expected passes		5594
# of expected failures		12
# of unsupported tests		136
/export/gnu/import/git/gcc-test-intel64corei7/bld/gcc/xgcc  version 7.0.0 20161018 (experimental) [trunk revision 241318] (GCC) 

		=== libatomic tests ===


Running target unix/-m32

		=== libatomic Summary for unix/-m32 ===

# of expected passes		44
# of unsupported tests		5

Running target unix

		=== libatomic Summary for unix ===

# of expected passes		54

		=== libatomic Summary ===

# of expected passes		98
# of unsupported tests		5
		=== libgomp tests ===


Running target unix/-m32

		=== libgomp Summary for unix/-m32 ===

# of expected passes		5074
# of unsupported tests		331

Running target unix

		=== libgomp Summary for unix ===

# of expected passes		5074
# of unsupported tests		331

		=== libgomp Summary ===

# of expected passes		10148
# of unsupported tests		662
		=== libitm tests ===


Running target unix/-m32

		=== libitm Summary for unix/-m32 ===

# of expected passes		42
# of expected failures		3
# of unsupported tests		1

Running target unix

		=== libitm Summary for unix ===

# of expected passes		42
# of expected failures		3
# of unsupported tests		1

		=== libitm Summary ===

# of expected passes		84
# of expected failures		6
# of unsupported tests		2
		=== libstdc++ tests ===


Running target unix

		=== libstdc++ Summary for unix ===

# of expected passes		11882
# of expected failures		65
# of unsupported tests		244

Running target unix/-m32

		=== libstdc++ Summary for unix/-m32 ===

# of expected passes		11890
# of expected failures		65
# of unsupported tests		240

		=== libstdc++ Summary ===

# of expected passes		23772
# of expected failures		130
# of unsupported tests		484

Compiler version: 7.0.0 20161018 (experimental) [trunk revision 241318] (GCC) 
Platform: x86_64-pc-linux-gnu
configure flags: --with-arch=corei7 --with-cpu=corei7 --prefix=/usr/7.0.0 --enable-clocale=gnu --with-system-zlib --enable-shared --with-demangler-in-ld --enable-libmpx --with-fpmath=sse


Index Nav: [Date Index] [Subject Index] [Author Index] [Thread Index]
Message Nav: [Date Prev] [Date Next] [Thread Prev] [Thread Next]