This is the mail archive of the gcc-testresults@gcc.gnu.org mailing list for the GCC project.


Index Nav: [Date Index] [Subject Index] [Author Index] [Thread Index]
Message Nav: [Date Prev] [Date Next] [Thread Prev] [Thread Next]
Other format: [Raw text]

Results for 7.0.0 20161017 (experimental) [master revision 6e2da3f:eaf77bb:e8ebfb45f2e320c6a1e810c9d7ca1c40e2b26e6b] (Cavium Inc. (Build 580)) testsuite on aarch64-unknown-linux-gnu


LAST_UPDATED: Mon Oct 17 17:23:58 UTC 2016 (revision 6e2da3f:eaf77bb:e8ebfb45f2e320c6a1e810c9d7ca1c40e2b26e6b)

Native configuration is aarch64-unknown-linux-gnu

		=== libatomic tests ===


Running target unix

		=== libatomic Summary ===

# of expected passes		54
		=== libffi tests ===


Running target unix

		=== libffi Summary ===

# of expected passes		2214
		=== libgo tests ===


Running target unix

		=== libgo Summary ===

# of expected passes		139
/data1/jenkins/workspace/BuildThunderX_native_gcc_upstream/objdir/./gcc/gccgo version 7.0.0 20161017 (experimental) [master revision 6e2da3f:eaf77bb:e8ebfb45f2e320c6a1e810c9d7ca1c40e2b26e6b] (Cavium Inc. (Build 580))

		=== libgomp tests ===


Running target unix

		=== libgomp Summary ===

# of expected passes		4930
# of unsupported tests		380
		=== libitm tests ===


Running target unix

		=== libitm Summary ===

# of expected passes		42
# of expected failures		3
# of unsupported tests		1
		=== libstdc++ tests ===


Running target unix
FAIL: 27_io/manipulators/extended/get_money/char/1.cc execution test

		=== libstdc++ Summary ===

# of expected passes		11068
# of unexpected failures	1
# of expected failures		65
# of unsupported tests		554
		=== gcc tests ===


Running target unix
FAIL: gcc.dg/tree-ssa/pr69270-3.c scan-tree-dump-times uncprop1 ", 1" 4
FAIL: gcc.dg/tree-ssa/scev-4.c scan-tree-dump-times optimized "&a" 1
FAIL: gcc.dg/tree-ssa/slsr-8.c scan-tree-dump-times optimized " w?\\\\* " 7
XPASS: gcc.dg/vect/vect-24.c -flto -ffat-lto-objects  scan-tree-dump-times vect "vectorized 3 loops" 1
XPASS: gcc.dg/vect/vect-24.c scan-tree-dump-times vect "vectorized 3 loops" 1
FAIL: gcc.target/aarch64/fmaxmin.c scan-assembler-times fmaxnm\\tv[0-9]+.2d, v[0-9]+.2d, v[0-9]+.2d 1
FAIL: gcc.target/aarch64/fmaxmin.c scan-assembler-times fminnm\\tv[0-9]+.2d, v[0-9]+.2d, v[0-9]+.2d 1
FAIL: gcc.target/aarch64/fmul_fcvt_2.c scan-assembler-times fcvtzs\\tv[0-9].4s, v[0-9].4s*.*#2 1
FAIL: gcc.target/aarch64/fmul_fcvt_2.c scan-assembler-times fcvtzs\\tv[0-9].4s, v[0-9].4s*.*#3 1
FAIL: gcc.target/aarch64/fmul_fcvt_2.c scan-assembler-times fcvtzs\\tv[0-9].4s, v[0-9].4s*.*#4 1
FAIL: gcc.target/aarch64/ldp_stp_1.c scan-assembler-times stp\\tw[0-9]+, w[0-9] 7
FAIL: gcc.target/aarch64/ldp_vec_64_1.c scan-assembler ldp\\td[0-9]+, d[0-9]
FAIL: gcc.target/aarch64/store-pair-1.c scan-assembler stp\\tw([0-9]+)|(zr), w[0-9]+
FAIL: gcc.target/aarch64/vect-abs-compile.c scan-assembler abs\\\\tv[0-9]+.16b
FAIL: gcc.target/aarch64/vect-abs-compile.c scan-assembler abs\\\\tv[0-9]+.2d
FAIL: gcc.target/aarch64/vect-abs-compile.c scan-assembler abs\\\\tv[0-9]+.8h
FAIL: gcc.target/aarch64/vect-clz.c scan-assembler clz\\tv[0-9]+.4s
FAIL: gcc.target/aarch64/vect-compile.c scan-assembler-times addp 2
FAIL: gcc.target/aarch64/vect-compile.c scan-assembler-times addv 2
FAIL: gcc.target/aarch64/vect-faddv-compile.c scan-assembler-times faddp\\\\tv 2
FAIL: gcc.target/aarch64/vect-fcm-eq-d.c scan-assembler fcmeq\\\\tv[0-9]+.2d, v[0-9]+.2d, 0
FAIL: gcc.target/aarch64/vect-fcm-eq-d.c scan-assembler fcmeq\\\\tv[0-9]+.2d, v[0-9]+.2d, v[0-9]+.2d
FAIL: gcc.target/aarch64/vect-fcm-eq-d.c scan-tree-dump-times vect "vectorized 1 loops" 8
FAIL: gcc.target/aarch64/vect-fcm-ge-d.c scan-assembler fcmge\\\\tv[0-9]+.2d, v[0-9]+.2d, 0
FAIL: gcc.target/aarch64/vect-fcm-ge-d.c scan-assembler fcmge\\\\tv[0-9]+.2d, v[0-9]+.2d, v[0-9]+.2d
FAIL: gcc.target/aarch64/vect-fcm-ge-d.c scan-assembler fcmlt\\\\tv[0-9]+.2d, v[0-9]+.2d, 0
FAIL: gcc.target/aarch64/vect-fcm-ge-d.c scan-tree-dump-times vect "vectorized 1 loops" 8
FAIL: gcc.target/aarch64/vect-fcm-gt-d.c scan-assembler fcmgt\\\\tv[0-9]+.2d, v[0-9]+.2d, 0
FAIL: gcc.target/aarch64/vect-fcm-gt-d.c scan-assembler fcmgt\\\\tv[0-9]+.2d, v[0-9]+.2d, v[0-9]+.2d
FAIL: gcc.target/aarch64/vect-fcm-gt-d.c scan-assembler fcmle\\\\tv[0-9]+.2d, v[0-9]+.2d, 0
FAIL: gcc.target/aarch64/vect-fcm-gt-d.c scan-tree-dump-times vect "vectorized 1 loops" 8
FAIL: gcc.target/aarch64/vect-fmovd-zero.c scan-assembler movi\\\\tv[0-9]+\\\\.2d, 0
FAIL: gcc.target/aarch64/vect-fmovd-zero.c scan-tree-dump-times vect "vectorized 1 loops" 1
FAIL: gcc.target/aarch64/vect-fmovd.c scan-assembler fmov\\\\tv[0-9]+\\\\.2d, 4\\\\.25
FAIL: gcc.target/aarch64/vect-fmovd.c scan-tree-dump-times vect "vectorized 1 loops" 1
FAIL: gcc.target/aarch64/vect-fmovf-zero.c scan-assembler movi\\\\tv[0-9]+\\\\.[24]s, 0
FAIL: gcc.target/aarch64/vect-fmovf-zero.c scan-tree-dump-times vect "vectorized 1 loops" 1
FAIL: gcc.target/aarch64/vect-fmovf.c scan-assembler fmov\\\\tv[0-9]+\\\\.[24]s, 4\\\\.25
FAIL: gcc.target/aarch64/vect-fmovf.c scan-tree-dump-times vect "vectorized 1 loops" 1
FAIL: gcc.target/aarch64/vect_ctz_1.c scan-assembler clz\\tv[0-9]+.2s
FAIL: gcc.target/aarch64/vect_ctz_1.c scan-assembler clz\\tv[0-9]+.4s

		=== gcc Summary ===

# of expected passes		103481
# of unexpected failures	39
# of unexpected successes	2
# of expected failures		285
# of unsupported tests		2826
/data1/jenkins/workspace/BuildThunderX_native_gcc_upstream/objdir/gcc/xgcc  version 7.0.0 20161017 (experimental) [master revision 6e2da3f:eaf77bb:e8ebfb45f2e320c6a1e810c9d7ca1c40e2b26e6b] (Cavium Inc. (Build 580)) 

		=== gfortran tests ===


Running target unix
FAIL: gfortran.dg/ieee/ieee_6.f90   -O0  execution test
FAIL: gfortran.dg/ieee/ieee_6.f90   -O1  execution test
FAIL: gfortran.dg/ieee/ieee_6.f90   -O2  execution test
FAIL: gfortran.dg/ieee/ieee_6.f90   -O3 -fomit-frame-pointer -funroll-loops -fpeel-loops -ftracer -finline-functions  execution test
FAIL: gfortran.dg/ieee/ieee_6.f90   -O3 -g  execution test
FAIL: gfortran.dg/ieee/ieee_6.f90   -Os  execution test
FAIL: gfortran.dg/vect/fast-math-mgrid-resid.f   -O   scan-tree-dump-times pcom "Executing predictive commoning without unrolling" 1
FAIL: gfortran.dg/vect/fast-math-mgrid-resid.f   -O   scan-tree-dump-times pcom "Loop iterates only 1 time, nothing to do" 1
FAIL: gfortran.dg/vect/pr62283.f   -O   scan-tree-dump-times vect "vectorized 1 loops" 2

		=== gfortran Summary ===

# of expected passes		42738
# of unexpected failures	9
# of expected failures		67
# of unsupported tests		67
/data1/jenkins/workspace/BuildThunderX_native_gcc_upstream/objdir/gcc/testsuite/gfortran/../../gfortran  version 7.0.0 20161017 (experimental) [master revision 6e2da3f:eaf77bb:e8ebfb45f2e320c6a1e810c9d7ca1c40e2b26e6b] (Cavium Inc. (Build 580)) 

		=== g++ tests ===


Running target unix
FAIL: g++.dg/cpp1z/aligned-new7.C   (test for excess errors)
XPASS: g++.dg/tls/thread_local-order2.C  -std=c++11 execution test
XPASS: g++.dg/tls/thread_local-order2.C  -std=c++14 execution test
FAIL: g++.dg/vect/slp-pr56812.cc  -std=c++11  scan-tree-dump-times slp1 "basic block vectorized" 1
FAIL: g++.dg/vect/slp-pr56812.cc  -std=c++14  scan-tree-dump-times slp1 "basic block vectorized" 1
FAIL: g++.dg/vect/slp-pr56812.cc  -std=c++98  scan-tree-dump-times slp1 "basic block vectorized" 1

		=== g++ Summary ===

# of expected passes		98450
# of unexpected failures	4
# of unexpected successes	2
# of expected failures		327
# of unsupported tests		4006
/data1/jenkins/workspace/BuildThunderX_native_gcc_upstream/objdir/gcc/testsuite/g++/../../xg++  version 7.0.0 20161017 (experimental) [master revision 6e2da3f:eaf77bb:e8ebfb45f2e320c6a1e810c9d7ca1c40e2b26e6b] (Cavium Inc. (Build 580)) 

		=== go tests ===


Running target unix
FAIL: go.test/test/cmplxdivide.go
FAIL: go.test/test/ken/cplx2.go execution,  -O2 -g 
WARNING: program timed out.

		=== go Summary ===

# of expected passes		7243
# of unexpected failures	2
# of expected failures		1
# of untested testcases		10
# of unsupported tests		3
/data1/jenkins/workspace/BuildThunderX_native_gcc_upstream/objdir/gcc/testsuite/go/../../gccgo  version 7.0.0 20161017 (experimental) [master revision 6e2da3f:eaf77bb:e8ebfb45f2e320c6a1e810c9d7ca1c40e2b26e6b] (Cavium Inc. (Build 580)) 


Compiler version: 7.0.0 20161017 (experimental) [master revision 6e2da3f:eaf77bb:e8ebfb45f2e320c6a1e810c9d7ca1c40e2b26e6b] (Cavium Inc. (Build 580)) 
Platform: aarch64-unknown-linux-gnu
configure flags: --disable-libsanitizer --prefix=/data1/jenkins/workspace/BuildThunderX_native_gcc_upstream/objdir/../tools --with-cpu=thunderx+lse --enable-languages=c,c++,fortran,go --disable-werror --with-sysroot=/ --enable-plugins --enable-gnu-indirect-function --with-pkgversion='Cavium Inc. (Build 580)'


Index Nav: [Date Index] [Subject Index] [Author Index] [Thread Index]
Message Nav: [Date Prev] [Date Next] [Thread Prev] [Thread Next]