This is the mail archive of the gcc-testresults@gcc.gnu.org mailing list for the GCC project.


Index Nav: [Date Index] [Subject Index] [Author Index] [Thread Index]
Message Nav: [Date Prev] [Date Next] [Thread Prev] [Thread Next]
Other format: [Raw text]

Results for 7.0.0 20161014 (experimental) [trunk revision 241157] (GCC) testsuite on sparcv9-sun-solaris2.11


LAST_UPDATED: Fri Oct 14 11:35:00  2016 (revision 241157)

		=== acats tests ===

		=== acats Summary ===
# of expected passes		2320
# of unexpected failures	0
Native configuration is sparcv9-sun-solaris2.11

		=== g++ tests ===


Running target unix
FAIL: g++.dg/cpp1z/aligned-new7.C   (test for excess errors)
FAIL: g++.dg/cpp1z/inline-var1.C   execution test

		=== g++ Summary for unix ===

# of expected passes		101781
# of unexpected failures	2
# of expected failures		341
# of unsupported tests		4190

Running target unix/-m32
FAIL: g++.dg/cpp1z/aligned-new7.C   (test for excess errors)
FAIL: g++.dg/cpp1z/inline-var1.C   execution test

		=== g++ Summary for unix/-m32 ===

# of expected passes		99893
# of unexpected failures	2
# of expected failures		341
# of unsupported tests		4221

		=== g++ Summary ===

# of expected passes		201674
# of unexpected failures	4
# of expected failures		682
# of unsupported tests		8411
/var/gcc/regression/trunk/11-gcc-64/build/gcc/testsuite/g++/../../xg++  version 7.0.0 20161014 (experimental) [trunk revision 241157] (GCC) 

		=== gcc tests ===


Running target unix
FAIL: gcc.dg/visibility-22.c execution test
FAIL: gcc.dg/plugin/must-tail-call-1.c -fplugin=./must_tail_call_plugin.so (test for excess errors)
FAIL: gcc.dg/tree-ssa/pr69270-3.c scan-tree-dump-times uncprop1 ", 1" 4
XPASS: gcc.dg/tree-ssa/pr71347.c scan-tree-dump-not optimized ".* = MEM.*;"
FAIL: gcc.dg/tree-ssa/scev-3.c scan-tree-dump-times optimized "&a" 1
FAIL: gcc.dg/tree-ssa/scev-4.c scan-tree-dump-times optimized "&a" 1
FAIL: gcc.dg/tree-ssa/scev-5.c scan-tree-dump-times optimized "&a" 1
FAIL: gcc.dg/tree-ssa/slsr-8.c scan-tree-dump-times optimized " w?\\\\* " 7
FAIL: gcc.dg/vect/pr71264.c -flto -ffat-lto-objects  scan-tree-dump vect "vectorized 1 loops in function"
FAIL: gcc.dg/vect/pr71264.c scan-tree-dump vect "vectorized 1 loops in function"
FAIL: gcc.dg/vect/slp-43.c -flto -ffat-lto-objects  scan-tree-dump-times vect "vectorized 1 loops" 13
FAIL: gcc.dg/vect/slp-43.c scan-tree-dump-times vect "vectorized 1 loops" 13
FAIL: gcc.dg/vect/slp-45.c -flto -ffat-lto-objects  scan-tree-dump-times vect "vectorized 1 loops" 13
FAIL: gcc.dg/vect/slp-45.c scan-tree-dump-times vect "vectorized 1 loops" 13

		=== gcc Summary for unix ===

# of expected passes		96282
# of unexpected failures	13
# of unexpected successes	1
# of expected failures		357
# of unsupported tests		2344

Running target unix/-m32
FAIL: gcc.dg/visibility-22.c execution test
FAIL: gcc.dg/graphite/scop-dsyr2k.c scan-tree-dump-times graphite "number of SCoPs: 1" 1
FAIL: gcc.dg/graphite/scop-dsyrk.c scan-tree-dump-times graphite "number of SCoPs: 1" 1
FAIL: gcc.dg/plugin/must-tail-call-1.c -fplugin=./must_tail_call_plugin.so (test for excess errors)
FAIL: gcc.dg/simulate-thread/atomic-other-int.c   -O2 -g  thread simulation test
FAIL: gcc.dg/simulate-thread/atomic-other-int.c   -O3 -g  thread simulation test
FAIL: gcc.dg/simulate-thread/speculative-store-4.c   -O0 -g  thread simulation test
FAIL: gcc.dg/simulate-thread/speculative-store.c   -O0 -g  thread simulation test
FAIL: gcc.dg/tree-ssa/pr69270-3.c scan-tree-dump-times uncprop1 ", 1" 4
XPASS: gcc.dg/tree-ssa/pr71347.c scan-tree-dump-not optimized ".* = MEM.*;"
FAIL: gcc.dg/tree-ssa/scev-3.c scan-tree-dump-times optimized "&a" 1
FAIL: gcc.dg/tree-ssa/scev-4.c scan-tree-dump-times optimized "&a" 1
FAIL: gcc.dg/tree-ssa/scev-5.c scan-tree-dump-times optimized "&a" 1
FAIL: gcc.dg/tree-ssa/slsr-8.c scan-tree-dump-times optimized " w?\\\\* " 7
FAIL: gcc.dg/vect/pr71264.c -flto -ffat-lto-objects  scan-tree-dump vect "vectorized 1 loops in function"
FAIL: gcc.dg/vect/pr71264.c scan-tree-dump vect "vectorized 1 loops in function"
FAIL: gcc.dg/vect/slp-43.c -flto -ffat-lto-objects  scan-tree-dump-times vect "vectorized 1 loops" 13
FAIL: gcc.dg/vect/slp-43.c scan-tree-dump-times vect "vectorized 1 loops" 13
FAIL: gcc.dg/vect/slp-45.c -flto -ffat-lto-objects  scan-tree-dump-times vect "vectorized 1 loops" 13
FAIL: gcc.dg/vect/slp-45.c scan-tree-dump-times vect "vectorized 1 loops" 13

		=== gcc Summary for unix/-m32 ===

# of expected passes		95309
# of unexpected failures	19
# of unexpected successes	1
# of expected failures		368
# of unsupported tests		2508

		=== gcc Summary ===

# of expected passes		191591
# of unexpected failures	32
# of unexpected successes	2
# of expected failures		725
# of unsupported tests		4852
/var/gcc/regression/trunk/11-gcc-64/build/gcc/xgcc  version 7.0.0 20161014 (experimental) [trunk revision 241157] (GCC) 

		=== gfortran tests ===


Running target unix
FAIL: gfortran.dg/coarray/event_1.f90 -fcoarray=lib  -O2  -lcaf_single -latomic execution test
FAIL: gfortran.dg/coarray/event_2.f90 -fcoarray=lib  -O2  -lcaf_single -latomic execution test
FAIL: gfortran.dg/graphite/pr68279.f90   -O  (internal compiler error)
FAIL: gfortran.dg/graphite/pr68279.f90   -O  (test for excess errors)

		=== gfortran Summary for unix ===

# of expected passes		43346
# of unexpected failures	4
# of expected failures		78
# of unsupported tests		115

Running target unix/-m32
FAIL: gfortran.dg/coarray/event_1.f90 -fcoarray=lib  -O2  -lcaf_single -latomic execution test
FAIL: gfortran.dg/coarray/event_2.f90 -fcoarray=lib  -O2  -lcaf_single -latomic execution test

		=== gfortran Summary for unix/-m32 ===

# of expected passes		43100
# of unexpected failures	2
# of expected failures		78
# of unsupported tests		236

		=== gfortran Summary ===

# of expected passes		86446
# of unexpected failures	6
# of expected failures		156
# of unsupported tests		351
/var/gcc/regression/trunk/11-gcc-64/build/gcc/testsuite/gfortran/../../gfortran  version 7.0.0 20161014 (experimental) [trunk revision 241157] (GCC) 

		=== gnat tests ===


Running target unix/-m32
FAIL: gnat.dg/debug8.adb (test for excess errors)
UNRESOLVED: gnat.dg/debug8.adb scan-assembler-not DW_OP_const4u
UNRESOLVED: gnat.dg/debug8.adb scan-assembler-not DW_OP_const8u
FAIL: gnat.dg/debug9.adb (test for excess errors)
UNRESOLVED: gnat.dg/debug9.adb scan-assembler-times \\\\(DIE \\\\(0x[a-f0-9]*\\\\) DW_TAG_type_unit\\\\) 0

		=== gnat Summary for unix/-m32 ===

# of expected passes		2500
# of unexpected failures	2
# of expected failures		24
# of unresolved testcases	3
# of unsupported tests		21

Running target unix
FAIL: gnat.dg/debug8.adb (test for excess errors)
UNRESOLVED: gnat.dg/debug8.adb scan-assembler-not DW_OP_const4u
UNRESOLVED: gnat.dg/debug8.adb scan-assembler-not DW_OP_const8u
FAIL: gnat.dg/debug9.adb (test for excess errors)
UNRESOLVED: gnat.dg/debug9.adb scan-assembler-times \\\\(DIE \\\\(0x[a-f0-9]*\\\\) DW_TAG_type_unit\\\\) 0

		=== gnat Summary for unix ===

# of expected passes		2500
# of unexpected failures	2
# of expected failures		24
# of unresolved testcases	3
# of unsupported tests		21

		=== gnat Summary ===

# of expected passes		5000
# of unexpected failures	4
# of expected failures		48
# of unresolved testcases	6
# of unsupported tests		42
/var/gcc/regression/trunk/11-gcc-64/build/gcc/gnatmake version 7.0.0 20161014 (experimental) [trunk revision 241157]

		=== go tests ===


Running target unix

		=== go Summary for unix ===

# of expected passes		7243
# of expected failures		1
# of untested testcases		11
# of unsupported tests		3

Running target unix/-m32
FAIL: ./select5-out.go execution,  -O0 -g -fno-var-tracking-assignments 
FAIL: go.test/test/chan/select.go execution,  -O2 -g 
FAIL: go.test/test/chan/select3.go execution,  -O2 -g 
FAIL: go.test/test/chan/select7.go execution,  -O2 -g 
FAIL: go.test/test/closedchan.go execution,  -O2 -g 
FAIL: go.test/test/escape.go execution,  -O2 -g 
FAIL: go.test/test/fixedbugs/bug114.go compilation,  -O2 -g 
FAIL: go.test/test/fixedbugs/bug312.go execution,  -O2 -g 
FAIL: go.test/test/ken/chan1.go execution,  -O2 -g 
FAIL: go.test/test/printbig.go -O (test for excess errors)
FAIL: go.test/test/printbig.go execution

		=== go Summary for unix/-m32 ===

# of expected passes		7350
# of unexpected failures	11
# of expected failures		1
# of untested testcases		13
# of unsupported tests		3

		=== go Summary ===

# of expected passes		14593
# of unexpected failures	11
# of expected failures		2
# of untested testcases		24
# of unsupported tests		6
		=== obj-c++ tests ===


Running target unix/-m32

		=== obj-c++ Summary for unix/-m32 ===

# of expected passes		1458
# of expected failures		2
# of unsupported tests		77

Running target unix

		=== obj-c++ Summary for unix ===

# of expected passes		1450
# of expected failures		10
# of unsupported tests		77

		=== obj-c++ Summary ===

# of expected passes		2908
# of expected failures		12
# of unsupported tests		154
/var/gcc/regression/trunk/11-gcc-64/build/gcc/testsuite/obj-c++/../../xg++  version 7.0.0 20161014 (experimental) [trunk revision 241157] (GCC) 

		=== objc tests ===


Running target unix

		=== objc Summary for unix ===

# of expected passes		2803
# of unsupported tests		68

Running target unix/-m32

		=== objc Summary for unix/-m32 ===

# of expected passes		2803
# of unsupported tests		68

		=== objc Summary ===

# of expected passes		5606
# of unsupported tests		136
/var/gcc/regression/trunk/11-gcc-64/build/gcc/xgcc  version 7.0.0 20161014 (experimental) [trunk revision 241157] (GCC) 

		=== boehm-gc tests ===


Running target unix/-m32

		=== boehm-gc Summary for unix/-m32 ===

# of expected passes		12
# of unsupported tests		1

Running target unix

		=== boehm-gc Summary for unix ===

# of expected passes		12
# of unsupported tests		1

		=== boehm-gc Summary ===

# of expected passes		24
# of unsupported tests		2
		=== libatomic tests ===


Running target unix/-m32

		=== libatomic Summary for unix/-m32 ===

# of expected passes		44
# of unsupported tests		5

Running target unix

		=== libatomic Summary for unix ===

# of expected passes		54

		=== libatomic Summary ===

# of expected passes		98
# of unsupported tests		5
		=== libffi tests ===


Running target unix/-m32

		=== libffi Summary for unix/-m32 ===

# of expected passes		2214

Running target unix

		=== libffi Summary for unix ===

# of expected passes		2214

		=== libffi Summary ===

# of expected passes		4428
		=== libgo tests ===


Running target unix
FAIL: net
FAIL: crypto/tls
FAIL: go/build
FAIL: image/png

		=== libgo Summary for unix ===

# of expected passes		135
# of unexpected failures	4

Running target unix/-m32
FAIL: context
FAIL: net
FAIL: runtime
FAIL: sync
FAIL: time
FAIL: compress/zlib
FAIL: crypto/tls
FAIL: encoding/json
FAIL: go/build
FAIL: net/http
FAIL: net/http/httptest
FAIL: net/http/httputil
FAIL: net/rpc/jsonrpc
FAIL: os/exec
FAIL: runtime/internal/atomic

		=== libgo Summary for unix/-m32 ===

# of expected passes		124
# of unexpected failures	15

		=== libgo Summary ===

# of expected passes		259
# of unexpected failures	19
		=== libgomp tests ===


Running target unix/-m32

		=== libgomp Summary for unix/-m32 ===

# of expected passes		4972
# of unsupported tests		382

Running target unix

		=== libgomp Summary for unix ===

# of expected passes		4972
# of unsupported tests		382

		=== libgomp Summary ===

# of expected passes		9944
# of unsupported tests		764
		=== libitm tests ===


Running target unix/-m32

		=== libitm Summary for unix/-m32 ===

# of expected passes		42
# of expected failures		3
# of unsupported tests		1

Running target unix

		=== libitm Summary for unix ===

# of expected passes		42
# of expected failures		3
# of unsupported tests		1

		=== libitm Summary ===

# of expected passes		84
# of expected failures		6
# of unsupported tests		2
		=== libstdc++ tests ===


Running target unix
FAIL: 27_io/headers/cstdio/functions_neg.cc  (test for errors, line 24)

		=== libstdc++ Summary for unix ===

# of expected passes		10347
# of unexpected failures	1
# of expected failures		66
# of unsupported tests		711

Running target unix/-m32
FAIL: 27_io/headers/cstdio/functions_neg.cc  (test for errors, line 24)

		=== libstdc++ Summary for unix/-m32 ===

# of expected passes		10347
# of unexpected failures	1
# of expected failures		66
# of unsupported tests		711

		=== libstdc++ Summary ===

# of expected passes		20694
# of unexpected failures	2
# of expected failures		132
# of unsupported tests		1422

Compiler version: 7.0.0 20161014 (experimental) [trunk revision 241157] (GCC) 
Platform: sparcv9-sun-solaris2.11
configure flags: --prefix=/vol/gcc --target=sparcv9-sun-solaris2.11 --enable-objc-gc --enable-libmudflap --with-as=/usr/ccs/bin/as --without-gnu-as --with-gmp-include=/vol/gcc/include --with-gmp-lib=/vol/gcc/lib/sparcv9 --with-mpfr-include=/vol/gcc/include --with-mpfr-lib=/vol/gcc/lib/sparcv9 --with-mpc-include=/vol/gcc/include --with-mpc-lib=/vol/gcc/lib/sparcv9 --enable-languages=all,ada,obj-c++,go --with-isl-include=/vol/gcc/include --with-isl-lib=/vol/gcc/lib/sparcv9 --build=sparcv9-sun-solaris2.11 --host=sparcv9-sun-solaris2.11
BOOT_CFLAGS=-g -O2


Index Nav: [Date Index] [Subject Index] [Author Index] [Thread Index]
Message Nav: [Date Prev] [Date Next] [Thread Prev] [Thread Next]