This is the mail archive of the gcc-testresults@gcc.gnu.org mailing list for the GCC project.


Index Nav: [Date Index] [Subject Index] [Author Index] [Thread Index]
Message Nav: [Date Prev] [Date Next] [Thread Prev] [Thread Next]
Other format: [Raw text]

Results for 7.0.0 20161014 (experimental) [trunk revision 241157] (GCC) testsuite on x86_64-pc-solaris2.11


LAST_UPDATED: Fri Oct 14 11:35:00  2016 (revision 241157)

Native configuration is x86_64-pc-solaris2.11

		=== boehm-gc tests ===


Running target unix/-m32

		=== boehm-gc Summary for unix/-m32 ===

# of expected passes		12
# of unsupported tests		1

Running target unix

		=== boehm-gc Summary for unix ===

# of expected passes		12
# of unsupported tests		1

		=== boehm-gc Summary ===

# of expected passes		24
# of unsupported tests		2
		=== libatomic tests ===


Running target unix/-m32

		=== libatomic Summary for unix/-m32 ===

# of expected passes		44
# of unsupported tests		5

Running target unix

		=== libatomic Summary for unix ===

# of expected passes		54

		=== libatomic Summary ===

# of expected passes		98
# of unsupported tests		5
		=== libffi tests ===


Running target unix/-m32

		=== libffi Summary for unix/-m32 ===

# of expected passes		2799

Running target unix

		=== libffi Summary for unix ===

# of expected passes		2214

		=== libffi Summary ===

# of expected passes		5013
		=== libgo tests ===


Running target unix
FAIL: net
FAIL: runtime
FAIL: go/build

		=== libgo Summary for unix ===

# of expected passes		136
# of unexpected failures	3

Running target unix/-m32
FAIL: net
FAIL: runtime
FAIL: sync
FAIL: compress/lzw
FAIL: compress/zlib
FAIL: crypto/tls
FAIL: go/build
FAIL: net/rpc/jsonrpc

		=== libgo Summary for unix/-m32 ===

# of expected passes		131
# of unexpected failures	8

		=== libgo Summary ===

# of expected passes		267
# of unexpected failures	11
/var/gcc/regression/trunk/11-gcc-64/build/./gcc/gccgo version 7.0.0 20161014 (experimental) [trunk revision 241157] (GCC)

		=== libgomp tests ===


Running target unix/-m32

		=== libgomp Summary for unix/-m32 ===

# of expected passes		4972
# of unsupported tests		382

Running target unix

		=== libgomp Summary for unix ===

# of expected passes		4972
# of unsupported tests		382

		=== libgomp Summary ===

# of expected passes		9944
# of unsupported tests		764
		=== libitm tests ===


Running target unix/-m32

		=== libitm Summary for unix/-m32 ===

# of expected passes		42
# of expected failures		3
# of unsupported tests		1

Running target unix

		=== libitm Summary for unix ===

# of expected passes		42
# of expected failures		3
# of unsupported tests		1

		=== libitm Summary ===

# of expected passes		84
# of expected failures		6
# of unsupported tests		2
		=== libstdc++ tests ===


Running target unix
FAIL: 27_io/headers/cstdio/functions_neg.cc  (test for errors, line 24)

		=== libstdc++ Summary for unix ===

# of expected passes		10368
# of unexpected failures	1
# of expected failures		66
# of unsupported tests		701

Running target unix/-m32
FAIL: 27_io/headers/cstdio/functions_neg.cc  (test for errors, line 24)

		=== libstdc++ Summary for unix/-m32 ===

# of expected passes		10376
# of unexpected failures	1
# of expected failures		66
# of unsupported tests		697

		=== libstdc++ Summary ===

# of expected passes		20744
# of unexpected failures	2
# of expected failures		132
# of unsupported tests		1398
		=== acats tests ===

		=== acats Summary ===
# of expected passes		2320
# of unexpected failures	0

		=== g++ tests ===


Running target unix
FAIL: g++.dg/cilk-plus/AN/array_test_ND_tplt.cc  -O3 -fcilkplus (test for excess errors)
WARNING: g++.dg/cilk-plus/AN/array_test_ND_tplt.cc  -O3 -fcilkplus compilation failed to produce executable
FAIL: g++.dg/cilk-plus/AN/array_test_ND_tplt.cc  -O3 -ftree-vectorize -fcilkplus -g (test for excess errors)
WARNING: g++.dg/cilk-plus/AN/array_test_ND_tplt.cc  -O3 -ftree-vectorize -fcilkplus -g compilation failed to produce executable
FAIL: g++.dg/cilk-plus/AN/array_test_ND_tplt.cc  -g -O3 -fcilkplus (test for excess errors)
WARNING: g++.dg/cilk-plus/AN/array_test_ND_tplt.cc  -g -O3 -fcilkplus compilation failed to produce executable
WARNING: program timed out.
WARNING: program timed out.
WARNING: program timed out.
FAIL: g++.dg/cpp1z/inline-var1.C   execution test

		=== g++ Summary for unix ===

# of expected passes		102602
# of unexpected failures	4
# of expected failures		341
# of unsupported tests		3969

Running target unix/-m32
FAIL: g++.dg/cpp1z/inline-var1.C   execution test
FAIL: g++.dg/opt/pr59470.C  -std=gnu++11 (test for excess errors)
WARNING: g++.dg/opt/pr59470.C  -std=gnu++11 compilation failed to produce executable
FAIL: g++.dg/opt/pr59470.C  -std=gnu++14 (test for excess errors)
WARNING: g++.dg/opt/pr59470.C  -std=gnu++14 compilation failed to produce executable
FAIL: g++.dg/opt/pr59470.C  -std=gnu++98 (test for excess errors)
WARNING: g++.dg/opt/pr59470.C  -std=gnu++98 compilation failed to produce executable

		=== g++ Summary for unix/-m32 ===

# of expected passes		101241
# of unexpected failures	4
# of expected failures		341
# of unsupported tests		3725

		=== g++ Summary ===

# of expected passes		203843
# of unexpected failures	8
# of expected failures		682
# of unsupported tests		7694
/var/gcc/regression/trunk/11-gcc-64/build/gcc/testsuite/g++/../../xg++  version 7.0.0 20161014 (experimental) [trunk revision 241157] (GCC) 

		=== gcc tests ===


Running target unix
FAIL: gcc.c-torture/compile/pr61159.c   -O0  (test for excess errors)
FAIL: gcc.c-torture/compile/pr61159.c   -O1  (test for excess errors)
FAIL: gcc.c-torture/compile/pr61159.c   -O2  (test for excess errors)
FAIL: gcc.c-torture/compile/pr61159.c   -O2 -flto  (test for excess errors)
FAIL: gcc.c-torture/compile/pr61159.c   -O2 -flto -flto-partition=none  (test for excess errors)
FAIL: gcc.c-torture/compile/pr61159.c   -O3 -g  (test for excess errors)
FAIL: gcc.c-torture/compile/pr61159.c   -Os  (test for excess errors)
FAIL: gcc.c-torture/execute/alias-3.c   -O0  execution test
FAIL: gcc.c-torture/execute/alias-3.c   -O1  execution test
FAIL: gcc.c-torture/execute/alias-3.c   -O2  execution test
FAIL: gcc.c-torture/execute/alias-3.c   -O2 -flto  execution test
FAIL: gcc.c-torture/execute/alias-3.c   -O2 -flto -flto-partition=none  execution test
FAIL: gcc.c-torture/execute/alias-3.c   -O3 -g  execution test
FAIL: gcc.c-torture/execute/alias-3.c   -Os  execution test
FAIL: gcc.dg/attr-weakref-1.c (test for excess errors)
WARNING: gcc.dg/attr-weakref-1.c compilation failed to produce executable
FAIL: gcc.dg/visibility-22.c execution test
FAIL: gcc.dg/tree-ssa/pr69270-3.c scan-tree-dump-times uncprop1 ", 1" 4
FAIL: gcc.dg/tree-ssa/slsr-8.c scan-tree-dump-times optimized " w?\\\\* " 7

		=== gcc Summary for unix ===

# of expected passes		111877
# of unexpected failures	18
# of expected failures		335
# of unsupported tests		2989

Running target unix/-m32
FAIL: gcc.c-torture/compile/pr61159.c   -O0  (test for excess errors)
FAIL: gcc.c-torture/compile/pr61159.c   -O1  (test for excess errors)
FAIL: gcc.c-torture/compile/pr61159.c   -O2  (test for excess errors)
FAIL: gcc.c-torture/compile/pr61159.c   -O2 -flto  (test for excess errors)
FAIL: gcc.c-torture/compile/pr61159.c   -O2 -flto -flto-partition=none  (test for excess errors)
FAIL: gcc.c-torture/compile/pr61159.c   -O3 -g  (test for excess errors)
FAIL: gcc.c-torture/compile/pr61159.c   -Os  (test for excess errors)
FAIL: gcc.c-torture/execute/alias-3.c   -O0  execution test
FAIL: gcc.c-torture/execute/alias-3.c   -O1  execution test
FAIL: gcc.c-torture/execute/alias-3.c   -O2  execution test
FAIL: gcc.c-torture/execute/alias-3.c   -O2 -flto  execution test
FAIL: gcc.c-torture/execute/alias-3.c   -O2 -flto -flto-partition=none  execution test
FAIL: gcc.c-torture/execute/alias-3.c   -O3 -g  execution test
FAIL: gcc.c-torture/execute/alias-3.c   -Os  execution test
FAIL: gcc.dg/attr-weakref-1.c (test for excess errors)
WARNING: gcc.dg/attr-weakref-1.c compilation failed to produce executable
FAIL: gcc.dg/visibility-22.c execution test
FAIL: gcc.dg/graphite/scop-dsyr2k.c scan-tree-dump-times graphite "number of SCoPs: 1" 1
FAIL: gcc.dg/graphite/scop-dsyrk.c scan-tree-dump-times graphite "number of SCoPs: 1" 1
FAIL: gcc.dg/tree-ssa/pr69270-3.c scan-tree-dump-times uncprop1 ", 1" 4
FAIL: gcc.dg/tree-ssa/scev-5.c scan-tree-dump-times optimized "&a" 1
FAIL: gcc.dg/tree-ssa/slsr-8.c scan-tree-dump-times optimized " w?\\\\* " 7

		=== gcc Summary for unix/-m32 ===

# of expected passes		110463
# of unexpected failures	21
# of expected failures		338
# of unsupported tests		2953

		=== gcc Summary ===

# of expected passes		222340
# of unexpected failures	39
# of expected failures		673
# of unsupported tests		5942
/var/gcc/regression/trunk/11-gcc-64/build/gcc/xgcc  version 7.0.0 20161014 (experimental) [trunk revision 241157] (GCC) 

		=== gfortran tests ===


Running target unix
FAIL: gfortran.dg/coarray/event_1.f90 -fcoarray=lib  -O2  -lcaf_single -latomic execution test
FAIL: gfortran.dg/graphite/pr68279.f90   -O  (internal compiler error)
FAIL: gfortran.dg/graphite/pr68279.f90   -O  (test for excess errors)

		=== gfortran Summary for unix ===

# of expected passes		43427
# of unexpected failures	3
# of expected failures		76
# of unsupported tests		79

Running target unix/-m32
FAIL: gfortran.dg/coarray/event_1.f90 -fcoarray=lib  -O2  -lcaf_single -latomic execution test
FAIL: gfortran.dg/coarray/event_2.f90 -fcoarray=lib  -O2  -lcaf_single -latomic execution test
FAIL: gfortran.dg/vect/fast-math-mgrid-resid.f   -O   scan-tree-dump-times pcom "Executing predictive commoning without unrolling" 2

		=== gfortran Summary for unix/-m32 ===

# of expected passes		43209
# of unexpected failures	3
# of expected failures		76
# of unsupported tests		182

		=== gfortran Summary ===

# of expected passes		86636
# of unexpected failures	6
# of expected failures		152
# of unsupported tests		261
/var/gcc/regression/trunk/11-gcc-64/build/gcc/testsuite/gfortran/../../gfortran  version 7.0.0 20161014 (experimental) [trunk revision 241157] (GCC) 

		=== gnat tests ===


Running target unix/-m32
FAIL: gnat.dg/debug8.adb (test for excess errors)
UNRESOLVED: gnat.dg/debug8.adb scan-assembler-not DW_OP_const4u
UNRESOLVED: gnat.dg/debug8.adb scan-assembler-not DW_OP_const8u
FAIL: gnat.dg/debug9.adb (test for excess errors)
UNRESOLVED: gnat.dg/debug9.adb scan-assembler-times \\\\(DIE \\\\(0x[a-f0-9]*\\\\) DW_TAG_type_unit\\\\) 0
FAIL: gnat.dg/vect3.adb scan-tree-dump-times vect "vectorized 1 loops" 15
FAIL: gnat.dg/vect6.adb scan-tree-dump-times vect "vectorized 1 loops" 15

		=== gnat Summary for unix/-m32 ===

# of expected passes		2532
# of unexpected failures	4
# of expected failures		24
# of unresolved testcases	3
# of unsupported tests		5

Running target unix
FAIL: gnat.dg/debug8.adb (test for excess errors)
UNRESOLVED: gnat.dg/debug8.adb scan-assembler-not DW_OP_const4u
UNRESOLVED: gnat.dg/debug8.adb scan-assembler-not DW_OP_const8u
FAIL: gnat.dg/debug9.adb (test for excess errors)
UNRESOLVED: gnat.dg/debug9.adb scan-assembler-times \\\\(DIE \\\\(0x[a-f0-9]*\\\\) DW_TAG_type_unit\\\\) 0
FAIL: gnat.dg/vect3.adb scan-tree-dump-times vect "vectorized 1 loops" 15
FAIL: gnat.dg/vect6.adb scan-tree-dump-times vect "vectorized 1 loops" 15

		=== gnat Summary for unix ===

# of expected passes		2532
# of unexpected failures	4
# of expected failures		24
# of unresolved testcases	3
# of unsupported tests		5

		=== gnat Summary ===

# of expected passes		5064
# of unexpected failures	8
# of expected failures		48
# of unresolved testcases	6
# of unsupported tests		10
/var/gcc/regression/trunk/11-gcc-64/build/gcc/gnatmake version 7.0.0 20161014 (experimental) [trunk revision 241157]

		=== go tests ===


Running target unix

		=== go Summary for unix ===

# of expected passes		7247
# of expected failures		1
# of untested testcases		10
# of unsupported tests		1

Running target unix/-m32
FAIL: go.test/test/fixedbugs/bug114.go compilation,  -O2 -g 
FAIL: go.test/test/printbig.go -O (test for excess errors)
FAIL: go.test/test/printbig.go execution

		=== go Summary for unix/-m32 ===

# of expected passes		7361
# of unexpected failures	3
# of expected failures		1
# of untested testcases		12
# of unsupported tests		2

		=== go Summary ===

# of expected passes		14608
# of unexpected failures	3
# of expected failures		2
# of untested testcases		22
# of unsupported tests		3
		=== obj-c++ tests ===


Running target unix/-m32

		=== obj-c++ Summary for unix/-m32 ===

# of expected passes		1458
# of expected failures		2
# of unsupported tests		77

Running target unix

		=== obj-c++ Summary for unix ===

# of expected passes		1450
# of expected failures		10
# of unsupported tests		77

		=== obj-c++ Summary ===

# of expected passes		2908
# of expected failures		12
# of unsupported tests		154
/var/gcc/regression/trunk/11-gcc-64/build/gcc/testsuite/obj-c++/../../xg++  version 7.0.0 20161014 (experimental) [trunk revision 241157] (GCC) 

		=== objc tests ===


Running target unix

		=== objc Summary for unix ===

# of expected passes		2797
# of expected failures		6
# of unsupported tests		68

Running target unix/-m32

		=== objc Summary for unix/-m32 ===

# of expected passes		2797
# of expected failures		6
# of unsupported tests		68

		=== objc Summary ===

# of expected passes		5594
# of expected failures		12
# of unsupported tests		136
/var/gcc/regression/trunk/11-gcc-64/build/gcc/xgcc  version 7.0.0 20161014 (experimental) [trunk revision 241157] (GCC) 


Compiler version: 7.0.0 20161014 (experimental) [trunk revision 241157] (GCC) 
Platform: x86_64-pc-solaris2.11
configure flags: --prefix=/vol/gcc --target=amd64-pc-solaris2.11 --enable-objc-gc --enable-libmudflap --with-as=/usr/ccs/bin/as --without-gnu-as --with-gmp-include=/vol/gcc/include --with-gmp-lib=/vol/gcc/lib/amd64 --with-mpfr-include=/vol/gcc/include --with-mpfr-lib=/vol/gcc/lib/amd64 --with-mpc-include=/vol/gcc/include --with-mpc-lib=/vol/gcc/lib/amd64 --enable-languages=all,ada,obj-c++,go --with-isl-include=/vol/gcc/include --with-isl-lib=/vol/gcc/lib/amd64 --build=amd64-pc-solaris2.11 --host=amd64-pc-solaris2.11
BOOT_CFLAGS=-g -O2


Index Nav: [Date Index] [Subject Index] [Author Index] [Thread Index]
Message Nav: [Date Prev] [Date Next] [Thread Prev] [Thread Next]