This is the mail archive of the gcc-testresults@gcc.gnu.org mailing list for the GCC project.


Index Nav: [Date Index] [Subject Index] [Author Index] [Thread Index]
Message Nav: [Date Prev] [Date Next] [Thread Prev] [Thread Next]
Other format: [Raw text]

Results for 7.0.0 20161014 (experimental) [trunk revision 241146] (GCC) testsuite on m68k-unknown-linux-gnu


LAST_UPDATED: Fri Oct 14 01:00:57 UTC 2016 (revision 241146)

Target is m68k-unknown-linux-gnu
Host   is x86_64-suse-linux-gnu

		=== g++ tests ===


Running target aranym
FAIL: g++.dg/cdce3.C  -std=gnu++98  scan-tree-dump cdce "cdce3.C:106: note: function call is shrink-wrapped into error conditions."
FAIL: g++.dg/cdce3.C  -std=gnu++11  scan-tree-dump cdce "cdce3.C:106: note: function call is shrink-wrapped into error conditions."
FAIL: g++.dg/cdce3.C  -std=gnu++14  scan-tree-dump cdce "cdce3.C:106: note: function call is shrink-wrapped into error conditions."
FAIL: g++.dg/cpp1z/aligned-new7.C   (test for excess errors)
FAIL: c-c++-common/gomp/atomic-10.c  -std=gnu++98  scan-tree-dump-times ompexp "__atomic_fetch_add" 4
FAIL: c-c++-common/gomp/atomic-10.c  -std=gnu++11  scan-tree-dump-times ompexp "__atomic_fetch_add" 4
FAIL: c-c++-common/gomp/atomic-10.c  -std=gnu++14  scan-tree-dump-times ompexp "__atomic_fetch_add" 4
FAIL: c-c++-common/gomp/atomic-3.c  -std=gnu++98  scan-tree-dump-times ompexp "xyzzy, 4" 1
FAIL: c-c++-common/gomp/atomic-3.c  -std=gnu++11  scan-tree-dump-times ompexp "xyzzy, 4" 1
FAIL: c-c++-common/gomp/atomic-3.c  -std=gnu++14  scan-tree-dump-times ompexp "xyzzy, 4" 1
FAIL: c-c++-common/gomp/atomic-9.c  -std=gnu++98  scan-tree-dump-times ompexp "__atomic_fetch_add" 1
FAIL: c-c++-common/gomp/atomic-9.c  -std=gnu++11  scan-tree-dump-times ompexp "__atomic_fetch_add" 1
FAIL: c-c++-common/gomp/atomic-9.c  -std=gnu++14  scan-tree-dump-times ompexp "__atomic_fetch_add" 1
XPASS: g++.dg/tls/thread_local-order2.C  -std=c++11 execution test
XPASS: g++.dg/tls/thread_local-order2.C  -std=c++14 execution test

		=== g++ Summary ===

# of expected passes		97037
# of unexpected failures	13
# of unexpected successes	2
# of expected failures		321
# of unsupported tests		4118
/daten/aranym/gcc/gcc-20161014/Build/gcc/xg++  version 7.0.0 20161014 (experimental) [trunk revision 241146] (GCC) 

Host   is x86_64-suse-linux-gnu

		=== gcc tests ===


Running target aranym
FAIL: gcc.dg/atomic/c11-atomic-exec-2.c   -O1  execution test
FAIL: gcc.dg/atomic/c11-atomic-exec-5.c   -O0  execution test
FAIL: gcc.dg/atomic/c11-atomic-exec-5.c   -O1  execution test
FAIL: gcc.dg/atomic/c11-atomic-exec-5.c   -O2  execution test
FAIL: gcc.dg/atomic/c11-atomic-exec-5.c   -O3 -fomit-frame-pointer -funroll-loops -fpeel-loops -ftracer -finline-functions  execution test
FAIL: gcc.dg/atomic/c11-atomic-exec-5.c   -O3 -g  execution test
FAIL: gcc.dg/atomic/c11-atomic-exec-5.c   -Os  execution test
FAIL: gcc.dg/atomic/c11-atomic-exec-5.c   -O2 -flto -fno-use-linker-plugin -flto-partition=none  execution test
FAIL: gcc.dg/atomic/c11-atomic-exec-5.c   -O2 -flto -fuse-linker-plugin -fno-fat-lto-objects  execution test
FAIL: gcc.dg/binop-xor1.c scan-tree-dump-times optimized "\\\\^" 1
FAIL: gcc.dg/ifcvt-4.c scan-rtl-dump ce1 "2 true changes made"
FAIL: gcc.dg/loop-9.c scan-rtl-dump loop2_invariant "Decided"
FAIL: gcc.dg/loop-9.c scan-rtl-dump loop2_invariant "without introducing a new temporary register"
FAIL: gcc.dg/pr46647.c scan-tree-dump-not optimized "memset"
UNRESOLVED: gcc.dg/superblock.c scan-rtl-dump-times sched2 "ADVANCING TO" 2
FAIL: c-c++-common/gomp/atomic-10.c scan-tree-dump-times ompexp "__atomic_fetch_add" 4
FAIL: c-c++-common/gomp/atomic-3.c scan-tree-dump-times ompexp "xyzzy, 4" 1
FAIL: c-c++-common/gomp/atomic-9.c scan-tree-dump-times ompexp "__atomic_fetch_add" 1
FAIL: gcc.dg/gomp/pr27573.c (test for excess errors)
FAIL: gcc.dg/gomp/pr34610.c (test for excess errors)
FAIL: gcc.dg/graphite/scop-dsyr2k.c scan-tree-dump-times graphite "number of SCoPs: 1" 1
FAIL: gcc.dg/graphite/scop-dsyrk.c scan-tree-dump-times graphite "number of SCoPs: 1" 1
XPASS: gcc.dg/guality/example.c   -O0  execution test
XPASS: gcc.dg/guality/example.c   -O1  execution test
XPASS: gcc.dg/guality/example.c   -O2  execution test
XPASS: gcc.dg/guality/example.c   -O2 -flto -fno-use-linker-plugin -flto-partition=none  execution test
XPASS: gcc.dg/guality/guality.c   -O0  execution test
XPASS: gcc.dg/guality/guality.c   -O1  execution test
XPASS: gcc.dg/guality/guality.c   -O2  execution test
XPASS: gcc.dg/guality/guality.c   -O3 -g  execution test
XPASS: gcc.dg/guality/guality.c   -Os  execution test
XPASS: gcc.dg/guality/guality.c   -O2 -flto -fno-use-linker-plugin -flto-partition=none  execution test
XPASS: gcc.dg/guality/guality.c   -O2 -flto -fuse-linker-plugin -fno-fat-lto-objects  execution test
XPASS: gcc.dg/guality/inline-params.c   -O2  execution test
XPASS: gcc.dg/guality/inline-params.c   -O3 -g  execution test
XPASS: gcc.dg/guality/inline-params.c   -Os  execution test
XPASS: gcc.dg/guality/inline-params.c   -O2 -flto -fno-use-linker-plugin -flto-partition=none  execution test
FAIL: gcc.dg/guality/pr41616-1.c   -O2 -flto -fuse-linker-plugin -fno-fat-lto-objects  execution test
FAIL: gcc.dg/ipa/propalign-1.c scan-tree-dump-not optimized "fail_the_test"
FAIL: gcc.dg/ipa/propalign-2.c scan-tree-dump-not optimized "fail_the_test"
FAIL: gcc.dg/lto/20090210 c_lto_20090210_0.o-c_lto_20090210_1.o link, -O0 -flto -flto-partition=none -fuse-linker-plugin
UNRESOLVED: gcc.dg/lto/20090210 c_lto_20090210_0.o-c_lto_20090210_1.o execute -O0 -flto -flto-partition=none -fuse-linker-plugin
FAIL: gcc.dg/lto/20090210 c_lto_20090210_0.o-c_lto_20090210_1.o link, -O2 -flto -flto-partition=none -fuse-linker-plugin -fno-fat-lto-objects 
UNRESOLVED: gcc.dg/lto/20090210 c_lto_20090210_0.o-c_lto_20090210_1.o execute -O2 -flto -flto-partition=none -fuse-linker-plugin -fno-fat-lto-objects 
FAIL: gcc.dg/torture/pr68264.c   -O1  execution test
FAIL: gcc.dg/torture/pr68264.c   -O2  execution test
FAIL: gcc.dg/torture/pr68264.c   -O3 -g  execution test
FAIL: gcc.dg/torture/pr68264.c   -O2 -flto -fno-use-linker-plugin -flto-partition=none  execution test
FAIL: gcc.dg/torture/pr68264.c   -O2 -flto -fuse-linker-plugin -fno-fat-lto-objects  execution test
ERROR: gcc.dg/torture/pr77937-1.c   -O0 : 2: too many arguments for " dg-do 2 options "-O3 -march=amdfam10" { target { x86_64-*-* } } "
ERROR: gcc.dg/torture/pr77937-1.c   -O0 : 2: too many arguments for " dg-do 2 options "-O3 -march=amdfam10" { target { x86_64-*-* } } "
ERROR: gcc.dg/torture/pr77937-1.c   -O1 : 2: too many arguments for " dg-do 2 options "-O3 -march=amdfam10" { target { x86_64-*-* } } "
ERROR: gcc.dg/torture/pr77937-1.c   -O1 : 2: too many arguments for " dg-do 2 options "-O3 -march=amdfam10" { target { x86_64-*-* } } "
ERROR: gcc.dg/torture/pr77937-1.c   -O2 : 2: too many arguments for " dg-do 2 options "-O3 -march=amdfam10" { target { x86_64-*-* } } "
ERROR: gcc.dg/torture/pr77937-1.c   -O2 : 2: too many arguments for " dg-do 2 options "-O3 -march=amdfam10" { target { x86_64-*-* } } "
ERROR: gcc.dg/torture/pr77937-1.c   -O3 -fomit-frame-pointer -funroll-loops -fpeel-loops -ftracer -finline-functions : 2: too many arguments for " dg-do 2 options "-O3 -march=amdfam10" { target { x86_64-*-* } } "
ERROR: gcc.dg/torture/pr77937-1.c   -O3 -fomit-frame-pointer -funroll-loops -fpeel-loops -ftracer -finline-functions : 2: too many arguments for " dg-do 2 options "-O3 -march=amdfam10" { target { x86_64-*-* } } "
ERROR: gcc.dg/torture/pr77937-1.c   -O3 -g : 2: too many arguments for " dg-do 2 options "-O3 -march=amdfam10" { target { x86_64-*-* } } "
ERROR: gcc.dg/torture/pr77937-1.c   -O3 -g : 2: too many arguments for " dg-do 2 options "-O3 -march=amdfam10" { target { x86_64-*-* } } "
ERROR: gcc.dg/torture/pr77937-1.c   -Os : 2: too many arguments for " dg-do 2 options "-O3 -march=amdfam10" { target { x86_64-*-* } } "
ERROR: gcc.dg/torture/pr77937-1.c   -Os : 2: too many arguments for " dg-do 2 options "-O3 -march=amdfam10" { target { x86_64-*-* } } "
ERROR: gcc.dg/torture/pr77937-1.c   -O2 -flto -fno-use-linker-plugin -flto-partition=none : 2: too many arguments for " dg-do 2 options "-O3 -march=amdfam10" { target { x86_64-*-* } } "
ERROR: gcc.dg/torture/pr77937-1.c   -O2 -flto -fno-use-linker-plugin -flto-partition=none : 2: too many arguments for " dg-do 2 options "-O3 -march=amdfam10" { target { x86_64-*-* } } "
ERROR: gcc.dg/torture/pr77937-1.c   -O2 -flto -fuse-linker-plugin -fno-fat-lto-objects : 2: too many arguments for " dg-do 2 options "-O3 -march=amdfam10" { target { x86_64-*-* } } "
ERROR: gcc.dg/torture/pr77937-1.c   -O2 -flto -fuse-linker-plugin -fno-fat-lto-objects : 2: too many arguments for " dg-do 2 options "-O3 -march=amdfam10" { target { x86_64-*-* } } "
ERROR: gcc.dg/torture/pr77937-2.c   -O0 : 2: too many arguments for " dg-do 2 options "-O3 -march=amdfam10" { target { x86_64-*-* } } "
ERROR: gcc.dg/torture/pr77937-2.c   -O0 : 2: too many arguments for " dg-do 2 options "-O3 -march=amdfam10" { target { x86_64-*-* } } "
ERROR: gcc.dg/torture/pr77937-2.c   -O1 : 2: too many arguments for " dg-do 2 options "-O3 -march=amdfam10" { target { x86_64-*-* } } "
ERROR: gcc.dg/torture/pr77937-2.c   -O1 : 2: too many arguments for " dg-do 2 options "-O3 -march=amdfam10" { target { x86_64-*-* } } "
ERROR: gcc.dg/torture/pr77937-2.c   -O2 : 2: too many arguments for " dg-do 2 options "-O3 -march=amdfam10" { target { x86_64-*-* } } "
ERROR: gcc.dg/torture/pr77937-2.c   -O2 : 2: too many arguments for " dg-do 2 options "-O3 -march=amdfam10" { target { x86_64-*-* } } "
ERROR: gcc.dg/torture/pr77937-2.c   -O3 -fomit-frame-pointer -funroll-loops -fpeel-loops -ftracer -finline-functions : 2: too many arguments for " dg-do 2 options "-O3 -march=amdfam10" { target { x86_64-*-* } } "
ERROR: gcc.dg/torture/pr77937-2.c   -O3 -fomit-frame-pointer -funroll-loops -fpeel-loops -ftracer -finline-functions : 2: too many arguments for " dg-do 2 options "-O3 -march=amdfam10" { target { x86_64-*-* } } "
ERROR: gcc.dg/torture/pr77937-2.c   -O3 -g : 2: too many arguments for " dg-do 2 options "-O3 -march=amdfam10" { target { x86_64-*-* } } "
ERROR: gcc.dg/torture/pr77937-2.c   -O3 -g : 2: too many arguments for " dg-do 2 options "-O3 -march=amdfam10" { target { x86_64-*-* } } "
ERROR: gcc.dg/torture/pr77937-2.c   -Os : 2: too many arguments for " dg-do 2 options "-O3 -march=amdfam10" { target { x86_64-*-* } } "
ERROR: gcc.dg/torture/pr77937-2.c   -Os : 2: too many arguments for " dg-do 2 options "-O3 -march=amdfam10" { target { x86_64-*-* } } "
ERROR: gcc.dg/torture/pr77937-2.c   -O2 -flto -fno-use-linker-plugin -flto-partition=none : 2: too many arguments for " dg-do 2 options "-O3 -march=amdfam10" { target { x86_64-*-* } } "
ERROR: gcc.dg/torture/pr77937-2.c   -O2 -flto -fno-use-linker-plugin -flto-partition=none : 2: too many arguments for " dg-do 2 options "-O3 -march=amdfam10" { target { x86_64-*-* } } "
ERROR: gcc.dg/torture/pr77937-2.c   -O2 -flto -fuse-linker-plugin -fno-fat-lto-objects : 2: too many arguments for " dg-do 2 options "-O3 -march=amdfam10" { target { x86_64-*-* } } "
ERROR: gcc.dg/torture/pr77937-2.c   -O2 -flto -fuse-linker-plugin -fno-fat-lto-objects : 2: too many arguments for " dg-do 2 options "-O3 -march=amdfam10" { target { x86_64-*-* } } "
FAIL: gcc.dg/tree-prof/stringop-2.c scan-tree-dump optimized "MEM\\\\[\\\\(void .\\\\)&a\\\\] = 168430090"
FAIL: gcc.dg/tree-ssa/builtin-sprintf-warn-1.c  (test for warnings, line 359)
FAIL: gcc.dg/tree-ssa/builtin-sprintf-warn-1.c  (test for warnings, line 1229)
FAIL: gcc.dg/tree-ssa/builtin-sprintf-warn-1.c  (test for warnings, line 1279)
FAIL: gcc.dg/tree-ssa/builtin-sprintf-warn-1.c  (test for warnings, line 1390)
FAIL: gcc.dg/tree-ssa/builtin-sprintf-warn-1.c (test for excess errors)
FAIL: gcc.dg/tree-ssa/builtin-sprintf-warn-2.c  (test for warnings, line 50)
XPASS: gcc.dg/tree-ssa/builtin-sprintf-warn-6.c unsigned long long (test for bogus messages, line 91)
FAIL: gcc.dg/tree-ssa/pr69270-3.c scan-tree-dump-times uncprop1 ", 1" 4
XPASS: gcc.dg/tree-ssa/pr71347.c scan-tree-dump-not optimized ".* = MEM.*;"
XPASS: gcc.dg/tree-ssa/pr71947-6.c scan-tree-dump dom2 "Folded to: ret_[0-9]+ = 0;"
FAIL: gcc.dg/tree-ssa/scev-3.c scan-tree-dump-times optimized "&a" 1
FAIL: gcc.dg/tree-ssa/scev-4.c scan-tree-dump-times optimized "&a" 1
FAIL: gcc.dg/tree-ssa/scev-5.c scan-tree-dump-times optimized "&a" 1
FAIL: gcc.dg/tree-ssa/slsr-8.c scan-tree-dump-times optimized " w?\\\\* " 7
FAIL: gcc.dg/tree-ssa/ssa-dom-thread-4.c scan-tree-dump-times dom2 "Threaded" 3
FAIL: gcc.dg/tree-ssa/vrp47.c scan-tree-dump-times vrp1 "[xy][^ ]* !=" 0
FAIL: gcc.dg/tree-ssa/vrp47.c scan-tree-dump-times vrp1 "x[^ ]* [|] y" 1
FAIL: gcc.target/m68k/20100512-1.c scan-assembler-times __stack_chk_guard 4
FAIL: gcc.target/m68k/tls-gd-xgot.c scan-assembler #foo@TLSGD,%[ad][0-7]
FAIL: gcc.target/m68k/tls-ie-xgot.c scan-assembler #foo@TLSIE,%[ad][0-7]
FAIL: gcc.target/m68k/tls-ld-xgot-xtls.c scan-assembler #foo@TLSLDM,%[ad][0-7]
FAIL: gcc.target/m68k/tls-ld-xgot.c scan-assembler #foo@TLSLDM,%[ad][0-7]
FAIL: gcc.target/m68k/tls-ld-xgot.c scan-assembler lea \\\\(foo@TLSLDO,%a0\\\\)
FAIL: gcc.target/m68k/tls-ld.c scan-assembler lea \\\\(foo@TLSLDO,%a0\\\\)
FAIL: gcc.target/m68k/tls-le.c scan-assembler lea \\\\(foo@TLSLE,%a0\\\\)

		=== gcc Summary ===

# of expected passes		89926
# of unexpected failures	54
# of unexpected successes	18
# of expected failures		151
# of unresolved testcases	3
# of unsupported tests		2172
/daten/aranym/gcc/gcc-20161014/Build/gcc/xgcc  version 7.0.0 20161014 (experimental) [trunk revision 241146] (GCC) 

Host   is x86_64-suse-linux-gnu

		=== gfortran tests ===


Running target aranym
FAIL: gfortran.dg/bessel_6.f90   -O0  execution test
FAIL: gfortran.dg/bessel_6.f90   -O1  execution test
FAIL: gfortran.dg/bessel_6.f90   -O2  execution test
FAIL: gfortran.dg/bessel_6.f90   -O3 -fomit-frame-pointer -funroll-loops -fpeel-loops -ftracer -finline-functions  execution test
FAIL: gfortran.dg/bessel_6.f90   -O3 -g  execution test
FAIL: gfortran.dg/bessel_6.f90   -Os  execution test
FAIL: gfortran.dg/common_14.f90   -O   (test for warnings, line 16)
FAIL: gfortran.dg/common_14.f90   -O   (test for warnings, line 22)
FAIL: gfortran.dg/common_14.f90   -O  (test for excess errors)
FAIL: gfortran.dg/common_16.f90   -O   (test for warnings, line 10)
FAIL: gfortran.dg/common_16.f90   -O  (test for excess errors)
FAIL: gfortran.dg/common_5.f   -O   (test for warnings, line 7)
FAIL: gfortran.dg/common_align_2.f90   -O0   (test for warnings, line 23)
FAIL: gfortran.dg/common_align_2.f90   -O0  execution test
FAIL: gfortran.dg/common_align_2.f90   -O1   (test for warnings, line 23)
FAIL: gfortran.dg/common_align_2.f90   -O1  execution test
FAIL: gfortran.dg/common_align_2.f90   -O2   (test for warnings, line 23)
FAIL: gfortran.dg/common_align_2.f90   -O2  execution test
FAIL: gfortran.dg/common_align_2.f90   -O3 -fomit-frame-pointer -funroll-loops -fpeel-loops -ftracer -finline-functions   (test for warnings, line 23)
FAIL: gfortran.dg/common_align_2.f90   -O3 -fomit-frame-pointer -funroll-loops -fpeel-loops -ftracer -finline-functions  execution test
FAIL: gfortran.dg/common_align_2.f90   -O3 -g   (test for warnings, line 23)
FAIL: gfortran.dg/common_align_2.f90   -O3 -g  execution test
FAIL: gfortran.dg/common_align_2.f90   -Os   (test for warnings, line 23)
FAIL: gfortran.dg/common_align_2.f90   -Os  execution test
FAIL: gfortran.dg/erf_3.F90   -O0  execution test
FAIL: gfortran.dg/erf_3.F90   -O1  execution test
FAIL: gfortran.dg/erf_3.F90   -O2  execution test
FAIL: gfortran.dg/erf_3.F90   -O3 -fomit-frame-pointer -funroll-loops -fpeel-loops -ftracer -finline-functions  execution test
FAIL: gfortran.dg/erf_3.F90   -O3 -g  execution test
FAIL: gfortran.dg/erf_3.F90   -Os  execution test
FAIL: gfortran.dg/integer_exponentiation_3.F90   -O2  execution test
FAIL: gfortran.dg/integer_exponentiation_3.F90   -O3 -fomit-frame-pointer -funroll-loops -fpeel-loops -ftracer -finline-functions  execution test
FAIL: gfortran.dg/integer_exponentiation_3.F90   -O3 -g  execution test
FAIL: gfortran.dg/gomp/pr27573.f90   -O  (test for excess errors)
FAIL: gfortran.dg/ieee/ieee_2.f90   -O1  execution test
FAIL: gfortran.dg/ieee/ieee_2.f90   -O2  execution test
FAIL: gfortran.dg/ieee/ieee_2.f90   -O3 -fomit-frame-pointer -funroll-loops -fpeel-loops -ftracer -finline-functions  execution test
FAIL: gfortran.dg/ieee/ieee_2.f90   -O3 -g  execution test
FAIL: gfortran.dg/ieee/ieee_2.f90   -Os  execution test
FAIL: gfortran.dg/ieee/large_2.f90   -O1  execution test
FAIL: gfortran.dg/ieee/large_2.f90   -O2  execution test
FAIL: gfortran.dg/ieee/large_2.f90   -O3 -fomit-frame-pointer -funroll-loops -fpeel-loops -ftracer -finline-functions  execution test
FAIL: gfortran.dg/ieee/large_2.f90   -O3 -g  execution test
FAIL: gfortran.dg/ieee/large_2.f90   -Os  execution test
FAIL: gfortran.dg/ieee/rounding_1.f90   -O1  execution test
FAIL: gfortran.dg/ieee/rounding_1.f90   -O2  execution test
FAIL: gfortran.dg/ieee/rounding_1.f90   -O3 -fomit-frame-pointer -funroll-loops -fpeel-loops -ftracer -finline-functions  execution test
FAIL: gfortran.dg/ieee/rounding_1.f90   -O3 -g  execution test
FAIL: gfortran.dg/ieee/rounding_1.f90   -Os  execution test

		=== gfortran Summary ===

# of expected passes		42479
# of unexpected failures	49
# of expected failures		76
# of unsupported tests		222
/daten/aranym/gcc/gcc-20161014/Build/gcc/gfortran  version 7.0.0 20161014 (experimental) [trunk revision 241146] (GCC) 

Host   is x86_64-suse-linux-gnu

		=== objc tests ===


Running target aranym

		=== objc Summary ===

# of expected passes		2803
# of unsupported tests		68
/daten/aranym/gcc/gcc-20161014/Build/gcc/xgcc  version 7.0.0 20161014 (experimental) [trunk revision 241146] (GCC) 

Host   is m68k-unknown-linux-gnu

		=== libatomic tests ===


Running target aranym

		=== libatomic Summary ===

# of expected passes		44
# of unsupported tests		5
Host   is m68k-unknown-linux-gnu

		=== libgomp tests ===


Running target aranym
WARNING: program timed out.
FAIL: libgomp.fortran/strassen.f90   -O  execution test
FAIL: libgomp.oacc-c/../libgomp.oacc-c-c++-common/atomic_update-1.c -DACC_DEVICE_TYPE_host=1 -DACC_MEM_SHARED=1  -O2  execution test
FAIL: libgomp.oacc-c++/../libgomp.oacc-c-c++-common/atomic_update-1.c -DACC_DEVICE_TYPE_host=1 -DACC_MEM_SHARED=1  -O2  execution test

		=== libgomp Summary ===

# of expected passes		4907
# of unexpected failures	3
# of unsupported tests		446
Host   is m68k-unknown-linux-gnu

		=== libstdc++ tests ===


Running target aranym
FAIL: 23_containers/vector/debug/mutex_association.cc execution test
FAIL: experimental/filesystem/operations/last_write_time.cc execution test

		=== libstdc++ Summary ===

# of expected passes		11261
# of unexpected failures	2
# of expected failures		65
# of unsupported tests		290

Compiler version: 7.0.0 20161014 (experimental) [trunk revision 241146] (GCC) 
Platform: m68k-unknown-linux-gnu
configure flags: --prefix=/daten/cross/m68k-linux --build=x86_64-suse-linux --enable-shared --with-system-zlib CFLAGS='-O2 -g' CXXFLAGS='-O2 -g' --target=m68k-linux --with-sysroot --disable-multilib --enable-clocale=gnu


Index Nav: [Date Index] [Subject Index] [Author Index] [Thread Index]
Message Nav: [Date Prev] [Date Next] [Thread Prev] [Thread Next]