This is the mail archive of the gcc-testresults@gcc.gnu.org mailing list for the GCC project.


Index Nav: [Date Index] [Subject Index] [Author Index] [Thread Index]
Message Nav: [Date Prev] [Date Next] [Thread Prev] [Thread Next]
Other format: [Raw text]

Results for 7.0.0 20161005 (experimental) [trunk revision 240816] (GCC) testsuite on hppa2.0w-hp-hpux11.11


		=== acats tests ===
FAIL:	c974013
FAIL:	c9a011b

		=== acats Summary ===
# of expected passes		2318
# of unexpected failures	2
Native configuration is hppa2.0w-hp-hpux11.11

		=== g++ tests ===


Running target unix
FAIL: g++.dg/abi/abi-tag18a.C  -std=gnu++98  scan-assembler _ZZ1fB7__test1vEN1T1gB7__test2Ev
FAIL: g++.dg/abi/abi-tag18a.C  -std=gnu++98  scan-assembler _ZZZ1fB7__test1vEN1T1gEvE1x
FAIL: g++.dg/abi/abi-tag18a.C  -std=gnu++11  scan-assembler _ZZ1fB7__test1vEN1T1gB7__test2Ev
FAIL: g++.dg/abi/abi-tag18a.C  -std=gnu++11  scan-assembler _ZZZ1fB7__test1vEN1T1gEvE1x
FAIL: g++.dg/abi/abi-tag18a.C  -std=gnu++14  scan-assembler _ZZ1fB7__test1vEN1T1gB7__test2Ev
FAIL: g++.dg/abi/abi-tag18a.C  -std=gnu++14  scan-assembler _ZZZ1fB7__test1vEN1T1gEvE1x
FAIL: g++.dg/cpp1z/init-statement6.C   (test for excess errors)
FAIL: c-c++-common/gomp/clauses-2.c  -std=c++98  (test for errors, line 51)
FAIL: c-c++-common/gomp/clauses-2.c  -std=c++98 (test for excess errors)
FAIL: c-c++-common/gomp/clauses-2.c  -std=c++11  (test for errors, line 51)
FAIL: c-c++-common/gomp/clauses-2.c  -std=c++11 (test for excess errors)
FAIL: c-c++-common/gomp/clauses-2.c  -std=c++14  (test for errors, line 51)
FAIL: c-c++-common/gomp/clauses-2.c  -std=c++14 (test for excess errors)
WARNING: program timed out.

		=== g++ Summary ===

# of expected passes		89717
# of unexpected failures	13
# of expected failures		313
# of unsupported tests		4514
/test/gnu/gcc/objdir/gcc/testsuite/g++/../../xg++  version 7.0.0 20161005 (experimental) [trunk revision 240816] (GCC) 

		=== gcc tests ===


Running target unix
FAIL: gcc.c-torture/compile/limits-exprparen.c   -O0  (internal compiler error)
FAIL: gcc.c-torture/compile/limits-exprparen.c   -O0  (test for excess errors)
FAIL: gcc.c-torture/compile/limits-exprparen.c   -O1  (internal compiler error)
FAIL: gcc.c-torture/compile/limits-exprparen.c   -O1  (test for excess errors)
FAIL: gcc.c-torture/compile/limits-exprparen.c   -O2  (internal compiler error)
FAIL: gcc.c-torture/compile/limits-exprparen.c   -O2  (test for excess errors)
FAIL: gcc.c-torture/compile/limits-exprparen.c   -O3 -g  (internal compiler error)
FAIL: gcc.c-torture/compile/limits-exprparen.c   -O3 -g  (test for excess errors)
FAIL: gcc.c-torture/compile/limits-exprparen.c   -Os  (internal compiler error)
FAIL: gcc.c-torture/compile/limits-exprparen.c   -Os  (test for excess errors)
FAIL: gcc.dg/atomic/c11-atomic-exec-5.c   -O0  execution test
FAIL: gcc.dg/atomic/c11-atomic-exec-5.c   -O1  execution test
FAIL: gcc.dg/atomic/c11-atomic-exec-5.c   -O2  execution test
FAIL: gcc.dg/atomic/c11-atomic-exec-5.c   -O3 -fomit-frame-pointer -funroll-loops -fpeel-loops -ftracer -finline-functions  execution test
FAIL: gcc.dg/atomic/c11-atomic-exec-5.c   -O3 -g  execution test
FAIL: gcc.dg/atomic/c11-atomic-exec-5.c   -Os  execution test
FAIL: gcc.dg/pr77587.c (test for excess errors)
UNRESOLVED: gcc.dg/pr77587.c compilation failed to produce executable
FAIL: gcc.dg/pr77587a.c (test for excess errors)
FAIL: c-c++-common/Wunused-var-15.c  -Wc++-compat  (test for excess errors)
FAIL: c-c++-common/gomp/clauses-2.c  (test for errors, line 51)
FAIL: c-c++-common/gomp/clauses-2.c (test for excess errors)
FAIL: gcc.dg/graphite/scop-dsyr2k.c scan-tree-dump-times graphite "number of SCoPs: 1" 1
FAIL: gcc.dg/graphite/scop-dsyrk.c scan-tree-dump-times graphite "number of SCoPs: 1" 1
WARNING: program timed out.
FAIL: gcc.dg/ipa/ipcp-cstagg-7.c scan-ipa-dump-times cp "Discovered an indirect call to a known target" 3
FAIL: gcc.dg/ipa/pr77653.c scan-ipa-dump icf "Not unifying; address of original may be compared."
FAIL: gcc.dg/tree-ssa/builtin-sprintf-warn-4.c (test for excess errors)
FAIL: gcc.dg/tree-ssa/builtin-sprintf.c execution test
FAIL: gcc.dg/tree-ssa/pr69270-3.c scan-tree-dump-times uncprop1 ", 1" 4
FAIL: gcc.dg/tree-ssa/scev-4.c scan-tree-dump-times optimized "&a" 1
FAIL: gcc.dg/tree-ssa/scev-5.c scan-tree-dump-times optimized "&a" 1
FAIL: gcc.dg/tree-ssa/slsr-8.c scan-tree-dump-times optimized " w?\\\\* " 7

		=== gcc Summary ===

# of expected passes		71218
# of unexpected failures	31
# of expected failures		163
# of unresolved testcases	1
# of unsupported tests		2091
/test/gnu/gcc/objdir/gcc/xgcc  version 7.0.0 20161005 (experimental) [trunk revision 240816] (GCC) 

		=== gfortran tests ===


Running target unix
FAIL: gfortran.dg/coarray/event_2.f90 -fcoarray=lib  -O2  -lcaf_single -latomic execution test
FAIL: gfortran.dg/coarray_alloc_comp_1.f08   -O0  (test for excess errors)
FAIL: gfortran.dg/coarray_alloc_comp_1.f08   -O0  execution test
FAIL: gfortran.dg/coarray_alloc_comp_1.f08   -O1  (test for excess errors)
FAIL: gfortran.dg/coarray_alloc_comp_1.f08   -O1  execution test
FAIL: gfortran.dg/coarray_alloc_comp_1.f08   -O2  (test for excess errors)
FAIL: gfortran.dg/coarray_alloc_comp_1.f08   -O2  execution test
FAIL: gfortran.dg/coarray_alloc_comp_1.f08   -O3 -fomit-frame-pointer -funroll-loops -fpeel-loops -ftracer -finline-functions  (test for excess errors)
FAIL: gfortran.dg/coarray_alloc_comp_1.f08   -O3 -fomit-frame-pointer -funroll-loops -fpeel-loops -ftracer -finline-functions  execution test
FAIL: gfortran.dg/coarray_alloc_comp_1.f08   -O3 -g  (test for excess errors)
FAIL: gfortran.dg/coarray_alloc_comp_1.f08   -O3 -g  execution test
FAIL: gfortran.dg/coarray_alloc_comp_1.f08   -Os  (test for excess errors)
FAIL: gfortran.dg/coarray_alloc_comp_1.f08   -Os  execution test
FAIL: gfortran.dg/coarray_allocate_10.f08   -O0  (test for excess errors)
FAIL: gfortran.dg/coarray_allocate_10.f08   -O0  execution test
FAIL: gfortran.dg/coarray_allocate_10.f08   -O1  (test for excess errors)
FAIL: gfortran.dg/coarray_allocate_10.f08   -O1  execution test
FAIL: gfortran.dg/coarray_allocate_10.f08   -O2  (test for excess errors)
FAIL: gfortran.dg/coarray_allocate_10.f08   -O2  execution test
FAIL: gfortran.dg/coarray_allocate_10.f08   -O3 -fomit-frame-pointer -funroll-loops -fpeel-loops -ftracer -finline-functions  (test for excess errors)
FAIL: gfortran.dg/coarray_allocate_10.f08   -O3 -fomit-frame-pointer -funroll-loops -fpeel-loops -ftracer -finline-functions  execution test
FAIL: gfortran.dg/coarray_allocate_10.f08   -O3 -g  (test for excess errors)
FAIL: gfortran.dg/coarray_allocate_10.f08   -O3 -g  execution test
FAIL: gfortran.dg/coarray_allocate_10.f08   -Os  (test for excess errors)
FAIL: gfortran.dg/coarray_allocate_10.f08   -Os  execution test
FAIL: gfortran.dg/coarray_allocate_7.f08   -O0  (test for excess errors)
FAIL: gfortran.dg/coarray_allocate_7.f08   -O0  execution test
FAIL: gfortran.dg/coarray_allocate_7.f08   -O1  (test for excess errors)
FAIL: gfortran.dg/coarray_allocate_7.f08   -O1  execution test
FAIL: gfortran.dg/coarray_allocate_7.f08   -O2  (test for excess errors)
FAIL: gfortran.dg/coarray_allocate_7.f08   -O2  execution test
FAIL: gfortran.dg/coarray_allocate_7.f08   -O3 -fomit-frame-pointer -funroll-loops -fpeel-loops -ftracer -finline-functions  (test for excess errors)
FAIL: gfortran.dg/coarray_allocate_7.f08   -O3 -fomit-frame-pointer -funroll-loops -fpeel-loops -ftracer -finline-functions  execution test
FAIL: gfortran.dg/coarray_allocate_7.f08   -O3 -g  (test for excess errors)
FAIL: gfortran.dg/coarray_allocate_7.f08   -O3 -g  execution test
FAIL: gfortran.dg/coarray_allocate_7.f08   -Os  (test for excess errors)
FAIL: gfortran.dg/coarray_allocate_7.f08   -Os  execution test
FAIL: gfortran.dg/coarray_allocate_8.f08   -O0  (test for excess errors)
FAIL: gfortran.dg/coarray_allocate_8.f08   -O0  execution test
FAIL: gfortran.dg/coarray_allocate_8.f08   -O1  (test for excess errors)
FAIL: gfortran.dg/coarray_allocate_8.f08   -O1  execution test
FAIL: gfortran.dg/coarray_allocate_8.f08   -O2  (test for excess errors)
FAIL: gfortran.dg/coarray_allocate_8.f08   -O2  execution test
FAIL: gfortran.dg/coarray_allocate_8.f08   -O3 -fomit-frame-pointer -funroll-loops -fpeel-loops -ftracer -finline-functions  (test for excess errors)
FAIL: gfortran.dg/coarray_allocate_8.f08   -O3 -fomit-frame-pointer -funroll-loops -fpeel-loops -ftracer -finline-functions  execution test
FAIL: gfortran.dg/coarray_allocate_8.f08   -O3 -g  (test for excess errors)
FAIL: gfortran.dg/coarray_allocate_8.f08   -O3 -g  execution test
FAIL: gfortran.dg/coarray_allocate_8.f08   -Os  (test for excess errors)
FAIL: gfortran.dg/coarray_allocate_8.f08   -Os  execution test
FAIL: gfortran.dg/coarray_allocate_9.f08   -O0  (test for excess errors)
FAIL: gfortran.dg/coarray_allocate_9.f08   -O0  execution test
FAIL: gfortran.dg/coarray_allocate_9.f08   -O1  (test for excess errors)
FAIL: gfortran.dg/coarray_allocate_9.f08   -O1  execution test
FAIL: gfortran.dg/coarray_allocate_9.f08   -O2  (test for excess errors)
FAIL: gfortran.dg/coarray_allocate_9.f08   -O2  execution test
FAIL: gfortran.dg/coarray_allocate_9.f08   -O3 -fomit-frame-pointer -funroll-loops -fpeel-loops -ftracer -finline-functions  (test for excess errors)
FAIL: gfortran.dg/coarray_allocate_9.f08   -O3 -fomit-frame-pointer -funroll-loops -fpeel-loops -ftracer -finline-functions  execution test
FAIL: gfortran.dg/coarray_allocate_9.f08   -O3 -g  (test for excess errors)
FAIL: gfortran.dg/coarray_allocate_9.f08   -O3 -g  execution test
FAIL: gfortran.dg/coarray_allocate_9.f08   -Os  (test for excess errors)
FAIL: gfortran.dg/coarray_allocate_9.f08   -Os  execution test
FAIL: gfortran.dg/coarray_send_by_ref_1.f08   -O0  (test for excess errors)
FAIL: gfortran.dg/coarray_send_by_ref_1.f08   -O0  execution test
FAIL: gfortran.dg/coarray_send_by_ref_1.f08   -O1  (test for excess errors)
FAIL: gfortran.dg/coarray_send_by_ref_1.f08   -O1  execution test
FAIL: gfortran.dg/coarray_send_by_ref_1.f08   -O2  (test for excess errors)
FAIL: gfortran.dg/coarray_send_by_ref_1.f08   -O2  execution test
FAIL: gfortran.dg/coarray_send_by_ref_1.f08   -O3 -fomit-frame-pointer -funroll-loops -fpeel-loops -ftracer -finline-functions  (test for excess errors)
FAIL: gfortran.dg/coarray_send_by_ref_1.f08   -O3 -fomit-frame-pointer -funroll-loops -fpeel-loops -ftracer -finline-functions  execution test
FAIL: gfortran.dg/coarray_send_by_ref_1.f08   -O3 -g  (test for excess errors)
FAIL: gfortran.dg/coarray_send_by_ref_1.f08   -O3 -g  execution test
FAIL: gfortran.dg/coarray_send_by_ref_1.f08   -Os  (test for excess errors)
FAIL: gfortran.dg/coarray_send_by_ref_1.f08   -Os  execution test
FAIL: gfortran.dg/coindexed_1.f90   -O0  (test for excess errors)
FAIL: gfortran.dg/coindexed_1.f90   -O0  execution test
FAIL: gfortran.dg/coindexed_1.f90   -O1  (test for excess errors)
FAIL: gfortran.dg/coindexed_1.f90   -O1  execution test
FAIL: gfortran.dg/coindexed_1.f90   -O2  (test for excess errors)
FAIL: gfortran.dg/coindexed_1.f90   -O2  execution test
FAIL: gfortran.dg/coindexed_1.f90   -O3 -fomit-frame-pointer -funroll-loops -fpeel-loops -ftracer -finline-functions  (test for excess errors)
FAIL: gfortran.dg/coindexed_1.f90   -O3 -fomit-frame-pointer -funroll-loops -fpeel-loops -ftracer -finline-functions  execution test
FAIL: gfortran.dg/coindexed_1.f90   -O3 -g  (test for excess errors)
FAIL: gfortran.dg/coindexed_1.f90   -O3 -g  execution test
FAIL: gfortran.dg/coindexed_1.f90   -Os  (test for excess errors)
FAIL: gfortran.dg/coindexed_1.f90   -Os  execution test
FAIL: gfortran.dg/fmt_fw_d.f90   -O0  execution test
FAIL: gfortran.dg/fmt_fw_d.f90   -O1  execution test
FAIL: gfortran.dg/fmt_fw_d.f90   -O2  execution test
FAIL: gfortran.dg/fmt_fw_d.f90   -O3 -fomit-frame-pointer -funroll-loops -fpeel-loops -ftracer -finline-functions  execution test
FAIL: gfortran.dg/fmt_fw_d.f90   -O3 -g  execution test
FAIL: gfortran.dg/fmt_fw_d.f90   -Os  execution test
FAIL: gfortran.dg/pr70937.f90   -O  (test for excess errors)

		=== gfortran Summary ===

# of expected passes		41386
# of unexpected failures	92
# of expected failures		92
# of unsupported tests		426
/test/gnu/gcc/objdir/gcc/testsuite/gfortran/../../gfortran  version 7.0.0 20161005 (experimental) [trunk revision 240816] (GCC) 

		=== gnat tests ===


Running target unix
FAIL: gnat.dg/debug7.adb (test for excess errors)
UNRESOLVED: gnat.dg/debug7.adb scan-assembler DW_TAG_imported_decl

		=== gnat Summary ===

# of expected passes		2477
# of unexpected failures	1
# of expected failures		22
# of unresolved testcases	1
# of unsupported tests		24
/test/gnu/gcc/objdir/gcc/gnatmake version 7.0.0 20161005 (experimental) [trunk revision 240816]

		=== obj-c++ tests ===


Running target unix

		=== obj-c++ Summary ===

# of expected passes		1400
# of expected failures		2
# of unsupported tests		60
/test/gnu/gcc/objdir/gcc/testsuite/obj-c++/../../xg++  version 7.0.0 20161005 (experimental) [trunk revision 240816] (GCC) 

		=== objc tests ===


Running target unix

		=== objc Summary ===

# of expected passes		2705
# of unsupported tests		61
/test/gnu/gcc/objdir/gcc/xgcc  version 7.0.0 20161005 (experimental) [trunk revision 240816] (GCC) 

		=== libatomic tests ===


Running target unix

		=== libatomic Summary ===

# of expected passes		44
# of unsupported tests		5
		=== libgomp tests ===


Running target unix
FAIL: libgomp.c/target-29.c (internal compiler error)
FAIL: libgomp.c/target-29.c (test for excess errors)
UNRESOLVED: libgomp.c/target-29.c compilation failed to produce executable
FAIL: libgomp.c++/member-5.C execution test
FAIL: libgomp.c++/target-15.C (internal compiler error)
FAIL: libgomp.c++/target-15.C (test for excess errors)
UNRESOLVED: libgomp.c++/target-15.C compilation failed to produce executable
FAIL: libgomp.c++/target-16.C (internal compiler error)
FAIL: libgomp.c++/target-16.C (test for excess errors)
UNRESOLVED: libgomp.c++/target-16.C compilation failed to produce executable
FAIL: libgomp.c++/target-17.C (internal compiler error)
FAIL: libgomp.c++/target-17.C (test for excess errors)
UNRESOLVED: libgomp.c++/target-17.C compilation failed to produce executable
FAIL: libgomp.c++/target-19.C (internal compiler error)
FAIL: libgomp.c++/target-19.C (test for excess errors)
UNRESOLVED: libgomp.c++/target-19.C compilation failed to produce executable
FAIL: libgomp.oacc-c/../libgomp.oacc-c-c++-common/atomic_update-1.c -DACC_DEVICE_TYPE_host=1 -DACC_MEM_SHARED=1  -O2  execution test
FAIL: libgomp.oacc-c++/../libgomp.oacc-c-c++-common/atomic_update-1.c -DACC_DEVICE_TYPE_host=1 -DACC_MEM_SHARED=1  -O2  execution test
FAIL: libgomp.oacc-c++/../libgomp.oacc-c-c++-common/loop-dim-default.c -DACC_DEVICE_TYPE_host=1 -DACC_MEM_SHARED=1  -O2  (test for excess errors)
UNRESOLVED: libgomp.oacc-c++/../libgomp.oacc-c-c++-common/loop-dim-default.c -DACC_DEVICE_TYPE_host=1 -DACC_MEM_SHARED=1  -O2  compilation failed to produce executable

		=== libgomp Summary ===

# of expected passes		4917
# of unexpected failures	14
# of unresolved testcases	6
# of unsupported tests		402
		=== libstdc++ tests ===


Running target unix
FAIL: 20_util/variant/compile.cc (test for excess errors)
FAIL: 20_util/variant/run.cc (test for excess errors)
UNRESOLVED: 20_util/variant/run.cc compilation failed to produce executable
FAIL: 22_locale/num_put/put/char/14220.cc execution test
FAIL: 22_locale/num_put/put/wchar_t/14220.cc execution test
FAIL: 27_io/basic_ostream/inserters_arithmetic/char/4402.cc execution test
FAIL: 27_io/basic_ostream/inserters_arithmetic/wchar_t/4402.cc execution test
FAIL: 30_threads/call_once/constexpr.cc (test for excess errors)
FAIL: 30_threads/mutex/cons/constexpr.cc (test for excess errors)
FAIL: 30_threads/once_flag/cons/constexpr.cc (test for excess errors)
FAIL: libstdc++-prettyprinters/48362.cc
FAIL: libstdc++-prettyprinters/cxx11.cc
UNRESOLVED: libstdc++-prettyprinters/cxx17.cc compilation failed to produce executable
FAIL: libstdc++-prettyprinters/debug.cc
FAIL: libstdc++-prettyprinters/libfundts.cc
FAIL: libstdc++-prettyprinters/shared_ptr.cc
FAIL: libstdc++-prettyprinters/simple.cc
FAIL: libstdc++-prettyprinters/simple11.cc
FAIL: libstdc++-prettyprinters/tr1.cc
FAIL: libstdc++-prettyprinters/whatis.cc
FAIL: libstdc++-xmethods/array.cc
FAIL: libstdc++-xmethods/associative-containers.cc
FAIL: libstdc++-xmethods/deque.cc
FAIL: libstdc++-xmethods/forwardlist.cc
FAIL: libstdc++-xmethods/list.cc
FAIL: libstdc++-xmethods/unique_ptr.cc
FAIL: libstdc++-xmethods/vector.cc

		=== libstdc++ Summary ===

# of expected passes		9628
# of unexpected failures	25
# of expected failures		65
# of unresolved testcases	2
# of unsupported tests		1058

Compiler version: 7.0.0 20161005 (experimental) [trunk revision 240816] (GCC) 
Platform: hppa2.0w-hp-hpux11.11
configure flags:Test Run By dave on Sun Oct  9 17:02:33  2016


Index Nav: [Date Index] [Subject Index] [Author Index] [Thread Index]
Message Nav: [Date Prev] [Date Next] [Thread Prev] [Thread Next]