This is the mail archive of the gcc-testresults@gcc.gnu.org mailing list for the GCC project.


Index Nav: [Date Index] [Subject Index] [Author Index] [Thread Index]
Message Nav: [Date Prev] [Date Next] [Thread Prev] [Thread Next]
Other format: [Raw text]

Results for 6.2.0 20161010 (Debian 6.2.0-6) testsuite on arm-unknown-linux-gnueabihf


LAST_UPDATED: Mon Oct 10 03:12:04 UTC 2016 (revision 240907)

Native configuration is arm-unknown-linux-gnueabihf

		=== boehm-gc tests ===


Running target unix

		=== boehm-gc Summary for unix ===

# of expected passes		12
# of unsupported tests		1

Running target unix/-fstack-protector

		=== boehm-gc Summary for unix/-fstack-protector ===

# of expected passes		12
# of unsupported tests		1

		=== boehm-gc Summary ===

# of expected passes		24
# of unsupported tests		2
		=== libatomic tests ===


Running target unix

		=== libatomic Summary for unix ===

# of expected passes		44
# of unsupported tests		5

Running target unix/-fstack-protector

		=== libatomic Summary for unix/-fstack-protector ===

# of expected passes		44
# of unsupported tests		5

		=== libatomic Summary ===

# of expected passes		88
# of unsupported tests		10
		=== libffi tests ===


Running target unix

		=== libffi Summary for unix ===

# of expected passes		2214

Running target unix/-fstack-protector

		=== libffi Summary for unix/-fstack-protector ===

# of expected passes		2214

		=== libffi Summary ===

# of expected passes		4428
		=== libgo tests ===


Running target unix
FAIL: log
FAIL: runtime
FAIL: time
FAIL: sync/atomic

		=== libgo Summary ===

# of expected passes		130
# of unexpected failures	4
/build/gcc-6-wa_ssF/gcc-6-6.2.0/build/./gcc/gccgo version 6.2.0 20161010 (Debian 6.2.0-6)

		=== libgomp tests ===


Running target unix

		=== libgomp Summary for unix ===

# of expected passes		5054
# of unsupported tests		320

Running target unix/-fstack-protector

		=== libgomp Summary for unix/-fstack-protector ===

# of expected passes		5054
# of unsupported tests		320

		=== libgomp Summary ===

# of expected passes		10108
# of unsupported tests		640
		=== libjava tests ===


Running target unix
FAIL: Throw_2 execution - source compiled test
FAIL: Throw_2 -findirect-dispatch execution - source compiled test
FAIL: Throw_2 -O3 execution - source compiled test
FAIL: Throw_2 -O3 -findirect-dispatch execution - source compiled test

		=== libjava Summary for unix ===

# of expected passes		2574
# of unexpected failures	4
# of expected failures		4
# of untested testcases		4

Running target unix/-fstack-protector
FAIL: Throw_2 execution - source compiled test
FAIL: Throw_2 -findirect-dispatch execution - source compiled test
FAIL: Throw_2 -O3 execution - source compiled test
FAIL: Throw_2 -O3 -findirect-dispatch execution - source compiled test

		=== libjava Summary for unix/-fstack-protector ===

# of expected passes		2574
# of unexpected failures	4
# of expected failures		4
# of untested testcases		4

		=== libjava Summary ===

# of expected passes		5148
# of unexpected failures	8
# of expected failures		8
# of untested testcases		8
		=== libstdc++ tests ===


Running target unix
FAIL: 22_locale/time_get/get_date/wchar_t/4.cc execution test
FAIL: 27_io/basic_ios/copyfmt/char/1.cc execution test
FAIL: 27_io/basic_ios/exceptions/char/1.cc execution test
FAIL: 27_io/basic_istream/extractors_arithmetic/char/exceptions_failbit.cc execution test
FAIL: 27_io/basic_istream/extractors_arithmetic/wchar_t/exceptions_failbit.cc execution test
FAIL: 27_io/basic_istream/extractors_other/char/exceptions_null.cc execution test
FAIL: 27_io/basic_istream/extractors_other/wchar_t/exceptions_null.cc execution test
FAIL: 27_io/basic_istream/sentry/char/12297.cc execution test
FAIL: 27_io/basic_istream/sentry/wchar_t/12297.cc execution test
FAIL: 27_io/basic_ostream/inserters_other/char/exceptions_null.cc execution test
FAIL: 27_io/basic_ostream/inserters_other/wchar_t/exceptions_null.cc execution test
FAIL: 27_io/ios_base/storage/2.cc execution test

		=== libstdc++ Summary for unix ===

# of expected passes		11058
# of unexpected failures	12
# of expected failures		66
# of unsupported tests		283

Running target unix/-fstack-protector
FAIL: 22_locale/time_get/get_date/wchar_t/4.cc execution test
FAIL: 27_io/basic_ios/copyfmt/char/1.cc execution test
FAIL: 27_io/basic_ios/exceptions/char/1.cc execution test
FAIL: 27_io/basic_istream/extractors_arithmetic/char/exceptions_failbit.cc execution test
FAIL: 27_io/basic_istream/extractors_arithmetic/wchar_t/exceptions_failbit.cc execution test
FAIL: 27_io/basic_istream/extractors_other/char/exceptions_null.cc execution test
FAIL: 27_io/basic_istream/extractors_other/wchar_t/exceptions_null.cc execution test
FAIL: 27_io/basic_istream/sentry/char/12297.cc execution test
FAIL: 27_io/basic_istream/sentry/wchar_t/12297.cc execution test
FAIL: 27_io/basic_ostream/inserters_other/char/exceptions_null.cc execution test
FAIL: 27_io/basic_ostream/inserters_other/wchar_t/exceptions_null.cc execution test
FAIL: 27_io/ios_base/storage/2.cc execution test

		=== libstdc++ Summary for unix/-fstack-protector ===

# of expected passes		4804
# of unexpected failures	12
# of expected failures		62
# of unsupported tests		283

		=== libstdc++ Summary ===

# of expected passes		15862
# of unexpected failures	24
# of expected failures		128
# of unsupported tests		566
Target: arm-linux-gnueabihf
gcc version 6.2.0 20161010 (Debian 6.2.0-6) 

		=== g++ tests ===


Running target unix
FAIL: g++.dg/asan/deep-stack-uaf-1.C   -O0  output pattern test
FAIL: g++.dg/asan/deep-stack-uaf-1.C   -O1  output pattern test
FAIL: g++.dg/asan/deep-stack-uaf-1.C   -O2  output pattern test
FAIL: g++.dg/asan/deep-stack-uaf-1.C   -O3 -g  output pattern test
FAIL: g++.dg/asan/deep-stack-uaf-1.C   -Os  output pattern test
FAIL: g++.dg/abi/abi-tag23.C  -std=gnu++11  (test for warnings, line 22)
FAIL: g++.dg/abi/abi-tag23.C  -std=gnu++11  scan-assembler _ZThn16_N7Derived7get_fooB3barEv
FAIL: g++.dg/abi/abi-tag23.C  -std=gnu++14  (test for warnings, line 22)
FAIL: g++.dg/abi/abi-tag23.C  -std=gnu++14  scan-assembler _ZThn16_N7Derived7get_fooB3barEv
FAIL: g++.dg/abi/abi-tag23.C  -std=gnu++98  (test for warnings, line 22)
FAIL: g++.dg/abi/abi-tag23.C  -std=gnu++98  scan-assembler _ZThn16_N7Derived7get_fooB3barEv
FAIL: g++.dg/abi/abi-tag23a.C  -std=gnu++11  scan-assembler _ZThn16_N7Derived7get_fooEv
FAIL: g++.dg/abi/abi-tag23a.C  -std=gnu++14  scan-assembler _ZThn16_N7Derived7get_fooEv
FAIL: g++.dg/abi/abi-tag23a.C  -std=gnu++98  scan-assembler _ZThn16_N7Derived7get_fooEv
FAIL: g++.dg/guality/pr55665.C   -O2  line 23 p == 40
FAIL: g++.dg/guality/pr55665.C   -O3 -g  line 23 p == 40
UNRESOLVED: g++.dg/lto/pr65276 cp_lto_pr65276_0.o-cp_lto_pr65276_1.o execute -flto -O0 -std=c++11
FAIL: g++.dg/lto/pr65276 cp_lto_pr65276_0.o-cp_lto_pr65276_1.o link, -flto -O0 -std=c++11
XPASS: g++.dg/tls/thread_local-order2.C  -std=c++11 execution test
XPASS: g++.dg/tls/thread_local-order2.C  -std=c++14 execution test

		=== g++ Summary for unix ===

# of expected passes		97957
# of unexpected failures	17
# of unexpected successes	2
# of expected failures		311
# of unresolved testcases	1
# of unsupported tests		4174

Running target unix/-fstack-protector
FAIL: g++.dg/asan/deep-stack-uaf-1.C   -O0  output pattern test
FAIL: g++.dg/asan/deep-stack-uaf-1.C   -O1  output pattern test
FAIL: g++.dg/asan/deep-stack-uaf-1.C   -O2  output pattern test
FAIL: g++.dg/asan/deep-stack-uaf-1.C   -O3 -g  output pattern test
FAIL: g++.dg/asan/deep-stack-uaf-1.C   -Os  output pattern test
FAIL: g++.dg/abi/abi-tag23.C  -std=gnu++11  (test for warnings, line 22)
FAIL: g++.dg/abi/abi-tag23.C  -std=gnu++11  scan-assembler _ZThn16_N7Derived7get_fooB3barEv
FAIL: g++.dg/abi/abi-tag23.C  -std=gnu++14  (test for warnings, line 22)
FAIL: g++.dg/abi/abi-tag23.C  -std=gnu++14  scan-assembler _ZThn16_N7Derived7get_fooB3barEv
FAIL: g++.dg/abi/abi-tag23.C  -std=gnu++98  (test for warnings, line 22)
FAIL: g++.dg/abi/abi-tag23.C  -std=gnu++98  scan-assembler _ZThn16_N7Derived7get_fooB3barEv
FAIL: g++.dg/abi/abi-tag23a.C  -std=gnu++11  scan-assembler _ZThn16_N7Derived7get_fooEv
FAIL: g++.dg/abi/abi-tag23a.C  -std=gnu++14  scan-assembler _ZThn16_N7Derived7get_fooEv
FAIL: g++.dg/abi/abi-tag23a.C  -std=gnu++98  scan-assembler _ZThn16_N7Derived7get_fooEv
FAIL: g++.dg/guality/pr55665.C   -O2  line 23 p == 40
FAIL: g++.dg/guality/pr55665.C   -O3 -g  line 23 p == 40
UNRESOLVED: g++.dg/lto/pr65276 cp_lto_pr65276_0.o-cp_lto_pr65276_1.o execute -flto -O0 -std=c++11
FAIL: g++.dg/lto/pr65276 cp_lto_pr65276_0.o-cp_lto_pr65276_1.o link, -flto -O0 -std=c++11
XPASS: g++.dg/tls/thread_local-order2.C  -std=c++11 execution test
XPASS: g++.dg/tls/thread_local-order2.C  -std=c++14 execution test

		=== g++ Summary for unix/-fstack-protector ===

# of expected passes		97957
# of unexpected failures	17
# of unexpected successes	2
# of expected failures		311
# of unresolved testcases	1
# of unsupported tests		4174

		=== g++ Summary ===

# of expected passes		195914
# of unexpected failures	34
# of unexpected successes	4
# of expected failures		622
# of unresolved testcases	2
# of unsupported tests		8348
/build/gcc-6-wa_ssF/gcc-6-6.2.0/build/gcc/xg++  version 6.2.0 20161010 (Debian 6.2.0-6) 

		=== gcc tests ===


Running target unix
XPASS: gcc.dg/guality/example.c   -O0  execution test
XPASS: gcc.dg/guality/example.c   -O1  execution test
XPASS: gcc.dg/guality/guality.c   -O0  execution test
XPASS: gcc.dg/guality/guality.c   -O1  execution test
XPASS: gcc.dg/guality/guality.c   -O2  execution test
XPASS: gcc.dg/guality/guality.c   -O2 -flto -fno-use-linker-plugin -flto-partition=none  execution test
XPASS: gcc.dg/guality/guality.c   -O2 -flto -fuse-linker-plugin -fno-fat-lto-objects  execution test
XPASS: gcc.dg/guality/guality.c   -O3 -g  execution test
XPASS: gcc.dg/guality/guality.c   -Os  execution test
XPASS: gcc.dg/guality/inline-params.c   -O2  execution test
XPASS: gcc.dg/guality/inline-params.c   -O2 -flto -fno-use-linker-plugin -flto-partition=none  execution test
XPASS: gcc.dg/guality/inline-params.c   -O3 -g  execution test
XPASS: gcc.dg/guality/inline-params.c   -Os  execution test
FAIL: gcc.dg/guality/nrv-1.c   -O2 -flto -fuse-linker-plugin -fno-fat-lto-objects  line 20 a2.i[0] == 42
FAIL: gcc.dg/guality/pr36728-1.c   -O2  line 18 y == 2
FAIL: gcc.dg/guality/pr36728-1.c   -O2 -flto -fno-use-linker-plugin -flto-partition=none  line 18 y == 2
FAIL: gcc.dg/guality/pr36728-1.c   -O2 -flto -fuse-linker-plugin -fno-fat-lto-objects  line 16 y == 2
FAIL: gcc.dg/guality/pr36728-1.c   -O3 -g  line 16 y == 2
FAIL: gcc.dg/guality/pr36728-1.c   -O3 -g  line 18 *x == (char) 25
FAIL: gcc.dg/guality/pr36728-2.c   -O2  line 16 y == 2
FAIL: gcc.dg/guality/pr36728-2.c   -O2 -flto -fno-use-linker-plugin -flto-partition=none  line 16 y == 2
FAIL: gcc.dg/guality/pr36728-2.c   -O2 -flto -fuse-linker-plugin -fno-fat-lto-objects  line 16 arg1 == 1
FAIL: gcc.dg/guality/pr36728-2.c   -O2 -flto -fuse-linker-plugin -fno-fat-lto-objects  line 16 arg2 == 2
FAIL: gcc.dg/guality/pr36728-2.c   -O2 -flto -fuse-linker-plugin -fno-fat-lto-objects  line 16 arg3 == 3
FAIL: gcc.dg/guality/pr36728-2.c   -O2 -flto -fuse-linker-plugin -fno-fat-lto-objects  line 16 arg4 == 4
FAIL: gcc.dg/guality/pr36728-2.c   -O2 -flto -fuse-linker-plugin -fno-fat-lto-objects  line 16 arg5 == 5
FAIL: gcc.dg/guality/pr36728-2.c   -O2 -flto -fuse-linker-plugin -fno-fat-lto-objects  line 16 arg6 == 6
FAIL: gcc.dg/guality/pr36728-2.c   -O2 -flto -fuse-linker-plugin -fno-fat-lto-objects  line 16 arg7 == 30
FAIL: gcc.dg/guality/pr36728-2.c   -O2 -flto -fuse-linker-plugin -fno-fat-lto-objects  line 16 y == 2
FAIL: gcc.dg/guality/pr36728-2.c   -O2 -flto -fuse-linker-plugin -fno-fat-lto-objects  line 18 arg1 == 1
FAIL: gcc.dg/guality/pr36728-2.c   -O2 -flto -fuse-linker-plugin -fno-fat-lto-objects  line 18 arg2 == 2
FAIL: gcc.dg/guality/pr36728-2.c   -O2 -flto -fuse-linker-plugin -fno-fat-lto-objects  line 18 arg3 == 3
FAIL: gcc.dg/guality/pr36728-2.c   -O2 -flto -fuse-linker-plugin -fno-fat-lto-objects  line 18 arg4 == 4
FAIL: gcc.dg/guality/pr36728-2.c   -O2 -flto -fuse-linker-plugin -fno-fat-lto-objects  line 18 arg5 == 5
FAIL: gcc.dg/guality/pr36728-2.c   -O2 -flto -fuse-linker-plugin -fno-fat-lto-objects  line 18 arg6 == 6
FAIL: gcc.dg/guality/pr36728-2.c   -O2 -flto -fuse-linker-plugin -fno-fat-lto-objects  line 18 arg7 == 30
FAIL: gcc.dg/guality/pr36728-2.c   -O3 -g  line 16 arg1 == 1
FAIL: gcc.dg/guality/pr36728-2.c   -O3 -g  line 16 arg2 == 2
FAIL: gcc.dg/guality/pr36728-2.c   -O3 -g  line 16 arg3 == 3
FAIL: gcc.dg/guality/pr36728-2.c   -O3 -g  line 16 arg4 == 4
FAIL: gcc.dg/guality/pr36728-2.c   -O3 -g  line 16 arg5 == 5
FAIL: gcc.dg/guality/pr36728-2.c   -O3 -g  line 16 arg6 == 6
FAIL: gcc.dg/guality/pr36728-2.c   -O3 -g  line 16 arg7 == 30
FAIL: gcc.dg/guality/pr36728-2.c   -O3 -g  line 16 y == 2
FAIL: gcc.dg/guality/pr36728-2.c   -O3 -g  line 18 arg1 == 1
FAIL: gcc.dg/guality/pr36728-2.c   -O3 -g  line 18 arg2 == 2
FAIL: gcc.dg/guality/pr36728-2.c   -O3 -g  line 18 arg3 == 3
FAIL: gcc.dg/guality/pr36728-2.c   -O3 -g  line 18 arg4 == 4
FAIL: gcc.dg/guality/pr36728-2.c   -O3 -g  line 18 arg5 == 5
FAIL: gcc.dg/guality/pr36728-2.c   -O3 -g  line 18 arg6 == 6
FAIL: gcc.dg/guality/pr36728-2.c   -O3 -g  line 18 arg7 == 30
XPASS: gcc.dg/guality/pr41353-1.c   -O0  line 28 j == 28 + 37
FAIL: gcc.dg/guality/pr41616-1.c   -O2 -flto -fuse-linker-plugin -fno-fat-lto-objects  execution test
FAIL: gcc.dg/guality/pr45882.c   -O2 -flto -fuse-linker-plugin -fno-fat-lto-objects  line 16 d == 112
FAIL: gcc.dg/guality/pr45882.c   -O2 -flto -fuse-linker-plugin -fno-fat-lto-objects  line 16 e == 142
FAIL: gcc.dg/guality/pr54200.c   -O1  line 20 z == 3
FAIL: gcc.dg/guality/pr54200.c   -O2  line 20 z == 3
FAIL: gcc.dg/guality/pr54200.c   -O2 -flto -fno-use-linker-plugin -flto-partition=none  line 20 z == 3
FAIL: gcc.dg/guality/pr54200.c   -O2 -flto -fuse-linker-plugin -fno-fat-lto-objects  line 20 z == 3
FAIL: gcc.dg/guality/pr54200.c   -O3 -g  line 20 z == 3
FAIL: gcc.dg/guality/pr54200.c   -Os  line 20 z == 3
FAIL: gcc.dg/guality/pr54519-1.c   -O2 -flto -fno-use-linker-plugin -flto-partition=none  line 20 y == 25
FAIL: gcc.dg/guality/pr54519-1.c   -O2 -flto -fno-use-linker-plugin -flto-partition=none  line 20 z == 6
FAIL: gcc.dg/guality/pr54519-1.c   -O2 -flto -fno-use-linker-plugin -flto-partition=none  line 23 y == 117
FAIL: gcc.dg/guality/pr54519-1.c   -O2 -flto -fno-use-linker-plugin -flto-partition=none  line 23 z == 8
FAIL: gcc.dg/guality/pr54519-1.c   -O2 -flto -fuse-linker-plugin -fno-fat-lto-objects  line 20 y == 25
FAIL: gcc.dg/guality/pr54519-1.c   -O2 -flto -fuse-linker-plugin -fno-fat-lto-objects  line 20 z == 6
FAIL: gcc.dg/guality/pr54519-2.c   -O2 -flto -fno-use-linker-plugin -flto-partition=none  line 17 y == 25
FAIL: gcc.dg/guality/pr54519-2.c   -O2 -flto -fuse-linker-plugin -fno-fat-lto-objects  line 17 y == 25
FAIL: gcc.dg/guality/pr54519-3.c   -O1  line 20 z == 6
FAIL: gcc.dg/guality/pr54519-3.c   -O1  line 23 z == 8
FAIL: gcc.dg/guality/pr54519-3.c   -O2 -flto -fno-use-linker-plugin -flto-partition=none  line 20 y == 25
FAIL: gcc.dg/guality/pr54519-3.c   -O2 -flto -fno-use-linker-plugin -flto-partition=none  line 20 z == 6
FAIL: gcc.dg/guality/pr54519-3.c   -O2 -flto -fno-use-linker-plugin -flto-partition=none  line 23 y == 117
FAIL: gcc.dg/guality/pr54519-3.c   -O2 -flto -fno-use-linker-plugin -flto-partition=none  line 23 z == 8
FAIL: gcc.dg/guality/pr54519-3.c   -O2 -flto -fuse-linker-plugin -fno-fat-lto-objects  line 20 y == 25
FAIL: gcc.dg/guality/pr54519-3.c   -O2 -flto -fuse-linker-plugin -fno-fat-lto-objects  line 20 z == 6
FAIL: gcc.dg/guality/pr54519-3.c   -O2 -flto -fuse-linker-plugin -fno-fat-lto-objects  line 23 y == 117
FAIL: gcc.dg/guality/pr54519-3.c   -O2 -flto -fuse-linker-plugin -fno-fat-lto-objects  line 23 z == 8
FAIL: gcc.dg/guality/pr54519-4.c   -O1  line 17 y == 25
FAIL: gcc.dg/guality/pr54519-4.c   -O2 -flto -fno-use-linker-plugin -flto-partition=none  line 17 y == 25
FAIL: gcc.dg/guality/pr54519-4.c   -O2 -flto -fuse-linker-plugin -fno-fat-lto-objects  line 17 y == 25
FAIL: gcc.dg/guality/pr54519-5.c   -O2 -flto -fno-use-linker-plugin -flto-partition=none  line 17 y == 25
FAIL: gcc.dg/guality/pr54519-5.c   -O2 -flto -fuse-linker-plugin -fno-fat-lto-objects  line 17 y == 25
FAIL: gcc.dg/guality/pr54693-2.c   -Os  line 21 y == 20 - 2 * i
FAIL: gcc.dg/guality/pr54693-2.c   -Os  line 21 z == 30 - 3 * i
FAIL: gcc.dg/guality/pr54970.c   -O1  line 15 a[0] == 1
FAIL: gcc.dg/guality/pr54970.c   -O1  line 20 a[0] == 1
FAIL: gcc.dg/guality/pr54970.c   -O1  line 25 a[0] == 1
FAIL: gcc.dg/guality/pr54970.c   -O1  line 31 a[0] == 4
FAIL: gcc.dg/guality/pr54970.c   -O1  line 36 a[0] == 4
FAIL: gcc.dg/guality/pr54970.c   -O1  line 45 a[0] == 4
FAIL: gcc.dg/guality/pr54970.c   -O1  line 45 p[-2] == 4
FAIL: gcc.dg/guality/pr54970.c   -O1  line 45 q[-1] == 4
FAIL: gcc.dg/guality/pr54970.c   -O2  line 15 a[0] == 1
FAIL: gcc.dg/guality/pr54970.c   -O2  line 20 a[0] == 1
FAIL: gcc.dg/guality/pr54970.c   -O2  line 25 a[0] == 1
FAIL: gcc.dg/guality/pr54970.c   -O2  line 31 a[0] == 4
FAIL: gcc.dg/guality/pr54970.c   -O2  line 36 a[0] == 4
FAIL: gcc.dg/guality/pr54970.c   -O2  line 45 a[0] == 4
FAIL: gcc.dg/guality/pr54970.c   -O2  line 45 p[-2] == 4
FAIL: gcc.dg/guality/pr54970.c   -O2  line 45 q[-1] == 4
FAIL: gcc.dg/guality/pr54970.c   -O2 -flto -fno-use-linker-plugin -flto-partition=none  line 15 a[0] == 1
FAIL: gcc.dg/guality/pr54970.c   -O2 -flto -fno-use-linker-plugin -flto-partition=none  line 20 a[0] == 1
FAIL: gcc.dg/guality/pr54970.c   -O2 -flto -fno-use-linker-plugin -flto-partition=none  line 25 a[0] == 1
FAIL: gcc.dg/guality/pr54970.c   -O2 -flto -fno-use-linker-plugin -flto-partition=none  line 31 a[0] == 4
FAIL: gcc.dg/guality/pr54970.c   -O2 -flto -fno-use-linker-plugin -flto-partition=none  line 36 a[0] == 4
FAIL: gcc.dg/guality/pr54970.c   -O2 -flto -fno-use-linker-plugin -flto-partition=none  line 45 a[0] == 4
FAIL: gcc.dg/guality/pr54970.c   -O2 -flto -fno-use-linker-plugin -flto-partition=none  line 45 p[-2] == 4
FAIL: gcc.dg/guality/pr54970.c   -O2 -flto -fno-use-linker-plugin -flto-partition=none  line 45 q[-1] == 4
FAIL: gcc.dg/guality/pr54970.c   -O2 -flto -fuse-linker-plugin -fno-fat-lto-objects  line 15 a[0] == 1
FAIL: gcc.dg/guality/pr54970.c   -O2 -flto -fuse-linker-plugin -fno-fat-lto-objects  line 20 a[0] == 1
FAIL: gcc.dg/guality/pr54970.c   -O2 -flto -fuse-linker-plugin -fno-fat-lto-objects  line 25 a[0] == 1
FAIL: gcc.dg/guality/pr54970.c   -O2 -flto -fuse-linker-plugin -fno-fat-lto-objects  line 31 a[0] == 4
FAIL: gcc.dg/guality/pr54970.c   -O2 -flto -fuse-linker-plugin -fno-fat-lto-objects  line 36 a[0] == 4
FAIL: gcc.dg/guality/pr54970.c   -O2 -flto -fuse-linker-plugin -fno-fat-lto-objects  line 45 a[0] == 4
FAIL: gcc.dg/guality/pr54970.c   -O2 -flto -fuse-linker-plugin -fno-fat-lto-objects  line 45 p[-2] == 4
FAIL: gcc.dg/guality/pr54970.c   -O2 -flto -fuse-linker-plugin -fno-fat-lto-objects  line 45 q[-1] == 4
FAIL: gcc.dg/guality/pr54970.c   -O3 -g  line 15 a[0] == 1
FAIL: gcc.dg/guality/pr54970.c   -O3 -g  line 20 a[0] == 1
FAIL: gcc.dg/guality/pr54970.c   -O3 -g  line 25 a[0] == 1
FAIL: gcc.dg/guality/pr54970.c   -O3 -g  line 31 a[0] == 4
FAIL: gcc.dg/guality/pr54970.c   -O3 -g  line 36 a[0] == 4
FAIL: gcc.dg/guality/pr54970.c   -O3 -g  line 45 a[0] == 4
FAIL: gcc.dg/guality/pr54970.c   -O3 -g  line 45 p[-2] == 4
FAIL: gcc.dg/guality/pr54970.c   -O3 -g  line 45 q[-1] == 4
FAIL: gcc.dg/guality/pr54970.c   -Os  line 15 a[0] == 1
FAIL: gcc.dg/guality/pr54970.c   -Os  line 20 a[0] == 1
FAIL: gcc.dg/guality/pr54970.c   -Os  line 25 a[0] == 1
FAIL: gcc.dg/guality/pr54970.c   -Os  line 31 a[0] == 4
FAIL: gcc.dg/guality/pr54970.c   -Os  line 36 a[0] == 4
FAIL: gcc.dg/guality/pr54970.c   -Os  line 45 a[0] == 4
FAIL: gcc.dg/guality/pr54970.c   -Os  line 45 p[-2] == 4
FAIL: gcc.dg/guality/pr54970.c   -Os  line 45 q[-1] == 4
FAIL: gcc.dg/guality/pr68860-1.c   -O2 -flto -fno-use-linker-plugin -flto-partition=none  line 14 arg1 == 1
FAIL: gcc.dg/guality/pr68860-1.c   -O2 -flto -fno-use-linker-plugin -flto-partition=none  line 14 arg2 == 2
FAIL: gcc.dg/guality/pr68860-1.c   -O2 -flto -fno-use-linker-plugin -flto-partition=none  line 14 arg3 == 3
FAIL: gcc.dg/guality/pr68860-1.c   -O2 -flto -fno-use-linker-plugin -flto-partition=none  line 14 arg4 == 4
FAIL: gcc.dg/guality/pr68860-1.c   -O2 -flto -fno-use-linker-plugin -flto-partition=none  line 14 arg5 == 5
FAIL: gcc.dg/guality/pr68860-1.c   -O2 -flto -fno-use-linker-plugin -flto-partition=none  line 14 arg6 == 6
FAIL: gcc.dg/guality/pr68860-1.c   -O2 -flto -fno-use-linker-plugin -flto-partition=none  line 16 arg1 == 1
FAIL: gcc.dg/guality/pr68860-1.c   -O2 -flto -fno-use-linker-plugin -flto-partition=none  line 16 arg2 == 2
FAIL: gcc.dg/guality/pr68860-1.c   -O2 -flto -fno-use-linker-plugin -flto-partition=none  line 16 arg3 == 3
FAIL: gcc.dg/guality/pr68860-1.c   -O2 -flto -fno-use-linker-plugin -flto-partition=none  line 16 arg4 == 4
FAIL: gcc.dg/guality/pr68860-1.c   -O2 -flto -fno-use-linker-plugin -flto-partition=none  line 16 arg5 == 5
FAIL: gcc.dg/guality/pr68860-1.c   -O2 -flto -fno-use-linker-plugin -flto-partition=none  line 16 arg6 == 6
FAIL: gcc.dg/guality/pr68860-1.c   -O2 -flto -fuse-linker-plugin -fno-fat-lto-objects  line 14 arg1 == 1
FAIL: gcc.dg/guality/pr68860-1.c   -O2 -flto -fuse-linker-plugin -fno-fat-lto-objects  line 14 arg2 == 2
FAIL: gcc.dg/guality/pr68860-1.c   -O2 -flto -fuse-linker-plugin -fno-fat-lto-objects  line 14 arg3 == 3
FAIL: gcc.dg/guality/pr68860-1.c   -O2 -flto -fuse-linker-plugin -fno-fat-lto-objects  line 14 arg4 == 4
FAIL: gcc.dg/guality/pr68860-1.c   -O2 -flto -fuse-linker-plugin -fno-fat-lto-objects  line 14 arg5 == 5
FAIL: gcc.dg/guality/pr68860-1.c   -O2 -flto -fuse-linker-plugin -fno-fat-lto-objects  line 14 arg6 == 6
FAIL: gcc.dg/guality/pr68860-1.c   -O2 -flto -fuse-linker-plugin -fno-fat-lto-objects  line 16 arg1 == 1
FAIL: gcc.dg/guality/pr68860-1.c   -O2 -flto -fuse-linker-plugin -fno-fat-lto-objects  line 16 arg2 == 2
FAIL: gcc.dg/guality/pr68860-1.c   -O2 -flto -fuse-linker-plugin -fno-fat-lto-objects  line 16 arg3 == 3
FAIL: gcc.dg/guality/pr68860-1.c   -O2 -flto -fuse-linker-plugin -fno-fat-lto-objects  line 16 arg4 == 4
FAIL: gcc.dg/guality/pr68860-1.c   -O2 -flto -fuse-linker-plugin -fno-fat-lto-objects  line 16 arg5 == 5
FAIL: gcc.dg/guality/pr68860-1.c   -O2 -flto -fuse-linker-plugin -fno-fat-lto-objects  line 16 arg6 == 6
FAIL: gcc.dg/guality/vla-1.c   -O1  line 17 sizeof (a) == 6
FAIL: gcc.dg/guality/vla-1.c   -O2  line 17 sizeof (a) == 6
FAIL: gcc.dg/guality/vla-1.c   -O2 -flto -fno-use-linker-plugin -flto-partition=none  line 17 sizeof (a) == 6
FAIL: gcc.dg/guality/vla-1.c   -O2 -flto -fuse-linker-plugin -fno-fat-lto-objects  line 17 sizeof (a) == 6
FAIL: gcc.dg/guality/vla-1.c   -O3 -g  line 17 sizeof (a) == 6
FAIL: gcc.dg/guality/vla-1.c   -Os  line 17 sizeof (a) == 6
UNRESOLVED: gcc.dg/lto/20110201-1 c_lto_20110201-1_0.o-c_lto_20110201-1_0.o execute -O0 -flto -fno-math-errno -mfloat-abi=softfp -mfpu=neon-vfpv4
FAIL: gcc.dg/lto/20110201-1 c_lto_20110201-1_0.o-c_lto_20110201-1_0.o link, -O0 -flto -fno-math-errno -mfloat-abi=softfp -mfpu=neon-vfpv4
FAIL: gcc.dg/tree-prof/cold_partition_label.c scan-assembler foo[._]+cold[._]+0
FAIL: gcc.dg/tree-prof/cold_partition_label.c scan-assembler size[ \\ta-zA-Z0-0]+foo[._]+cold[._]+0
FAIL: gcc.dg/vect/O3-pr70130.c execution test
FAIL: gcc.dg/vect/pr71259.c (test for excess errors)
FAIL: gcc.dg/vect/pr71259.c -flto -ffat-lto-objects (test for excess errors)
UNRESOLVED: gcc.dg/vect/pr71259.c -flto -ffat-lto-objects compilation failed to produce executable
UNRESOLVED: gcc.dg/vect/pr71259.c compilation failed to produce executable
FAIL: gcc.dg/vect/vect-shift-2-big-array.c (test for excess errors)
FAIL: gcc.dg/vect/vect-shift-2-big-array.c -flto -ffat-lto-objects (test for excess errors)
FAIL: gcc.dg/vect/vect-shift-2.c (test for excess errors)
FAIL: gcc.dg/vect/vect-shift-2.c -flto -ffat-lto-objects (test for excess errors)
FAIL: gcc.target/arm/aapcs/align_rec4.c execution test
FAIL: gcc.target/arm/aapcs/neon-vect1.c execution test
FAIL: gcc.target/arm/aapcs/neon-vect2.c execution test
FAIL: gcc.target/arm/aapcs/neon-vect3.c execution test
FAIL: gcc.target/arm/aapcs/neon-vect4.c execution test
FAIL: gcc.target/arm/aapcs/neon-vect5.c execution test
FAIL: gcc.target/arm/aapcs/neon-vect6.c execution test
FAIL: gcc.target/arm/aapcs/neon-vect8.c execution test
FAIL: gcc.target/arm/builtin-bswap-1.c (test for excess errors)
UNRESOLVED: gcc.target/arm/builtin-bswap-1.c scan-assembler-not orr[ \\t]
UNRESOLVED: gcc.target/arm/builtin-bswap-1.c scan-assembler-times rev16\\\\t 2
UNRESOLVED: gcc.target/arm/builtin-bswap-1.c scan-assembler-times rev\\\\t 4
UNRESOLVED: gcc.target/arm/builtin-bswap-1.c scan-assembler-times revsh\\\\t 2
FAIL: gcc.target/arm/builtin-bswap16-1.c (test for excess errors)
UNRESOLVED: gcc.target/arm/builtin-bswap16-1.c scan-assembler-not orr[ \\t]
FAIL: gcc.target/arm/copysign_softfloat_1.c (test for excess errors)
UNRESOLVED: gcc.target/arm/copysign_softfloat_1.c compilation failed to produce executable
FAIL: gcc.target/arm/g2.c (test for excess errors)
UNRESOLVED: gcc.target/arm/g2.c scan-assembler mla[ \\t].*
FAIL: gcc.target/arm/lp1243022.c scan-rtl-dump subreg2 "REG_INC"
FAIL: gcc.target/arm/memset-inline-4.c execution test
FAIL: gcc.target/arm/memset-inline-5.c execution test
FAIL: gcc.target/arm/memset-inline-6.c execution test
FAIL: gcc.target/arm/memset-inline-8.c execution test
FAIL: gcc.target/arm/memset-inline-9.c execution test
FAIL: gcc.target/arm/pr40887.c (test for excess errors)
UNRESOLVED: gcc.target/arm/pr40887.c scan-assembler blx
FAIL: gcc.target/arm/pr70278.c (test for excess errors)
FAIL: gcc.target/arm/scd42-2.c (test for excess errors)
UNRESOLVED: gcc.target/arm/scd42-2.c scan-assembler mov[ \\t].*272
FAIL: gcc.target/arm/xor-and.c (test for excess errors)
UNRESOLVED: gcc.target/arm/xor-and.c scan-assembler eor
UNRESOLVED: gcc.target/arm/xor-and.c scan-assembler-not mvn
UNRESOLVED: gcc.target/arm/xor-and.c scan-assembler-not uxth

		=== gcc Summary for unix ===

# of expected passes		105014
# of unexpected failures	182
# of unexpected successes	14
# of expected failures		285
# of unresolved testcases	15
# of unsupported tests		2820

Running target unix/-fstack-protector
FAIL: gcc.dg/stack-usage-1.c scan-file foo\\t(256|264)\\tstatic
FAIL: gcc.dg/superblock.c scan-rtl-dump-times sched2 "ADVANCING TO" 2
XPASS: gcc.dg/guality/example.c   -O0  execution test
XPASS: gcc.dg/guality/example.c   -O1  execution test
XPASS: gcc.dg/guality/guality.c   -O0  execution test
XPASS: gcc.dg/guality/guality.c   -O1  execution test
XPASS: gcc.dg/guality/guality.c   -O2  execution test
XPASS: gcc.dg/guality/guality.c   -O2 -flto -fno-use-linker-plugin -flto-partition=none  execution test
XPASS: gcc.dg/guality/guality.c   -O2 -flto -fuse-linker-plugin -fno-fat-lto-objects  execution test
XPASS: gcc.dg/guality/guality.c   -O3 -g  execution test
XPASS: gcc.dg/guality/guality.c   -Os  execution test
XPASS: gcc.dg/guality/inline-params.c   -O2  execution test
XPASS: gcc.dg/guality/inline-params.c   -O2 -flto -fno-use-linker-plugin -flto-partition=none  execution test
XPASS: gcc.dg/guality/inline-params.c   -O3 -g  execution test
XPASS: gcc.dg/guality/inline-params.c   -Os  execution test
FAIL: gcc.dg/guality/nrv-1.c   -O2 -flto -fuse-linker-plugin -fno-fat-lto-objects  line 20 a2.i[0] == 42
FAIL: gcc.dg/guality/pr36728-1.c   -O2 -flto -fuse-linker-plugin -fno-fat-lto-objects  line 16 y == 2
FAIL: gcc.dg/guality/pr36728-1.c   -O3 -g  line 16 y == 2
FAIL: gcc.dg/guality/pr36728-2.c   -O2  line 16 y == 2
FAIL: gcc.dg/guality/pr36728-2.c   -O2 -flto -fno-use-linker-plugin -flto-partition=none  line 16 y == 2
FAIL: gcc.dg/guality/pr36728-2.c   -O2 -flto -fuse-linker-plugin -fno-fat-lto-objects  line 16 arg1 == 1
FAIL: gcc.dg/guality/pr36728-2.c   -O2 -flto -fuse-linker-plugin -fno-fat-lto-objects  line 16 arg2 == 2
FAIL: gcc.dg/guality/pr36728-2.c   -O2 -flto -fuse-linker-plugin -fno-fat-lto-objects  line 16 arg3 == 3
FAIL: gcc.dg/guality/pr36728-2.c   -O2 -flto -fuse-linker-plugin -fno-fat-lto-objects  line 16 arg4 == 4
FAIL: gcc.dg/guality/pr36728-2.c   -O2 -flto -fuse-linker-plugin -fno-fat-lto-objects  line 16 arg5 == 5
FAIL: gcc.dg/guality/pr36728-2.c   -O2 -flto -fuse-linker-plugin -fno-fat-lto-objects  line 16 arg6 == 6
FAIL: gcc.dg/guality/pr36728-2.c   -O2 -flto -fuse-linker-plugin -fno-fat-lto-objects  line 16 arg7 == 30
FAIL: gcc.dg/guality/pr36728-2.c   -O2 -flto -fuse-linker-plugin -fno-fat-lto-objects  line 16 y == 2
FAIL: gcc.dg/guality/pr36728-2.c   -O2 -flto -fuse-linker-plugin -fno-fat-lto-objects  line 18 arg1 == 1
FAIL: gcc.dg/guality/pr36728-2.c   -O2 -flto -fuse-linker-plugin -fno-fat-lto-objects  line 18 arg2 == 2
FAIL: gcc.dg/guality/pr36728-2.c   -O2 -flto -fuse-linker-plugin -fno-fat-lto-objects  line 18 arg3 == 3
FAIL: gcc.dg/guality/pr36728-2.c   -O2 -flto -fuse-linker-plugin -fno-fat-lto-objects  line 18 arg4 == 4
FAIL: gcc.dg/guality/pr36728-2.c   -O2 -flto -fuse-linker-plugin -fno-fat-lto-objects  line 18 arg5 == 5
FAIL: gcc.dg/guality/pr36728-2.c   -O2 -flto -fuse-linker-plugin -fno-fat-lto-objects  line 18 arg6 == 6
FAIL: gcc.dg/guality/pr36728-2.c   -O2 -flto -fuse-linker-plugin -fno-fat-lto-objects  line 18 arg7 == 30
FAIL: gcc.dg/guality/pr36728-2.c   -O3 -g  line 16 arg1 == 1
FAIL: gcc.dg/guality/pr36728-2.c   -O3 -g  line 16 arg2 == 2
FAIL: gcc.dg/guality/pr36728-2.c   -O3 -g  line 16 arg3 == 3
FAIL: gcc.dg/guality/pr36728-2.c   -O3 -g  line 16 arg4 == 4
FAIL: gcc.dg/guality/pr36728-2.c   -O3 -g  line 16 arg5 == 5
FAIL: gcc.dg/guality/pr36728-2.c   -O3 -g  line 16 arg6 == 6
FAIL: gcc.dg/guality/pr36728-2.c   -O3 -g  line 16 arg7 == 30
FAIL: gcc.dg/guality/pr36728-2.c   -O3 -g  line 16 y == 2
FAIL: gcc.dg/guality/pr36728-2.c   -O3 -g  line 18 arg1 == 1
FAIL: gcc.dg/guality/pr36728-2.c   -O3 -g  line 18 arg2 == 2
FAIL: gcc.dg/guality/pr36728-2.c   -O3 -g  line 18 arg3 == 3
FAIL: gcc.dg/guality/pr36728-2.c   -O3 -g  line 18 arg4 == 4
FAIL: gcc.dg/guality/pr36728-2.c   -O3 -g  line 18 arg5 == 5
FAIL: gcc.dg/guality/pr36728-2.c   -O3 -g  line 18 arg6 == 6
FAIL: gcc.dg/guality/pr36728-2.c   -O3 -g  line 18 arg7 == 30
FAIL: gcc.dg/guality/pr36728-2.c   -Os  line 18 y == 2
XPASS: gcc.dg/guality/pr41353-1.c   -O0  line 28 j == 28 + 37
FAIL: gcc.dg/guality/pr41616-1.c   -O2 -flto -fuse-linker-plugin -fno-fat-lto-objects  execution test
FAIL: gcc.dg/guality/pr45882.c   -O2 -flto -fuse-linker-plugin -fno-fat-lto-objects  line 16 d == 112
FAIL: gcc.dg/guality/pr45882.c   -O2 -flto -fuse-linker-plugin -fno-fat-lto-objects  line 16 e == 142
FAIL: gcc.dg/guality/pr54200.c   -O1  line 20 z == 3
FAIL: gcc.dg/guality/pr54200.c   -O2  line 20 z == 3
FAIL: gcc.dg/guality/pr54200.c   -O2 -flto -fno-use-linker-plugin -flto-partition=none  line 20 z == 3
FAIL: gcc.dg/guality/pr54200.c   -O2 -flto -fuse-linker-plugin -fno-fat-lto-objects  line 20 z == 3
FAIL: gcc.dg/guality/pr54200.c   -O3 -g  line 20 z == 3
FAIL: gcc.dg/guality/pr54200.c   -Os  line 20 z == 3
FAIL: gcc.dg/guality/pr54519-1.c   -O2 -flto -fno-use-linker-plugin -flto-partition=none  line 20 y == 25
FAIL: gcc.dg/guality/pr54519-1.c   -O2 -flto -fno-use-linker-plugin -flto-partition=none  line 20 z == 6
FAIL: gcc.dg/guality/pr54519-1.c   -O2 -flto -fno-use-linker-plugin -flto-partition=none  line 23 y == 117
FAIL: gcc.dg/guality/pr54519-1.c   -O2 -flto -fno-use-linker-plugin -flto-partition=none  line 23 z == 8
FAIL: gcc.dg/guality/pr54519-1.c   -O2 -flto -fuse-linker-plugin -fno-fat-lto-objects  line 20 y == 25
FAIL: gcc.dg/guality/pr54519-1.c   -O2 -flto -fuse-linker-plugin -fno-fat-lto-objects  line 20 z == 6
FAIL: gcc.dg/guality/pr54519-2.c   -O2 -flto -fno-use-linker-plugin -flto-partition=none  line 17 y == 25
FAIL: gcc.dg/guality/pr54519-2.c   -O2 -flto -fuse-linker-plugin -fno-fat-lto-objects  line 17 y == 25
FAIL: gcc.dg/guality/pr54519-3.c   -O1  line 20 z == 6
FAIL: gcc.dg/guality/pr54519-3.c   -O1  line 23 z == 8
FAIL: gcc.dg/guality/pr54519-3.c   -O2 -flto -fno-use-linker-plugin -flto-partition=none  line 20 y == 25
FAIL: gcc.dg/guality/pr54519-3.c   -O2 -flto -fno-use-linker-plugin -flto-partition=none  line 20 z == 6
FAIL: gcc.dg/guality/pr54519-3.c   -O2 -flto -fno-use-linker-plugin -flto-partition=none  line 23 y == 117
FAIL: gcc.dg/guality/pr54519-3.c   -O2 -flto -fno-use-linker-plugin -flto-partition=none  line 23 z == 8
FAIL: gcc.dg/guality/pr54519-3.c   -O2 -flto -fuse-linker-plugin -fno-fat-lto-objects  line 20 y == 25
FAIL: gcc.dg/guality/pr54519-3.c   -O2 -flto -fuse-linker-plugin -fno-fat-lto-objects  line 20 z == 6
FAIL: gcc.dg/guality/pr54519-3.c   -O2 -flto -fuse-linker-plugin -fno-fat-lto-objects  line 23 y == 117
FAIL: gcc.dg/guality/pr54519-3.c   -O2 -flto -fuse-linker-plugin -fno-fat-lto-objects  line 23 z == 8
FAIL: gcc.dg/guality/pr54519-4.c   -O1  line 17 y == 25
FAIL: gcc.dg/guality/pr54519-4.c   -O2 -flto -fno-use-linker-plugin -flto-partition=none  line 17 y == 25
FAIL: gcc.dg/guality/pr54519-4.c   -O2 -flto -fuse-linker-plugin -fno-fat-lto-objects  line 17 y == 25
FAIL: gcc.dg/guality/pr54519-5.c   -O2 -flto -fno-use-linker-plugin -flto-partition=none  line 17 y == 25
FAIL: gcc.dg/guality/pr54519-5.c   -O2 -flto -fuse-linker-plugin -fno-fat-lto-objects  line 17 y == 25
FAIL: gcc.dg/guality/pr54693-2.c   -Os  line 21 y == 20 - 2 * i
FAIL: gcc.dg/guality/pr54693-2.c   -Os  line 21 z == 30 - 3 * i
FAIL: gcc.dg/guality/pr54970.c   -O1  line 15 a[0] == 1
FAIL: gcc.dg/guality/pr54970.c   -O1  line 20 a[0] == 1
FAIL: gcc.dg/guality/pr54970.c   -O1  line 25 a[0] == 1
FAIL: gcc.dg/guality/pr54970.c   -O1  line 31 a[0] == 4
FAIL: gcc.dg/guality/pr54970.c   -O1  line 36 a[0] == 4
FAIL: gcc.dg/guality/pr54970.c   -O1  line 45 a[0] == 4
FAIL: gcc.dg/guality/pr54970.c   -O1  line 45 p[-2] == 4
FAIL: gcc.dg/guality/pr54970.c   -O1  line 45 q[-1] == 4
FAIL: gcc.dg/guality/pr54970.c   -O2  line 15 a[0] == 1
FAIL: gcc.dg/guality/pr54970.c   -O2  line 20 a[0] == 1
FAIL: gcc.dg/guality/pr54970.c   -O2  line 25 a[0] == 1
FAIL: gcc.dg/guality/pr54970.c   -O2  line 31 a[0] == 4
FAIL: gcc.dg/guality/pr54970.c   -O2  line 36 a[0] == 4
FAIL: gcc.dg/guality/pr54970.c   -O2  line 45 a[0] == 4
FAIL: gcc.dg/guality/pr54970.c   -O2  line 45 p[-2] == 4
FAIL: gcc.dg/guality/pr54970.c   -O2  line 45 q[-1] == 4
FAIL: gcc.dg/guality/pr54970.c   -O2 -flto -fno-use-linker-plugin -flto-partition=none  line 15 a[0] == 1
FAIL: gcc.dg/guality/pr54970.c   -O2 -flto -fno-use-linker-plugin -flto-partition=none  line 20 a[0] == 1
FAIL: gcc.dg/guality/pr54970.c   -O2 -flto -fno-use-linker-plugin -flto-partition=none  line 25 a[0] == 1
FAIL: gcc.dg/guality/pr54970.c   -O2 -flto -fno-use-linker-plugin -flto-partition=none  line 31 a[0] == 4
FAIL: gcc.dg/guality/pr54970.c   -O2 -flto -fno-use-linker-plugin -flto-partition=none  line 36 a[0] == 4
FAIL: gcc.dg/guality/pr54970.c   -O2 -flto -fno-use-linker-plugin -flto-partition=none  line 45 a[0] == 4
FAIL: gcc.dg/guality/pr54970.c   -O2 -flto -fno-use-linker-plugin -flto-partition=none  line 45 p[-2] == 4
FAIL: gcc.dg/guality/pr54970.c   -O2 -flto -fno-use-linker-plugin -flto-partition=none  line 45 q[-1] == 4
FAIL: gcc.dg/guality/pr54970.c   -O2 -flto -fuse-linker-plugin -fno-fat-lto-objects  line 15 a[0] == 1
FAIL: gcc.dg/guality/pr54970.c   -O2 -flto -fuse-linker-plugin -fno-fat-lto-objects  line 20 a[0] == 1
FAIL: gcc.dg/guality/pr54970.c   -O2 -flto -fuse-linker-plugin -fno-fat-lto-objects  line 25 a[0] == 1
FAIL: gcc.dg/guality/pr54970.c   -O2 -flto -fuse-linker-plugin -fno-fat-lto-objects  line 31 a[0] == 4
FAIL: gcc.dg/guality/pr54970.c   -O2 -flto -fuse-linker-plugin -fno-fat-lto-objects  line 36 a[0] == 4
FAIL: gcc.dg/guality/pr54970.c   -O2 -flto -fuse-linker-plugin -fno-fat-lto-objects  line 45 a[0] == 4
FAIL: gcc.dg/guality/pr54970.c   -O2 -flto -fuse-linker-plugin -fno-fat-lto-objects  line 45 p[-2] == 4
FAIL: gcc.dg/guality/pr54970.c   -O2 -flto -fuse-linker-plugin -fno-fat-lto-objects  line 45 q[-1] == 4
FAIL: gcc.dg/guality/pr54970.c   -O3 -g  line 15 a[0] == 1
FAIL: gcc.dg/guality/pr54970.c   -O3 -g  line 20 a[0] == 1
FAIL: gcc.dg/guality/pr54970.c   -O3 -g  line 25 a[0] == 1
FAIL: gcc.dg/guality/pr54970.c   -O3 -g  line 31 a[0] == 4
FAIL: gcc.dg/guality/pr54970.c   -O3 -g  line 36 a[0] == 4
FAIL: gcc.dg/guality/pr54970.c   -O3 -g  line 45 a[0] == 4
FAIL: gcc.dg/guality/pr54970.c   -O3 -g  line 45 p[-2] == 4
FAIL: gcc.dg/guality/pr54970.c   -O3 -g  line 45 q[-1] == 4
FAIL: gcc.dg/guality/pr54970.c   -Os  line 15 a[0] == 1
FAIL: gcc.dg/guality/pr54970.c   -Os  line 20 a[0] == 1
FAIL: gcc.dg/guality/pr54970.c   -Os  line 25 a[0] == 1
FAIL: gcc.dg/guality/pr54970.c   -Os  line 31 a[0] == 4
FAIL: gcc.dg/guality/pr54970.c   -Os  line 36 a[0] == 4
FAIL: gcc.dg/guality/pr54970.c   -Os  line 45 a[0] == 4
FAIL: gcc.dg/guality/pr54970.c   -Os  line 45 p[-2] == 4
FAIL: gcc.dg/guality/pr54970.c   -Os  line 45 q[-1] == 4
FAIL: gcc.dg/guality/pr68860-1.c   -O2 -flto -fno-use-linker-plugin -flto-partition=none  line 14 arg1 == 1
FAIL: gcc.dg/guality/pr68860-1.c   -O2 -flto -fno-use-linker-plugin -flto-partition=none  line 14 arg2 == 2
FAIL: gcc.dg/guality/pr68860-1.c   -O2 -flto -fno-use-linker-plugin -flto-partition=none  line 14 arg3 == 3
FAIL: gcc.dg/guality/pr68860-1.c   -O2 -flto -fno-use-linker-plugin -flto-partition=none  line 14 arg4 == 4
FAIL: gcc.dg/guality/pr68860-1.c   -O2 -flto -fno-use-linker-plugin -flto-partition=none  line 14 arg5 == 5
FAIL: gcc.dg/guality/pr68860-1.c   -O2 -flto -fno-use-linker-plugin -flto-partition=none  line 14 arg6 == 6
FAIL: gcc.dg/guality/pr68860-1.c   -O2 -flto -fno-use-linker-plugin -flto-partition=none  line 16 arg1 == 1
FAIL: gcc.dg/guality/pr68860-1.c   -O2 -flto -fno-use-linker-plugin -flto-partition=none  line 16 arg2 == 2
FAIL: gcc.dg/guality/pr68860-1.c   -O2 -flto -fno-use-linker-plugin -flto-partition=none  line 16 arg3 == 3
FAIL: gcc.dg/guality/pr68860-1.c   -O2 -flto -fno-use-linker-plugin -flto-partition=none  line 16 arg4 == 4
FAIL: gcc.dg/guality/pr68860-1.c   -O2 -flto -fno-use-linker-plugin -flto-partition=none  line 16 arg5 == 5
FAIL: gcc.dg/guality/pr68860-1.c   -O2 -flto -fno-use-linker-plugin -flto-partition=none  line 16 arg6 == 6
FAIL: gcc.dg/guality/pr68860-1.c   -O2 -flto -fuse-linker-plugin -fno-fat-lto-objects  line 14 arg1 == 1
FAIL: gcc.dg/guality/pr68860-1.c   -O2 -flto -fuse-linker-plugin -fno-fat-lto-objects  line 14 arg2 == 2
FAIL: gcc.dg/guality/pr68860-1.c   -O2 -flto -fuse-linker-plugin -fno-fat-lto-objects  line 14 arg3 == 3
FAIL: gcc.dg/guality/pr68860-1.c   -O2 -flto -fuse-linker-plugin -fno-fat-lto-objects  line 14 arg4 == 4
FAIL: gcc.dg/guality/pr68860-1.c   -O2 -flto -fuse-linker-plugin -fno-fat-lto-objects  line 14 arg5 == 5
FAIL: gcc.dg/guality/pr68860-1.c   -O2 -flto -fuse-linker-plugin -fno-fat-lto-objects  line 14 arg6 == 6
FAIL: gcc.dg/guality/pr68860-1.c   -O2 -flto -fuse-linker-plugin -fno-fat-lto-objects  line 16 arg1 == 1
FAIL: gcc.dg/guality/pr68860-1.c   -O2 -flto -fuse-linker-plugin -fno-fat-lto-objects  line 16 arg2 == 2
FAIL: gcc.dg/guality/pr68860-1.c   -O2 -flto -fuse-linker-plugin -fno-fat-lto-objects  line 16 arg3 == 3
FAIL: gcc.dg/guality/pr68860-1.c   -O2 -flto -fuse-linker-plugin -fno-fat-lto-objects  line 16 arg4 == 4
FAIL: gcc.dg/guality/pr68860-1.c   -O2 -flto -fuse-linker-plugin -fno-fat-lto-objects  line 16 arg5 == 5
FAIL: gcc.dg/guality/pr68860-1.c   -O2 -flto -fuse-linker-plugin -fno-fat-lto-objects  line 16 arg6 == 6
FAIL: gcc.dg/guality/vla-1.c   -O1  line 17 sizeof (a) == 6
FAIL: gcc.dg/guality/vla-1.c   -O2  line 17 sizeof (a) == 6
FAIL: gcc.dg/guality/vla-1.c   -O2  line 24 sizeof (a) == 17 * sizeof (short)
FAIL: gcc.dg/guality/vla-1.c   -O2 -flto -fno-use-linker-plugin -flto-partition=none  line 17 sizeof (a) == 6
FAIL: gcc.dg/guality/vla-1.c   -O2 -flto -fno-use-linker-plugin -flto-partition=none  line 24 sizeof (a) == 17 * sizeof (short)
FAIL: gcc.dg/guality/vla-1.c   -O2 -flto -fuse-linker-plugin -fno-fat-lto-objects  line 17 sizeof (a) == 6
FAIL: gcc.dg/guality/vla-1.c   -O2 -flto -fuse-linker-plugin -fno-fat-lto-objects  line 24 sizeof (a) == 17 * sizeof (short)
FAIL: gcc.dg/guality/vla-1.c   -O3 -g  line 17 sizeof (a) == 6
FAIL: gcc.dg/guality/vla-1.c   -O3 -g  line 24 sizeof (a) == 17 * sizeof (short)
FAIL: gcc.dg/guality/vla-1.c   -Os  line 17 sizeof (a) == 6
UNRESOLVED: gcc.dg/lto/20110201-1 c_lto_20110201-1_0.o-c_lto_20110201-1_0.o execute -O0 -flto -fno-math-errno -mfloat-abi=softfp -mfpu=neon-vfpv4
FAIL: gcc.dg/lto/20110201-1 c_lto_20110201-1_0.o-c_lto_20110201-1_0.o link, -O0 -flto -fno-math-errno -mfloat-abi=softfp -mfpu=neon-vfpv4
FAIL: gcc.dg/tree-prof/cold_partition_label.c scan-assembler foo[._]+cold[._]+0
FAIL: gcc.dg/tree-prof/cold_partition_label.c scan-assembler size[ \\ta-zA-Z0-0]+foo[._]+cold[._]+0
FAIL: gcc.dg/vect/O3-pr70130.c execution test
FAIL: gcc.dg/vect/pr71259.c (test for excess errors)
FAIL: gcc.dg/vect/pr71259.c -flto -ffat-lto-objects (test for excess errors)
UNRESOLVED: gcc.dg/vect/pr71259.c -flto -ffat-lto-objects compilation failed to produce executable
UNRESOLVED: gcc.dg/vect/pr71259.c compilation failed to produce executable
FAIL: gcc.dg/vect/vect-shift-2-big-array.c (test for excess errors)
FAIL: gcc.dg/vect/vect-shift-2-big-array.c -flto -ffat-lto-objects (test for excess errors)
FAIL: gcc.dg/vect/vect-shift-2.c (test for excess errors)
FAIL: gcc.dg/vect/vect-shift-2.c -flto -ffat-lto-objects (test for excess errors)
FAIL: gcc.target/arm/aapcs/align_rec4.c execution test
FAIL: gcc.target/arm/aapcs/neon-vect1.c execution test
FAIL: gcc.target/arm/aapcs/neon-vect2.c execution test
FAIL: gcc.target/arm/aapcs/neon-vect3.c execution test
FAIL: gcc.target/arm/aapcs/neon-vect4.c execution test
FAIL: gcc.target/arm/aapcs/neon-vect5.c execution test
FAIL: gcc.target/arm/aapcs/neon-vect6.c execution test
FAIL: gcc.target/arm/aapcs/neon-vect8.c execution test
FAIL: gcc.target/arm/builtin-bswap-1.c (test for excess errors)
UNRESOLVED: gcc.target/arm/builtin-bswap-1.c scan-assembler-not orr[ \\t]
UNRESOLVED: gcc.target/arm/builtin-bswap-1.c scan-assembler-times rev16\\\\t 2
UNRESOLVED: gcc.target/arm/builtin-bswap-1.c scan-assembler-times rev\\\\t 4
UNRESOLVED: gcc.target/arm/builtin-bswap-1.c scan-assembler-times revsh\\\\t 2
FAIL: gcc.target/arm/builtin-bswap16-1.c (test for excess errors)
UNRESOLVED: gcc.target/arm/builtin-bswap16-1.c scan-assembler-not orr[ \\t]
FAIL: gcc.target/arm/copysign_softfloat_1.c (test for excess errors)
UNRESOLVED: gcc.target/arm/copysign_softfloat_1.c compilation failed to produce executable
FAIL: gcc.target/arm/g2.c (test for excess errors)
UNRESOLVED: gcc.target/arm/g2.c scan-assembler mla[ \\t].*
FAIL: gcc.target/arm/lp1243022.c scan-rtl-dump subreg2 "REG_INC"
FAIL: gcc.target/arm/memset-inline-4.c execution test
FAIL: gcc.target/arm/memset-inline-5.c execution test
FAIL: gcc.target/arm/memset-inline-6.c execution test
FAIL: gcc.target/arm/memset-inline-8.c execution test
FAIL: gcc.target/arm/memset-inline-9.c execution test
FAIL: gcc.target/arm/pr40887.c (test for excess errors)
UNRESOLVED: gcc.target/arm/pr40887.c scan-assembler blx
FAIL: gcc.target/arm/pr43404.c  (test for errors, line 8)
FAIL: gcc.target/arm/pr48470.c  (test for errors, line 9)
FAIL: gcc.target/arm/pr64744-1.c  (test for errors, line 14)
FAIL: gcc.target/arm/pr64744-1.c  (test for errors, line 16)
FAIL: gcc.target/arm/pr64744-1.c  (test for errors, line 17)
FAIL: gcc.target/arm/pr64744-1.c  (test for errors, line 23)
FAIL: gcc.target/arm/pr64744-1.c  (test for errors, line 24)
FAIL: gcc.target/arm/pr64744-1.c  (test for errors, line 25)
FAIL: gcc.target/arm/pr64744-1.c  (test for errors, line 30)
FAIL: gcc.target/arm/pr64744-1.c  (test for errors, line 34)
FAIL: gcc.target/arm/pr64744-1.c  (test for errors, line 39)
FAIL: gcc.target/arm/pr64744-2.c  (test for errors, line 12)
FAIL: gcc.target/arm/pr70278.c (test for excess errors)
FAIL: gcc.target/arm/scd42-2.c (test for excess errors)
UNRESOLVED: gcc.target/arm/scd42-2.c scan-assembler mov[ \\t].*272
FAIL: gcc.target/arm/xor-and.c (test for excess errors)
UNRESOLVED: gcc.target/arm/xor-and.c scan-assembler eor
UNRESOLVED: gcc.target/arm/xor-and.c scan-assembler-not mvn
UNRESOLVED: gcc.target/arm/xor-and.c scan-assembler-not uxth

		=== gcc Summary for unix/-fstack-protector ===

# of expected passes		105000
# of unexpected failures	198
# of unexpected successes	14
# of expected failures		285
# of unresolved testcases	15
# of unsupported tests		2818

		=== gcc Summary ===

# of expected passes		210014
# of unexpected failures	380
# of unexpected successes	28
# of expected failures		570
# of unresolved testcases	30
# of unsupported tests		5638
/build/gcc-6-wa_ssF/gcc-6-6.2.0/build/gcc/xgcc  version 6.2.0 20161010 (Debian 6.2.0-6) 

		=== gfortran tests ===


Running target unix
FAIL: gfortran.dg/vect/pr48329.f90   -O   scan-tree-dump-times vect "vectorized 1 loops" 1
FAIL: gfortran.dg/vect/pr69980.f90   -O0  execution test
FAIL: gfortran.dg/vect/pr69980.f90   -O1  execution test
FAIL: gfortran.dg/vect/pr69980.f90   -O2  execution test
FAIL: gfortran.dg/vect/pr69980.f90   -O3 -fomit-frame-pointer -funroll-loops -fpeel-loops -ftracer -finline-functions  execution test
FAIL: gfortran.dg/vect/pr69980.f90   -O3 -g  execution test
FAIL: gfortran.dg/vect/pr69980.f90   -Os  execution test

		=== gfortran Summary for unix ===

# of expected passes		41678
# of unexpected failures	7
# of expected failures		76
# of unsupported tests		338

Running target unix/-fstack-protector
FAIL: gfortran.dg/vect/pr48329.f90   -O   scan-tree-dump-times vect "vectorized 1 loops" 1
FAIL: gfortran.dg/vect/pr69980.f90   -O0  execution test
FAIL: gfortran.dg/vect/pr69980.f90   -O1  execution test
FAIL: gfortran.dg/vect/pr69980.f90   -O2  execution test
FAIL: gfortran.dg/vect/pr69980.f90   -O3 -fomit-frame-pointer -funroll-loops -fpeel-loops -ftracer -finline-functions  execution test
FAIL: gfortran.dg/vect/pr69980.f90   -O3 -g  execution test
FAIL: gfortran.dg/vect/pr69980.f90   -Os  execution test

		=== gfortran Summary for unix/-fstack-protector ===

# of expected passes		41679
# of unexpected failures	7
# of expected failures		76
# of unsupported tests		337

		=== gfortran Summary ===

# of expected passes		83357
# of unexpected failures	14
# of expected failures		152
# of unsupported tests		675
/build/gcc-6-wa_ssF/gcc-6-6.2.0/build/gcc/gfortran  version 6.2.0 20161010 (Debian 6.2.0-6) 

		=== gnat tests ===


Running target unix
FAIL: gnat.dg/null_pointer_deref1.adb execution test
FAIL: gnat.dg/null_pointer_deref3.adb execution test

		=== gnat Summary for unix ===

# of expected passes		2468
# of unexpected failures	2
# of expected failures		22
# of unsupported tests		21

Running target unix/-fstack-protector
FAIL: gnat.dg/null_pointer_deref1.adb execution test
FAIL: gnat.dg/null_pointer_deref3.adb execution test

		=== gnat Summary for unix/-fstack-protector ===

# of expected passes		2468
# of unexpected failures	2
# of expected failures		22
# of unsupported tests		21

		=== gnat Summary ===

# of expected passes		4936
# of unexpected failures	4
# of expected failures		44
# of unsupported tests		42
/build/gcc-6-wa_ssF/gcc-6-6.2.0/build/gnattools/gnatmake version 6.2.0

		=== go tests ===


Running target unix
FAIL: go.test/test/cmplxdivide.go
FAIL: go.test/test/fixedbugs/issue4562.go execution,  -O2 -g 
FAIL: go.test/test/method.go execution,  -O2 -g 
WARNING: program timed out

		=== go Summary for unix ===

# of expected passes		7363
# of unexpected failures	3
# of expected failures		1
# of untested testcases		10
# of unsupported tests		2

Running target unix/-fstack-protector
FAIL: go.test/test/cmplxdivide.go
FAIL: go.test/test/fixedbugs/issue4562.go execution,  -O2 -g 
FAIL: go.test/test/method.go execution,  -O2 -g 
WARNING: program timed out

		=== go Summary for unix/-fstack-protector ===

# of expected passes		7363
# of unexpected failures	3
# of expected failures		1
# of untested testcases		10
# of unsupported tests		2

		=== go Summary ===

# of expected passes		14726
# of unexpected failures	6
# of expected failures		2
# of untested testcases		20
# of unsupported tests		4
/build/gcc-6-wa_ssF/gcc-6-6.2.0/build/gcc/gccgo  version 6.2.0 20161010 (Debian 6.2.0-6) 

		=== obj-c++ tests ===


Running target unix

		=== obj-c++ Summary for unix ===

# of expected passes		1454
# of expected failures		2
# of unsupported tests		77

Running target unix/-fstack-protector

		=== obj-c++ Summary for unix/-fstack-protector ===

# of expected passes		1454
# of expected failures		2
# of unsupported tests		77

		=== obj-c++ Summary ===

# of expected passes		2908
# of expected failures		4
# of unsupported tests		154
/build/gcc-6-wa_ssF/gcc-6-6.2.0/build/gcc/xg++  version 6.2.0 20161010 (Debian 6.2.0-6) 

		=== objc tests ===


Running target unix

		=== objc Summary for unix ===

# of expected passes		2789
# of unsupported tests		68

Running target unix/-fstack-protector

		=== objc Summary for unix/-fstack-protector ===

# of expected passes		2789
# of unsupported tests		68

		=== objc Summary ===

# of expected passes		5578
# of unsupported tests		136
/build/gcc-6-wa_ssF/gcc-6-6.2.0/build/gcc/xgcc  version 6.2.0 20161010 (Debian 6.2.0-6) 


Compiler version: 6.2.0 20161010 (Debian 6.2.0-6) 
Platform: arm-unknown-linux-gnueabihf
configure flags: -v --with-pkgversion='Debian 6.2.0-6' --with-bugurl=file:///usr/share/doc/gcc-6/README.Bugs --enable-languages=c,ada,c++,java,go,d,fortran,objc,obj-c++ --prefix=/usr --program-suffix=-6 --program-prefix=arm-linux-gnueabihf- --enable-shared --enable-linker-build-id --libexecdir=/usr/lib --without-included-gettext --enable-threads=posix --libdir=/usr/lib --enable-nls --with-sysroot=/ --enable-clocale=gnu --enable-libstdcxx-debug --enable-libstdcxx-time=yes --with-default-libstdcxx-abi=new --enable-gnu-unique-object --disable-libitm --disable-libquadmath --enable-plugin --with-system-zlib --disable-browser-plugin --enable-java-awt=gtk --enable-gtk-cairo --with-java-home=/usr/lib/jvm/java-1.5.0-gcj-6-armhf/jre --enable-java-home --with-jvm-root-dir=/usr/lib/jvm/java-1.5.0-gcj-6-armhf --with-jvm-jar-dir=/usr/lib/jvm-exports/java-1.5.0-gcj-6-armhf --with-arch-directory=arm --with-ecj-jar=/usr/share/java/eclipse-ecj.jar --enable-objc-gc --enable-multiarch --disable-sjlj-exceptions --with-arch=armv7-a --with-fpu=vfpv3-d16 --with-float=hard --with-mode=thumb --enable-checking=release --build=arm-linux-gnueabihf --host=arm-linux-gnueabihf --target=arm-linux-gnueabihf
BOOT_CFLAGS=


Build Dependencies:
Desired=Unknown/Install/Remove/Purge/Hold
| Status=Not/Inst/Conf-files/Unpacked/halF-conf/Half-inst/trig-aWait/Trig-pend
|/ Err?=(none)/Reinst-required (Status,Err: uppercase=bad)
||/ Name                      Version        Architecture Description
+++-=========================-==============-============-===============================================================================
ii  binutils                  2.27-8         armhf        GNU assembler, linker and binary utilities
ii  g++-6                     6.2.0-5        armhf        GNU C++ compiler
ii  libc6:armhf               2.24-3         armhf        GNU C Library: Shared libraries
ii  libgmp-dev:armhf          2:6.1.1+dfsg-1 armhf        Multiprecision arithmetic library developers tools
ii  libisl-dev:armhf          0.17.1-1       armhf        manipulating sets and relations of integer points bounded by linear constraints
ii  libmpc-dev:armhf          1.0.3-1        armhf        multiple precision complex floating-point library development package
ii  libmpfr-dev:armhf         3.1.5-1        armhf        multiple precision floating-point computation developers tools


svn-updates:
  updates from the 6 branch upto 20161010 (r240907).

gcc-gfdl-build:
  Build a dummy s-tm-texi without access to the texinfo sources

gcc-textdomain:
  Set gettext's domain and textdomain to the versioned package name.

gcc-driver-extra-langs:
  Add options and specs for languages that are not built from a source
  (but built from separate sources).

gcc-hash-style-gnu:
  Link using --hash-style=gnu (aarch64, alpha, amd64, armel, armhf, ia64,
  i386, powerpc, ppc64, s390, sparc)

libstdc++-pic:
  Build and install libstdc++_pic.a library.

libstdc++-doclink:
  adjust hrefs to point to the local documentation

libstdc++-man-3cxx:
  Install libstdc++ man pages with suffix .3cxx instead of .3

libstdc++-test-installed:
  Add support to run the libstdc++-v3 testsuite using the
  installed shared libraries.

libjava-stacktrace:
  libgcj: Lookup source file name and line number in separated
  debug files found in /usr/lib/debug

libjava-jnipath:
  - Add /usr/lib/jni and /usr/lib/<multiarch>/jni to java.library.path.
  - When running the i386 binaries on amd64, look in
  - /usr/lib32/gcj-x.y and /usr/lib32/jni instead.

libjava-sjlj:
  Don't try to use _Unwind_Backtrace on SJLJ targets.
  See bug #387875, #388505, GCC PR 29206.

libjava-disable-plugin:
  Don't build the gcjwebplugin, even when configured with --enable-plugin

alpha-no-ev4-directive:
  never emit .ev4 directive.

boehm-gc-getnprocs:
  boehm-gc/pthread_support.c (GC_get_nprocs): Use sysconf as fallback.

note-gnu-stack:
  Add .note.GNU-stack sections for gcc's crt files, libffi and boehm-gc
  Taken from FC.

libgomp-omp_h-multilib:
  Fix up omp.h for multilibs.

gccgo-version:
  Omit the subminor number from the go libdir

pr47818:
  Fix PR ada/47818: Pragma Assert is rejected with No_Implementation_Pragmas restriction.

gcc-base-version:
  Set base version to 5, introduce full version 5.x.y.

libgo-testsuite:
  Only run the libgo testsuite for flags configured in RUNTESTFLAGS

gcc-target-include-asm:
  Search \$(builddir)/sys-include for the asm header files

libgo-revert-timeout-exp:

libgo-setcontext-config:
  libgo: Overwrite the setcontext_clobbers_tls check on mips*

gcc-auto-build:
  Fix cross building a native compiler.

kfreebsd-unwind:
  DWARF2 EH unwinding support for AMD x86-64 and x86 KFreeBSD.

libitm-no-fortify-source:
  Build libitm with -U_FORTIFY_SOURCE on x86 and x86_64.

sparc64-biarch-long-double-128:
  Fix --with-long-double-128 for sparc32 when defaulting to 64-bit.

gcc-ia64-bootstrap-ignore:
  Ignore bootstrap comparison failure on ia64. Filed upstream as
  PR middle-end/65874.

gotools-configury:
  Fix gotools cross build.

pr66368:
  PR go/66368, build libgo with -fno-stack-protector

pr67590:
  Fix PR67590, setting objdump macro.

ada-gnattools-ldflags:
  Link gnat tools with the defaults LDFLAGS

libjit-ldflags:

gcc-SOURCE_DATE_EPOCH:
  Allow embedded timestamps by C/C++ macros to be set externally

gcc-SOURCE_DATE_EPOCH-2:

cmd-go-combine-gccgo-s-ld-and-ldShared-methods:
  cmd/go: combine gccgo's ld() and ldShared() methods

libjava-mips64el:

PR55947-revert:
  Revert fix for PR target/55947, causing PR libstdc++/72813

gccgo-issue16780:
  gccgo: Call default_file_start from s390_asm_file_start

pr77379:
  Fix PR c++/77379, taken from the trunk.

vulcan-cpu:
  Accept vulcan as a cpu name for the AArch64 port of GCC

vulcan-costs:
  Add cost model for vulcan CPU

libffi-pax:

libffi-race-condition:

pr77686-workaround:
  Apply workaround for PR libstdc++/77686

libstdc++-functexcept:
  PR libstdc++/66145, std::ios_base::failure objects thrown from libstdc++.so use old ABI
  Just build src/c++11/functexcept.cc using the new ABI. It will break
  code, which will be handled in the archive by adding Breaks for the
  affected packages.  Third party code using such code will need a rebuild.

ada-arm:

ada-kfreebsd:
  add support for GNU/kFreeBSD.

ada-revert-pr63225:
  Revert the changes made to allow bootstrapping with -fno-inline.
  We allow inlining during bootstrap and this change breaks aliversion compatibility
  with earlier uploads of libgnatvsn5.  This patch shall be removed in the next
  major version of GNAT.

ada-driver-check:
  Simplify Ada driver check (we always build using the required
  Ada version. Needed for warnings on alpha.

ada-gcc-name:
  use gcc-6 instead of gcc as the command name.

ada-default-project-path:
  - Change the default search path for project files to the one specified
  by the Debian Policy for Ada: /usr/share/ada/adainclude.

ada-library-project-files-soname:
  - in project files, use the exact Library_Version provided, if any, as
  the soname of libraries; do not strip minor version numbers
  (PR ada/40025).

ada-link-lib:
  - Install the shared Ada libraries as '.so.1', not '.so' to conform
  to the Debian policy.
  - Don't include a runtime link path (-rpath), when linking binaries.
  - Build the shared libraries on hppa-linux.
  - Instead of building libada as a target library only, build it as
  both a host and, if different, target library.
  - Build the GNAT tools in their top-level directory; do not use
  recursive makefiles.
  - Link the GNAT tools dynamically.

ada-libgnatvsn:
  - Introduce a new shared library named libgnatvsn, containing
  common components of GNAT under the GNAT-Modified GPL, for
  use in GNAT tools, ASIS, GLADE and GPS.   Link the gnat tools
  against this new library.

ada-libgnatprj:
  - Introduce a new shared library named libgnatprj, containing
  the GNAT project file manager licensed under the pure GPL, for
  use in GNAT tools, GLADE and GPS.  Link the GNAT tools against
  this new library.

ada-gnattools-cross:
  - When building the native gnat, link the gnat tools against
  the build tree (build/\$(host_alias)/{libgnatvsn,libgnatprj}.)
  - When building a cross gnat, link against the libgnatvsn-6-dev
  and libgnatprj-6-dev packages.
  This link will be done by /usr/bin/\$(host_alias)-gnat*, thus
  the native gnat with the same major version will be required.

ada-acats:
  - When running the ACATS, look for the gnat tools in their new
  directory (build/gnattools), and for the shared libraries in
  build/gcc/ada/rts, build/libgnatvsn and build/libgnatprj.

libgnatprj-cross-hack:

ada-sjlj:

ada-link-shlib:
  In gnatlink, pass the options and libraries after objects to the
  linker to avoid link failures with --as-needed. Closes: #680292.

gdc-6:
  This implements D language support in the GCC back end, and adds
  relevant documentation about the GDC front end (code part).

gdc-updates:
  gdc updates up to 20160115.

gdc-versym-cpu:
  Implements D CPU version conditions.

gdc-versym-os:
  Implements D OS version conditions.

gdc-frontend-posix:
  Fix build of the D frontend on the Hurd and KFreeBSD.

gdc-base-version:
  Use the GCC base version for the D include dir name

gdc-profiledbuild:
  Don't build gdc build tools idgen and impcnvgen with profiling flags

gdc-libphobos-link:
  gdc: Always link with -ldl when linking with -lgphobos.

gdc-symbol-mangling:

gdc-texinfo:
  Add macros for the gdc texinfo documentation.

gdc-libphobos-build:
  This implements building of libphobos library in GCC.

disable-gdc-tests:
  Disable D tests, hang on many buildds

libjava-armel-unwind:
  On armel, apply kludge to fix unwinder infinitely looping 'til it runs out
  of memory (http://gcc.gnu.org/ml/java/2008-06/msg00010.html).

gcj-arm-mode:
  For armhf, force arm mode instead of thumb mode

sys-auxv-header:
  Check for the sys/auxv.h header file.

libcilkrts-targets:
  Disable libcilkrts on KFreeBSD and the Hurd. See #734973.

arm-multilib-defaults:
  Set MULTILIB_DEFAULTS for ARM multilib builds

gcc-ice-dump:
  For ICEs, dump the preprocessed source file to stderr
  when in a distro build environment.

gcc-ice-apport:
  Report an ICE to apport (if apport is available
  and the environment variable GCC_NOAPPORT is not set)

skip-bootstrap-multilib:
  Skip non-default multilib and libstdc++-v3 debug builds in bootstrap builds

libjava-fixed-symlinks:
  Remove unneed '..' elements from symlinks in JAVA_HOME

libffi-ro-eh_frame_sect:
  PR libffi/47248, force a read only eh frame section.

pr67899:
  Proposed patch for PR sanitizer/67899

gcc-multiarch:
  - Remaining multiarch patches, not yet submitted upstream.
  - Add MULTIARCH_DIRNAME definitions for multilib configurations,
  which are used for the non-multilib builds.

libjava-multiarch:
  Install libjava libraries to multiarch location

libjava-nobiarch-check:
  For biarch builds, disable the testsuite for the non-default architecture
  for runtime libraries, which are not built by default (libjava).

config-ml:
  - Disable some biarch libraries for biarch builds.
  - Fix multilib builds on kernels which don't support all multilibs.

g++-multiarch-incdir:
  Use /usr/include/<multiarch>/c++/4.x as the include directory
  for host dependent c++ header files.

canonical-cpppath:
  Don't use any relative path names for the standard include paths.

gcc-multilib-multiarch:
  Don't auto-detect multilib osdirnames.

libgomp-kfreebsd-testsuite:
  Disable lock-2.c test on kfreebsd-*

go-testsuite:
  Skip Go testcase on AArch64 which hangs on the buildds.

ada-749574:

ada-mips:
  Improve support for mips.

ada-bootstrap-compare:
  For the bootstrap comparison, ignore gcc/ada/a-except.o on
  mips and mipsel. See PR ada/65618.

Counting all warnings,
there are 0 warnings in stage3 of this bootstrap.

Number of warnings per file:

Number of warning types:


Index Nav: [Date Index] [Subject Index] [Author Index] [Thread Index]
Message Nav: [Date Prev] [Date Next] [Thread Prev] [Thread Next]