This is the mail archive of the gcc-testresults@gcc.gnu.org mailing list for the GCC project.


Index Nav: [Date Index] [Subject Index] [Author Index] [Thread Index]
Message Nav: [Date Prev] [Date Next] [Thread Prev] [Thread Next]
Other format: [Raw text]

Results for 7.0.0 20161006 (experimental) [trunk revision 240826] (Debian 20161006-1) testsuite on mips-unknown-linux-gnu


LAST_UPDATED: Thu Oct  6 05:48:48 UTC 2016 (revision 240826)

Target: mips-linux-gnu
gcc version 7.0.0 20161006 (experimental) [trunk revision 240826] (Debian 20161006-1) 
Native configuration is mips-unknown-linux-gnu

		=== g++ tests ===


Running target unix
FAIL: c-c++-common/pr20000.c  -std=gnu++14 (internal compiler error)
FAIL: c-c++-common/pr20000.c  -std=gnu++14 (test for excess errors)
FAIL: c-c++-common/pr20000.c  -std=gnu++14 does return (test for warnings, line 12)
FAIL: c-c++-common/pr20000.c  -std=gnu++14 has return (test for warnings, line 12)
FAIL: g++.dg/guality/pr55665.C   -O2  line 23 p == 40
FAIL: g++.dg/guality/pr55665.C   -O2  line 23 p == 40
FAIL: g++.dg/guality/pr55665.C   -O3 -g  line 23 p == 40
FAIL: g++.dg/guality/pr55665.C   -O3 -g  line 23 p == 40
XPASS: g++.dg/tls/thread_local-order2.C  -std=c++11 execution test
XPASS: g++.dg/tls/thread_local-order2.C  -std=c++11 execution test
XPASS: g++.dg/tls/thread_local-order2.C  -std=c++14 execution test
XPASS: g++.dg/tls/thread_local-order2.C  -std=c++14 execution test

		=== g++ Summary ===

# of expected passes		193342
# of unexpected failures	8
# of unexpected successes	4
# of expected failures		652
# of unsupported tests		8151
/build/gcc-snapshot-QQiZwi/gcc-snapshot-20161006/build/gcc/xg++  version 7.0.0 20161006 (experimental) [trunk revision 240826] (Debian 20161006-1) 

		=== gcc tests ===


Running target unix
FAIL: gcc.dg/pic-2.c (test for excess errors)
FAIL: gcc.dg/pic-2.c (test for excess errors)
FAIL: gcc.dg/pic-3.c (test for excess errors)
FAIL: gcc.dg/pic-3.c (test for excess errors)
FAIL: gcc.dg/pic-4.c (test for excess errors)
FAIL: gcc.dg/pic-4.c (test for excess errors)
FAIL: gcc.dg/pie-2.c (test for excess errors)
FAIL: gcc.dg/pie-2.c (test for excess errors)
FAIL: gcc.dg/pie-3.c (test for excess errors)
FAIL: gcc.dg/pie-3.c (test for excess errors)
FAIL: gcc.dg/pie-4.c (test for excess errors)
FAIL: gcc.dg/pie-4.c (test for excess errors)
FAIL: gcc.dg/uninit-19.c  (test for warnings, line 22)
FAIL: gcc.dg/uninit-19.c  (test for warnings, line 22)
FAIL: gcc.dg/uninit-19.c (test for excess errors)
FAIL: gcc.dg/uninit-19.c (test for excess errors)
FAIL: gcc.dg/graphite/id-pr46845.c (internal compiler error)
FAIL: gcc.dg/graphite/id-pr46845.c (internal compiler error)
FAIL: gcc.dg/graphite/id-pr46845.c (test for excess errors)
FAIL: gcc.dg/graphite/id-pr46845.c (test for excess errors)
FAIL: gcc.dg/graphite/id-pr46845.c 5 blank line(s) in output
FAIL: gcc.dg/graphite/id-pr46845.c 5 blank line(s) in output
FAIL: gcc.dg/graphite/scop-19.c scan-tree-dump-times graphite "number of SCoPs: 0" 1
FAIL: gcc.dg/graphite/scop-19.c scan-tree-dump-times graphite "number of SCoPs: 0" 1
FAIL: gcc.dg/graphite/scop-dsyr2k.c scan-tree-dump-times graphite "number of SCoPs: 1" 1
FAIL: gcc.dg/graphite/scop-dsyr2k.c scan-tree-dump-times graphite "number of SCoPs: 1" 1
FAIL: gcc.dg/graphite/scop-dsyrk.c scan-tree-dump-times graphite "number of SCoPs: 1" 1
FAIL: gcc.dg/graphite/scop-dsyrk.c scan-tree-dump-times graphite "number of SCoPs: 1" 1
XPASS: gcc.dg/guality/example.c   -O0  execution test
XPASS: gcc.dg/guality/example.c   -O0  execution test
XPASS: gcc.dg/guality/guality.c   -O0  execution test
XPASS: gcc.dg/guality/guality.c   -O0  execution test
XPASS: gcc.dg/guality/guality.c   -O1  execution test
XPASS: gcc.dg/guality/guality.c   -O1  execution test
XPASS: gcc.dg/guality/guality.c   -O2  execution test
XPASS: gcc.dg/guality/guality.c   -O2  execution test
XPASS: gcc.dg/guality/guality.c   -O2 -flto -fno-use-linker-plugin -flto-partition=none  execution test
XPASS: gcc.dg/guality/guality.c   -O2 -flto -fno-use-linker-plugin -flto-partition=none  execution test
XPASS: gcc.dg/guality/guality.c   -O2 -flto -fuse-linker-plugin -fno-fat-lto-objects  execution test
XPASS: gcc.dg/guality/guality.c   -O2 -flto -fuse-linker-plugin -fno-fat-lto-objects  execution test
XPASS: gcc.dg/guality/guality.c   -O3 -g  execution test
XPASS: gcc.dg/guality/guality.c   -O3 -g  execution test
XPASS: gcc.dg/guality/guality.c   -Os  execution test
XPASS: gcc.dg/guality/guality.c   -Os  execution test
XPASS: gcc.dg/guality/inline-params.c   -O2  execution test
XPASS: gcc.dg/guality/inline-params.c   -O2  execution test
XPASS: gcc.dg/guality/inline-params.c   -O2 -flto -fno-use-linker-plugin -flto-partition=none  execution test
XPASS: gcc.dg/guality/inline-params.c   -O2 -flto -fno-use-linker-plugin -flto-partition=none  execution test
XPASS: gcc.dg/guality/inline-params.c   -O3 -g  execution test
XPASS: gcc.dg/guality/inline-params.c   -O3 -g  execution test
XPASS: gcc.dg/guality/inline-params.c   -Os  execution test
XPASS: gcc.dg/guality/inline-params.c   -Os  execution test
FAIL: gcc.dg/guality/nrv-1.c   -O2 -flto -fuse-linker-plugin -fno-fat-lto-objects  line 20 a2.i[0] == 42
FAIL: gcc.dg/guality/nrv-1.c   -O2 -flto -fuse-linker-plugin -fno-fat-lto-objects  line 20 a2.i[0] == 42
FAIL: gcc.dg/guality/pr36728-1.c   -O3 -g  line 16 y == 2
FAIL: gcc.dg/guality/pr36728-1.c   -O3 -g  line 16 y == 2
FAIL: gcc.dg/guality/pr36728-2.c   -O2 -flto -fuse-linker-plugin -fno-fat-lto-objects  line 16 arg1 == 1
FAIL: gcc.dg/guality/pr36728-2.c   -O2 -flto -fuse-linker-plugin -fno-fat-lto-objects  line 16 arg1 == 1
FAIL: gcc.dg/guality/pr36728-2.c   -O2 -flto -fuse-linker-plugin -fno-fat-lto-objects  line 16 arg2 == 2
FAIL: gcc.dg/guality/pr36728-2.c   -O2 -flto -fuse-linker-plugin -fno-fat-lto-objects  line 16 arg2 == 2
FAIL: gcc.dg/guality/pr36728-2.c   -O2 -flto -fuse-linker-plugin -fno-fat-lto-objects  line 16 arg3 == 3
FAIL: gcc.dg/guality/pr36728-2.c   -O2 -flto -fuse-linker-plugin -fno-fat-lto-objects  line 16 arg3 == 3
FAIL: gcc.dg/guality/pr36728-2.c   -O2 -flto -fuse-linker-plugin -fno-fat-lto-objects  line 16 arg4 == 4
FAIL: gcc.dg/guality/pr36728-2.c   -O2 -flto -fuse-linker-plugin -fno-fat-lto-objects  line 16 arg4 == 4
FAIL: gcc.dg/guality/pr36728-2.c   -O2 -flto -fuse-linker-plugin -fno-fat-lto-objects  line 16 arg5 == 5
FAIL: gcc.dg/guality/pr36728-2.c   -O2 -flto -fuse-linker-plugin -fno-fat-lto-objects  line 16 arg5 == 5
FAIL: gcc.dg/guality/pr36728-2.c   -O2 -flto -fuse-linker-plugin -fno-fat-lto-objects  line 16 arg6 == 6
FAIL: gcc.dg/guality/pr36728-2.c   -O2 -flto -fuse-linker-plugin -fno-fat-lto-objects  line 16 arg6 == 6
FAIL: gcc.dg/guality/pr36728-2.c   -O2 -flto -fuse-linker-plugin -fno-fat-lto-objects  line 16 arg7 == 30
FAIL: gcc.dg/guality/pr36728-2.c   -O2 -flto -fuse-linker-plugin -fno-fat-lto-objects  line 16 arg7 == 30
FAIL: gcc.dg/guality/pr36728-2.c   -O2 -flto -fuse-linker-plugin -fno-fat-lto-objects  line 18 arg1 == 1
FAIL: gcc.dg/guality/pr36728-2.c   -O2 -flto -fuse-linker-plugin -fno-fat-lto-objects  line 18 arg1 == 1
FAIL: gcc.dg/guality/pr36728-2.c   -O2 -flto -fuse-linker-plugin -fno-fat-lto-objects  line 18 arg2 == 2
FAIL: gcc.dg/guality/pr36728-2.c   -O2 -flto -fuse-linker-plugin -fno-fat-lto-objects  line 18 arg2 == 2
FAIL: gcc.dg/guality/pr36728-2.c   -O2 -flto -fuse-linker-plugin -fno-fat-lto-objects  line 18 arg3 == 3
FAIL: gcc.dg/guality/pr36728-2.c   -O2 -flto -fuse-linker-plugin -fno-fat-lto-objects  line 18 arg3 == 3
FAIL: gcc.dg/guality/pr36728-2.c   -O2 -flto -fuse-linker-plugin -fno-fat-lto-objects  line 18 arg4 == 4
FAIL: gcc.dg/guality/pr36728-2.c   -O2 -flto -fuse-linker-plugin -fno-fat-lto-objects  line 18 arg4 == 4
FAIL: gcc.dg/guality/pr36728-2.c   -O2 -flto -fuse-linker-plugin -fno-fat-lto-objects  line 18 arg5 == 5
FAIL: gcc.dg/guality/pr36728-2.c   -O2 -flto -fuse-linker-plugin -fno-fat-lto-objects  line 18 arg5 == 5
FAIL: gcc.dg/guality/pr36728-2.c   -O2 -flto -fuse-linker-plugin -fno-fat-lto-objects  line 18 arg6 == 6
FAIL: gcc.dg/guality/pr36728-2.c   -O2 -flto -fuse-linker-plugin -fno-fat-lto-objects  line 18 arg6 == 6
FAIL: gcc.dg/guality/pr36728-2.c   -O2 -flto -fuse-linker-plugin -fno-fat-lto-objects  line 18 arg7 == 30
FAIL: gcc.dg/guality/pr36728-2.c   -O2 -flto -fuse-linker-plugin -fno-fat-lto-objects  line 18 arg7 == 30
FAIL: gcc.dg/guality/pr36728-2.c   -O3 -g  line 16 arg1 == 1
FAIL: gcc.dg/guality/pr36728-2.c   -O3 -g  line 16 arg1 == 1
FAIL: gcc.dg/guality/pr36728-2.c   -O3 -g  line 16 arg2 == 2
FAIL: gcc.dg/guality/pr36728-2.c   -O3 -g  line 16 arg2 == 2
FAIL: gcc.dg/guality/pr36728-2.c   -O3 -g  line 16 arg3 == 3
FAIL: gcc.dg/guality/pr36728-2.c   -O3 -g  line 16 arg3 == 3
FAIL: gcc.dg/guality/pr36728-2.c   -O3 -g  line 16 arg4 == 4
FAIL: gcc.dg/guality/pr36728-2.c   -O3 -g  line 16 arg4 == 4
FAIL: gcc.dg/guality/pr36728-2.c   -O3 -g  line 16 arg5 == 5
FAIL: gcc.dg/guality/pr36728-2.c   -O3 -g  line 16 arg5 == 5
FAIL: gcc.dg/guality/pr36728-2.c   -O3 -g  line 16 arg6 == 6
FAIL: gcc.dg/guality/pr36728-2.c   -O3 -g  line 16 arg6 == 6
FAIL: gcc.dg/guality/pr36728-2.c   -O3 -g  line 16 arg7 == 30
FAIL: gcc.dg/guality/pr36728-2.c   -O3 -g  line 16 arg7 == 30
FAIL: gcc.dg/guality/pr36728-2.c   -O3 -g  line 18 arg1 == 1
FAIL: gcc.dg/guality/pr36728-2.c   -O3 -g  line 18 arg1 == 1
FAIL: gcc.dg/guality/pr36728-2.c   -O3 -g  line 18 arg2 == 2
FAIL: gcc.dg/guality/pr36728-2.c   -O3 -g  line 18 arg2 == 2
FAIL: gcc.dg/guality/pr36728-2.c   -O3 -g  line 18 arg3 == 3
FAIL: gcc.dg/guality/pr36728-2.c   -O3 -g  line 18 arg3 == 3
FAIL: gcc.dg/guality/pr36728-2.c   -O3 -g  line 18 arg4 == 4
FAIL: gcc.dg/guality/pr36728-2.c   -O3 -g  line 18 arg4 == 4
FAIL: gcc.dg/guality/pr36728-2.c   -O3 -g  line 18 arg5 == 5
FAIL: gcc.dg/guality/pr36728-2.c   -O3 -g  line 18 arg5 == 5
FAIL: gcc.dg/guality/pr36728-2.c   -O3 -g  line 18 arg6 == 6
FAIL: gcc.dg/guality/pr36728-2.c   -O3 -g  line 18 arg6 == 6
FAIL: gcc.dg/guality/pr36728-2.c   -O3 -g  line 18 arg7 == 30
FAIL: gcc.dg/guality/pr36728-2.c   -O3 -g  line 18 arg7 == 30
XPASS: gcc.dg/guality/pr41353-1.c   -O0  line 28 j == 28 + 37
XPASS: gcc.dg/guality/pr41353-1.c   -O0  line 28 j == 28 + 37
FAIL: gcc.dg/guality/pr41404-1.c   -O2 -flto -fuse-linker-plugin -fno-fat-lto-objects  line 10 *foo == 'f'
FAIL: gcc.dg/guality/pr41404-1.c   -O2 -flto -fuse-linker-plugin -fno-fat-lto-objects  line 10 *foo == 'f'
FAIL: gcc.dg/guality/pr41404-1.c   -O2 -flto -fuse-linker-plugin -fno-fat-lto-objects  line 14 *foo == 'b'
FAIL: gcc.dg/guality/pr41404-1.c   -O2 -flto -fuse-linker-plugin -fno-fat-lto-objects  line 14 *foo == 'b'
FAIL: gcc.dg/guality/pr41404-1.c   -O2 -flto -fuse-linker-plugin -fno-fat-lto-objects  line 24 *foo == 'f'
FAIL: gcc.dg/guality/pr41404-1.c   -O2 -flto -fuse-linker-plugin -fno-fat-lto-objects  line 24 *foo == 'f'
FAIL: gcc.dg/guality/pr41616-1.c   -O2 -flto -fuse-linker-plugin -fno-fat-lto-objects  execution test
FAIL: gcc.dg/guality/pr41616-1.c   -O2 -flto -fuse-linker-plugin -fno-fat-lto-objects  execution test
FAIL: gcc.dg/guality/pr45882.c   -O2 -flto -fuse-linker-plugin -fno-fat-lto-objects  line 16 d == 112
FAIL: gcc.dg/guality/pr45882.c   -O2 -flto -fuse-linker-plugin -fno-fat-lto-objects  line 16 d == 112
FAIL: gcc.dg/guality/pr45882.c   -O2 -flto -fuse-linker-plugin -fno-fat-lto-objects  line 16 e == 142
FAIL: gcc.dg/guality/pr45882.c   -O2 -flto -fuse-linker-plugin -fno-fat-lto-objects  line 16 e == 142
FAIL: gcc.dg/guality/pr54519-1.c   -O2 -flto -fno-use-linker-plugin -flto-partition=none  line 20 y == 25
FAIL: gcc.dg/guality/pr54519-1.c   -O2 -flto -fno-use-linker-plugin -flto-partition=none  line 20 y == 25
FAIL: gcc.dg/guality/pr54519-1.c   -O2 -flto -fno-use-linker-plugin -flto-partition=none  line 20 z == 6
FAIL: gcc.dg/guality/pr54519-1.c   -O2 -flto -fno-use-linker-plugin -flto-partition=none  line 20 z == 6
FAIL: gcc.dg/guality/pr54519-1.c   -O2 -flto -fno-use-linker-plugin -flto-partition=none  line 23 y == 117
FAIL: gcc.dg/guality/pr54519-1.c   -O2 -flto -fno-use-linker-plugin -flto-partition=none  line 23 y == 117
FAIL: gcc.dg/guality/pr54519-1.c   -O2 -flto -fno-use-linker-plugin -flto-partition=none  line 23 z == 8
FAIL: gcc.dg/guality/pr54519-1.c   -O2 -flto -fno-use-linker-plugin -flto-partition=none  line 23 z == 8
FAIL: gcc.dg/guality/pr54519-2.c   -O2 -flto -fno-use-linker-plugin -flto-partition=none  line 17 y == 25
FAIL: gcc.dg/guality/pr54519-2.c   -O2 -flto -fno-use-linker-plugin -flto-partition=none  line 17 y == 25
FAIL: gcc.dg/guality/pr54519-2.c   -O2 -flto -fuse-linker-plugin -fno-fat-lto-objects  line 17 y == 25
FAIL: gcc.dg/guality/pr54519-2.c   -O2 -flto -fuse-linker-plugin -fno-fat-lto-objects  line 17 y == 25
FAIL: gcc.dg/guality/pr54519-3.c   -O2 -flto -fno-use-linker-plugin -flto-partition=none  line 20 y == 25
FAIL: gcc.dg/guality/pr54519-3.c   -O2 -flto -fno-use-linker-plugin -flto-partition=none  line 20 y == 25
FAIL: gcc.dg/guality/pr54519-3.c   -O2 -flto -fno-use-linker-plugin -flto-partition=none  line 20 z == 6
FAIL: gcc.dg/guality/pr54519-3.c   -O2 -flto -fno-use-linker-plugin -flto-partition=none  line 20 z == 6
FAIL: gcc.dg/guality/pr54519-3.c   -O2 -flto -fno-use-linker-plugin -flto-partition=none  line 23 y == 117
FAIL: gcc.dg/guality/pr54519-3.c   -O2 -flto -fno-use-linker-plugin -flto-partition=none  line 23 y == 117
FAIL: gcc.dg/guality/pr54519-3.c   -O2 -flto -fno-use-linker-plugin -flto-partition=none  line 23 z == 8
FAIL: gcc.dg/guality/pr54519-3.c   -O2 -flto -fno-use-linker-plugin -flto-partition=none  line 23 z == 8
FAIL: gcc.dg/guality/pr54519-3.c   -O2 -flto -fuse-linker-plugin -fno-fat-lto-objects  line 20 y == 25
FAIL: gcc.dg/guality/pr54519-3.c   -O2 -flto -fuse-linker-plugin -fno-fat-lto-objects  line 20 y == 25
FAIL: gcc.dg/guality/pr54519-3.c   -O2 -flto -fuse-linker-plugin -fno-fat-lto-objects  line 20 z == 6
FAIL: gcc.dg/guality/pr54519-3.c   -O2 -flto -fuse-linker-plugin -fno-fat-lto-objects  line 20 z == 6
FAIL: gcc.dg/guality/pr54519-3.c   -O2 -flto -fuse-linker-plugin -fno-fat-lto-objects  line 23 y == 117
FAIL: gcc.dg/guality/pr54519-3.c   -O2 -flto -fuse-linker-plugin -fno-fat-lto-objects  line 23 y == 117
FAIL: gcc.dg/guality/pr54519-3.c   -O2 -flto -fuse-linker-plugin -fno-fat-lto-objects  line 23 z == 8
FAIL: gcc.dg/guality/pr54519-3.c   -O2 -flto -fuse-linker-plugin -fno-fat-lto-objects  line 23 z == 8
FAIL: gcc.dg/guality/pr54519-4.c   -O2 -flto -fno-use-linker-plugin -flto-partition=none  line 17 y == 25
FAIL: gcc.dg/guality/pr54519-4.c   -O2 -flto -fno-use-linker-plugin -flto-partition=none  line 17 y == 25
FAIL: gcc.dg/guality/pr54519-4.c   -O2 -flto -fuse-linker-plugin -fno-fat-lto-objects  line 17 y == 25
FAIL: gcc.dg/guality/pr54519-4.c   -O2 -flto -fuse-linker-plugin -fno-fat-lto-objects  line 17 y == 25
FAIL: gcc.dg/guality/pr54519-5.c   -O2 -flto -fno-use-linker-plugin -flto-partition=none  line 17 y == 25
FAIL: gcc.dg/guality/pr54519-5.c   -O2 -flto -fno-use-linker-plugin -flto-partition=none  line 17 y == 25
FAIL: gcc.dg/guality/pr54519-5.c   -O2 -flto -fuse-linker-plugin -fno-fat-lto-objects  line 17 y == 25
FAIL: gcc.dg/guality/pr54519-5.c   -O2 -flto -fuse-linker-plugin -fno-fat-lto-objects  line 17 y == 25
FAIL: gcc.dg/guality/pr54693-2.c   -O2  line 21 z == 30 - 3 * i
FAIL: gcc.dg/guality/pr54693-2.c   -O2  line 21 z == 30 - 3 * i
FAIL: gcc.dg/guality/pr54693-2.c   -O2 -flto -fno-use-linker-plugin -flto-partition=none  line 21 z == 30 - 3 * i
FAIL: gcc.dg/guality/pr54693-2.c   -O2 -flto -fno-use-linker-plugin -flto-partition=none  line 21 z == 30 - 3 * i
FAIL: gcc.dg/guality/pr54693-2.c   -O2 -flto -fuse-linker-plugin -fno-fat-lto-objects  line 21 y == 20 - 2 * i
FAIL: gcc.dg/guality/pr54693-2.c   -O2 -flto -fuse-linker-plugin -fno-fat-lto-objects  line 21 y == 20 - 2 * i
FAIL: gcc.dg/guality/pr54693-2.c   -O2 -flto -fuse-linker-plugin -fno-fat-lto-objects  line 21 z == 30 - 3 * i
FAIL: gcc.dg/guality/pr54693-2.c   -O2 -flto -fuse-linker-plugin -fno-fat-lto-objects  line 21 z == 30 - 3 * i
FAIL: gcc.dg/guality/pr54693-2.c   -O3 -g  line 21 z == 30 - 3 * i
FAIL: gcc.dg/guality/pr54693-2.c   -O3 -g  line 21 z == 30 - 3 * i
FAIL: gcc.dg/guality/pr54693-2.c   -Os  line 21 x == 10 - i
FAIL: gcc.dg/guality/pr54693-2.c   -Os  line 21 x == 10 - i
FAIL: gcc.dg/guality/pr54693-2.c   -Os  line 21 y == 20 - 2 * i
FAIL: gcc.dg/guality/pr54693-2.c   -Os  line 21 y == 20 - 2 * i
FAIL: gcc.dg/guality/pr54693-2.c   -Os  line 21 z == 30 - 3 * i
FAIL: gcc.dg/guality/pr54693-2.c   -Os  line 21 z == 30 - 3 * i
FAIL: gcc.dg/guality/pr68860-1.c   -O2 -flto -fno-use-linker-plugin -flto-partition=none  line 14 arg1 == 1
FAIL: gcc.dg/guality/pr68860-1.c   -O2 -flto -fno-use-linker-plugin -flto-partition=none  line 14 arg1 == 1
FAIL: gcc.dg/guality/pr68860-1.c   -O2 -flto -fno-use-linker-plugin -flto-partition=none  line 14 arg2 == 2
FAIL: gcc.dg/guality/pr68860-1.c   -O2 -flto -fno-use-linker-plugin -flto-partition=none  line 14 arg2 == 2
FAIL: gcc.dg/guality/pr68860-1.c   -O2 -flto -fno-use-linker-plugin -flto-partition=none  line 14 arg3 == 3
FAIL: gcc.dg/guality/pr68860-1.c   -O2 -flto -fno-use-linker-plugin -flto-partition=none  line 14 arg3 == 3
FAIL: gcc.dg/guality/pr68860-1.c   -O2 -flto -fno-use-linker-plugin -flto-partition=none  line 14 arg4 == 4
FAIL: gcc.dg/guality/pr68860-1.c   -O2 -flto -fno-use-linker-plugin -flto-partition=none  line 14 arg4 == 4
FAIL: gcc.dg/guality/pr68860-1.c   -O2 -flto -fno-use-linker-plugin -flto-partition=none  line 14 arg5 == 5
FAIL: gcc.dg/guality/pr68860-1.c   -O2 -flto -fno-use-linker-plugin -flto-partition=none  line 14 arg5 == 5
FAIL: gcc.dg/guality/pr68860-1.c   -O2 -flto -fno-use-linker-plugin -flto-partition=none  line 14 arg6 == 6
FAIL: gcc.dg/guality/pr68860-1.c   -O2 -flto -fno-use-linker-plugin -flto-partition=none  line 14 arg6 == 6
FAIL: gcc.dg/guality/pr68860-1.c   -O2 -flto -fno-use-linker-plugin -flto-partition=none  line 16 arg1 == 1
FAIL: gcc.dg/guality/pr68860-1.c   -O2 -flto -fno-use-linker-plugin -flto-partition=none  line 16 arg1 == 1
FAIL: gcc.dg/guality/pr68860-1.c   -O2 -flto -fno-use-linker-plugin -flto-partition=none  line 16 arg2 == 2
FAIL: gcc.dg/guality/pr68860-1.c   -O2 -flto -fno-use-linker-plugin -flto-partition=none  line 16 arg2 == 2
FAIL: gcc.dg/guality/pr68860-1.c   -O2 -flto -fno-use-linker-plugin -flto-partition=none  line 16 arg3 == 3
FAIL: gcc.dg/guality/pr68860-1.c   -O2 -flto -fno-use-linker-plugin -flto-partition=none  line 16 arg3 == 3
FAIL: gcc.dg/guality/pr68860-1.c   -O2 -flto -fno-use-linker-plugin -flto-partition=none  line 16 arg4 == 4
FAIL: gcc.dg/guality/pr68860-1.c   -O2 -flto -fno-use-linker-plugin -flto-partition=none  line 16 arg4 == 4
FAIL: gcc.dg/guality/pr68860-1.c   -O2 -flto -fno-use-linker-plugin -flto-partition=none  line 16 arg5 == 5
FAIL: gcc.dg/guality/pr68860-1.c   -O2 -flto -fno-use-linker-plugin -flto-partition=none  line 16 arg5 == 5
FAIL: gcc.dg/guality/pr68860-1.c   -O2 -flto -fno-use-linker-plugin -flto-partition=none  line 16 arg6 == 6
FAIL: gcc.dg/guality/pr68860-1.c   -O2 -flto -fno-use-linker-plugin -flto-partition=none  line 16 arg6 == 6
FAIL: gcc.dg/guality/pr68860-1.c   -O2 -flto -fuse-linker-plugin -fno-fat-lto-objects  line 14 arg1 == 1
FAIL: gcc.dg/guality/pr68860-1.c   -O2 -flto -fuse-linker-plugin -fno-fat-lto-objects  line 14 arg1 == 1
FAIL: gcc.dg/guality/pr68860-1.c   -O2 -flto -fuse-linker-plugin -fno-fat-lto-objects  line 14 arg2 == 2
FAIL: gcc.dg/guality/pr68860-1.c   -O2 -flto -fuse-linker-plugin -fno-fat-lto-objects  line 14 arg2 == 2
FAIL: gcc.dg/guality/pr68860-1.c   -O2 -flto -fuse-linker-plugin -fno-fat-lto-objects  line 14 arg3 == 3
FAIL: gcc.dg/guality/pr68860-1.c   -O2 -flto -fuse-linker-plugin -fno-fat-lto-objects  line 14 arg3 == 3
FAIL: gcc.dg/guality/pr68860-1.c   -O2 -flto -fuse-linker-plugin -fno-fat-lto-objects  line 14 arg4 == 4
FAIL: gcc.dg/guality/pr68860-1.c   -O2 -flto -fuse-linker-plugin -fno-fat-lto-objects  line 14 arg4 == 4
FAIL: gcc.dg/guality/pr68860-1.c   -O2 -flto -fuse-linker-plugin -fno-fat-lto-objects  line 14 arg5 == 5
FAIL: gcc.dg/guality/pr68860-1.c   -O2 -flto -fuse-linker-plugin -fno-fat-lto-objects  line 14 arg5 == 5
FAIL: gcc.dg/guality/pr68860-1.c   -O2 -flto -fuse-linker-plugin -fno-fat-lto-objects  line 14 arg6 == 6
FAIL: gcc.dg/guality/pr68860-1.c   -O2 -flto -fuse-linker-plugin -fno-fat-lto-objects  line 14 arg6 == 6
FAIL: gcc.dg/guality/pr68860-1.c   -O2 -flto -fuse-linker-plugin -fno-fat-lto-objects  line 16 arg1 == 1
FAIL: gcc.dg/guality/pr68860-1.c   -O2 -flto -fuse-linker-plugin -fno-fat-lto-objects  line 16 arg1 == 1
FAIL: gcc.dg/guality/pr68860-1.c   -O2 -flto -fuse-linker-plugin -fno-fat-lto-objects  line 16 arg2 == 2
FAIL: gcc.dg/guality/pr68860-1.c   -O2 -flto -fuse-linker-plugin -fno-fat-lto-objects  line 16 arg2 == 2
FAIL: gcc.dg/guality/pr68860-1.c   -O2 -flto -fuse-linker-plugin -fno-fat-lto-objects  line 16 arg3 == 3
FAIL: gcc.dg/guality/pr68860-1.c   -O2 -flto -fuse-linker-plugin -fno-fat-lto-objects  line 16 arg3 == 3
FAIL: gcc.dg/guality/pr68860-1.c   -O2 -flto -fuse-linker-plugin -fno-fat-lto-objects  line 16 arg4 == 4
FAIL: gcc.dg/guality/pr68860-1.c   -O2 -flto -fuse-linker-plugin -fno-fat-lto-objects  line 16 arg4 == 4
FAIL: gcc.dg/guality/pr68860-1.c   -O2 -flto -fuse-linker-plugin -fno-fat-lto-objects  line 16 arg5 == 5
FAIL: gcc.dg/guality/pr68860-1.c   -O2 -flto -fuse-linker-plugin -fno-fat-lto-objects  line 16 arg5 == 5
FAIL: gcc.dg/guality/pr68860-1.c   -O2 -flto -fuse-linker-plugin -fno-fat-lto-objects  line 16 arg6 == 6
FAIL: gcc.dg/guality/pr68860-1.c   -O2 -flto -fuse-linker-plugin -fno-fat-lto-objects  line 16 arg6 == 6
FAIL: gcc.dg/guality/pr69947.c   -O1  line 14 b[4] == 'e'
FAIL: gcc.dg/guality/pr69947.c   -O1  line 14 b[4] == 'e'
FAIL: gcc.dg/guality/pr69947.c   -O2  line 14 b[4] == 'e'
FAIL: gcc.dg/guality/pr69947.c   -O2  line 14 b[4] == 'e'
FAIL: gcc.dg/guality/pr69947.c   -O2 -flto -fno-use-linker-plugin -flto-partition=none  line 14 b[4] == 'e'
FAIL: gcc.dg/guality/pr69947.c   -O2 -flto -fno-use-linker-plugin -flto-partition=none  line 14 b[4] == 'e'
FAIL: gcc.dg/guality/pr69947.c   -O2 -flto -fuse-linker-plugin -fno-fat-lto-objects  line 14 b[4] == 'e'
FAIL: gcc.dg/guality/pr69947.c   -O2 -flto -fuse-linker-plugin -fno-fat-lto-objects  line 14 b[4] == 'e'
FAIL: gcc.dg/guality/pr69947.c   -O3 -g  line 14 b[4] == 'e'
FAIL: gcc.dg/guality/pr69947.c   -O3 -g  line 14 b[4] == 'e'
FAIL: gcc.dg/guality/pr69947.c   -Os  line 14 b[4] == 'e'
FAIL: gcc.dg/guality/pr69947.c   -Os  line 14 b[4] == 'e'
FAIL: gcc.dg/guality/sra-1.c   -O1  line 43 a.j == 14
FAIL: gcc.dg/guality/sra-1.c   -O1  line 43 a.j == 14
FAIL: gcc.dg/guality/sra-1.c   -O2  line 43 a.j == 14
FAIL: gcc.dg/guality/sra-1.c   -O2  line 43 a.j == 14
FAIL: gcc.dg/guality/sra-1.c   -O2 -flto -fno-use-linker-plugin -flto-partition=none  line 43 a.j == 14
FAIL: gcc.dg/guality/sra-1.c   -O2 -flto -fno-use-linker-plugin -flto-partition=none  line 43 a.j == 14
FAIL: gcc.dg/guality/sra-1.c   -O2 -flto -fuse-linker-plugin -fno-fat-lto-objects  line 43 a.j == 14
FAIL: gcc.dg/guality/sra-1.c   -O2 -flto -fuse-linker-plugin -fno-fat-lto-objects  line 43 a.j == 14
FAIL: gcc.dg/guality/sra-1.c   -O3 -g  line 43 a.j == 14
FAIL: gcc.dg/guality/sra-1.c   -O3 -g  line 43 a.j == 14
FAIL: gcc.dg/guality/sra-1.c   -Os  line 43 a.j == 14
FAIL: gcc.dg/guality/sra-1.c   -Os  line 43 a.j == 14
FAIL: gcc.dg/guality/vla-1.c   -O1  line 17 sizeof (a) == 6
FAIL: gcc.dg/guality/vla-1.c   -O1  line 17 sizeof (a) == 6
FAIL: gcc.dg/guality/vla-1.c   -O2  line 17 sizeof (a) == 6
FAIL: gcc.dg/guality/vla-1.c   -O2  line 17 sizeof (a) == 6
FAIL: gcc.dg/guality/vla-1.c   -O2  line 24 i == 5
FAIL: gcc.dg/guality/vla-1.c   -O2  line 24 i == 5
FAIL: gcc.dg/guality/vla-1.c   -O2  line 24 sizeof (a) == 17 * sizeof (short)
FAIL: gcc.dg/guality/vla-1.c   -O2  line 24 sizeof (a) == 17 * sizeof (short)
FAIL: gcc.dg/guality/vla-1.c   -O2 -flto -fno-use-linker-plugin -flto-partition=none  line 17 sizeof (a) == 6
FAIL: gcc.dg/guality/vla-1.c   -O2 -flto -fno-use-linker-plugin -flto-partition=none  line 17 sizeof (a) == 6
FAIL: gcc.dg/guality/vla-1.c   -O2 -flto -fno-use-linker-plugin -flto-partition=none  line 24 i == 5
FAIL: gcc.dg/guality/vla-1.c   -O2 -flto -fno-use-linker-plugin -flto-partition=none  line 24 i == 5
FAIL: gcc.dg/guality/vla-1.c   -O2 -flto -fno-use-linker-plugin -flto-partition=none  line 24 sizeof (a) == 17 * sizeof (short)
FAIL: gcc.dg/guality/vla-1.c   -O2 -flto -fno-use-linker-plugin -flto-partition=none  line 24 sizeof (a) == 17 * sizeof (short)
FAIL: gcc.dg/guality/vla-1.c   -O2 -flto -fuse-linker-plugin -fno-fat-lto-objects  line 17 sizeof (a) == 6
FAIL: gcc.dg/guality/vla-1.c   -O2 -flto -fuse-linker-plugin -fno-fat-lto-objects  line 17 sizeof (a) == 6
FAIL: gcc.dg/guality/vla-1.c   -O2 -flto -fuse-linker-plugin -fno-fat-lto-objects  line 24 i == 5
FAIL: gcc.dg/guality/vla-1.c   -O2 -flto -fuse-linker-plugin -fno-fat-lto-objects  line 24 i == 5
FAIL: gcc.dg/guality/vla-1.c   -O2 -flto -fuse-linker-plugin -fno-fat-lto-objects  line 24 sizeof (a) == 17 * sizeof (short)
FAIL: gcc.dg/guality/vla-1.c   -O2 -flto -fuse-linker-plugin -fno-fat-lto-objects  line 24 sizeof (a) == 17 * sizeof (short)
FAIL: gcc.dg/guality/vla-1.c   -O3 -g  line 17 sizeof (a) == 6
FAIL: gcc.dg/guality/vla-1.c   -O3 -g  line 17 sizeof (a) == 6
FAIL: gcc.dg/guality/vla-1.c   -O3 -g  line 24 i == 5
FAIL: gcc.dg/guality/vla-1.c   -O3 -g  line 24 i == 5
FAIL: gcc.dg/guality/vla-1.c   -O3 -g  line 24 sizeof (a) == 17 * sizeof (short)
FAIL: gcc.dg/guality/vla-1.c   -O3 -g  line 24 sizeof (a) == 17 * sizeof (short)
FAIL: gcc.dg/guality/vla-1.c   -Os  line 17 sizeof (a) == 6
FAIL: gcc.dg/guality/vla-1.c   -Os  line 17 sizeof (a) == 6
FAIL: gcc.dg/guality/vla-1.c   -Os  line 24 i == 5
FAIL: gcc.dg/guality/vla-1.c   -Os  line 24 i == 5
FAIL: gcc.dg/guality/vla-1.c   -Os  line 24 sizeof (a) == 17 * sizeof (short)
FAIL: gcc.dg/guality/vla-1.c   -Os  line 24 sizeof (a) == 17 * sizeof (short)
FAIL: gcc.dg/tree-ssa/builtin-sprintf-warn-1.c  (test for warnings, line 1229)
FAIL: gcc.dg/tree-ssa/builtin-sprintf-warn-1.c  (test for warnings, line 1229)
FAIL: gcc.dg/tree-ssa/builtin-sprintf-warn-1.c  (test for warnings, line 1279)
FAIL: gcc.dg/tree-ssa/builtin-sprintf-warn-1.c  (test for warnings, line 1279)
FAIL: gcc.dg/tree-ssa/builtin-sprintf-warn-1.c  (test for warnings, line 1390)
FAIL: gcc.dg/tree-ssa/builtin-sprintf-warn-1.c  (test for warnings, line 1390)
FAIL: gcc.dg/tree-ssa/builtin-sprintf-warn-1.c  (test for warnings, line 359)
FAIL: gcc.dg/tree-ssa/builtin-sprintf-warn-1.c  (test for warnings, line 359)
FAIL: gcc.dg/tree-ssa/builtin-sprintf-warn-1.c (test for excess errors)
FAIL: gcc.dg/tree-ssa/builtin-sprintf-warn-1.c (test for excess errors)
FAIL: gcc.dg/tree-ssa/builtin-sprintf-warn-2.c  (test for warnings, line 50)
FAIL: gcc.dg/tree-ssa/builtin-sprintf-warn-2.c  (test for warnings, line 50)
XPASS: gcc.dg/tree-ssa/builtin-sprintf-warn-6.c unsigned long long (test for bogus messages, line 91)
XPASS: gcc.dg/tree-ssa/builtin-sprintf-warn-6.c unsigned long long (test for bogus messages, line 91)
FAIL: gcc.dg/tree-ssa/pr69270-3.c scan-tree-dump-times uncprop1 ", 1" 4
FAIL: gcc.dg/tree-ssa/pr69270-3.c scan-tree-dump-times uncprop1 ", 1" 4
FAIL: gcc.dg/tree-ssa/scev-3.c scan-tree-dump-times optimized "&a" 1
FAIL: gcc.dg/tree-ssa/scev-3.c scan-tree-dump-times optimized "&a" 1
FAIL: gcc.dg/tree-ssa/scev-4.c scan-tree-dump-times optimized "&a" 1
FAIL: gcc.dg/tree-ssa/scev-4.c scan-tree-dump-times optimized "&a" 1
FAIL: gcc.dg/tree-ssa/scev-5.c scan-tree-dump-times optimized "&a" 1
FAIL: gcc.dg/tree-ssa/scev-5.c scan-tree-dump-times optimized "&a" 1
FAIL: gcc.dg/tree-ssa/slsr-8.c scan-tree-dump-times optimized " w?\\\\* " 7
FAIL: gcc.dg/tree-ssa/slsr-8.c scan-tree-dump-times optimized " w?\\\\* " 7
FAIL: gcc.dg/tree-ssa/ssa-thread-14.c scan-tree-dump-times vrp1 "Threaded jump" 8
FAIL: gcc.dg/tree-ssa/ssa-thread-14.c scan-tree-dump-times vrp1 "Threaded jump" 8
FAIL: gcc.target/mips/branch-cost-1.c   -Os   scan-assembler \\t(bnec?|beqc?)\\t
FAIL: gcc.target/mips/branch-cost-1.c   -Os   scan-assembler \\t(bnec?|beqc?)\\t
FAIL: gcc.target/mips/branch-cost-2.c   -Os   scan-assembler \\t(movz|movn)\\t
FAIL: gcc.target/mips/branch-cost-2.c   -Os   scan-assembler \\t(movz|movn)\\t
FAIL: gcc.target/mips/branch-cost-2.c   -Os   scan-assembler-not \\t(bne|beq)\\t
FAIL: gcc.target/mips/branch-cost-2.c   -Os   scan-assembler-not \\t(bne|beq)\\t
FAIL: gcc.target/mips/call-5.c   -O2   scan-assembler \\\\.reloc\\t1f,R_MIPS_JALR,staticfunc\\n1:\\tjalrc?\\t
FAIL: gcc.target/mips/call-5.c   -O2   scan-assembler \\\\.reloc\\t1f,R_MIPS_JALR,staticfunc\\n1:\\tjalrc?\\t
FAIL: gcc.target/mips/call-5.c   -O2 -flto -fno-use-linker-plugin -flto-partition=none   scan-assembler \\\\.reloc\\t1f,R_MIPS_JALR,staticfunc\\n1:\\tjalrc?\\t
FAIL: gcc.target/mips/call-5.c   -O2 -flto -fno-use-linker-plugin -flto-partition=none   scan-assembler \\\\.reloc\\t1f,R_MIPS_JALR,staticfunc\\n1:\\tjalrc?\\t
FAIL: gcc.target/mips/call-5.c   -O2 -flto -fuse-linker-plugin -fno-fat-lto-objects   scan-assembler \\\\.reloc\\t1f,R_MIPS_JALR,staticfunc\\n1:\\tjalrc?\\t
FAIL: gcc.target/mips/call-5.c   -O2 -flto -fuse-linker-plugin -fno-fat-lto-objects   scan-assembler \\\\.reloc\\t1f,R_MIPS_JALR,staticfunc\\n1:\\tjalrc?\\t
FAIL: gcc.target/mips/call-5.c   -O3 -g   scan-assembler \\\\.reloc\\t1f,R_MIPS_JALR,staticfunc\\n1:\\tjalrc?\\t
FAIL: gcc.target/mips/call-5.c   -O3 -g   scan-assembler \\\\.reloc\\t1f,R_MIPS_JALR,staticfunc\\n1:\\tjalrc?\\t
FAIL: gcc.target/mips/call-6.c   -O2   scan-assembler \\\\.reloc\\t1f,R_MIPS_JALR,staticfunc\\n1:\\tjalrc?\\t
FAIL: gcc.target/mips/call-6.c   -O2   scan-assembler \\\\.reloc\\t1f,R_MIPS_JALR,staticfunc\\n1:\\tjalrc?\\t
FAIL: gcc.target/mips/call-6.c   -O2 -flto -fno-use-linker-plugin -flto-partition=none   scan-assembler \\\\.reloc\\t1f,R_MIPS_JALR,staticfunc\\n1:\\tjalrc?\\t
FAIL: gcc.target/mips/call-6.c   -O2 -flto -fno-use-linker-plugin -flto-partition=none   scan-assembler \\\\.reloc\\t1f,R_MIPS_JALR,staticfunc\\n1:\\tjalrc?\\t
FAIL: gcc.target/mips/call-6.c   -O2 -flto -fuse-linker-plugin -fno-fat-lto-objects   scan-assembler \\\\.reloc\\t1f,R_MIPS_JALR,staticfunc\\n1:\\tjalrc?\\t
FAIL: gcc.target/mips/call-6.c   -O2 -flto -fuse-linker-plugin -fno-fat-lto-objects   scan-assembler \\\\.reloc\\t1f,R_MIPS_JALR,staticfunc\\n1:\\tjalrc?\\t
FAIL: gcc.target/mips/call-6.c   -O3 -g   scan-assembler \\\\.reloc\\t1f,R_MIPS_JALR,staticfunc\\n1:\\tjalrc?\\t
FAIL: gcc.target/mips/call-6.c   -O3 -g   scan-assembler \\\\.reloc\\t1f,R_MIPS_JALR,staticfunc\\n1:\\tjalrc?\\t
FAIL: gcc.target/mips/compact-branches-7.c   -O1   scan-assembler \\tnop
FAIL: gcc.target/mips/compact-branches-7.c   -O1   scan-assembler \\tnop
XPASS: gcc.target/mips/dspr2-MULT.c   -O2   scan-assembler \\\\\$ac1
XPASS: gcc.target/mips/dspr2-MULT.c   -O2   scan-assembler \\\\\$ac1
XPASS: gcc.target/mips/dspr2-MULT.c   -O2 -flto -fno-use-linker-plugin -flto-partition=none   scan-assembler \\\\\$ac1
XPASS: gcc.target/mips/dspr2-MULT.c   -O2 -flto -fno-use-linker-plugin -flto-partition=none   scan-assembler \\\\\$ac1
XPASS: gcc.target/mips/dspr2-MULT.c   -O2 -flto -fuse-linker-plugin -fno-fat-lto-objects   scan-assembler \\\\\$ac1
XPASS: gcc.target/mips/dspr2-MULT.c   -O2 -flto -fuse-linker-plugin -fno-fat-lto-objects   scan-assembler \\\\\$ac1
XPASS: gcc.target/mips/dspr2-MULT.c   -O3 -g   scan-assembler \\\\\$ac1
XPASS: gcc.target/mips/dspr2-MULT.c   -O3 -g   scan-assembler \\\\\$ac1
XPASS: gcc.target/mips/dspr2-MULTU.c   -O2   scan-assembler \\\\\$ac1
XPASS: gcc.target/mips/dspr2-MULTU.c   -O2   scan-assembler \\\\\$ac1
XPASS: gcc.target/mips/dspr2-MULTU.c   -O2 -flto -fno-use-linker-plugin -flto-partition=none   scan-assembler \\\\\$ac1
XPASS: gcc.target/mips/dspr2-MULTU.c   -O2 -flto -fno-use-linker-plugin -flto-partition=none   scan-assembler \\\\\$ac1
XPASS: gcc.target/mips/dspr2-MULTU.c   -O2 -flto -fuse-linker-plugin -fno-fat-lto-objects   scan-assembler \\\\\$ac1
XPASS: gcc.target/mips/dspr2-MULTU.c   -O2 -flto -fuse-linker-plugin -fno-fat-lto-objects   scan-assembler \\\\\$ac1
XPASS: gcc.target/mips/dspr2-MULTU.c   -O3 -g   scan-assembler \\\\\$ac1
XPASS: gcc.target/mips/dspr2-MULTU.c   -O3 -g   scan-assembler \\\\\$ac1
UNRESOLVED: gcc.target/mips/inline-memcpy-1.c   -O1   scan-assembler-not \\tmemcpy
UNRESOLVED: gcc.target/mips/inline-memcpy-1.c   -O1   scan-assembler-not \\tmemcpy
FAIL: gcc.target/mips/inline-memcpy-1.c   -O1  (test for excess errors)
FAIL: gcc.target/mips/inline-memcpy-1.c   -O1  (test for excess errors)
UNRESOLVED: gcc.target/mips/inline-memcpy-1.c   -O2   scan-assembler-not \\tmemcpy
UNRESOLVED: gcc.target/mips/inline-memcpy-1.c   -O2   scan-assembler-not \\tmemcpy
FAIL: gcc.target/mips/inline-memcpy-1.c   -O2  (test for excess errors)
FAIL: gcc.target/mips/inline-memcpy-1.c   -O2  (test for excess errors)
UNRESOLVED: gcc.target/mips/inline-memcpy-1.c   -O2 -flto -fno-use-linker-plugin -flto-partition=none   scan-assembler-not \\tmemcpy
UNRESOLVED: gcc.target/mips/inline-memcpy-1.c   -O2 -flto -fno-use-linker-plugin -flto-partition=none   scan-assembler-not \\tmemcpy
FAIL: gcc.target/mips/inline-memcpy-1.c   -O2 -flto -fno-use-linker-plugin -flto-partition=none  (test for excess errors)
FAIL: gcc.target/mips/inline-memcpy-1.c   -O2 -flto -fno-use-linker-plugin -flto-partition=none  (test for excess errors)
UNRESOLVED: gcc.target/mips/inline-memcpy-1.c   -O2 -flto -fuse-linker-plugin -fno-fat-lto-objects   scan-assembler-not \\tmemcpy
UNRESOLVED: gcc.target/mips/inline-memcpy-1.c   -O2 -flto -fuse-linker-plugin -fno-fat-lto-objects   scan-assembler-not \\tmemcpy
FAIL: gcc.target/mips/inline-memcpy-1.c   -O2 -flto -fuse-linker-plugin -fno-fat-lto-objects  (test for excess errors)
FAIL: gcc.target/mips/inline-memcpy-1.c   -O2 -flto -fuse-linker-plugin -fno-fat-lto-objects  (test for excess errors)
UNRESOLVED: gcc.target/mips/inline-memcpy-1.c   -O3 -g   scan-assembler-not \\tmemcpy
UNRESOLVED: gcc.target/mips/inline-memcpy-1.c   -O3 -g   scan-assembler-not \\tmemcpy
FAIL: gcc.target/mips/inline-memcpy-1.c   -O3 -g  (test for excess errors)
FAIL: gcc.target/mips/inline-memcpy-1.c   -O3 -g  (test for excess errors)
UNRESOLVED: gcc.target/mips/inline-memcpy-2.c   -O1   scan-assembler-not \\tmemcpy
UNRESOLVED: gcc.target/mips/inline-memcpy-2.c   -O1   scan-assembler-not \\tmemcpy
UNRESOLVED: gcc.target/mips/inline-memcpy-2.c   -O1   scan-assembler-times \\tsh\\t 16
UNRESOLVED: gcc.target/mips/inline-memcpy-2.c   -O1   scan-assembler-times \\tsh\\t 16
FAIL: gcc.target/mips/inline-memcpy-2.c   -O1  (test for excess errors)
FAIL: gcc.target/mips/inline-memcpy-2.c   -O1  (test for excess errors)
UNRESOLVED: gcc.target/mips/inline-memcpy-2.c   -O2   scan-assembler-not \\tmemcpy
UNRESOLVED: gcc.target/mips/inline-memcpy-2.c   -O2   scan-assembler-not \\tmemcpy
UNRESOLVED: gcc.target/mips/inline-memcpy-2.c   -O2   scan-assembler-times \\tsh\\t 16
UNRESOLVED: gcc.target/mips/inline-memcpy-2.c   -O2   scan-assembler-times \\tsh\\t 16
FAIL: gcc.target/mips/inline-memcpy-2.c   -O2  (test for excess errors)
FAIL: gcc.target/mips/inline-memcpy-2.c   -O2  (test for excess errors)
UNRESOLVED: gcc.target/mips/inline-memcpy-2.c   -O2 -flto -fno-use-linker-plugin -flto-partition=none   scan-assembler-not \\tmemcpy
UNRESOLVED: gcc.target/mips/inline-memcpy-2.c   -O2 -flto -fno-use-linker-plugin -flto-partition=none   scan-assembler-not \\tmemcpy
UNRESOLVED: gcc.target/mips/inline-memcpy-2.c   -O2 -flto -fno-use-linker-plugin -flto-partition=none   scan-assembler-times \\tsh\\t 16
UNRESOLVED: gcc.target/mips/inline-memcpy-2.c   -O2 -flto -fno-use-linker-plugin -flto-partition=none   scan-assembler-times \\tsh\\t 16
FAIL: gcc.target/mips/inline-memcpy-2.c   -O2 -flto -fno-use-linker-plugin -flto-partition=none  (test for excess errors)
FAIL: gcc.target/mips/inline-memcpy-2.c   -O2 -flto -fno-use-linker-plugin -flto-partition=none  (test for excess errors)
UNRESOLVED: gcc.target/mips/inline-memcpy-2.c   -O2 -flto -fuse-linker-plugin -fno-fat-lto-objects   scan-assembler-not \\tmemcpy
UNRESOLVED: gcc.target/mips/inline-memcpy-2.c   -O2 -flto -fuse-linker-plugin -fno-fat-lto-objects   scan-assembler-not \\tmemcpy
UNRESOLVED: gcc.target/mips/inline-memcpy-2.c   -O2 -flto -fuse-linker-plugin -fno-fat-lto-objects   scan-assembler-times \\tsh\\t 16
UNRESOLVED: gcc.target/mips/inline-memcpy-2.c   -O2 -flto -fuse-linker-plugin -fno-fat-lto-objects   scan-assembler-times \\tsh\\t 16
FAIL: gcc.target/mips/inline-memcpy-2.c   -O2 -flto -fuse-linker-plugin -fno-fat-lto-objects  (test for excess errors)
FAIL: gcc.target/mips/inline-memcpy-2.c   -O2 -flto -fuse-linker-plugin -fno-fat-lto-objects  (test for excess errors)
UNRESOLVED: gcc.target/mips/inline-memcpy-2.c   -O3 -g   scan-assembler-not \\tmemcpy
UNRESOLVED: gcc.target/mips/inline-memcpy-2.c   -O3 -g   scan-assembler-not \\tmemcpy
UNRESOLVED: gcc.target/mips/inline-memcpy-2.c   -O3 -g   scan-assembler-times \\tsh\\t 16
UNRESOLVED: gcc.target/mips/inline-memcpy-2.c   -O3 -g   scan-assembler-times \\tsh\\t 16
FAIL: gcc.target/mips/inline-memcpy-2.c   -O3 -g  (test for excess errors)
FAIL: gcc.target/mips/inline-memcpy-2.c   -O3 -g  (test for excess errors)
FAIL: gcc.target/mips/loongson-shift-count-truncated-1.c   -O0  (test for excess errors)
FAIL: gcc.target/mips/loongson-shift-count-truncated-1.c   -O0  (test for excess errors)
FAIL: gcc.target/mips/loongson-shift-count-truncated-1.c   -O1  (test for excess errors)
FAIL: gcc.target/mips/loongson-shift-count-truncated-1.c   -O1  (test for excess errors)
FAIL: gcc.target/mips/loongson-shift-count-truncated-1.c   -O2  (test for excess errors)
FAIL: gcc.target/mips/loongson-shift-count-truncated-1.c   -O2  (test for excess errors)
FAIL: gcc.target/mips/loongson-shift-count-truncated-1.c   -O2 -flto -fno-use-linker-plugin -flto-partition=none  (test for excess errors)
FAIL: gcc.target/mips/loongson-shift-count-truncated-1.c   -O2 -flto -fno-use-linker-plugin -flto-partition=none  (test for excess errors)
FAIL: gcc.target/mips/loongson-shift-count-truncated-1.c   -O3 -g  (test for excess errors)
FAIL: gcc.target/mips/loongson-shift-count-truncated-1.c   -O3 -g  (test for excess errors)
FAIL: gcc.target/mips/loongson-shift-count-truncated-1.c   -Os  (test for excess errors)
FAIL: gcc.target/mips/loongson-shift-count-truncated-1.c   -Os  (test for excess errors)
FAIL: gcc.target/mips/loongson-simd.c   -O0  (test for excess errors)
FAIL: gcc.target/mips/loongson-simd.c   -O0  (test for excess errors)
FAIL: gcc.target/mips/loongson-simd.c   -O1  (test for excess errors)
FAIL: gcc.target/mips/loongson-simd.c   -O1  (test for excess errors)
FAIL: gcc.target/mips/loongson-simd.c   -O2  (test for excess errors)
FAIL: gcc.target/mips/loongson-simd.c   -O2  (test for excess errors)
FAIL: gcc.target/mips/loongson-simd.c   -O2 -flto -fno-use-linker-plugin -flto-partition=none  (test for excess errors)
FAIL: gcc.target/mips/loongson-simd.c   -O2 -flto -fno-use-linker-plugin -flto-partition=none  (test for excess errors)
FAIL: gcc.target/mips/loongson-simd.c   -O3 -g  (test for excess errors)
FAIL: gcc.target/mips/loongson-simd.c   -O3 -g  (test for excess errors)
FAIL: gcc.target/mips/loongson-simd.c   -Os  (test for excess errors)
FAIL: gcc.target/mips/loongson-simd.c   -Os  (test for excess errors)
FAIL: gcc.target/mips/madd-7.c   -O1   scan-assembler \\tmadd\\t
FAIL: gcc.target/mips/madd-7.c   -O1   scan-assembler \\tmadd\\t
FAIL: gcc.target/mips/madd-7.c   -O1   scan-assembler-not \\tmul\\t
FAIL: gcc.target/mips/madd-7.c   -O1   scan-assembler-not \\tmul\\t
FAIL: gcc.target/mips/msub-7.c   -O1   scan-assembler \\tmsub\\t
FAIL: gcc.target/mips/msub-7.c   -O1   scan-assembler \\tmsub\\t
FAIL: gcc.target/mips/msub-7.c   -O1   scan-assembler-not \\tmul\\t
FAIL: gcc.target/mips/msub-7.c   -O1   scan-assembler-not \\tmul\\t
FAIL: gcc.target/mips/save-restore-3.c   -O0   scan-assembler \\tsave\\t\\\\\$4-\\\\\$6,
FAIL: gcc.target/mips/save-restore-3.c   -O0   scan-assembler \\tsave\\t\\\\\$4-\\\\\$6,

		=== gcc Summary ===

# of expected passes		210272
# of unexpected failures	358
# of unexpected successes	44
# of expected failures		416
# of unresolved testcases	30
# of unsupported tests		4818
/build/gcc-snapshot-QQiZwi/gcc-snapshot-20161006/build/gcc/xgcc  version 7.0.0 20161006 (experimental) [trunk revision 240826] (Debian 20161006-1) 

		=== gfortran tests ===


Running target unix
UNRESOLVED: gfortran.dg/array_constructor_47.f90   -O0   scan-tree-dump-times original "while" 4
FAIL: gfortran.dg/array_constructor_47.f90   -O0  (test for excess errors)
UNRESOLVED: gfortran.dg/array_constructor_47.f90   -O0  compilation failed to produce executable
FAIL: gfortran.dg/bind_c_array_params_2.f90   -O   scan-assembler-times [ \\t][\$,_0-9]*myBindC 1
FAIL: gfortran.dg/bind_c_array_params_2.f90   -O   scan-assembler-times [ \\t][\$,_0-9]*myBindC 1

		=== gfortran Summary ===

# of expected passes		84441
# of unexpected failures	3
# of expected failures		152
# of unresolved testcases	2
# of unsupported tests		662
/build/gcc-snapshot-QQiZwi/gcc-snapshot-20161006/build/gcc/gfortran  version 7.0.0 20161006 (experimental) [trunk revision 240826] (Debian 20161006-1) 

		=== go tests ===


Running target unix
FAIL: go.test/test/chan/select5.go execution
FAIL: go.test/test/chan/select5.go execution
FAIL: go.test/test/cmplxdivide.go
FAIL: go.test/test/cmplxdivide.go
FAIL: go.test/test/mallocfin.go execution,  -O2 -g 
FAIL: go.test/test/mallocfin.go execution,  -O2 -g 
FAIL: go.test/test/recover.go execution,  -O2 -g 
FAIL: go.test/test/recover.go execution,  -O2 -g 
WARNING: program timed out
WARNING: program timed out

		=== go Summary ===

# of expected passes		14718
# of unexpected failures	8
# of expected failures		2
# of untested testcases		20
# of unsupported tests		6
/build/gcc-snapshot-QQiZwi/gcc-snapshot-20161006/build/gcc/gccgo  version 7.0.0 20161006 (experimental) [trunk revision 240826] (Debian 20161006-1) 

		=== obj-c++ tests ===


Running target unix

		=== obj-c++ Summary for unix ===

# of expected passes		1458
# of expected failures		2
# of unsupported tests		77

Running target unix

		=== obj-c++ Summary for unix ===

# of expected passes		1458
# of expected failures		2
# of unsupported tests		77

		=== obj-c++ Summary ===

# of expected passes		2916
# of expected failures		4
# of unsupported tests		154
/build/gcc-snapshot-QQiZwi/gcc-snapshot-20161006/build/gcc/xg++  version 7.0.0 20161006 (experimental) [trunk revision 240826] (Debian 20161006-1) 

		=== objc tests ===


Running target unix

		=== objc Summary ===

# of expected passes		5606
# of unsupported tests		136
/build/gcc-snapshot-QQiZwi/gcc-snapshot-20161006/build/gcc/xgcc  version 7.0.0 20161006 (experimental) [trunk revision 240826] (Debian 20161006-1) 

		=== libatomic tests ===


Running target unix

		=== libatomic Summary for unix ===

# of expected passes		44
# of unsupported tests		5

Running target unix

		=== libatomic Summary for unix ===

# of expected passes		44
# of unsupported tests		5

		=== libatomic Summary ===

# of expected passes		88
# of unsupported tests		10
		=== libffi tests ===


Running target unix

		=== libffi Summary for unix ===

# of expected passes		1914
# of unsupported tests		30

Running target unix

		=== libffi Summary for unix ===

# of expected passes		1914
# of unsupported tests		30

		=== libffi Summary ===

# of expected passes		3828
# of unsupported tests		60
		=== libgo tests ===


Running target unix
FAIL: os
FAIL: reflect
FAIL: runtime
FAIL: syscall
FAIL: time
FAIL: crypto/rsa
FAIL: crypto/subtle
FAIL: crypto/tls
FAIL: debug/dwarf
FAIL: debug/elf
FAIL: debug/macho
FAIL: debug/pe
FAIL: encoding/pem
FAIL: html/template
FAIL: go/doc
FAIL: math/big
FAIL: math/rand
FAIL: net/http
FAIL: net/http/cgi
FAIL: net/http/httptrace
FAIL: net/rpc
FAIL: net/rpc/jsonrpc
FAIL: old/template
FAIL: os/exec
FAIL: runtime/pprof
FAIL: runtime/internal/atomic
FAIL: sync/atomic
FAIL: text/template
FAIL: testing/quick

		=== libgo Summary for unix ===

# of expected passes		110
# of unexpected failures	29

Running target unix/-mabi=n32
FAIL: os
FAIL: reflect
FAIL: runtime
FAIL: syscall
FAIL: time
FAIL: crypto/rsa
FAIL: crypto/subtle
FAIL: crypto/tls
FAIL: debug/dwarf
FAIL: debug/elf
FAIL: debug/macho
FAIL: debug/pe
FAIL: encoding/pem
FAIL: html/template
FAIL: go/doc
FAIL: math/big
FAIL: math/rand
FAIL: net/http
FAIL: net/http/cgi
FAIL: net/http/httptrace
FAIL: net/rpc
FAIL: net/rpc/jsonrpc
FAIL: old/template
FAIL: os/exec
FAIL: os/signal
FAIL: runtime/pprof
FAIL: runtime/internal/atomic
FAIL: text/template
FAIL: testing/quick

		=== libgo Summary for unix/-mabi=n32 ===

# of expected passes		110
# of unexpected failures	29

Running target unix/-mabi=64
FAIL: os
FAIL: reflect
FAIL: runtime
FAIL: syscall
FAIL: time
FAIL: crypto/rsa
FAIL: crypto/subtle
FAIL: crypto/tls
FAIL: debug/dwarf
FAIL: debug/elf
FAIL: debug/macho
FAIL: debug/pe
FAIL: encoding/pem
FAIL: html/template
FAIL: go/doc
FAIL: math/big
FAIL: math/rand
FAIL: net/http
FAIL: net/http/cgi
FAIL: net/http/httptrace
FAIL: net/rpc
FAIL: net/rpc/jsonrpc
FAIL: old/template
FAIL: os/exec
FAIL: runtime/pprof
FAIL: text/template
FAIL: testing/quick

		=== libgo Summary for unix/-mabi=64 ===

# of expected passes		112
# of unexpected failures	27

		=== libgo Summary ===

# of expected passes		332
# of unexpected failures	85
/build/gcc-snapshot-QQiZwi/gcc-snapshot-20161006/build/./gcc/gccgo version 7.0.0 20161006 (experimental) [trunk revision 240826] (Debian 20161006-1)

		=== libgomp tests ===


Running target unix
FAIL: libgomp.oacc-c/../libgomp.oacc-c-c++-common/atomic_update-1.c -DACC_DEVICE_TYPE_host=1 -DACC_MEM_SHARED=1  -O2  execution test
FAIL: libgomp.oacc-c++/../libgomp.oacc-c-c++-common/atomic_update-1.c -DACC_DEVICE_TYPE_host=1 -DACC_MEM_SHARED=1  -O2  execution test

		=== libgomp Summary for unix ===

# of expected passes		4974
# of unexpected failures	2
# of unsupported tests		380

Running target unix
FAIL: libgomp.oacc-c/../libgomp.oacc-c-c++-common/atomic_update-1.c -DACC_DEVICE_TYPE_host=1 -DACC_MEM_SHARED=1  -O2  execution test
FAIL: libgomp.oacc-c++/../libgomp.oacc-c-c++-common/atomic_update-1.c -DACC_DEVICE_TYPE_host=1 -DACC_MEM_SHARED=1  -O2  execution test

		=== libgomp Summary for unix ===

# of expected passes		4974
# of unexpected failures	2
# of unsupported tests		380

		=== libgomp Summary ===

# of expected passes		9948
# of unexpected failures	4
# of unsupported tests		760
		=== libstdc++ tests ===


Running target unix
FAIL: libstdc++-abi/abi_check
FAIL: libstdc++-abi/abi_check
FAIL: 22_locale/time_get/get_date/wchar_t/4.cc execution test
FAIL: 22_locale/time_get/get_date/wchar_t/4.cc execution test
FAIL: 23_containers/vector/requirements/exception/propagation_consistent.cc execution test
FAIL: 23_containers/vector/requirements/exception/propagation_consistent.cc execution test
FAIL: 26_numerics/headers/cmath/hypot.cc execution test
FAIL: 26_numerics/headers/cmath/hypot.cc execution test

		=== libstdc++ Summary ===

# of expected passes		23006
# of unexpected failures	8
# of expected failures		130
# of unsupported tests		600

Compiler version: 7.0.0 20161006 (experimental) [trunk revision 240826] (Debian 20161006-1) 
Platform: mips-unknown-linux-gnu
configure flags: -v --with-pkgversion='Debian 20161006-1' --with-bugurl=file:///usr/share/doc/gcc-snapshot/README.Bugs --enable-languages=c,c++,go,fortran,objc,obj-c++ --prefix=/usr/lib/gcc-snapshot --program-prefix= --enable-shared --enable-linker-build-id --disable-nls --with-sysroot=/ --enable-clocale=gnu --enable-libstdcxx-debug --enable-libstdcxx-time=yes --with-default-libstdcxx-abi=new --enable-gnu-unique-object --disable-libitm --disable-libsanitizer --disable-libquadmath --enable-plugin --with-system-zlib --enable-multiarch --enable-multilib --with-arch-32=mips32r2 --with-fp-32=xx --enable-targets=all --with-arch-64=mips64r2 --disable-werror --enable-checking=yes --build=mips-linux-gnu --host=mips-linux-gnu --target=mips-linux-gnu
BOOT_CFLAGS=


Build Dependencies:
Desired=Unknown/Install/Remove/Purge/Hold
| Status=Not/Inst/Conf-files/Unpacked/halF-conf/Half-inst/trig-aWait/Trig-pend
|/ Err?=(none)/Reinst-required (Status,Err: uppercase=bad)
||/ Name                      Version        Architecture Description
+++-=========================-==============-============-===============================================================================
ii  binutils                  2.27-8         mips         GNU assembler, linker and binary utilities
ii  g++-6                     6.2.0-5        mips         GNU C++ compiler
ii  g++-6-multilib            6.2.0-5        mips         GNU C++ compiler (multilib support)
ii  g++-multilib              4:6.1.1-1      mips         GNU C++ compiler (multilib files)
ii  libc6:mips                2.24-3         mips         GNU C Library: Shared libraries
ii  libgmp-dev:mips           2:6.1.1+dfsg-1 mips         Multiprecision arithmetic library developers tools
ii  libisl-dev:mips           0.17.1-1       mips         manipulating sets and relations of integer points bounded by linear constraints
ii  libmpc-dev:mips           1.0.3-1+b1     mips         multiple precision complex floating-point library development package
ii  libmpfr-dev:mips          3.1.5-1        mips         multiple precision floating-point computation developers tools


sys-auxv-header:
  Check for the sys/auxv.h header file.

libcilkrts-targets:
  Disable libcilkrts on KFreeBSD and the Hurd. See #734973.

arm-multilib-soft:
  ARM hard/soft float multilib support

arm-multilib-defaults:
  Set MULTILIB_DEFAULTS for ARM multilib builds

gcc-ice-dump:
  For ICEs, dump the preprocessed source file to stderr
  when in a distro build environment.

gcc-ice-apport:
  Report an ICE to apport (if apport is available
  and the environment variable GCC_NOAPPORT is not set)

skip-bootstrap-multilib:
  Skip non-default multilib and libstdc++-v3 debug builds in bootstrap builds

libffi-ro-eh_frame_sect:
  PR libffi/47248, force a read only eh frame section.

pr67899:
  Proposed patch for PR sanitizer/67899

gcc-multiarch:
  - Remaining multiarch patches, not yet submitted upstream.
  - Add MULTIARCH_DIRNAME definitions for multilib configurations,
  which are used for the non-multilib builds.

config-ml:
  - Disable some biarch libraries for biarch builds.
  - Fix multilib builds on kernels which don't support all multilibs.

gcc-multilib-multiarch:
  Don't auto-detect multilib osdirnames.

libgomp-kfreebsd-testsuite:
  Disable lock-2.c test on kfreebsd-*

go-testsuite:
  Skip Go testcase on AArch64 which hangs on the buildds.

ada-749574:

ada-mips:
  Improve support for mips.

ada-bootstrap-compare:
  For the bootstrap comparison, ignore gcc/ada/a-except.o on
  mips and mipsel. See PR ada/65618.

Counting all warnings,
there are 0 warnings in stage3 of this bootstrap.

Number of warnings per file:

Number of warning types:


Index Nav: [Date Index] [Subject Index] [Author Index] [Thread Index]
Message Nav: [Date Prev] [Date Next] [Thread Prev] [Thread Next]