This is the mail archive of the gcc-testresults@gcc.gnu.org mailing list for the GCC project.


Index Nav: [Date Index] [Subject Index] [Author Index] [Thread Index]
Message Nav: [Date Prev] [Date Next] [Thread Prev] [Thread Next]
Other format: [Raw text]

Results for 7.0.0 20161001 (experimental) [trunk revision 240696] (GCC) testsuite on armv6-unknown-freebsd12.0


LAST_UPDATED: Sat Oct  1 20:30:01 UTC 2016 (revision 240696)

Native configuration is armv6-unknown-freebsd12.0

		=== libatomic tests ===


Running target unix

		=== libatomic Summary ===

# of expected passes		44
# of unsupported tests		5
		=== libgomp tests ===


Running target unix
FAIL: libgomp.c/copyin-3.c execution test
FAIL: libgomp.oacc-c/../libgomp.oacc-c-c++-common/loop-dim-default.c -DACC_DEVICE_TYPE_host=1 -DACC_MEM_SHARED=1  -O2  (test for excess errors)
UNRESOLVED: libgomp.oacc-c/../libgomp.oacc-c-c++-common/loop-dim-default.c -DACC_DEVICE_TYPE_host=1 -DACC_MEM_SHARED=1  -O2  compilation failed to produce executable
FAIL: libgomp.oacc-c++/../libgomp.oacc-c-c++-common/loop-dim-default.c -DACC_DEVICE_TYPE_host=1 -DACC_MEM_SHARED=1  -O2  (test for excess errors)
UNRESOLVED: libgomp.oacc-c++/../libgomp.oacc-c-c++-common/loop-dim-default.c -DACC_DEVICE_TYPE_host=1 -DACC_MEM_SHARED=1  -O2  compilation failed to produce executable

		=== libgomp Summary ===

# of expected passes		4911
# of unexpected failures	3
# of unresolved testcases	2
# of unsupported tests		387
		=== libitm tests ===


Running target unix
FAIL: libitm.c/simple-2.c execution test

		=== libitm Summary ===

# of expected passes		41
# of unexpected failures	1
# of expected failures		3
# of unsupported tests		1
		=== libstdc++ tests ===


Running target unix
FAIL: 17_intro/headers/c++1998/stdc++.cc (test for excess errors)
FAIL: 17_intro/headers/c++1998/stdc++_multiple_inclusion.cc (test for excess errors)
FAIL: 17_intro/headers/c++2011/stdc++.cc (test for excess errors)
FAIL: 17_intro/headers/c++2011/stdc++_multiple_inclusion.cc (test for excess errors)
FAIL: 17_intro/headers/c++2014/stdc++.cc (test for excess errors)
FAIL: 17_intro/headers/c++2014/stdc++_multiple_inclusion.cc (test for excess errors)
FAIL: 22_locale/codecvt/in/wchar_t/3.cc execution test
FAIL: 22_locale/codecvt/max_length/wchar_t/4.cc execution test
FAIL: 22_locale/codecvt/out/wchar_t/3.cc execution test
FAIL: 22_locale/ctype/is/char/wrapped_env.cc execution test
FAIL: 22_locale/ctype/is/char/wrapped_locale.cc execution test
FAIL: 22_locale/ctype/is/wchar_t/wrapped_env.cc execution test
FAIL: 22_locale/ctype/is/wchar_t/wrapped_locale.cc execution test
WARNING: program timed out.
FAIL: 22_locale/locale/cons/12658_thread-1.cc execution test
WARNING: program timed out.
FAIL: 22_locale/locale/cons/12658_thread-2.cc execution test
FAIL: 22_locale/locale/cons/29217.cc execution test
FAIL: 22_locale/locale/cons/38368.cc execution test
FAIL: 22_locale/locale/cons/40184.cc execution test
FAIL: 22_locale/locale/global_locale_objects/14071.cc execution test
FAIL: 22_locale/messages/13631.cc execution test
FAIL: 22_locale/messages/members/char/1.cc execution test
FAIL: 22_locale/messages/members/char/2.cc execution test
FAIL: 22_locale/messages/members/char/wrapped_env.cc execution test
FAIL: 22_locale/messages/members/char/wrapped_locale.cc execution test
FAIL: 22_locale/messages_byname/named_equivalence.cc execution test
FAIL: 22_locale/money_get/get/char/16.cc execution test
FAIL: 22_locale/money_get/get/char/18.cc execution test
FAIL: 22_locale/money_get/get/char/2.cc execution test
FAIL: 22_locale/money_get/get/char/4.cc execution test
FAIL: 22_locale/money_get/get/char/wrapped_env.cc execution test
FAIL: 22_locale/money_get/get/char/wrapped_locale.cc execution test
FAIL: 22_locale/money_get/get/wchar_t/1.cc execution test
FAIL: 22_locale/money_get/get/wchar_t/16.cc execution test
FAIL: 22_locale/money_get/get/wchar_t/18.cc execution test
FAIL: 22_locale/money_get/get/wchar_t/2.cc execution test
FAIL: 22_locale/money_get/get/wchar_t/4.cc execution test
FAIL: 22_locale/money_get/get/wchar_t/wrapped_env.cc execution test
FAIL: 22_locale/money_get/get/wchar_t/wrapped_locale.cc execution test
FAIL: 22_locale/money_put/put/char/2.cc execution test
FAIL: 22_locale/money_put/put/char/9780-3.cc execution test
FAIL: 22_locale/money_put/put/char/wrapped_env.cc execution test
FAIL: 22_locale/money_put/put/char/wrapped_locale.cc execution test
FAIL: 22_locale/money_put/put/wchar_t/1.cc execution test
FAIL: 22_locale/money_put/put/wchar_t/2.cc execution test
FAIL: 22_locale/money_put/put/wchar_t/3.cc execution test
FAIL: 22_locale/money_put/put/wchar_t/wrapped_env.cc execution test
FAIL: 22_locale/money_put/put/wchar_t/wrapped_locale.cc execution test
FAIL: 22_locale/numpunct/members/char/3.cc execution test
FAIL: 22_locale/time_get/get_date/char/12750.cc execution test
FAIL: 22_locale/time_get/get_date/char/2.cc execution test
FAIL: 22_locale/time_get/get_date/char/wrapped_env.cc execution test
FAIL: 22_locale/time_get/get_date/char/wrapped_locale.cc execution test
FAIL: 22_locale/time_get/get_date/wchar_t/12750.cc execution test
FAIL: 22_locale/time_get/get_date/wchar_t/2.cc execution test
FAIL: 22_locale/time_get/get_date/wchar_t/4.cc execution test
FAIL: 22_locale/time_get/get_date/wchar_t/wrapped_env.cc execution test
FAIL: 22_locale/time_get/get_date/wchar_t/wrapped_locale.cc execution test
FAIL: 22_locale/time_get/get_time/char/2.cc execution test
FAIL: 22_locale/time_get/get_time/char/wrapped_env.cc execution test
FAIL: 22_locale/time_get/get_time/char/wrapped_locale.cc execution test
FAIL: 22_locale/time_get/get_time/wchar_t/2.cc execution test
FAIL: 22_locale/time_get/get_time/wchar_t/wrapped_env.cc execution test
FAIL: 22_locale/time_get/get_time/wchar_t/wrapped_locale.cc execution test
FAIL: 22_locale/time_get/get_weekday/char/38081-1.cc execution test
FAIL: 22_locale/time_get/get_weekday/char/38081-2.cc execution test
FAIL: 22_locale/time_put/put/char/2.cc execution test
FAIL: 22_locale/time_put/put/char/3.cc execution test
FAIL: 22_locale/time_put/put/char/4.cc execution test
FAIL: 22_locale/time_put/put/char/wrapped_env.cc execution test
FAIL: 22_locale/time_put/put/char/wrapped_locale.cc execution test
FAIL: 22_locale/time_put/put/wchar_t/2.cc execution test
FAIL: 22_locale/time_put/put/wchar_t/3.cc execution test
FAIL: 22_locale/time_put/put/wchar_t/4.cc execution test
FAIL: 22_locale/time_put/put/wchar_t/wrapped_env.cc execution test
FAIL: 22_locale/time_put/put/wchar_t/wrapped_locale.cc execution test
FAIL: 25_algorithms/is_heap/1.cc execution test
FAIL: 26_numerics/headers/cmath/hypot.cc execution test
FAIL: 27_io/basic_filebuf/overflow/wchar_t/11305-1.cc execution test
FAIL: 27_io/basic_filebuf/overflow/wchar_t/11305-2.cc execution test
FAIL: 27_io/basic_filebuf/overflow/wchar_t/11305-3.cc execution test
FAIL: 27_io/basic_filebuf/overflow/wchar_t/11305-4.cc execution test
FAIL: 27_io/manipulators/extended/get_time/char/2.cc execution test
FAIL: 28_regex/algorithms/regex_match/extended/wstring_locale.cc execution test
FAIL: 28_regex/iterators/regex_token_iterator/wchar_t/wstring_02.cc execution test
FAIL: 30_threads/async/42819.cc execution test
FAIL: 30_threads/async/49668.cc execution test
FAIL: 30_threads/async/54297.cc execution test
FAIL: 30_threads/async/any.cc execution test
FAIL: 30_threads/async/async.cc execution test
FAIL: 30_threads/async/sync.cc execution test
FAIL: 30_threads/call_once/39909.cc execution test
FAIL: 30_threads/call_once/49668.cc execution test
FAIL: 30_threads/call_once/call_once1.cc execution test
FAIL: 30_threads/future/members/45133.cc execution test
FAIL: 30_threads/future/members/get.cc execution test
FAIL: 30_threads/future/members/get2.cc execution test
FAIL: 30_threads/future/members/share.cc execution test
FAIL: 30_threads/future/members/valid.cc execution test
FAIL: 30_threads/future/members/wait.cc execution test
FAIL: 30_threads/future/members/wait_for.cc execution test
FAIL: 30_threads/future/members/wait_until.cc execution test
FAIL: 30_threads/packaged_task/49668.cc execution test
FAIL: 30_threads/packaged_task/cons/3.cc execution test
FAIL: 30_threads/packaged_task/cons/alloc.cc execution test
FAIL: 30_threads/packaged_task/members/at_thread_exit.cc execution test
FAIL: 30_threads/packaged_task/members/get_future.cc execution test
FAIL: 30_threads/packaged_task/members/invoke.cc execution test
FAIL: 30_threads/packaged_task/members/invoke2.cc execution test
FAIL: 30_threads/packaged_task/members/invoke3.cc execution test
FAIL: 30_threads/packaged_task/members/invoke4.cc execution test
FAIL: 30_threads/packaged_task/members/invoke5.cc execution test
FAIL: 30_threads/packaged_task/members/reset2.cc execution test
FAIL: 30_threads/promise/60966.cc execution test
FAIL: 30_threads/promise/cons/alloc.cc execution test
FAIL: 30_threads/promise/cons/move.cc execution test
FAIL: 30_threads/promise/cons/move_assign.cc execution test
FAIL: 30_threads/promise/members/at_thread_exit.cc execution test
FAIL: 30_threads/promise/members/get_future.cc execution test
FAIL: 30_threads/promise/members/set_exception.cc execution test
FAIL: 30_threads/promise/members/set_exception2.cc execution test
FAIL: 30_threads/promise/members/set_value.cc execution test
FAIL: 30_threads/promise/members/set_value2.cc execution test
FAIL: 30_threads/promise/members/set_value3.cc execution test
FAIL: 30_threads/promise/members/swap.cc execution test
FAIL: 30_threads/shared_future/members/get.cc execution test
FAIL: 30_threads/shared_future/members/get2.cc execution test
FAIL: 30_threads/shared_future/members/valid.cc execution test
FAIL: 30_threads/shared_future/members/wait.cc execution test
FAIL: 30_threads/shared_future/members/wait_for.cc execution test
FAIL: 30_threads/shared_future/members/wait_until.cc execution test

		=== libstdc++ Summary ===

# of expected passes		11075
# of unexpected failures	130
# of expected failures		67
# of unsupported tests		285
		=== g++ tests ===


Running target unix
FAIL: g++.dg/ext/arm-fp16/arm-fp16-ops-3.C  -std=gnu++98 (test for excess errors)
UNRESOLVED: g++.dg/ext/arm-fp16/arm-fp16-ops-3.C  -std=gnu++98 compilation failed to produce executable
FAIL: g++.dg/ext/arm-fp16/arm-fp16-ops-3.C  -std=gnu++11 (test for excess errors)
UNRESOLVED: g++.dg/ext/arm-fp16/arm-fp16-ops-3.C  -std=gnu++11 compilation failed to produce executable
FAIL: g++.dg/ext/arm-fp16/arm-fp16-ops-3.C  -std=gnu++14 (test for excess errors)
UNRESOLVED: g++.dg/ext/arm-fp16/arm-fp16-ops-3.C  -std=gnu++14 compilation failed to produce executable
FAIL: g++.dg/ext/arm-fp16/arm-fp16-ops-4.C  -std=gnu++98 (test for excess errors)
UNRESOLVED: g++.dg/ext/arm-fp16/arm-fp16-ops-4.C  -std=gnu++98 compilation failed to produce executable
FAIL: g++.dg/ext/arm-fp16/arm-fp16-ops-4.C  -std=gnu++11 (test for excess errors)
UNRESOLVED: g++.dg/ext/arm-fp16/arm-fp16-ops-4.C  -std=gnu++11 compilation failed to produce executable
FAIL: g++.dg/ext/arm-fp16/arm-fp16-ops-4.C  -std=gnu++14 (test for excess errors)
UNRESOLVED: g++.dg/ext/arm-fp16/arm-fp16-ops-4.C  -std=gnu++14 compilation failed to produce executable
FAIL: g++.dg/inherit/thunk10.C  -std=gnu++98 (test for excess errors)
UNRESOLVED: g++.dg/inherit/thunk10.C  -std=gnu++98 compilation failed to produce executable
FAIL: g++.dg/inherit/thunk10.C  -std=gnu++11 (test for excess errors)
UNRESOLVED: g++.dg/inherit/thunk10.C  -std=gnu++11 compilation failed to produce executable
FAIL: g++.dg/inherit/thunk10.C  -std=gnu++14 (test for excess errors)
UNRESOLVED: g++.dg/inherit/thunk10.C  -std=gnu++14 compilation failed to produce executable
FAIL: c-c++-common/va-arg-va-list-type.c  -std=c++98 (internal compiler error)
FAIL: c-c++-common/va-arg-va-list-type.c  -std=c++98  (test for errors, line 8)
FAIL: c-c++-common/va-arg-va-list-type.c  -std=c++98 (test for excess errors)
FAIL: c-c++-common/va-arg-va-list-type.c  -std=c++11 (internal compiler error)
FAIL: c-c++-common/va-arg-va-list-type.c  -std=c++11  (test for errors, line 8)
FAIL: c-c++-common/va-arg-va-list-type.c  -std=c++11 (test for excess errors)
FAIL: c-c++-common/va-arg-va-list-type.c  -std=c++14 (internal compiler error)
FAIL: c-c++-common/va-arg-va-list-type.c  -std=c++14  (test for errors, line 8)
FAIL: c-c++-common/va-arg-va-list-type.c  -std=c++14 (test for excess errors)
FAIL: g++.dg/gcov/pr16855.C  -std=gnu++98  line 21: is #####:should be 1
FAIL: g++.dg/gcov/pr16855.C  -std=gnu++98  gcov: 1 failures in line counts, 0 in branch percentages, 0 in return percentages, 0 in intermediate format
FAIL: g++.dg/gcov/pr16855.C  -std=gnu++11  line 21: is #####:should be 1
FAIL: g++.dg/gcov/pr16855.C  -std=gnu++11  gcov: 1 failures in line counts, 0 in branch percentages, 0 in return percentages, 0 in intermediate format
FAIL: g++.dg/gcov/pr16855.C  -std=gnu++14  line 21: is #####:should be 1
FAIL: g++.dg/gcov/pr16855.C  -std=gnu++14  gcov: 1 failures in line counts, 0 in branch percentages, 0 in return percentages, 0 in intermediate format
FAIL: g++.dg/lto/pr65276 cp_lto_pr65276_0.o-cp_lto_pr65276_1.o link, -flto -O0 -std=c++11
UNRESOLVED: g++.dg/lto/pr65276 cp_lto_pr65276_0.o-cp_lto_pr65276_1.o execute -flto -O0 -std=c++11
FAIL: g++.dg/pch/array-1.C  -g -I. -Dwith_PCH (test for excess errors)
FAIL: g++.dg/pch/array-1.C -g assembly comparison
FAIL: g++.dg/pch/array-1.C  -O2 -g -I. -Dwith_PCH (test for excess errors)
FAIL: g++.dg/pch/array-1.C -O2 -g assembly comparison
FAIL: g++.dg/pch/array-1.C  -O2 -I. -Dwith_PCH (test for excess errors)
FAIL: g++.dg/pch/array-1.C -O2 assembly comparison
FAIL: g++.dg/pch/empty.C  -g -I. -Dwith_PCH (test for excess errors)
FAIL: g++.dg/pch/empty.C -g assembly comparison
FAIL: g++.dg/pch/empty.C  -O2 -g -I. -Dwith_PCH (test for excess errors)
FAIL: g++.dg/pch/empty.C -O2 -g assembly comparison
FAIL: g++.dg/pch/empty.C  -O2 -I. -Dwith_PCH (test for excess errors)
FAIL: g++.dg/pch/empty.C -O2 assembly comparison
FAIL: g++.dg/pch/externc-1.C  -g -I. -Dwith_PCH (test for excess errors)
FAIL: g++.dg/pch/externc-1.C -g assembly comparison
FAIL: g++.dg/pch/externc-1.C  -O2 -g -I. -Dwith_PCH (test for excess errors)
FAIL: g++.dg/pch/externc-1.C -O2 -g assembly comparison
FAIL: g++.dg/pch/externc-1.C  -O2 -I. -Dwith_PCH (test for excess errors)
FAIL: g++.dg/pch/externc-1.C -O2 assembly comparison
FAIL: g++.dg/pch/local-1.C  -g -I. -Dwith_PCH (internal compiler error)
FAIL: g++.dg/pch/local-1.C  -g -I. -Dwith_PCH (test for excess errors)
FAIL: g++.dg/pch/local-1.C  -g assembly comparison
FAIL: g++.dg/pch/local-1.C  -O2 -g -I. -Dwith_PCH (internal compiler error)
FAIL: g++.dg/pch/local-1.C  -O2 -g -I. -Dwith_PCH (test for excess errors)
FAIL: g++.dg/pch/local-1.C  -O2 -g assembly comparison
FAIL: g++.dg/pch/local-1.C  -O2 -I. -Dwith_PCH (internal compiler error)
FAIL: g++.dg/pch/local-1.C  -O2 -I. -Dwith_PCH (test for excess errors)
FAIL: g++.dg/pch/local-1.C  -O2 assembly comparison
FAIL: g++.dg/pch/pch.C  -g -I. -Dwith_PCH (test for excess errors)
FAIL: g++.dg/pch/pch.C -g assembly comparison
FAIL: g++.dg/pch/pch.C  -O2 -g -I. -Dwith_PCH (test for excess errors)
FAIL: g++.dg/pch/pch.C -O2 -g assembly comparison
FAIL: g++.dg/pch/pch.C  -O2 -I. -Dwith_PCH (test for excess errors)
FAIL: g++.dg/pch/pch.C -O2 assembly comparison
FAIL: g++.dg/pch/static-1.C  -g -I. -Dwith_PCH (internal compiler error)
FAIL: g++.dg/pch/static-1.C  -g -I. -Dwith_PCH (test for excess errors)
FAIL: g++.dg/pch/static-1.C  -g assembly comparison
FAIL: g++.dg/pch/static-1.C  -O2 -g -I. -Dwith_PCH (internal compiler error)
FAIL: g++.dg/pch/static-1.C  -O2 -g -I. -Dwith_PCH (test for excess errors)
FAIL: g++.dg/pch/static-1.C  -O2 -g assembly comparison
FAIL: g++.dg/pch/static-1.C  -O2 -I. -Dwith_PCH (test for excess errors)
FAIL: g++.dg/pch/static-1.C -O2 assembly comparison
FAIL: g++.dg/pch/system-1.C  -g -I. -Dwith_PCH (test for excess errors)
FAIL: g++.dg/pch/system-1.C -g assembly comparison
FAIL: g++.dg/pch/system-1.C  -O2 -g -I. -Dwith_PCH (test for excess errors)
FAIL: g++.dg/pch/system-1.C -O2 -g assembly comparison
FAIL: g++.dg/pch/system-1.C  -O2 -I. -Dwith_PCH (test for excess errors)
FAIL: g++.dg/pch/system-1.C -O2 assembly comparison
FAIL: g++.dg/pch/system-2.C  -g -I. -Dwith_PCH (test for excess errors)
FAIL: g++.dg/pch/system-2.C -g assembly comparison
FAIL: g++.dg/pch/system-2.C  -O2 -g -I. -Dwith_PCH (test for excess errors)
FAIL: g++.dg/pch/system-2.C -O2 -g assembly comparison
FAIL: g++.dg/pch/system-2.C  -O2 -I. -Dwith_PCH (test for excess errors)
FAIL: g++.dg/pch/system-2.C -O2 assembly comparison
FAIL: g++.dg/pch/template-1.C  -g -I. -Dwith_PCH (test for excess errors)
FAIL: g++.dg/pch/template-1.C -g assembly comparison
FAIL: g++.dg/pch/template-1.C  -O2 -g -I. -Dwith_PCH (test for excess errors)
FAIL: g++.dg/pch/template-1.C -O2 -g assembly comparison
FAIL: g++.dg/pch/template-1.C  -O2 -I. -Dwith_PCH (test for excess errors)
FAIL: g++.dg/pch/template-1.C -O2 assembly comparison
FAIL: g++.dg/pch/uninst.C  -g -I. -Dwith_PCH (test for excess errors)
FAIL: g++.dg/pch/uninst.C -g assembly comparison
FAIL: g++.dg/pch/uninst.C  -O2 -g -I. -Dwith_PCH (test for excess errors)
FAIL: g++.dg/pch/uninst.C -O2 -g assembly comparison
FAIL: g++.dg/pch/uninst.C  -O2 -I. -Dwith_PCH (internal compiler error)
FAIL: g++.dg/pch/uninst.C  -O2 -I. -Dwith_PCH (test for excess errors)
FAIL: g++.dg/pch/uninst.C  -O2 assembly comparison
FAIL: g++.dg/pch/wchar-1.C  -g -I. -Dwith_PCH (test for excess errors)
FAIL: g++.dg/pch/wchar-1.C -g assembly comparison
FAIL: g++.dg/pch/wchar-1.C  -O2 -g -I. -Dwith_PCH (test for excess errors)
FAIL: g++.dg/pch/wchar-1.C -O2 -g assembly comparison
FAIL: g++.dg/pch/wchar-1.C  -O2 -I. -Dwith_PCH (test for excess errors)
FAIL: g++.dg/pch/wchar-1.C -O2 assembly comparison
FAIL: g++.dg/tls/static-1.C  -std=gnu++98 execution test
FAIL: g++.dg/tls/static-1.C  -std=gnu++11 execution test
FAIL: g++.dg/tls/static-1.C  -std=gnu++14 execution test
FAIL: g++.dg/tree-prof/indir-call-prof.C scan-ipa-dump profile "Indirect call -> direct call.* AA transformation on insn"
FAIL: g++.dg/tree-prof/morefunc.C scan-ipa-dump-times profile "Indirect call -> direct call" 2
FAIL: g++.dg/tree-prof/pr35545.C scan-ipa-dump profile_estimate "Indirect call -> direct call"
FAIL: g++.dg/tree-prof/reorder.C scan-ipa-dump-times profile "Indirect call -> direct call" 2
FAIL: g++.old-deja/g++.other/init18.C  -std=c++98 execution test
FAIL: g++.old-deja/g++.other/init18.C  -std=c++11 execution test
FAIL: g++.old-deja/g++.other/init18.C  -std=c++14 execution test
FAIL: g++.old-deja/g++.other/init19.C  -std=c++98 execution test
FAIL: g++.old-deja/g++.other/init19.C  -std=c++11 execution test
FAIL: g++.old-deja/g++.other/init19.C  -std=c++14 execution test

		=== g++ Summary ===

# of expected passes		96644
# of unexpected failures	110
# of expected failures		328
# of unresolved testcases	10
# of unsupported tests		4094
/build/gcc/objdir_armv6hf/gcc/xg++  version 7.0.0 20161001 (experimental) [trunk revision 240696] (GCC) 

		=== gcc tests ===


Running target unix
FAIL: gcc.c-torture/compile/limits-exprparen.c   -O0  (internal compiler error)
FAIL: gcc.c-torture/compile/limits-exprparen.c   -O0  (test for excess errors)
FAIL: gcc.c-torture/compile/limits-exprparen.c   -O1  (internal compiler error)
FAIL: gcc.c-torture/compile/limits-exprparen.c   -O1  (test for excess errors)
FAIL: gcc.c-torture/compile/limits-exprparen.c   -O2  (internal compiler error)
FAIL: gcc.c-torture/compile/limits-exprparen.c   -O2  (test for excess errors)
FAIL: gcc.c-torture/compile/limits-exprparen.c   -O3 -g  (internal compiler error)
FAIL: gcc.c-torture/compile/limits-exprparen.c   -O3 -g  (test for excess errors)
FAIL: gcc.c-torture/compile/limits-exprparen.c   -Os  (internal compiler error)
FAIL: gcc.c-torture/compile/limits-exprparen.c   -Os  (test for excess errors)
FAIL: gcc.c-torture/compile/limits-exprparen.c   -O2 -flto -fno-use-linker-plugin -flto-partition=none  (internal compiler error)
FAIL: gcc.c-torture/compile/limits-exprparen.c   -O2 -flto -fno-use-linker-plugin -flto-partition=none  (test for excess errors)
FAIL: gcc.c-torture/compile/limits-exprparen.c   -O2 -flto -fuse-linker-plugin -fno-fat-lto-objects  (internal compiler error)
FAIL: gcc.c-torture/compile/limits-exprparen.c   -O2 -flto -fuse-linker-plugin -fno-fat-lto-objects  (test for excess errors)
FAIL: gcc.c-torture/execute/20030125-1.c   -O1  execution test
FAIL: gcc.c-torture/execute/20030125-1.c   -Os  execution test
FAIL: gcc.c-torture/execute/921215-1.c   -O0  execution test
FAIL: gcc.c-torture/execute/nestfunc-1.c   -O0  execution test
FAIL: gcc.c-torture/execute/nestfunc-3.c   -O1  execution test
FAIL: gcc.c-torture/execute/nestfunc-3.c   -O2  execution test
FAIL: gcc.c-torture/execute/nestfunc-3.c   -O3 -fomit-frame-pointer -funroll-loops -fpeel-loops -ftracer -finline-functions  execution test
FAIL: gcc.c-torture/execute/nestfunc-3.c   -O3 -g  execution test
FAIL: gcc.c-torture/execute/nestfunc-3.c   -Os  execution test
FAIL: gcc.c-torture/execute/nestfunc-5.c   -Os  execution test
FAIL: gcc.dg/cpp/trad/include.c (test for excess errors)
FAIL: gcc.dg/builtins-58.c scan-assembler-not pow\\\\M
FAIL: gcc.dg/builtins-59.c scan-tree-dump gimple "__builtin_cexpi"
FAIL: gcc.dg/builtins-59.c scan-tree-dump-not gimple "sincos"
FAIL: gcc.dg/builtins-61.c scan-tree-dump optimized "cexpi"
FAIL: gcc.dg/builtins-61.c scan-tree-dump optimized "sin"
FAIL: gcc.dg/builtins-61.c scan-tree-dump optimized "cos"
FAIL: gcc.dg/builtins-61.c scan-tree-dump optimized "return 0.0"
FAIL: gcc.dg/builtins-62.c scan-tree-dump-times optimized "cexpi" 3
FAIL: gcc.dg/builtins-65.c (test for excess errors)
FAIL: gcc.dg/c99-stdint-5.c (test for excess errors)
FAIL: gcc.dg/c99-stdint-6.c (test for excess errors)
FAIL: gcc.dg/c99-stdint-7.c (test for excess errors)
FAIL: gcc.dg/c99-tgmath-4.c (test for excess errors)
UNRESOLVED: gcc.dg/c99-tgmath-4.c scan-assembler cpowf
FAIL: gcc.dg/utf-array-short-wchar.c  (test for errors, line 41)
FAIL: gcc.dg/utf-array-short-wchar.c (test for excess errors)
FAIL: c-c++-common/va-arg-va-list-type.c  -Wc++-compat  (internal compiler error)
FAIL: c-c++-common/va-arg-va-list-type.c  -Wc++-compat   (test for errors, line 8)
FAIL: c-c++-common/va-arg-va-list-type.c  -Wc++-compat  (test for excess errors)
FAIL: gcc.dg/fixed-point/binary.c (test for excess errors)
UNRESOLVED: gcc.dg/fixed-point/binary.c compilation failed to produce executable
FAIL: gcc.dg/lto/20110201-1 c_lto_20110201-1_0.o-c_lto_20110201-1_0.o link, -O0 -flto -fno-math-errno -mfloat-abi=softfp -mfpu=neon-vfpv4
UNRESOLVED: gcc.dg/lto/20110201-1 c_lto_20110201-1_0.o-c_lto_20110201-1_0.o execute -O0 -flto -fno-math-errno -mfloat-abi=softfp -mfpu=neon-vfpv4
FAIL: gcc.dg/pch/system-1.c  -O0 -g -I. -Dwith_PCH (test for excess errors)
FAIL: gcc.dg/pch/system-1.c -O0 -g assembly comparison
FAIL: gcc.dg/pch/system-1.c   -O0  -I. -Dwith_PCH (test for excess errors)
FAIL: gcc.dg/pch/system-1.c  -O0  assembly comparison
FAIL: gcc.dg/pch/system-1.c   -O1  -I. -Dwith_PCH (test for excess errors)
FAIL: gcc.dg/pch/system-1.c  -O1  assembly comparison
FAIL: gcc.dg/pch/system-1.c   -O2  -I. -Dwith_PCH (test for excess errors)
FAIL: gcc.dg/pch/system-1.c  -O2  assembly comparison
FAIL: gcc.dg/pch/system-1.c   -O3 -g  -I. -Dwith_PCH (test for excess errors)
FAIL: gcc.dg/pch/system-1.c  -O3 -g  assembly comparison
FAIL: gcc.dg/pch/system-1.c   -Os  -I. -Dwith_PCH (test for excess errors)
FAIL: gcc.dg/pch/system-1.c  -Os  assembly comparison
FAIL: gcc.dg/pch/largefile.c -O0 -g assembly comparison
FAIL: gcc.dg/pch/largefile.c  -O0  assembly comparison
FAIL: gcc.dg/pch/largefile.c  -O1  assembly comparison
FAIL: gcc.dg/pch/largefile.c  -O2  assembly comparison
FAIL: gcc.dg/pch/largefile.c  -O3 -g  assembly comparison
FAIL: gcc.dg/pch/largefile.c  -Os  assembly comparison
FAIL: gcc.dg/torture/arm-fp16-int-convert-alt.c   -O0  (test for excess errors)
UNRESOLVED: gcc.dg/torture/arm-fp16-int-convert-alt.c   -O0  compilation failed to produce executable
FAIL: gcc.dg/torture/arm-fp16-int-convert-alt.c   -O1  (test for excess errors)
UNRESOLVED: gcc.dg/torture/arm-fp16-int-convert-alt.c   -O1  compilation failed to produce executable
FAIL: gcc.dg/torture/arm-fp16-int-convert-alt.c   -O2  (test for excess errors)
UNRESOLVED: gcc.dg/torture/arm-fp16-int-convert-alt.c   -O2  compilation failed to produce executable
FAIL: gcc.dg/torture/arm-fp16-int-convert-alt.c   -O3 -g  (test for excess errors)
UNRESOLVED: gcc.dg/torture/arm-fp16-int-convert-alt.c   -O3 -g  compilation failed to produce executable
FAIL: gcc.dg/torture/arm-fp16-int-convert-alt.c   -Os  (test for excess errors)
UNRESOLVED: gcc.dg/torture/arm-fp16-int-convert-alt.c   -Os  compilation failed to produce executable
FAIL: gcc.dg/torture/arm-fp16-int-convert-alt.c   -O2 -flto -fno-use-linker-plugin -flto-partition=none  (test for excess errors)
UNRESOLVED: gcc.dg/torture/arm-fp16-int-convert-alt.c   -O2 -flto -fno-use-linker-plugin -flto-partition=none  compilation failed to produce executable
FAIL: gcc.dg/torture/arm-fp16-int-convert-alt.c   -O2 -flto -fuse-linker-plugin -fno-fat-lto-objects  (test for excess errors)
UNRESOLVED: gcc.dg/torture/arm-fp16-int-convert-alt.c   -O2 -flto -fuse-linker-plugin -fno-fat-lto-objects  compilation failed to produce executable
FAIL: gcc.dg/torture/arm-fp16-ops-3.c   -O0  (test for excess errors)
UNRESOLVED: gcc.dg/torture/arm-fp16-ops-3.c   -O0  compilation failed to produce executable
FAIL: gcc.dg/torture/arm-fp16-ops-3.c   -O1  (test for excess errors)
UNRESOLVED: gcc.dg/torture/arm-fp16-ops-3.c   -O1  compilation failed to produce executable
FAIL: gcc.dg/torture/arm-fp16-ops-3.c   -O2  (test for excess errors)
UNRESOLVED: gcc.dg/torture/arm-fp16-ops-3.c   -O2  compilation failed to produce executable
FAIL: gcc.dg/torture/arm-fp16-ops-3.c   -O3 -g  (test for excess errors)
UNRESOLVED: gcc.dg/torture/arm-fp16-ops-3.c   -O3 -g  compilation failed to produce executable
FAIL: gcc.dg/torture/arm-fp16-ops-3.c   -Os  (test for excess errors)
UNRESOLVED: gcc.dg/torture/arm-fp16-ops-3.c   -Os  compilation failed to produce executable
FAIL: gcc.dg/torture/arm-fp16-ops-3.c   -O2 -flto -fno-use-linker-plugin -flto-partition=none  (test for excess errors)
UNRESOLVED: gcc.dg/torture/arm-fp16-ops-3.c   -O2 -flto -fno-use-linker-plugin -flto-partition=none  compilation failed to produce executable
FAIL: gcc.dg/torture/arm-fp16-ops-3.c   -O2 -flto -fuse-linker-plugin -fno-fat-lto-objects  (test for excess errors)
UNRESOLVED: gcc.dg/torture/arm-fp16-ops-3.c   -O2 -flto -fuse-linker-plugin -fno-fat-lto-objects  compilation failed to produce executable
FAIL: gcc.dg/torture/arm-fp16-ops-4.c   -O0  (test for excess errors)
UNRESOLVED: gcc.dg/torture/arm-fp16-ops-4.c   -O0  compilation failed to produce executable
FAIL: gcc.dg/torture/arm-fp16-ops-4.c   -O1  (test for excess errors)
UNRESOLVED: gcc.dg/torture/arm-fp16-ops-4.c   -O1  compilation failed to produce executable
FAIL: gcc.dg/torture/arm-fp16-ops-4.c   -O2  (test for excess errors)
UNRESOLVED: gcc.dg/torture/arm-fp16-ops-4.c   -O2  compilation failed to produce executable
FAIL: gcc.dg/torture/arm-fp16-ops-4.c   -O3 -g  (test for excess errors)
UNRESOLVED: gcc.dg/torture/arm-fp16-ops-4.c   -O3 -g  compilation failed to produce executable
FAIL: gcc.dg/torture/arm-fp16-ops-4.c   -Os  (test for excess errors)
UNRESOLVED: gcc.dg/torture/arm-fp16-ops-4.c   -Os  compilation failed to produce executable
FAIL: gcc.dg/torture/arm-fp16-ops-4.c   -O2 -flto -fno-use-linker-plugin -flto-partition=none  (test for excess errors)
UNRESOLVED: gcc.dg/torture/arm-fp16-ops-4.c   -O2 -flto -fno-use-linker-plugin -flto-partition=none  compilation failed to produce executable
FAIL: gcc.dg/torture/arm-fp16-ops-4.c   -O2 -flto -fuse-linker-plugin -fno-fat-lto-objects  (test for excess errors)
UNRESOLVED: gcc.dg/torture/arm-fp16-ops-4.c   -O2 -flto -fuse-linker-plugin -fno-fat-lto-objects  compilation failed to produce executable
FAIL: gcc.dg/torture/builtin-convert-1.c   -O1  (test for excess errors)
FAIL: gcc.dg/torture/builtin-convert-1.c   -O2  (test for excess errors)
FAIL: gcc.dg/torture/builtin-convert-1.c   -O3 -g  (test for excess errors)
FAIL: gcc.dg/torture/builtin-convert-1.c   -Os  (test for excess errors)
FAIL: gcc.dg/torture/builtin-convert-1.c   -O2 -flto -fno-use-linker-plugin -flto-partition=none  (test for excess errors)
FAIL: gcc.dg/torture/builtin-convert-2.c   -O1  (test for excess errors)
FAIL: gcc.dg/torture/builtin-convert-2.c   -O2  (test for excess errors)
FAIL: gcc.dg/torture/builtin-convert-2.c   -O3 -g  (test for excess errors)
FAIL: gcc.dg/torture/builtin-convert-2.c   -Os  (test for excess errors)
FAIL: gcc.dg/torture/builtin-convert-2.c   -O2 -flto -fno-use-linker-plugin -flto-partition=none  (test for excess errors)
FAIL: gcc.dg/torture/pr68264.c   -O0  execution test
FAIL: gcc.dg/torture/pr68264.c   -O1  execution test
FAIL: gcc.dg/torture/pr68264.c   -O2  execution test
FAIL: gcc.dg/torture/pr68264.c   -O3 -g  execution test
FAIL: gcc.dg/torture/pr68264.c   -Os  execution test
FAIL: gcc.dg/torture/pr68264.c   -O2 -flto -fno-use-linker-plugin -flto-partition=none  execution test
FAIL: gcc.dg/torture/pr68264.c   -O2 -flto -fuse-linker-plugin -fno-fat-lto-objects  execution test
FAIL: gcc.dg/torture/pr69951.c   -O0  (test for excess errors)
FAIL: gcc.dg/torture/pr69951.c   -O1  (test for excess errors)
FAIL: gcc.dg/torture/pr69951.c   -O2  (test for excess errors)
FAIL: gcc.dg/torture/pr69951.c   -O3 -g  (test for excess errors)
FAIL: gcc.dg/torture/pr69951.c   -Os  (test for excess errors)
FAIL: gcc.dg/torture/pr69951.c   -O2 -flto -fno-use-linker-plugin -flto-partition=none  (test for excess errors)
FAIL: gcc.dg/torture/pr69951.c   -O2 -flto -fuse-linker-plugin -fno-fat-lto-objects  (test for excess errors)
FAIL: gcc.dg/torture/stackalign/nested-6.c   -O3 -g -fpic execution test
FAIL: gcc.dg/torture/stackalign/nested-6.c   -O2 -flto -fno-use-linker-plugin -flto-partition=none -fpic execution test
FAIL: gcc.dg/torture/stackalign/nested-6.c   -O2 -flto -fuse-linker-plugin -fno-fat-lto-objects -fpic execution test
FAIL: gcc.dg/torture/tls/run-ie.c   -O0  execution test
FAIL: gcc.dg/torture/tls/run-ie.c   -O0  -fpic  execution test
FAIL: gcc.dg/torture/tls/run-ie.c   -O1  -fpic  execution test
FAIL: gcc.dg/torture/tls/run-ie.c   -O2  -fpic  execution test
FAIL: gcc.dg/torture/tls/run-ie.c   -O3 -g  -fpic  execution test
FAIL: gcc.dg/torture/tls/run-ie.c   -Os  -fpic  execution test
FAIL: gcc.dg/torture/tls/run-ie.c   -O0  -fPIC  execution test
FAIL: gcc.dg/torture/tls/run-ie.c   -O1  -fPIC  execution test
FAIL: gcc.dg/torture/tls/run-ie.c   -O2  -fPIC  execution test
FAIL: gcc.dg/torture/tls/run-ie.c   -O3 -g  -fPIC  execution test
FAIL: gcc.dg/torture/tls/run-ie.c   -Os  -fPIC  execution test
FAIL: gcc.dg/torture/tls/run-ie.c   -O0  -pie -fpie  execution test
FAIL: gcc.dg/torture/tls/run-ie.c   -O1  -pie -fpie  execution test
FAIL: gcc.dg/torture/tls/run-ie.c   -O2  -pie -fpie  execution test
FAIL: gcc.dg/torture/tls/run-ie.c   -O3 -g  -pie -fpie  execution test
FAIL: gcc.dg/torture/tls/run-ie.c   -Os  -pie -fpie  execution test
FAIL: gcc.dg/torture/tls/run-ie.c   -O0  -pie -fPIE  execution test
FAIL: gcc.dg/torture/tls/run-ie.c   -O1  -pie -fPIE  execution test
FAIL: gcc.dg/torture/tls/run-ie.c   -O2  -pie -fPIE  execution test
FAIL: gcc.dg/torture/tls/run-ie.c   -O3 -g  -pie -fPIE  execution test
FAIL: gcc.dg/torture/tls/run-ie.c   -Os  -pie -fPIE  execution test
FAIL: gcc.dg/tree-prof/crossmodule-indircall-1.c execution,    -fprofile-use -D_PROFILE_USE
FAIL: gcc.dg/tree-prof/ic-misattribution-1.c scan-ipa-dump profile "hist->count 1 hist->all 1"
FAIL: gcc.dg/tree-prof/indir-call-prof.c scan-ipa-dump profile "Indirect call -> direct call.* a1 transformation on insn"
FAIL: gcc.dg/tree-ssa/builtin-sprintf-warn-1.c  (test for warnings, line 1229)
FAIL: gcc.dg/tree-ssa/builtin-sprintf-warn-1.c  (test for warnings, line 1279)
FAIL: gcc.dg/tree-ssa/builtin-sprintf-warn-1.c  (test for warnings, line 1390)
FAIL: gcc.dg/tree-ssa/builtin-sprintf-warn-1.c (test for excess errors)
FAIL: gcc.dg/tree-ssa/builtin-sprintf-warn-4.c (test for excess errors)
XPASS: gcc.dg/tree-ssa/builtin-sprintf-warn-6.c unsigned long long (test for bogus messages, line 91)
FAIL: gcc.dg/tree-ssa/forwprop-35.c (internal compiler error)
FAIL: gcc.dg/tree-ssa/forwprop-35.c (test for excess errors)
FAIL: gcc.dg/tree-ssa/forwprop-35.c scan-tree-dump-times cddce1 "VEC_PERM_EXPR" 1
FAIL: gcc.dg/tree-ssa/forwprop-35.c scan-tree-dump-times cddce1 "\\\\(v4sf\\\\) " 2
FAIL: gcc.dg/tree-ssa/minmax-2.c scan-tree-dump optimized "__builtin_fmin"
FAIL: gcc.dg/tree-ssa/pr69270-3.c scan-tree-dump-times uncprop1 ", 1" 4
FAIL: gcc.dg/tree-ssa/pr71078-1-double.c scan-tree-dump forwprop1 "__builtin_copysign"
FAIL: gcc.dg/tree-ssa/pr71078-1.c scan-tree-dump forwprop1 "__builtin_copysignf"
FAIL: gcc.dg/tree-ssa/pr71078-2-double.c scan-tree-dump forwprop1 "__builtin_copysign"
FAIL: gcc.dg/tree-ssa/pr71078-2.c scan-tree-dump forwprop1 "__builtin_copysignf"
FAIL: gcc.dg/tree-ssa/pr71078-3.c scan-tree-dump forwprop1 "__builtin_copysign"
XPASS: gcc.dg/tree-ssa/pr71347.c scan-tree-dump-not optimized ".* = MEM.*;"
FAIL: gcc.dg/tree-ssa/scev-4.c scan-tree-dump-times optimized "&a" 1
FAIL: gcc.dg/tree-ssa/scev-5.c scan-tree-dump-times optimized "&a" 1
FAIL: gcc.dg/tree-ssa/slsr-8.c scan-tree-dump-times optimized " w?\\\\* " 7
FAIL: gcc.dg/vect/pr56541.c scan-tree-dump-times vect "vectorized 1 loops" 1
XPASS: gcc.dg/vect/vect-24.c scan-tree-dump-times vect "vectorized 3 loops" 1
FAIL: gcc.dg/vect/pr56541.c -flto -ffat-lto-objects  scan-tree-dump-times vect "vectorized 1 loops" 1
XPASS: gcc.dg/vect/vect-24.c -flto -ffat-lto-objects  scan-tree-dump-times vect "vectorized 3 loops" 1
FAIL: gcc.target/arm/aapcs/align4.c (test for excess errors)
UNRESOLVED: gcc.target/arm/aapcs/align4.c compilation failed to produce executable
FAIL: gcc.target/arm/aapcs/align_rec4.c (test for excess errors)
UNRESOLVED: gcc.target/arm/aapcs/align_rec4.c compilation failed to produce executable
FAIL: gcc.target/arm/aapcs/neon-vect1.c (test for excess errors)
UNRESOLVED: gcc.target/arm/aapcs/neon-vect1.c compilation failed to produce executable
FAIL: gcc.target/arm/aapcs/neon-vect2.c (test for excess errors)
UNRESOLVED: gcc.target/arm/aapcs/neon-vect2.c compilation failed to produce executable
FAIL: gcc.target/arm/aapcs/neon-vect3.c (test for excess errors)
UNRESOLVED: gcc.target/arm/aapcs/neon-vect3.c compilation failed to produce executable
FAIL: gcc.target/arm/aapcs/neon-vect4.c (test for excess errors)
UNRESOLVED: gcc.target/arm/aapcs/neon-vect4.c compilation failed to produce executable
FAIL: gcc.target/arm/aapcs/neon-vect5.c (test for excess errors)
UNRESOLVED: gcc.target/arm/aapcs/neon-vect5.c compilation failed to produce executable
FAIL: gcc.target/arm/aapcs/neon-vect6.c (test for excess errors)
UNRESOLVED: gcc.target/arm/aapcs/neon-vect6.c compilation failed to produce executable
FAIL: gcc.target/arm/aapcs/neon-vect7.c (test for excess errors)
UNRESOLVED: gcc.target/arm/aapcs/neon-vect7.c compilation failed to produce executable
FAIL: gcc.target/arm/aapcs/neon-vect8.c (test for excess errors)
UNRESOLVED: gcc.target/arm/aapcs/neon-vect8.c compilation failed to produce executable
FAIL: gcc.target/arm/aapcs/vfp22.c (test for excess errors)
UNRESOLVED: gcc.target/arm/aapcs/vfp22.c compilation failed to produce executable
FAIL: gcc.target/arm/aapcs/vfp23.c (test for excess errors)
UNRESOLVED: gcc.target/arm/aapcs/vfp23.c compilation failed to produce executable
FAIL: gcc.target/arm/aapcs/vfp24.c (test for excess errors)
UNRESOLVED: gcc.target/arm/aapcs/vfp24.c compilation failed to produce executable
FAIL: gcc.target/arm/aapcs/vfp25.c (test for excess errors)
UNRESOLVED: gcc.target/arm/aapcs/vfp25.c compilation failed to produce executable
FAIL: gcc.target/arm/attr_thumb-static.c (test for excess errors)
UNRESOLVED: gcc.target/arm/attr_thumb-static.c compilation failed to produce executable
FAIL: gcc.target/arm/bics_4.c scan-assembler-times bics\\tr[0-9]+, r[0-9]+, r[0-9]+ 2
FAIL: gcc.target/arm/fixed-point-exec.c (test for excess errors)
UNRESOLVED: gcc.target/arm/fixed-point-exec.c compilation failed to produce executable
FAIL: gcc.target/arm/fp16-rounding-alt-1.c (test for excess errors)
UNRESOLVED: gcc.target/arm/fp16-rounding-alt-1.c compilation failed to produce executable
FAIL: gcc.target/arm/ivopts-orig_biv-inc.c scan-tree-dump-times ivopts "original biv" 2
UNRESOLVED: gcc.target/arm/ivopts.c object-size text <= 36
FAIL: gcc.target/arm/pr42575.c scan-assembler-not mov
FAIL: gcc.target/arm/pr70278.c (test for excess errors)
FAIL: gcc.target/arm/reg_equal_test.c scan-rtl-dump expand "expr_list:REG_EQUAL \\\\(const_int -942519458"
FAIL: object-readelf Tag_ABI_enum_size size is incorrect.

		=== gcc Summary ===

# of expected passes		97950
# of unexpected failures	179
# of unexpected successes	4
# of expected failures		282
# of unresolved testcases	42
# of unsupported tests		3469
/build/gcc/objdir_armv6hf/gcc/xgcc  version 7.0.0 20161001 (experimental) [trunk revision 240696] (GCC) 

		=== gfortran tests ===


Running target unix
FAIL: gfortran.dg/coarray/event_2.f90 -fcoarray=lib  -O2  -lcaf_single -latomic execution test
FAIL: gfortran.dg/default_format_denormal_1.f90   -O0  execution test
FAIL: gfortran.dg/default_format_denormal_1.f90   -O1  execution test
FAIL: gfortran.dg/default_format_denormal_1.f90   -O2  execution test
FAIL: gfortran.dg/default_format_denormal_1.f90   -O3 -fomit-frame-pointer -funroll-loops -fpeel-loops -ftracer -finline-functions  execution test
FAIL: gfortran.dg/default_format_denormal_1.f90   -O3 -g  execution test
FAIL: gfortran.dg/default_format_denormal_1.f90   -Os  execution test
FAIL: gfortran.dg/internal_dummy_2.f08   -O1  execution test
FAIL: gfortran.dg/internal_dummy_3.f08   -O0  execution test
FAIL: gfortran.dg/internal_dummy_3.f08   -O1  execution test
FAIL: gfortran.dg/proc_ptr_comp_9.f90   -O0  execution test
FAIL: gfortran.dg/proc_ptr_comp_pass_3.f90   -O0  execution test
FAIL: gfortran.dg/structure_constructor_11.f90   -O0  execution test
FAIL: gfortran.dg/structure_constructor_11.f90   -O1  execution test
FAIL: gfortran.dg/ieee/ieee_6.f90   -O0  execution test
FAIL: gfortran.dg/ieee/ieee_6.f90   -O1  execution test
FAIL: gfortran.dg/ieee/ieee_6.f90   -O2  execution test
FAIL: gfortran.dg/ieee/ieee_6.f90   -O3 -fomit-frame-pointer -funroll-loops -fpeel-loops -ftracer -finline-functions  execution test
FAIL: gfortran.dg/ieee/ieee_6.f90   -O3 -g  execution test
FAIL: gfortran.dg/ieee/ieee_6.f90   -Os  execution test
FAIL: gfortran.dg/vect/pr48329.f90   -O   scan-tree-dump-times vect "vectorized 1 loops" 1

		=== gfortran Summary ===

# of expected passes		42047
# of unexpected failures	21
# of expected failures		72
# of unsupported tests		352
/build/gcc/objdir_armv6hf/gcc/gfortran  version 7.0.0 20161001 (experimental) [trunk revision 240696] (GCC) 

		=== objc tests ===


Running target unix

		=== objc Summary ===

# of expected passes		2803
# of unsupported tests		68
/build/gcc/objdir_armv6hf/gcc/xgcc  version 7.0.0 20161001 (experimental) [trunk revision 240696] (GCC) 


Compiler version: 7.0.0 20161001 (experimental) [trunk revision 240696] (GCC) 
Platform: armv6-unknown-freebsd12.0
configure flags: --with-gmp=/usr/local --disable-nls --with-ld=/usr/local/bin/ld --with-as=/usr/local/bin/as --prefix=/build/gcc/testbin_armv6hf


Index Nav: [Date Index] [Subject Index] [Author Index] [Thread Index]
Message Nav: [Date Prev] [Date Next] [Thread Prev] [Thread Next]