This is the mail archive of the gcc-testresults@gcc.gnu.org mailing list for the GCC project.


Index Nav: [Date Index] [Subject Index] [Author Index] [Thread Index]
Message Nav: [Date Prev] [Date Next] [Thread Prev] [Thread Next]
Other format: [Raw text]

Results for 7.0.0 20161003 (experimental) [master revision 255beb0:e53987f:fcfa0d6a2c28d6ddf68fa4d74fdca3379b23dd62] (Cavium Inc. (Build 514)) testsuite on aarch64-unknown-linux-gnu


LAST_UPDATED: Mon Oct  3 09:23:53 UTC 2016 (revision 255beb0:e53987f:fcfa0d6a2c28d6ddf68fa4d74fdca3379b23dd62)

Native configuration is aarch64-unknown-linux-gnu

		=== libatomic tests ===


Running target unix

		=== libatomic Summary ===

# of expected passes		54
		=== libffi tests ===


Running target unix

		=== libffi Summary ===

# of expected passes		2214
		=== libgo tests ===


Running target unix

		=== libgo Summary ===

# of expected passes		139
/home/jenkins/workspace/BuildThunderX_native_gcc_upstream/objdir/./gcc/gccgo version 7.0.0 20161003 (experimental) [master revision 255beb0:e53987f:fcfa0d6a2c28d6ddf68fa4d74fdca3379b23dd62] (Cavium Inc. (Build 514))

		=== libgomp tests ===


Running target unix
FAIL: libgomp.fortran/reduction6.f90   -O0  execution test
FAIL: libgomp.fortran/reduction6.f90   -O1  execution test
FAIL: libgomp.fortran/reduction6.f90   -O2  execution test
FAIL: libgomp.fortran/reduction6.f90   -O3 -fomit-frame-pointer -funroll-loops -fpeel-loops -ftracer -finline-functions  execution test
FAIL: libgomp.fortran/reduction6.f90   -O3 -g  execution test
FAIL: libgomp.fortran/reduction6.f90   -Os  execution test

		=== libgomp Summary ===

# of expected passes		4924
# of unexpected failures	6
# of unsupported tests		380
		=== libitm tests ===


Running target unix

		=== libitm Summary ===

# of expected passes		42
# of expected failures		3
# of unsupported tests		1
		=== libstdc++ tests ===


Running target unix
FAIL: 27_io/manipulators/extended/get_money/char/1.cc execution test

		=== libstdc++ Summary ===

# of expected passes		10987
# of unexpected failures	1
# of expected failures		65
# of unsupported tests		554
		=== gcc tests ===


Running target unix
FAIL: c-c++-common/va-arg-va-list-type.c  -Wc++-compat   (test for errors, line 8)
FAIL: gcc.dg/tree-ssa/pr69270-3.c scan-tree-dump-times uncprop1 ", 1" 4
FAIL: gcc.dg/tree-ssa/scev-4.c scan-tree-dump-times optimized "&a" 1
FAIL: gcc.dg/tree-ssa/slsr-8.c scan-tree-dump-times optimized " w?\\\\* " 7
XPASS: gcc.dg/vect/vect-24.c -flto -ffat-lto-objects  scan-tree-dump-times vect "vectorized 3 loops" 1
XPASS: gcc.dg/vect/vect-24.c scan-tree-dump-times vect "vectorized 3 loops" 1
FAIL: gcc.target/aarch64/fmaxmin.c scan-assembler-times fmaxnm\\tv[0-9]+.2d, v[0-9]+.2d, v[0-9]+.2d 1
FAIL: gcc.target/aarch64/fmaxmin.c scan-assembler-times fminnm\\tv[0-9]+.2d, v[0-9]+.2d, v[0-9]+.2d 1
FAIL: gcc.target/aarch64/fmul_fcvt_2.c scan-assembler-times fcvtzs\\tv[0-9].4s, v[0-9].4s*.*#2 1
FAIL: gcc.target/aarch64/fmul_fcvt_2.c scan-assembler-times fcvtzs\\tv[0-9].4s, v[0-9].4s*.*#3 1
FAIL: gcc.target/aarch64/fmul_fcvt_2.c scan-assembler-times fcvtzs\\tv[0-9].4s, v[0-9].4s*.*#4 1
FAIL: gcc.target/aarch64/ldp_stp_1.c scan-assembler-times stp\\tw[0-9]+, w[0-9] 7
FAIL: gcc.target/aarch64/ldp_vec_64_1.c scan-assembler ldp\\td[0-9]+, d[0-9]
FAIL: gcc.target/aarch64/store-pair-1.c scan-assembler stp\\tw([0-9]+)|(zr), w[0-9]+
FAIL: gcc.target/aarch64/vect-abs-compile.c scan-assembler abs\\\\tv[0-9]+.16b
FAIL: gcc.target/aarch64/vect-abs-compile.c scan-assembler abs\\\\tv[0-9]+.2d
FAIL: gcc.target/aarch64/vect-abs-compile.c scan-assembler abs\\\\tv[0-9]+.8h
FAIL: gcc.target/aarch64/vect-clz.c scan-assembler clz\\tv[0-9]+.4s
FAIL: gcc.target/aarch64/vect-fcm-eq-d.c scan-assembler fcmeq\\\\tv[0-9]+.2d, v[0-9]+.2d, 0
FAIL: gcc.target/aarch64/vect-fcm-eq-d.c scan-assembler fcmeq\\\\tv[0-9]+.2d, v[0-9]+.2d, v[0-9]+.2d
FAIL: gcc.target/aarch64/vect-fcm-eq-d.c scan-tree-dump-times vect "vectorized 1 loops" 8
FAIL: gcc.target/aarch64/vect-fcm-ge-d.c scan-assembler fcmge\\\\tv[0-9]+.2d, v[0-9]+.2d, 0
FAIL: gcc.target/aarch64/vect-fcm-ge-d.c scan-assembler fcmge\\\\tv[0-9]+.2d, v[0-9]+.2d, v[0-9]+.2d
FAIL: gcc.target/aarch64/vect-fcm-ge-d.c scan-assembler fcmlt\\\\tv[0-9]+.2d, v[0-9]+.2d, 0
FAIL: gcc.target/aarch64/vect-fcm-ge-d.c scan-tree-dump-times vect "vectorized 1 loops" 8
FAIL: gcc.target/aarch64/vect-fcm-gt-d.c scan-assembler fcmgt\\\\tv[0-9]+.2d, v[0-9]+.2d, 0
FAIL: gcc.target/aarch64/vect-fcm-gt-d.c scan-assembler fcmgt\\\\tv[0-9]+.2d, v[0-9]+.2d, v[0-9]+.2d
FAIL: gcc.target/aarch64/vect-fcm-gt-d.c scan-assembler fcmle\\\\tv[0-9]+.2d, v[0-9]+.2d, 0
FAIL: gcc.target/aarch64/vect-fcm-gt-d.c scan-tree-dump-times vect "vectorized 1 loops" 8
FAIL: gcc.target/aarch64/vect-fmovd-zero.c scan-assembler movi\\\\tv[0-9]+\\\\.2d, 0
FAIL: gcc.target/aarch64/vect-fmovd-zero.c scan-tree-dump-times vect "vectorized 1 loops" 1
FAIL: gcc.target/aarch64/vect-fmovd.c scan-assembler fmov\\\\tv[0-9]+\\\\.2d, 4\\\\.25
FAIL: gcc.target/aarch64/vect-fmovd.c scan-tree-dump-times vect "vectorized 1 loops" 1
FAIL: gcc.target/aarch64/vect-fmovf-zero.c scan-assembler movi\\\\tv[0-9]+\\\\.[24]s, 0
FAIL: gcc.target/aarch64/vect-fmovf-zero.c scan-tree-dump-times vect "vectorized 1 loops" 1
FAIL: gcc.target/aarch64/vect-fmovf.c scan-assembler fmov\\\\tv[0-9]+\\\\.[24]s, 4\\\\.25
FAIL: gcc.target/aarch64/vect-fmovf.c scan-tree-dump-times vect "vectorized 1 loops" 1
FAIL: gcc.target/aarch64/vect_ctz_1.c scan-assembler clz\\tv[0-9]+.2s
FAIL: gcc.target/aarch64/vect_ctz_1.c scan-assembler clz\\tv[0-9]+.4s
FAIL: gcc.target/aarch64/simd/vcvt_s64_f64_1.c (internal compiler error)
FAIL: gcc.target/aarch64/simd/vcvt_s64_f64_1.c (test for excess errors)
UNRESOLVED: gcc.target/aarch64/simd/vcvt_s64_f64_1.c compilation failed to produce executable
FAIL: gcc.target/aarch64/simd/vcvt_s64_f64_1.c scan-assembler fcvtzs[ \\t]+[xX][0-9]+, ?[dD][0-9]+\\n
FAIL: gcc.target/aarch64/simd/vcvt_u64_f64_1.c (internal compiler error)
FAIL: gcc.target/aarch64/simd/vcvt_u64_f64_1.c (test for excess errors)
UNRESOLVED: gcc.target/aarch64/simd/vcvt_u64_f64_1.c compilation failed to produce executable
FAIL: gcc.target/aarch64/simd/vcvt_u64_f64_1.c scan-assembler fcvtzu[ \\t]+[xX][0-9]+, ?[dD][0-9]+\\n

		=== gcc Summary ===

# of expected passes		103078
# of unexpected failures	43
# of unexpected successes	2
# of expected failures		284
# of unresolved testcases	2
# of unsupported tests		2248
/home/jenkins/workspace/BuildThunderX_native_gcc_upstream/objdir/gcc/xgcc  version 7.0.0 20161003 (experimental) [master revision 255beb0:e53987f:fcfa0d6a2c28d6ddf68fa4d74fdca3379b23dd62] (Cavium Inc. (Build 514)) 

		=== gfortran tests ===


Running target unix
FAIL: gfortran.dg/adjustl_1.f90   -O  execution test
FAIL: gfortran.dg/aliasing_dummy_1.f90   -O0  execution test
FAIL: gfortran.dg/aliasing_dummy_1.f90   -O1  execution test
FAIL: gfortran.dg/aliasing_dummy_1.f90   -O2  execution test
FAIL: gfortran.dg/aliasing_dummy_1.f90   -O3 -fomit-frame-pointer -funroll-loops -fpeel-loops -ftracer -finline-functions  execution test
FAIL: gfortran.dg/aliasing_dummy_1.f90   -O3 -g  execution test
FAIL: gfortran.dg/aliasing_dummy_1.f90   -Os  execution test
FAIL: gfortran.dg/allocate_zerosize_1.f90   -O0  execution test
FAIL: gfortran.dg/allocate_zerosize_1.f90   -O1  execution test
FAIL: gfortran.dg/allocate_zerosize_1.f90   -O2  execution test
FAIL: gfortran.dg/allocate_zerosize_1.f90   -O3 -fomit-frame-pointer -funroll-loops -fpeel-loops -ftracer -finline-functions  execution test
FAIL: gfortran.dg/allocate_zerosize_1.f90   -O3 -g  execution test
FAIL: gfortran.dg/allocate_zerosize_1.f90   -Os  execution test
FAIL: gfortran.dg/allocate_zerosize_2.f90   -O0  execution test
FAIL: gfortran.dg/allocate_zerosize_2.f90   -O1  execution test
FAIL: gfortran.dg/allocate_zerosize_2.f90   -O2  execution test
FAIL: gfortran.dg/allocate_zerosize_2.f90   -O3 -fomit-frame-pointer -funroll-loops -fpeel-loops -ftracer -finline-functions  execution test
FAIL: gfortran.dg/allocate_zerosize_2.f90   -O3 -g  execution test
FAIL: gfortran.dg/allocate_zerosize_2.f90   -Os  execution test
FAIL: gfortran.dg/anyallcount_1.f90   -O0  execution test
FAIL: gfortran.dg/anyallcount_1.f90   -O1  execution test
FAIL: gfortran.dg/anyallcount_1.f90   -O2  execution test
FAIL: gfortran.dg/anyallcount_1.f90   -O3 -fomit-frame-pointer -funroll-loops -fpeel-loops -ftracer -finline-functions  execution test
FAIL: gfortran.dg/anyallcount_1.f90   -O3 -g  execution test
FAIL: gfortran.dg/anyallcount_1.f90   -Os  execution test
FAIL: gfortran.dg/argument_checking_8.f90   -O0  execution test
FAIL: gfortran.dg/argument_checking_8.f90   -O1  execution test
FAIL: gfortran.dg/argument_checking_8.f90   -O2  execution test
FAIL: gfortran.dg/argument_checking_8.f90   -O3 -fomit-frame-pointer -funroll-loops -fpeel-loops -ftracer -finline-functions  execution test
FAIL: gfortran.dg/argument_checking_8.f90   -O3 -g  execution test
FAIL: gfortran.dg/argument_checking_8.f90   -Os  execution test
FAIL: gfortran.dg/array_assignment_1.F90   -O0  execution test
FAIL: gfortran.dg/array_assignment_1.F90   -O1  execution test
FAIL: gfortran.dg/array_assignment_1.F90   -O2  execution test
FAIL: gfortran.dg/array_assignment_1.F90   -O3 -fomit-frame-pointer -funroll-loops -fpeel-loops -ftracer -finline-functions  execution test
FAIL: gfortran.dg/array_assignment_1.F90   -O3 -g  execution test
FAIL: gfortran.dg/array_assignment_1.F90   -Os  execution test
FAIL: gfortran.dg/array_constructor_17.f90   -O0  execution test
FAIL: gfortran.dg/array_constructor_17.f90   -O1  execution test
FAIL: gfortran.dg/array_constructor_17.f90   -O2  execution test
FAIL: gfortran.dg/array_constructor_17.f90   -O3 -fomit-frame-pointer -funroll-loops -fpeel-loops -ftracer -finline-functions  execution test
FAIL: gfortran.dg/array_constructor_17.f90   -O3 -g  execution test
FAIL: gfortran.dg/array_constructor_17.f90   -Os  execution test
FAIL: gfortran.dg/array_constructor_36.f90   -O0  execution test
FAIL: gfortran.dg/array_constructor_36.f90   -O1  execution test
FAIL: gfortran.dg/array_constructor_36.f90   -O2  execution test
FAIL: gfortran.dg/array_constructor_36.f90   -O3 -fomit-frame-pointer -funroll-loops -fpeel-loops -ftracer -finline-functions  execution test
FAIL: gfortran.dg/array_constructor_36.f90   -O3 -g  execution test
FAIL: gfortran.dg/array_constructor_36.f90   -Os  execution test
FAIL: gfortran.dg/array_constructor_49.f90   -O0  execution test
FAIL: gfortran.dg/array_constructor_49.f90   -O1  execution test
FAIL: gfortran.dg/array_constructor_49.f90   -O2  execution test
FAIL: gfortran.dg/array_constructor_49.f90   -O3 -fomit-frame-pointer -funroll-loops -fpeel-loops -ftracer -finline-functions  execution test
FAIL: gfortran.dg/array_constructor_49.f90   -O3 -g  execution test
FAIL: gfortran.dg/array_constructor_49.f90   -Os  execution test
FAIL: gfortran.dg/arrayio_1.f90   -O0  execution test
FAIL: gfortran.dg/arrayio_1.f90   -O1  execution test
FAIL: gfortran.dg/arrayio_1.f90   -O2  execution test
FAIL: gfortran.dg/arrayio_1.f90   -O3 -fomit-frame-pointer -funroll-loops -fpeel-loops -ftracer -finline-functions  execution test
FAIL: gfortran.dg/arrayio_1.f90   -O3 -g  execution test
FAIL: gfortran.dg/arrayio_1.f90   -Os  execution test
FAIL: gfortran.dg/arrayio_10.f90   -O0  execution test
FAIL: gfortran.dg/arrayio_10.f90   -O1  execution test
FAIL: gfortran.dg/arrayio_10.f90   -O2  execution test
FAIL: gfortran.dg/arrayio_10.f90   -O3 -fomit-frame-pointer -funroll-loops -fpeel-loops -ftracer -finline-functions  execution test
FAIL: gfortran.dg/arrayio_10.f90   -O3 -g  execution test
FAIL: gfortran.dg/arrayio_10.f90   -Os  execution test
FAIL: gfortran.dg/arrayio_11.f90   -O0  execution test
FAIL: gfortran.dg/arrayio_11.f90   -O1  execution test
FAIL: gfortran.dg/arrayio_11.f90   -O2  execution test
FAIL: gfortran.dg/arrayio_11.f90   -O3 -fomit-frame-pointer -funroll-loops -fpeel-loops -ftracer -finline-functions  execution test
FAIL: gfortran.dg/arrayio_11.f90   -O3 -g  execution test
FAIL: gfortran.dg/arrayio_11.f90   -Os  execution test
FAIL: gfortran.dg/arrayio_12.f90   -O0  execution test
FAIL: gfortran.dg/arrayio_12.f90   -O1  execution test
FAIL: gfortran.dg/arrayio_12.f90   -O2  execution test
FAIL: gfortran.dg/arrayio_12.f90   -O3 -fomit-frame-pointer -funroll-loops -fpeel-loops -ftracer -finline-functions  execution test
FAIL: gfortran.dg/arrayio_12.f90   -O3 -g  execution test
FAIL: gfortran.dg/arrayio_12.f90   -Os  execution test
FAIL: gfortran.dg/arrayio_13.f90   -O0  execution test
FAIL: gfortran.dg/arrayio_13.f90   -O1  execution test
FAIL: gfortran.dg/arrayio_13.f90   -O2  execution test
FAIL: gfortran.dg/arrayio_13.f90   -O3 -fomit-frame-pointer -funroll-loops -fpeel-loops -ftracer -finline-functions  execution test
FAIL: gfortran.dg/arrayio_13.f90   -O3 -g  execution test
FAIL: gfortran.dg/arrayio_13.f90   -Os  execution test
FAIL: gfortran.dg/arrayio_14.f90   -O0  execution test
FAIL: gfortran.dg/arrayio_14.f90   -O1  execution test
FAIL: gfortran.dg/arrayio_14.f90   -O2  execution test
FAIL: gfortran.dg/arrayio_14.f90   -O3 -fomit-frame-pointer -funroll-loops -fpeel-loops -ftracer -finline-functions  execution test
FAIL: gfortran.dg/arrayio_14.f90   -O3 -g  execution test
FAIL: gfortran.dg/arrayio_14.f90   -Os  execution test
FAIL: gfortran.dg/arrayio_15.f90   -O0  execution test
FAIL: gfortran.dg/arrayio_15.f90   -O1  execution test
FAIL: gfortran.dg/arrayio_15.f90   -O2  execution test
FAIL: gfortran.dg/arrayio_15.f90   -O3 -fomit-frame-pointer -funroll-loops -fpeel-loops -ftracer -finline-functions  execution test
FAIL: gfortran.dg/arrayio_15.f90   -O3 -g  execution test
FAIL: gfortran.dg/arrayio_15.f90   -Os  execution test
FAIL: gfortran.dg/arrayio_16.f90   -O0  execution test
FAIL: gfortran.dg/arrayio_16.f90   -O1  execution test
FAIL: gfortran.dg/arrayio_16.f90   -O2  execution test
FAIL: gfortran.dg/arrayio_16.f90   -O3 -fomit-frame-pointer -funroll-loops -fpeel-loops -ftracer -finline-functions  execution test
FAIL: gfortran.dg/arrayio_16.f90   -O3 -g  execution test
FAIL: gfortran.dg/arrayio_16.f90   -Os  execution test
FAIL: gfortran.dg/arrayio_2.f90   -O0  execution test
FAIL: gfortran.dg/arrayio_2.f90   -O1  execution test
FAIL: gfortran.dg/arrayio_2.f90   -O2  execution test
FAIL: gfortran.dg/arrayio_2.f90   -O3 -fomit-frame-pointer -funroll-loops -fpeel-loops -ftracer -finline-functions  execution test
FAIL: gfortran.dg/arrayio_2.f90   -O3 -g  execution test
FAIL: gfortran.dg/arrayio_2.f90   -Os  execution test
FAIL: gfortran.dg/arrayio_3.f90   -O0  execution test
FAIL: gfortran.dg/arrayio_3.f90   -O1  execution test
FAIL: gfortran.dg/arrayio_3.f90   -O2  execution test
FAIL: gfortran.dg/arrayio_3.f90   -O3 -fomit-frame-pointer -funroll-loops -fpeel-loops -ftracer -finline-functions  execution test
FAIL: gfortran.dg/arrayio_3.f90   -O3 -g  execution test
FAIL: gfortran.dg/arrayio_3.f90   -Os  execution test
FAIL: gfortran.dg/arrayio_4.f90   -O0  execution test
FAIL: gfortran.dg/arrayio_4.f90   -O1  execution test
FAIL: gfortran.dg/arrayio_4.f90   -O2  execution test
FAIL: gfortran.dg/arrayio_4.f90   -O3 -fomit-frame-pointer -funroll-loops -fpeel-loops -ftracer -finline-functions  execution test
FAIL: gfortran.dg/arrayio_4.f90   -O3 -g  execution test
FAIL: gfortran.dg/arrayio_4.f90   -Os  execution test
FAIL: gfortran.dg/arrayio_5.f90   -O0  execution test
FAIL: gfortran.dg/arrayio_5.f90   -O1  execution test
FAIL: gfortran.dg/arrayio_5.f90   -O2  execution test
FAIL: gfortran.dg/arrayio_5.f90   -O3 -fomit-frame-pointer -funroll-loops -fpeel-loops -ftracer -finline-functions  execution test
FAIL: gfortran.dg/arrayio_5.f90   -O3 -g  execution test
FAIL: gfortran.dg/arrayio_5.f90   -Os  execution test
FAIL: gfortran.dg/arrayio_6.f90   -O0  execution test
FAIL: gfortran.dg/arrayio_6.f90   -O1  execution test
FAIL: gfortran.dg/arrayio_6.f90   -O2  execution test
FAIL: gfortran.dg/arrayio_6.f90   -O3 -fomit-frame-pointer -funroll-loops -fpeel-loops -ftracer -finline-functions  execution test
FAIL: gfortran.dg/arrayio_6.f90   -O3 -g  execution test
FAIL: gfortran.dg/arrayio_6.f90   -Os  execution test
FAIL: gfortran.dg/arrayio_7.f90   -O0  execution test
FAIL: gfortran.dg/arrayio_7.f90   -O1  execution test
FAIL: gfortran.dg/arrayio_7.f90   -O2  execution test
FAIL: gfortran.dg/arrayio_7.f90   -O3 -fomit-frame-pointer -funroll-loops -fpeel-loops -ftracer -finline-functions  execution test
FAIL: gfortran.dg/arrayio_7.f90   -O3 -g  execution test
FAIL: gfortran.dg/arrayio_7.f90   -Os  execution test
FAIL: gfortran.dg/arrayio_8.f90   -O0  execution test
FAIL: gfortran.dg/arrayio_8.f90   -O1  execution test
FAIL: gfortran.dg/arrayio_8.f90   -O2  execution test
FAIL: gfortran.dg/arrayio_8.f90   -O3 -fomit-frame-pointer -funroll-loops -fpeel-loops -ftracer -finline-functions  execution test
FAIL: gfortran.dg/arrayio_8.f90   -O3 -g  execution test
FAIL: gfortran.dg/arrayio_8.f90   -Os  execution test
FAIL: gfortran.dg/arrayio_9.f90   -O0  execution test
FAIL: gfortran.dg/arrayio_9.f90   -O1  execution test
FAIL: gfortran.dg/arrayio_9.f90   -O2  execution test
FAIL: gfortran.dg/arrayio_9.f90   -O3 -fomit-frame-pointer -funroll-loops -fpeel-loops -ftracer -finline-functions  execution test
FAIL: gfortran.dg/arrayio_9.f90   -O3 -g  execution test
FAIL: gfortran.dg/arrayio_9.f90   -Os  execution test
FAIL: gfortran.dg/arrayio_derived_1.f90   -O0  execution test
FAIL: gfortran.dg/arrayio_derived_1.f90   -O1  execution test
FAIL: gfortran.dg/arrayio_derived_1.f90   -O2  execution test
FAIL: gfortran.dg/arrayio_derived_1.f90   -O3 -fomit-frame-pointer -funroll-loops -fpeel-loops -ftracer -finline-functions  execution test
FAIL: gfortran.dg/arrayio_derived_1.f90   -O3 -g  execution test
FAIL: gfortran.dg/arrayio_derived_1.f90   -Os  execution test
FAIL: gfortran.dg/associate_15.f90   -O0  execution test
FAIL: gfortran.dg/associate_15.f90   -O1  execution test
FAIL: gfortran.dg/associate_15.f90   -O2  execution test
FAIL: gfortran.dg/associate_15.f90   -O3 -fomit-frame-pointer -funroll-loops -fpeel-loops -ftracer -finline-functions  execution test
FAIL: gfortran.dg/associate_15.f90   -O3 -g  execution test
FAIL: gfortran.dg/associate_15.f90   -Os  execution test
FAIL: gfortran.dg/associated_4.f90   -O0  execution test
FAIL: gfortran.dg/associated_4.f90   -O1  execution test
FAIL: gfortran.dg/associated_4.f90   -O2  execution test
FAIL: gfortran.dg/associated_4.f90   -O3 -fomit-frame-pointer -funroll-loops -fpeel-loops -ftracer -finline-functions  execution test
FAIL: gfortran.dg/associated_4.f90   -O3 -g  execution test
FAIL: gfortran.dg/associated_4.f90   -Os  execution test
FAIL: gfortran.dg/assumed_rank_bounds_1.f90   -O0  execution test
FAIL: gfortran.dg/assumed_rank_bounds_1.f90   -O1  execution test
FAIL: gfortran.dg/assumed_rank_bounds_1.f90   -O2  execution test
FAIL: gfortran.dg/assumed_rank_bounds_1.f90   -O3 -fomit-frame-pointer -funroll-loops -fpeel-loops -ftracer -finline-functions  execution test
FAIL: gfortran.dg/assumed_rank_bounds_1.f90   -O3 -g  execution test
FAIL: gfortran.dg/assumed_rank_bounds_1.f90   -Os  execution test
FAIL: gfortran.dg/assumed_rank_bounds_2.f90   -O0  execution test
FAIL: gfortran.dg/assumed_rank_bounds_2.f90   -O1  execution test
FAIL: gfortran.dg/assumed_rank_bounds_2.f90   -O2  execution test
FAIL: gfortran.dg/assumed_rank_bounds_2.f90   -O3 -fomit-frame-pointer -funroll-loops -fpeel-loops -ftracer -finline-functions  execution test
FAIL: gfortran.dg/assumed_rank_bounds_2.f90   -O3 -g  execution test
FAIL: gfortran.dg/assumed_rank_bounds_2.f90   -Os  execution test
FAIL: gfortran.dg/bind_c_usage_17.f90   -O0  execution test
FAIL: gfortran.dg/bind_c_usage_17.f90   -O1  execution test
FAIL: gfortran.dg/bind_c_usage_17.f90   -O2  execution test
FAIL: gfortran.dg/bind_c_usage_17.f90   -O3 -fomit-frame-pointer -funroll-loops -fpeel-loops -ftracer -finline-functions  execution test
FAIL: gfortran.dg/bind_c_usage_17.f90   -O3 -g  execution test
FAIL: gfortran.dg/bind_c_usage_17.f90   -Os  execution test
FAIL: gfortran.dg/bounds_check_8.f90   -O0  execution test
FAIL: gfortran.dg/bounds_check_8.f90   -O1  execution test
FAIL: gfortran.dg/bounds_check_8.f90   -O2  execution test
FAIL: gfortran.dg/bounds_check_8.f90   -O3 -fomit-frame-pointer -funroll-loops -fpeel-loops -ftracer -finline-functions  execution test
FAIL: gfortran.dg/bounds_check_8.f90   -O3 -g  execution test
FAIL: gfortran.dg/bounds_check_8.f90   -Os  execution test
FAIL: gfortran.dg/boz_15.f90   -O0  execution test
FAIL: gfortran.dg/boz_15.f90   -O1  execution test
FAIL: gfortran.dg/boz_15.f90   -O2  execution test
FAIL: gfortran.dg/boz_15.f90   -O3 -fomit-frame-pointer -funroll-loops -fpeel-loops -ftracer -finline-functions  execution test
FAIL: gfortran.dg/boz_15.f90   -O3 -g  execution test
FAIL: gfortran.dg/boz_15.f90   -Os  execution test
FAIL: gfortran.dg/char4_iunit_1.f03   -O0  execution test
FAIL: gfortran.dg/char4_iunit_1.f03   -O1  execution test
FAIL: gfortran.dg/char4_iunit_1.f03   -O2  execution test
FAIL: gfortran.dg/char4_iunit_1.f03   -O3 -fomit-frame-pointer -funroll-loops -fpeel-loops -ftracer -finline-functions  execution test
FAIL: gfortran.dg/char4_iunit_1.f03   -O3 -g  execution test
FAIL: gfortran.dg/char4_iunit_1.f03   -Os  execution test
FAIL: gfortran.dg/char4_iunit_2.f03   -O0  execution test
FAIL: gfortran.dg/char4_iunit_2.f03   -O1  execution test
FAIL: gfortran.dg/char4_iunit_2.f03   -O2  execution test
FAIL: gfortran.dg/char4_iunit_2.f03   -O3 -fomit-frame-pointer -funroll-loops -fpeel-loops -ftracer -finline-functions  execution test
FAIL: gfortran.dg/char4_iunit_2.f03   -O3 -g  execution test
FAIL: gfortran.dg/char4_iunit_2.f03   -Os  execution test
FAIL: gfortran.dg/coarray_15.f90   -O0  execution test
FAIL: gfortran.dg/coarray_15.f90   -O1  execution test
FAIL: gfortran.dg/coarray_15.f90   -O2  execution test
FAIL: gfortran.dg/coarray_15.f90   -O3 -fomit-frame-pointer -funroll-loops -fpeel-loops -ftracer -finline-functions  execution test
FAIL: gfortran.dg/coarray_15.f90   -O3 -g  execution test
FAIL: gfortran.dg/coarray_15.f90   -Os  execution test
FAIL: gfortran.dg/comma_format_extension_3.f   -O0  execution test
FAIL: gfortran.dg/comma_format_extension_3.f   -O1  execution test
FAIL: gfortran.dg/comma_format_extension_3.f   -O2  execution test
FAIL: gfortran.dg/comma_format_extension_3.f   -O3 -fomit-frame-pointer -funroll-loops -fpeel-loops -ftracer -finline-functions  execution test
FAIL: gfortran.dg/comma_format_extension_3.f   -O3 -g  execution test
FAIL: gfortran.dg/comma_format_extension_3.f   -Os  execution test
FAIL: gfortran.dg/comma_format_extension_4.f   -O0  execution test
FAIL: gfortran.dg/comma_format_extension_4.f   -O1  execution test
FAIL: gfortran.dg/comma_format_extension_4.f   -O2  execution test
FAIL: gfortran.dg/comma_format_extension_4.f   -O3 -fomit-frame-pointer -funroll-loops -fpeel-loops -ftracer -finline-functions  execution test
FAIL: gfortran.dg/comma_format_extension_4.f   -O3 -g  execution test
FAIL: gfortran.dg/comma_format_extension_4.f   -Os  execution test
FAIL: gfortran.dg/constant_substring.f   -O0  execution test
FAIL: gfortran.dg/constant_substring.f   -O1  execution test
FAIL: gfortran.dg/constant_substring.f   -O2  execution test
FAIL: gfortran.dg/constant_substring.f   -O3 -fomit-frame-pointer -funroll-loops -fpeel-loops -ftracer -finline-functions  execution test
FAIL: gfortran.dg/constant_substring.f   -O3 -g  execution test
FAIL: gfortran.dg/constant_substring.f   -Os  execution test
FAIL: gfortran.dg/continuation_11.f90   -O0  execution test
FAIL: gfortran.dg/continuation_11.f90   -O1  execution test
FAIL: gfortran.dg/continuation_11.f90   -O2  execution test
FAIL: gfortran.dg/continuation_11.f90   -O3 -fomit-frame-pointer -funroll-loops -fpeel-loops -ftracer -finline-functions  execution test
FAIL: gfortran.dg/continuation_11.f90   -O3 -g  execution test
FAIL: gfortran.dg/continuation_11.f90   -Os  execution test
FAIL: gfortran.dg/continuation_12.f90   -O0  execution test
FAIL: gfortran.dg/continuation_12.f90   -O1  execution test
FAIL: gfortran.dg/continuation_12.f90   -O2  execution test
FAIL: gfortran.dg/continuation_12.f90   -O3 -fomit-frame-pointer -funroll-loops -fpeel-loops -ftracer -finline-functions  execution test
FAIL: gfortran.dg/continuation_12.f90   -O3 -g  execution test
FAIL: gfortran.dg/continuation_12.f90   -Os  execution test
FAIL: gfortran.dg/continuation_13.f90   -O0  execution test
FAIL: gfortran.dg/continuation_13.f90   -O1  execution test
FAIL: gfortran.dg/continuation_13.f90   -O2  execution test
FAIL: gfortran.dg/continuation_13.f90   -O3 -fomit-frame-pointer -funroll-loops -fpeel-loops -ftracer -finline-functions  execution test
FAIL: gfortran.dg/continuation_13.f90   -O3 -g  execution test
FAIL: gfortran.dg/continuation_13.f90   -Os  execution test
FAIL: gfortran.dg/continuation_14.f   -O0  execution test
FAIL: gfortran.dg/continuation_14.f   -O1  execution test
FAIL: gfortran.dg/continuation_14.f   -O2  execution test
FAIL: gfortran.dg/continuation_14.f   -O3 -fomit-frame-pointer -funroll-loops -fpeel-loops -ftracer -finline-functions  execution test
FAIL: gfortran.dg/continuation_14.f   -O3 -g  execution test
FAIL: gfortran.dg/continuation_14.f   -Os  execution test
FAIL: gfortran.dg/cshift_bounds_1.f90   -O0  execution test
FAIL: gfortran.dg/cshift_bounds_1.f90   -O1  execution test
FAIL: gfortran.dg/cshift_bounds_1.f90   -O2  execution test
FAIL: gfortran.dg/cshift_bounds_1.f90   -O3 -fomit-frame-pointer -funroll-loops -fpeel-loops -ftracer -finline-functions  execution test
FAIL: gfortran.dg/cshift_bounds_1.f90   -O3 -g  execution test
FAIL: gfortran.dg/cshift_bounds_1.f90   -Os  execution test
FAIL: gfortran.dg/data_array_1.f90   -O0  execution test
FAIL: gfortran.dg/data_array_1.f90   -O1  execution test
FAIL: gfortran.dg/data_array_1.f90   -O2  execution test
FAIL: gfortran.dg/data_array_1.f90   -O3 -fomit-frame-pointer -funroll-loops -fpeel-loops -ftracer -finline-functions  execution test
FAIL: gfortran.dg/data_array_1.f90   -O3 -g  execution test
FAIL: gfortran.dg/data_array_1.f90   -Os  execution test
FAIL: gfortran.dg/default_format_1.f90   -O0  execution test
FAIL: gfortran.dg/default_format_1.f90   -O1  execution test
FAIL: gfortran.dg/default_format_1.f90   -O2  execution test
FAIL: gfortran.dg/default_format_1.f90   -O3 -fomit-frame-pointer -funroll-loops -fpeel-loops -ftracer -finline-functions  execution test
FAIL: gfortran.dg/default_format_1.f90   -O3 -g  execution test
FAIL: gfortran.dg/default_format_1.f90   -Os  execution test
FAIL: gfortran.dg/default_format_2.f90   -O0  execution test
FAIL: gfortran.dg/default_format_2.f90   -O1  execution test
FAIL: gfortran.dg/default_format_2.f90   -O2  execution test
FAIL: gfortran.dg/default_format_2.f90   -O3 -fomit-frame-pointer -funroll-loops -fpeel-loops -ftracer -finline-functions  execution test
FAIL: gfortran.dg/default_format_2.f90   -O3 -g  execution test
FAIL: gfortran.dg/default_format_2.f90   -Os  execution test
FAIL: gfortran.dg/default_format_denormal_1.f90   -O0  execution test
FAIL: gfortran.dg/default_format_denormal_1.f90   -O1  execution test
FAIL: gfortran.dg/default_format_denormal_1.f90   -O2  execution test
FAIL: gfortran.dg/default_format_denormal_1.f90   -O3 -fomit-frame-pointer -funroll-loops -fpeel-loops -ftracer -finline-functions  execution test
FAIL: gfortran.dg/default_format_denormal_1.f90   -O3 -g  execution test
FAIL: gfortran.dg/default_format_denormal_1.f90   -Os  execution test
FAIL: gfortran.dg/default_format_denormal_2.f90   -O0  execution test
FAIL: gfortran.dg/default_format_denormal_2.f90   -O1  execution test
FAIL: gfortran.dg/default_format_denormal_2.f90   -O2  execution test
FAIL: gfortran.dg/default_format_denormal_2.f90   -O3 -fomit-frame-pointer -funroll-loops -fpeel-loops -ftracer -finline-functions  execution test
FAIL: gfortran.dg/default_format_denormal_2.f90   -O3 -g  execution test
FAIL: gfortran.dg/default_format_denormal_2.f90   -Os  execution test
FAIL: gfortran.dg/deferred_character_16.f90   -O0  execution test
FAIL: gfortran.dg/deferred_character_16.f90   -O1  execution test
FAIL: gfortran.dg/deferred_character_16.f90   -O2  execution test
FAIL: gfortran.dg/deferred_character_16.f90   -O3 -fomit-frame-pointer -funroll-loops -fpeel-loops -ftracer -finline-functions  execution test
FAIL: gfortran.dg/deferred_character_16.f90   -O3 -g  execution test
FAIL: gfortran.dg/deferred_character_16.f90   -Os  execution test
FAIL: gfortran.dg/deferred_character_2.f90   -O0  execution test
FAIL: gfortran.dg/deferred_character_2.f90   -O1  execution test
FAIL: gfortran.dg/deferred_character_2.f90   -O2  execution test
FAIL: gfortran.dg/deferred_character_2.f90   -O3 -fomit-frame-pointer -funroll-loops -fpeel-loops -ftracer -finline-functions  execution test
FAIL: gfortran.dg/deferred_character_2.f90   -O3 -g  execution test
FAIL: gfortran.dg/deferred_character_2.f90   -Os  execution test
FAIL: gfortran.dg/deferred_character_4.f90   -O0  execution test
FAIL: gfortran.dg/deferred_character_4.f90   -O1  execution test
FAIL: gfortran.dg/deferred_character_4.f90   -O2  execution test
FAIL: gfortran.dg/deferred_character_4.f90   -O3 -fomit-frame-pointer -funroll-loops -fpeel-loops -ftracer -finline-functions  execution test
FAIL: gfortran.dg/deferred_character_4.f90   -O3 -g  execution test
FAIL: gfortran.dg/deferred_character_4.f90   -Os  execution test
FAIL: gfortran.dg/deferred_character_7.f90   -O0  execution test
FAIL: gfortran.dg/deferred_character_7.f90   -O1  execution test
FAIL: gfortran.dg/deferred_character_7.f90   -O2  execution test
FAIL: gfortran.dg/deferred_character_7.f90   -O3 -fomit-frame-pointer -funroll-loops -fpeel-loops -ftracer -finline-functions  execution test
FAIL: gfortran.dg/deferred_character_7.f90   -O3 -g  execution test
FAIL: gfortran.dg/deferred_character_7.f90   -Os  execution test
FAIL: gfortran.dg/deferred_character_8.f90   -O0  execution test
FAIL: gfortran.dg/deferred_character_8.f90   -O1  execution test
FAIL: gfortran.dg/deferred_character_8.f90   -O2  execution test
FAIL: gfortran.dg/deferred_character_8.f90   -O3 -fomit-frame-pointer -funroll-loops -fpeel-loops -ftracer -finline-functions  execution test
FAIL: gfortran.dg/deferred_character_8.f90   -O3 -g  execution test
FAIL: gfortran.dg/deferred_character_8.f90   -Os  execution test
FAIL: gfortran.dg/deferred_character_9.f90   -O0  execution test
FAIL: gfortran.dg/deferred_character_9.f90   -O1  execution test
FAIL: gfortran.dg/deferred_character_9.f90   -O2  execution test
FAIL: gfortran.dg/deferred_character_9.f90   -O3 -fomit-frame-pointer -funroll-loops -fpeel-loops -ftracer -finline-functions  execution test
FAIL: gfortran.dg/deferred_character_9.f90   -O3 -g  execution test
FAIL: gfortran.dg/deferred_character_9.f90   -Os  execution test
FAIL: gfortran.dg/der_array_io_1.f90   -O0  execution test
FAIL: gfortran.dg/der_array_io_1.f90   -O1  execution test
FAIL: gfortran.dg/der_array_io_1.f90   -O2  execution test
FAIL: gfortran.dg/der_array_io_1.f90   -O3 -fomit-frame-pointer -funroll-loops -fpeel-loops -ftracer -finline-functions  execution test
FAIL: gfortran.dg/der_array_io_1.f90   -O3 -g  execution test
FAIL: gfortran.dg/der_array_io_1.f90   -Os  execution test
FAIL: gfortran.dg/der_array_io_2.f90   -O0  execution test
FAIL: gfortran.dg/der_array_io_2.f90   -O1  execution test
FAIL: gfortran.dg/der_array_io_2.f90   -O2  execution test
FAIL: gfortran.dg/der_array_io_2.f90   -O3 -fomit-frame-pointer -funroll-loops -fpeel-loops -ftracer -finline-functions  execution test
FAIL: gfortran.dg/der_array_io_2.f90   -O3 -g  execution test
FAIL: gfortran.dg/der_array_io_2.f90   -Os  execution test
FAIL: gfortran.dg/der_array_io_3.f90   -O0  execution test
FAIL: gfortran.dg/der_array_io_3.f90   -O1  execution test
FAIL: gfortran.dg/der_array_io_3.f90   -O2  execution test
FAIL: gfortran.dg/der_array_io_3.f90   -O3 -fomit-frame-pointer -funroll-loops -fpeel-loops -ftracer -finline-functions  execution test
FAIL: gfortran.dg/der_array_io_3.f90   -O3 -g  execution test
FAIL: gfortran.dg/der_array_io_3.f90   -Os  execution test
FAIL: gfortran.dg/derived_external_function_1.f90   -O0  execution test
FAIL: gfortran.dg/derived_external_function_1.f90   -O1  execution test
FAIL: gfortran.dg/derived_external_function_1.f90   -O2  execution test
FAIL: gfortran.dg/derived_external_function_1.f90   -O3 -fomit-frame-pointer -funroll-loops -fpeel-loops -ftracer -finline-functions  execution test
FAIL: gfortran.dg/derived_external_function_1.f90   -O3 -g  execution test
FAIL: gfortran.dg/derived_external_function_1.f90   -Os  execution test
FAIL: gfortran.dg/dollar_edit_descriptor_2.f   -O0  execution test
FAIL: gfortran.dg/dollar_edit_descriptor_2.f   -O1  execution test
FAIL: gfortran.dg/dollar_edit_descriptor_2.f   -O2  execution test
FAIL: gfortran.dg/dollar_edit_descriptor_2.f   -O3 -fomit-frame-pointer -funroll-loops -fpeel-loops -ftracer -finline-functions  execution test
FAIL: gfortran.dg/dollar_edit_descriptor_2.f   -O3 -g  execution test
FAIL: gfortran.dg/dollar_edit_descriptor_2.f   -Os  execution test
FAIL: gfortran.dg/dtio_1.f90   -O0  execution test
FAIL: gfortran.dg/dtio_1.f90   -O1  execution test
FAIL: gfortran.dg/dtio_1.f90   -O2  execution test
FAIL: gfortran.dg/dtio_1.f90   -O3 -fomit-frame-pointer -funroll-loops -fpeel-loops -ftracer -finline-functions  execution test
FAIL: gfortran.dg/dtio_1.f90   -O3 -g  execution test
FAIL: gfortran.dg/dtio_1.f90   -Os  execution test
FAIL: gfortran.dg/dtio_14.f90   -O0  execution test
FAIL: gfortran.dg/dtio_14.f90   -O1  execution test
FAIL: gfortran.dg/dtio_14.f90   -O2  execution test
FAIL: gfortran.dg/dtio_14.f90   -O3 -fomit-frame-pointer -funroll-loops -fpeel-loops -ftracer -finline-functions  execution test
FAIL: gfortran.dg/dtio_14.f90   -O3 -g  execution test
FAIL: gfortran.dg/dtio_14.f90   -Os  execution test
FAIL: gfortran.dg/dtio_8.f90   -O0  execution test
FAIL: gfortran.dg/dtio_8.f90   -O1  execution test
FAIL: gfortran.dg/dtio_8.f90   -O2  execution test
FAIL: gfortran.dg/dtio_8.f90   -O3 -fomit-frame-pointer -funroll-loops -fpeel-loops -ftracer -finline-functions  execution test
FAIL: gfortran.dg/dtio_8.f90   -O3 -g  execution test
FAIL: gfortran.dg/dtio_8.f90   -Os  execution test
FAIL: gfortran.dg/dtio_9.f90   -O0  execution test
FAIL: gfortran.dg/dtio_9.f90   -O1  execution test
FAIL: gfortran.dg/dtio_9.f90   -O2  execution test
FAIL: gfortran.dg/dtio_9.f90   -O3 -fomit-frame-pointer -funroll-loops -fpeel-loops -ftracer -finline-functions  execution test
FAIL: gfortran.dg/dtio_9.f90   -O3 -g  execution test
FAIL: gfortran.dg/dtio_9.f90   -Os  execution test
FAIL: gfortran.dg/e_d_fmt.f90   -O0  execution test
FAIL: gfortran.dg/e_d_fmt.f90   -O1  execution test
FAIL: gfortran.dg/e_d_fmt.f90   -O2  execution test
FAIL: gfortran.dg/e_d_fmt.f90   -O3 -fomit-frame-pointer -funroll-loops -fpeel-loops -ftracer -finline-functions  execution test
FAIL: gfortran.dg/e_d_fmt.f90   -O3 -g  execution test
FAIL: gfortran.dg/e_d_fmt.f90   -Os  execution test
FAIL: gfortran.dg/edit_real_1.f90   -O0  execution test
FAIL: gfortran.dg/edit_real_1.f90   -O1  execution test
FAIL: gfortran.dg/edit_real_1.f90   -O2  execution test
FAIL: gfortran.dg/edit_real_1.f90   -O3 -fomit-frame-pointer -funroll-loops -fpeel-loops -ftracer -finline-functions  execution test
FAIL: gfortran.dg/edit_real_1.f90   -O3 -g  execution test
FAIL: gfortran.dg/edit_real_1.f90   -Os  execution test
FAIL: gfortran.dg/elemental_subroutine_10.f90   -O0  execution test
FAIL: gfortran.dg/elemental_subroutine_10.f90   -O1  execution test
FAIL: gfortran.dg/elemental_subroutine_10.f90   -O2  execution test
FAIL: gfortran.dg/elemental_subroutine_10.f90   -O3 -fomit-frame-pointer -funroll-loops -fpeel-loops -ftracer -finline-functions  execution test
FAIL: gfortran.dg/elemental_subroutine_10.f90   -O3 -g  execution test
FAIL: gfortran.dg/elemental_subroutine_10.f90   -Os  execution test
FAIL: gfortran.dg/eof_5.f90   -O0  execution test
FAIL: gfortran.dg/eof_5.f90   -O1  execution test
FAIL: gfortran.dg/eof_5.f90   -O2  execution test
FAIL: gfortran.dg/eof_5.f90   -O3 -fomit-frame-pointer -funroll-loops -fpeel-loops -ftracer -finline-functions  execution test
FAIL: gfortran.dg/eof_5.f90   -O3 -g  execution test
FAIL: gfortran.dg/eof_5.f90   -Os  execution test
FAIL: gfortran.dg/eoshift.f90   -O0  execution test
FAIL: gfortran.dg/eoshift.f90   -O1  execution test
FAIL: gfortran.dg/eoshift.f90   -O2  execution test
FAIL: gfortran.dg/eoshift.f90   -O3 -fomit-frame-pointer -funroll-loops -fpeel-loops -ftracer -finline-functions  execution test
FAIL: gfortran.dg/eoshift.f90   -O3 -g  execution test
FAIL: gfortran.dg/eoshift.f90   -Os  execution test
FAIL: gfortran.dg/error_format_2.f90   -O0  execution test
FAIL: gfortran.dg/error_format_2.f90   -O1  execution test
FAIL: gfortran.dg/error_format_2.f90   -O2  execution test
FAIL: gfortran.dg/error_format_2.f90   -O3 -fomit-frame-pointer -funroll-loops -fpeel-loops -ftracer -finline-functions  execution test
FAIL: gfortran.dg/error_format_2.f90   -O3 -g  execution test
FAIL: gfortran.dg/error_format_2.f90   -Os  execution test
FAIL: gfortran.dg/f2003_io_1.f03   -O0  execution test
FAIL: gfortran.dg/f2003_io_1.f03   -O1  execution test
FAIL: gfortran.dg/f2003_io_1.f03   -O2  execution test
FAIL: gfortran.dg/f2003_io_1.f03   -O3 -fomit-frame-pointer -funroll-loops -fpeel-loops -ftracer -finline-functions  execution test
FAIL: gfortran.dg/f2003_io_1.f03   -O3 -g  execution test
FAIL: gfortran.dg/f2003_io_1.f03   -Os  execution test
FAIL: gfortran.dg/f2003_io_4.f03   -O0  execution test
FAIL: gfortran.dg/f2003_io_4.f03   -O1  execution test
FAIL: gfortran.dg/f2003_io_4.f03   -O2  execution test
FAIL: gfortran.dg/f2003_io_4.f03   -O3 -fomit-frame-pointer -funroll-loops -fpeel-loops -ftracer -finline-functions  execution test
FAIL: gfortran.dg/f2003_io_4.f03   -O3 -g  execution test
FAIL: gfortran.dg/f2003_io_4.f03   -Os  execution test
FAIL: gfortran.dg/f2003_io_5.f03   -O0  execution test
FAIL: gfortran.dg/f2003_io_5.f03   -O1  execution test
FAIL: gfortran.dg/f2003_io_5.f03   -O2  execution test
FAIL: gfortran.dg/f2003_io_5.f03   -O3 -fomit-frame-pointer -funroll-loops -fpeel-loops -ftracer -finline-functions  execution test
FAIL: gfortran.dg/f2003_io_5.f03   -O3 -g  execution test
FAIL: gfortran.dg/f2003_io_5.f03   -Os  execution test
FAIL: gfortran.dg/f2003_io_6.f03   -O0  execution test
FAIL: gfortran.dg/f2003_io_6.f03   -O1  execution test
FAIL: gfortran.dg/f2003_io_6.f03   -O2  execution test
FAIL: gfortran.dg/f2003_io_6.f03   -O3 -fomit-frame-pointer -funroll-loops -fpeel-loops -ftracer -finline-functions  execution test
FAIL: gfortran.dg/f2003_io_6.f03   -O3 -g  execution test
FAIL: gfortran.dg/f2003_io_6.f03   -Os  execution test
FAIL: gfortran.dg/f2003_io_7.f03   -O0  execution test
FAIL: gfortran.dg/f2003_io_7.f03   -O1  execution test
FAIL: gfortran.dg/f2003_io_7.f03   -O2  execution test
FAIL: gfortran.dg/f2003_io_7.f03   -O3 -fomit-frame-pointer -funroll-loops -fpeel-loops -ftracer -finline-functions  execution test
FAIL: gfortran.dg/f2003_io_7.f03   -O3 -g  execution test
FAIL: gfortran.dg/f2003_io_7.f03   -Os  execution test
FAIL: gfortran.dg/fmt_bz_bn.f   -O0  execution test
FAIL: gfortran.dg/fmt_bz_bn.f   -O1  execution test
FAIL: gfortran.dg/fmt_bz_bn.f   -O2  execution test
FAIL: gfortran.dg/fmt_bz_bn.f   -O3 -fomit-frame-pointer -funroll-loops -fpeel-loops -ftracer -finline-functions  execution test
FAIL: gfortran.dg/fmt_bz_bn.f   -O3 -g  execution test
FAIL: gfortran.dg/fmt_bz_bn.f   -Os  execution test
FAIL: gfortran.dg/fmt_bz_bn_err.f   -O0  execution test
FAIL: gfortran.dg/fmt_bz_bn_err.f   -O1  execution test
FAIL: gfortran.dg/fmt_bz_bn_err.f   -O2  execution test
FAIL: gfortran.dg/fmt_bz_bn_err.f   -O3 -fomit-frame-pointer -funroll-loops -fpeel-loops -ftracer -finline-functions  execution test
FAIL: gfortran.dg/fmt_bz_bn_err.f   -O3 -g  execution test
FAIL: gfortran.dg/fmt_bz_bn_err.f   -Os  execution test
FAIL: gfortran.dg/fmt_cache_2.f   -O0  execution test
FAIL: gfortran.dg/fmt_cache_2.f   -O1  execution test
FAIL: gfortran.dg/fmt_cache_2.f   -O2  execution test
FAIL: gfortran.dg/fmt_cache_2.f   -O3 -fomit-frame-pointer -funroll-loops -fpeel-loops -ftracer -finline-functions  execution test
FAIL: gfortran.dg/fmt_cache_2.f   -O3 -g  execution test
FAIL: gfortran.dg/fmt_cache_2.f   -Os  execution test
FAIL: gfortran.dg/fmt_cache_3.f90   -O0  execution test
FAIL: gfortran.dg/fmt_cache_3.f90   -O1  execution test
FAIL: gfortran.dg/fmt_cache_3.f90   -O2  execution test
FAIL: gfortran.dg/fmt_cache_3.f90   -O3 -fomit-frame-pointer -funroll-loops -fpeel-loops -ftracer -finline-functions  execution test
FAIL: gfortran.dg/fmt_cache_3.f90   -O3 -g  execution test
FAIL: gfortran.dg/fmt_cache_3.f90   -Os  execution test
FAIL: gfortran.dg/fmt_colon.f90   -O0  execution test
FAIL: gfortran.dg/fmt_colon.f90   -O1  execution test
FAIL: gfortran.dg/fmt_colon.f90   -O2  execution test
FAIL: gfortran.dg/fmt_colon.f90   -O3 -fomit-frame-pointer -funroll-loops -fpeel-loops -ftracer -finline-functions  execution test
FAIL: gfortran.dg/fmt_colon.f90   -O3 -g  execution test
FAIL: gfortran.dg/fmt_colon.f90   -Os  execution test
FAIL: gfortran.dg/fmt_en.f90   -O0   scan-file All kinds rounded to nearest
FAIL: gfortran.dg/fmt_en.f90   -O0  execution test
FAIL: gfortran.dg/fmt_en.f90   -O1   scan-file All kinds rounded to nearest
FAIL: gfortran.dg/fmt_en.f90   -O1  execution test
FAIL: gfortran.dg/fmt_en.f90   -O2   scan-file All kinds rounded to nearest
FAIL: gfortran.dg/fmt_en.f90   -O2  execution test
FAIL: gfortran.dg/fmt_en.f90   -O3 -fomit-frame-pointer -funroll-loops -fpeel-loops -ftracer -finline-functions   scan-file All kinds rounded to nearest
FAIL: gfortran.dg/fmt_en.f90   -O3 -fomit-frame-pointer -funroll-loops -fpeel-loops -ftracer -finline-functions  execution test
FAIL: gfortran.dg/fmt_en.f90   -O3 -g   scan-file All kinds rounded to nearest
FAIL: gfortran.dg/fmt_en.f90   -O3 -g  execution test
FAIL: gfortran.dg/fmt_en.f90   -Os   scan-file All kinds rounded to nearest
FAIL: gfortran.dg/fmt_en.f90   -Os  execution test
FAIL: gfortran.dg/fmt_error_10.f   -O0  execution test
FAIL: gfortran.dg/fmt_error_10.f   -O1  execution test
FAIL: gfortran.dg/fmt_error_10.f   -O2  execution test
FAIL: gfortran.dg/fmt_error_10.f   -O3 -fomit-frame-pointer -funroll-loops -fpeel-loops -ftracer -finline-functions  execution test
FAIL: gfortran.dg/fmt_error_10.f   -O3 -g  execution test
FAIL: gfortran.dg/fmt_error_10.f   -Os  execution test
FAIL: gfortran.dg/fmt_error_9.f   -O0  execution test
FAIL: gfortran.dg/fmt_error_9.f   -O1  execution test
FAIL: gfortran.dg/fmt_error_9.f   -O2  execution test
FAIL: gfortran.dg/fmt_error_9.f   -O3 -fomit-frame-pointer -funroll-loops -fpeel-loops -ftracer -finline-functions  execution test
FAIL: gfortran.dg/fmt_error_9.f   -O3 -g  execution test
FAIL: gfortran.dg/fmt_error_9.f   -Os  execution test
FAIL: gfortran.dg/fmt_f0_1.f90   -O0  execution test
FAIL: gfortran.dg/fmt_f0_1.f90   -O1  execution test
FAIL: gfortran.dg/fmt_f0_1.f90   -O2  execution test
FAIL: gfortran.dg/fmt_f0_1.f90   -O3 -fomit-frame-pointer -funroll-loops -fpeel-loops -ftracer -finline-functions  execution test
FAIL: gfortran.dg/fmt_f0_1.f90   -O3 -g  execution test
FAIL: gfortran.dg/fmt_f0_1.f90   -Os  execution test
FAIL: gfortran.dg/fmt_f0_2.f90   -O0  execution test
FAIL: gfortran.dg/fmt_f0_2.f90   -O1  execution test
FAIL: gfortran.dg/fmt_f0_2.f90   -O2  execution test
FAIL: gfortran.dg/fmt_f0_2.f90   -O3 -fomit-frame-pointer -funroll-loops -fpeel-loops -ftracer -finline-functions  execution test
FAIL: gfortran.dg/fmt_f0_2.f90   -O3 -g  execution test
FAIL: gfortran.dg/fmt_f0_2.f90   -Os  execution test
FAIL: gfortran.dg/fmt_f0_3.f90   -O0  execution test
FAIL: gfortran.dg/fmt_f0_3.f90   -O1  execution test
FAIL: gfortran.dg/fmt_f0_3.f90   -O2  execution test
FAIL: gfortran.dg/fmt_f0_3.f90   -O3 -fomit-frame-pointer -funroll-loops -fpeel-loops -ftracer -finline-functions  execution test
FAIL: gfortran.dg/fmt_f0_3.f90   -O3 -g  execution test
FAIL: gfortran.dg/fmt_f0_3.f90   -Os  execution test
FAIL: gfortran.dg/fmt_f_an_p.f   -O0  execution test
FAIL: gfortran.dg/fmt_f_an_p.f   -O1  execution test
FAIL: gfortran.dg/fmt_f_an_p.f   -O2  execution test
FAIL: gfortran.dg/fmt_f_an_p.f   -O3 -fomit-frame-pointer -funroll-loops -fpeel-loops -ftracer -finline-functions  execution test
FAIL: gfortran.dg/fmt_f_an_p.f   -O3 -g  execution test
FAIL: gfortran.dg/fmt_f_an_p.f   -Os  execution test
FAIL: gfortran.dg/fmt_fw_d.f90   -O0  execution test
FAIL: gfortran.dg/fmt_fw_d.f90   -O1  execution test
FAIL: gfortran.dg/fmt_fw_d.f90   -O2  execution test
FAIL: gfortran.dg/fmt_fw_d.f90   -O3 -fomit-frame-pointer -funroll-loops -fpeel-loops -ftracer -finline-functions  execution test
FAIL: gfortran.dg/fmt_fw_d.f90   -O3 -g  execution test
FAIL: gfortran.dg/fmt_fw_d.f90   -Os  execution test
FAIL: gfortran.dg/fmt_g.f   -O0  execution test
FAIL: gfortran.dg/fmt_g.f   -O1  execution test
FAIL: gfortran.dg/fmt_g.f   -O2  execution test
FAIL: gfortran.dg/fmt_g.f   -O3 -fomit-frame-pointer -funroll-loops -fpeel-loops -ftracer -finline-functions  execution test
FAIL: gfortran.dg/fmt_g.f   -O3 -g  execution test
FAIL: gfortran.dg/fmt_g.f   -Os  execution test
FAIL: gfortran.dg/fmt_g0_1.f08   -O0  execution test
FAIL: gfortran.dg/fmt_g0_1.f08   -O1  execution test
FAIL: gfortran.dg/fmt_g0_1.f08   -O2  execution test
FAIL: gfortran.dg/fmt_g0_1.f08   -O3 -fomit-frame-pointer -funroll-loops -fpeel-loops -ftracer -finline-functions  execution test
FAIL: gfortran.dg/fmt_g0_1.f08   -O3 -g  execution test
FAIL: gfortran.dg/fmt_g0_1.f08   -Os  execution test
FAIL: gfortran.dg/fmt_g0_2.f08   -O0  output pattern test
FAIL: gfortran.dg/fmt_g0_2.f08   -O1  output pattern test
FAIL: gfortran.dg/fmt_g0_2.f08   -O2  output pattern test
FAIL: gfortran.dg/fmt_g0_2.f08   -O3 -fomit-frame-pointer -funroll-loops -fpeel-loops -ftracer -finline-functions  output pattern test
FAIL: gfortran.dg/fmt_g0_2.f08   -O3 -g  output pattern test
FAIL: gfortran.dg/fmt_g0_2.f08   -Os  output pattern test
FAIL: gfortran.dg/fmt_g0_5.f08   -O0  execution test
FAIL: gfortran.dg/fmt_g0_5.f08   -O1  execution test
FAIL: gfortran.dg/fmt_g0_5.f08   -O2  execution test
FAIL: gfortran.dg/fmt_g0_5.f08   -O3 -fomit-frame-pointer -funroll-loops -fpeel-loops -ftracer -finline-functions  execution test
FAIL: gfortran.dg/fmt_g0_5.f08   -O3 -g  execution test
FAIL: gfortran.dg/fmt_g0_5.f08   -Os  execution test
FAIL: gfortran.dg/fmt_g0_6.f08   -O0  execution test
FAIL: gfortran.dg/fmt_g0_6.f08   -O1  execution test
FAIL: gfortran.dg/fmt_g0_6.f08   -O2  execution test
FAIL: gfortran.dg/fmt_g0_6.f08   -O3 -fomit-frame-pointer -funroll-loops -fpeel-loops -ftracer -finline-functions  execution test
FAIL: gfortran.dg/fmt_g0_6.f08   -O3 -g  execution test
FAIL: gfortran.dg/fmt_g0_6.f08   -Os  execution test
FAIL: gfortran.dg/fmt_g0_7.f08   -O0  execution test
FAIL: gfortran.dg/fmt_g0_7.f08   -O1  execution test
FAIL: gfortran.dg/fmt_g0_7.f08   -O2  execution test
FAIL: gfortran.dg/fmt_g0_7.f08   -O3 -fomit-frame-pointer -funroll-loops -fpeel-loops -ftracer -finline-functions  execution test
FAIL: gfortran.dg/fmt_g0_7.f08   -O3 -g  execution test
FAIL: gfortran.dg/fmt_g0_7.f08   -Os  execution test
FAIL: gfortran.dg/fmt_g_1.f90   -O0  execution test
FAIL: gfortran.dg/fmt_g_1.f90   -O1  execution test
FAIL: gfortran.dg/fmt_g_1.f90   -O2  execution test
FAIL: gfortran.dg/fmt_g_1.f90   -O3 -fomit-frame-pointer -funroll-loops -fpeel-loops -ftracer -finline-functions  execution test
FAIL: gfortran.dg/fmt_g_1.f90   -O3 -g  execution test
FAIL: gfortran.dg/fmt_g_1.f90   -Os  execution test
FAIL: gfortran.dg/fmt_int_sign.f90   -O0  execution test
FAIL: gfortran.dg/fmt_int_sign.f90   -O1  execution test
FAIL: gfortran.dg/fmt_int_sign.f90   -O2  execution test
FAIL: gfortran.dg/fmt_int_sign.f90   -O3 -fomit-frame-pointer -funroll-loops -fpeel-loops -ftracer -finline-functions  execution test
FAIL: gfortran.dg/fmt_int_sign.f90   -O3 -g  execution test
FAIL: gfortran.dg/fmt_int_sign.f90   -Os  execution test
FAIL: gfortran.dg/fmt_l.f90   -O0  execution test
FAIL: gfortran.dg/fmt_l.f90   -O1  execution test
FAIL: gfortran.dg/fmt_l.f90   -O2  execution test
FAIL: gfortran.dg/fmt_l.f90   -O3 -fomit-frame-pointer -funroll-loops -fpeel-loops -ftracer -finline-functions  execution test
FAIL: gfortran.dg/fmt_l.f90   -O3 -g  execution test
FAIL: gfortran.dg/fmt_l.f90   -Os  execution test
FAIL: gfortran.dg/fmt_missing_period_2.f   -O0  execution test
FAIL: gfortran.dg/fmt_missing_period_2.f   -O1  execution test
FAIL: gfortran.dg/fmt_missing_period_2.f   -O2  execution test
FAIL: gfortran.dg/fmt_missing_period_2.f   -O3 -fomit-frame-pointer -funroll-loops -fpeel-loops -ftracer -finline-functions  execution test
FAIL: gfortran.dg/fmt_missing_period_2.f   -O3 -g  execution test
FAIL: gfortran.dg/fmt_missing_period_2.f   -Os  execution test
FAIL: gfortran.dg/fmt_missing_period_3.f   -O0  execution test
FAIL: gfortran.dg/fmt_missing_period_3.f   -O1  execution test
FAIL: gfortran.dg/fmt_missing_period_3.f   -O2  execution test
FAIL: gfortran.dg/fmt_missing_period_3.f   -O3 -fomit-frame-pointer -funroll-loops -fpeel-loops -ftracer -finline-functions  execution test
FAIL: gfortran.dg/fmt_missing_period_3.f   -O3 -g  execution test
FAIL: gfortran.dg/fmt_missing_period_3.f   -Os  execution test
FAIL: gfortran.dg/fmt_p_1.f90   -O0  execution test
FAIL: gfortran.dg/fmt_p_1.f90   -O1  execution test
FAIL: gfortran.dg/fmt_p_1.f90   -O2  execution test
FAIL: gfortran.dg/fmt_p_1.f90   -O3 -fomit-frame-pointer -funroll-loops -fpeel-loops -ftracer -finline-functions  execution test
FAIL: gfortran.dg/fmt_p_1.f90   -O3 -g  execution test
FAIL: gfortran.dg/fmt_p_1.f90   -Os  execution test
FAIL: gfortran.dg/fmt_pf.f90   -O0  execution test
FAIL: gfortran.dg/fmt_pf.f90   -O1  execution test
FAIL: gfortran.dg/fmt_pf.f90   -O2  execution test
FAIL: gfortran.dg/fmt_pf.f90   -O3 -fomit-frame-pointer -funroll-loops -fpeel-loops -ftracer -finline-functions  execution test
FAIL: gfortran.dg/fmt_pf.f90   -O3 -g  execution test
FAIL: gfortran.dg/fmt_pf.f90   -Os  execution test
FAIL: gfortran.dg/fmt_read_bz_bn.f90   -O0  execution test
FAIL: gfortran.dg/fmt_read_bz_bn.f90   -O1  execution test
FAIL: gfortran.dg/fmt_read_bz_bn.f90   -O2  execution test
FAIL: gfortran.dg/fmt_read_bz_bn.f90   -O3 -fomit-frame-pointer -funroll-loops -fpeel-loops -ftracer -finline-functions  execution test
FAIL: gfortran.dg/fmt_read_bz_bn.f90   -O3 -g  execution test
FAIL: gfortran.dg/fmt_read_bz_bn.f90   -Os  execution test
FAIL: gfortran.dg/fmt_t_6.f   -O0  execution test
FAIL: gfortran.dg/fmt_t_6.f   -O1  execution test
FAIL: gfortran.dg/fmt_t_6.f   -O2  execution test
FAIL: gfortran.dg/fmt_t_6.f   -O3 -fomit-frame-pointer -funroll-loops -fpeel-loops -ftracer -finline-functions  execution test
FAIL: gfortran.dg/fmt_t_6.f   -O3 -g  execution test
FAIL: gfortran.dg/fmt_t_6.f   -Os  execution test
FAIL: gfortran.dg/fmt_tl.f   -O0  execution test
FAIL: gfortran.dg/fmt_tl.f   -O1  execution test
FAIL: gfortran.dg/fmt_tl.f   -O2  execution test
FAIL: gfortran.dg/fmt_tl.f   -O3 -fomit-frame-pointer -funroll-loops -fpeel-loops -ftracer -finline-functions  execution test
FAIL: gfortran.dg/fmt_tl.f   -O3 -g  execution test
FAIL: gfortran.dg/fmt_tl.f   -Os  execution test
FAIL: gfortran.dg/fmt_unlimited.f90   -O0  execution test
FAIL: gfortran.dg/fmt_unlimited.f90   -O1  execution test
FAIL: gfortran.dg/fmt_unlimited.f90   -O2  execution test
FAIL: gfortran.dg/fmt_unlimited.f90   -O3 -fomit-frame-pointer -funroll-loops -fpeel-loops -ftracer -finline-functions  execution test
FAIL: gfortran.dg/fmt_unlimited.f90   -O3 -g  execution test
FAIL: gfortran.dg/fmt_unlimited.f90   -Os  execution test
FAIL: gfortran.dg/fmt_white.f   -O0  execution test
FAIL: gfortran.dg/fmt_white.f   -O1  execution test
FAIL: gfortran.dg/fmt_white.f   -O2  execution test
FAIL: gfortran.dg/fmt_white.f   -O3 -fomit-frame-pointer -funroll-loops -fpeel-loops -ftracer -finline-functions  execution test
FAIL: gfortran.dg/fmt_white.f   -O3 -g  execution test
FAIL: gfortran.dg/fmt_white.f   -Os  execution test
FAIL: gfortran.dg/fmt_zero_digits.f90   -O0  execution test
FAIL: gfortran.dg/fmt_zero_digits.f90   -O1  execution test
FAIL: gfortran.dg/fmt_zero_digits.f90   -O2  execution test
FAIL: gfortran.dg/fmt_zero_digits.f90   -O3 -fomit-frame-pointer -funroll-loops -fpeel-loops -ftracer -finline-functions  execution test
FAIL: gfortran.dg/fmt_zero_digits.f90   -O3 -g  execution test
FAIL: gfortran.dg/fmt_zero_digits.f90   -Os  execution test
FAIL: gfortran.dg/hollerith.f90   -O0  execution test
FAIL: gfortran.dg/hollerith.f90   -O1  execution test
FAIL: gfortran.dg/hollerith.f90   -O2  execution test
FAIL: gfortran.dg/hollerith.f90   -O3 -fomit-frame-pointer -funroll-loops -fpeel-loops -ftracer -finline-functions  execution test
FAIL: gfortran.dg/hollerith.f90   -O3 -g  execution test
FAIL: gfortran.dg/hollerith.f90   -Os  execution test
FAIL: gfortran.dg/hollerith4.f90   -O0  execution test
FAIL: gfortran.dg/hollerith4.f90   -O1  execution test
FAIL: gfortran.dg/hollerith4.f90   -O2  execution test
FAIL: gfortran.dg/hollerith4.f90   -O3 -fomit-frame-pointer -funroll-loops -fpeel-loops -ftracer -finline-functions  execution test
FAIL: gfortran.dg/hollerith4.f90   -O3 -g  execution test
FAIL: gfortran.dg/hollerith4.f90   -Os  execution test
FAIL: gfortran.dg/hollerith6.f90   -O0  execution test
FAIL: gfortran.dg/hollerith6.f90   -O1  execution test
FAIL: gfortran.dg/hollerith6.f90   -O2  execution test
FAIL: gfortran.dg/hollerith6.f90   -O3 -fomit-frame-pointer -funroll-loops -fpeel-loops -ftracer -finline-functions  execution test
FAIL: gfortran.dg/hollerith6.f90   -O3 -g  execution test
FAIL: gfortran.dg/hollerith6.f90   -Os  execution test
FAIL: gfortran.dg/hollerith8.f90   -O0  execution test
FAIL: gfortran.dg/hollerith8.f90   -O1  execution test
FAIL: gfortran.dg/hollerith8.f90   -O2  execution test
FAIL: gfortran.dg/hollerith8.f90   -O3 -fomit-frame-pointer -funroll-loops -fpeel-loops -ftracer -finline-functions  execution test
FAIL: gfortran.dg/hollerith8.f90   -O3 -g  execution test
FAIL: gfortran.dg/hollerith8.f90   -Os  execution test
FAIL: gfortran.dg/hollerith_1.f90   -O0  execution test
FAIL: gfortran.dg/hollerith_1.f90   -O1  execution test
FAIL: gfortran.dg/hollerith_1.f90   -O2  execution test
FAIL: gfortran.dg/hollerith_1.f90   -O3 -fomit-frame-pointer -funroll-loops -fpeel-loops -ftracer -finline-functions  execution test
FAIL: gfortran.dg/hollerith_1.f90   -O3 -g  execution test
FAIL: gfortran.dg/hollerith_1.f90   -Os  execution test
FAIL: gfortran.dg/inline_transpose_1.f90   -O0  execution test
FAIL: gfortran.dg/inline_transpose_1.f90   -O1  execution test
FAIL: gfortran.dg/inline_transpose_1.f90   -O2  execution test
FAIL: gfortran.dg/inline_transpose_1.f90   -O3 -fomit-frame-pointer -funroll-loops -fpeel-loops -ftracer -finline-functions  execution test
FAIL: gfortran.dg/inline_transpose_1.f90   -O3 -g  execution test
FAIL: gfortran.dg/inline_transpose_1.f90   -Os  execution test
FAIL: gfortran.dg/int_range_io_1.f90   -O0  execution test
FAIL: gfortran.dg/int_range_io_1.f90   -O1  execution test
FAIL: gfortran.dg/int_range_io_1.f90   -O2  execution test
FAIL: gfortran.dg/int_range_io_1.f90   -O3 -fomit-frame-pointer -funroll-loops -fpeel-loops -ftracer -finline-functions  execution test
FAIL: gfortran.dg/int_range_io_1.f90   -O3 -g  execution test
FAIL: gfortran.dg/int_range_io_1.f90   -Os  execution test
FAIL: gfortran.dg/interface_19.f90   -O0  execution test
FAIL: gfortran.dg/interface_19.f90   -O1  execution test
FAIL: gfortran.dg/interface_19.f90   -O2  execution test
FAIL: gfortran.dg/interface_19.f90   -O3 -fomit-frame-pointer -funroll-loops -fpeel-loops -ftracer -finline-functions  execution test
FAIL: gfortran.dg/interface_19.f90   -O3 -g  execution test
FAIL: gfortran.dg/interface_19.f90   -Os  execution test
FAIL: gfortran.dg/internal_readwrite_1.f90   -O0  execution test
FAIL: gfortran.dg/internal_readwrite_1.f90   -O1  execution test
FAIL: gfortran.dg/internal_readwrite_1.f90   -O2  execution test
FAIL: gfortran.dg/internal_readwrite_1.f90   -O3 -fomit-frame-pointer -funroll-loops -fpeel-loops -ftracer -finline-functions  execution test
FAIL: gfortran.dg/internal_readwrite_1.f90   -O3 -g  execution test
FAIL: gfortran.dg/internal_readwrite_1.f90   -Os  execution test
FAIL: gfortran.dg/internal_readwrite_2.f90   -O0  execution test
FAIL: gfortran.dg/internal_readwrite_2.f90   -O1  execution test
FAIL: gfortran.dg/internal_readwrite_2.f90   -O2  execution test
FAIL: gfortran.dg/internal_readwrite_2.f90   -O3 -fomit-frame-pointer -funroll-loops -fpeel-loops -ftracer -finline-functions  execution test
FAIL: gfortran.dg/internal_readwrite_2.f90   -O3 -g  execution test
FAIL: gfortran.dg/internal_readwrite_2.f90   -Os  execution test
FAIL: gfortran.dg/internal_readwrite_3.f90   -O0  execution test
FAIL: gfortran.dg/internal_readwrite_3.f90   -O1  execution test
FAIL: gfortran.dg/internal_readwrite_3.f90   -O2  execution test
FAIL: gfortran.dg/internal_readwrite_3.f90   -O3 -fomit-frame-pointer -funroll-loops -fpeel-loops -ftracer -finline-functions  execution test
FAIL: gfortran.dg/internal_readwrite_3.f90   -O3 -g  execution test
FAIL: gfortran.dg/internal_readwrite_3.f90   -Os  execution test
FAIL: gfortran.dg/internal_write_1.f90   -O0  output pattern test
FAIL: gfortran.dg/internal_write_1.f90   -O1  output pattern test
FAIL: gfortran.dg/internal_write_1.f90   -O2  output pattern test
FAIL: gfortran.dg/internal_write_1.f90   -O3 -fomit-frame-pointer -funroll-loops -fpeel-loops -ftracer -finline-functions  output pattern test
FAIL: gfortran.dg/internal_write_1.f90   -O3 -g  output pattern test
FAIL: gfortran.dg/internal_write_1.f90   -Os  output pattern test
FAIL: gfortran.dg/intrinsic_spread_1.f90   -O0  execution test
FAIL: gfortran.dg/intrinsic_spread_1.f90   -O1  execution test
FAIL: gfortran.dg/intrinsic_spread_1.f90   -O2  execution test
FAIL: gfortran.dg/intrinsic_spread_1.f90   -O3 -fomit-frame-pointer -funroll-loops -fpeel-loops -ftracer -finline-functions  execution test
FAIL: gfortran.dg/intrinsic_spread_1.f90   -O3 -g  execution test
FAIL: gfortran.dg/intrinsic_spread_1.f90   -Os  execution test
FAIL: gfortran.dg/intrinsic_spread_2.f90   -O0  execution test
FAIL: gfortran.dg/intrinsic_spread_2.f90   -O1  execution test
FAIL: gfortran.dg/intrinsic_spread_2.f90   -O2  execution test
FAIL: gfortran.dg/intrinsic_spread_2.f90   -O3 -fomit-frame-pointer -funroll-loops -fpeel-loops -ftracer -finline-functions  execution test
FAIL: gfortran.dg/intrinsic_spread_2.f90   -O3 -g  execution test
FAIL: gfortran.dg/intrinsic_spread_2.f90   -Os  execution test
FAIL: gfortran.dg/intrinsic_spread_3.f90   -O0  execution test
FAIL: gfortran.dg/intrinsic_spread_3.f90   -O1  execution test
FAIL: gfortran.dg/intrinsic_spread_3.f90   -O2  execution test
FAIL: gfortran.dg/intrinsic_spread_3.f90   -O3 -fomit-frame-pointer -funroll-loops -fpeel-loops -ftracer -finline-functions  execution test
FAIL: gfortran.dg/intrinsic_spread_3.f90   -O3 -g  execution test
FAIL: gfortran.dg/intrinsic_spread_3.f90   -Os  execution test
FAIL: gfortran.dg/intrinsic_unpack_1.f90   -O0  execution test
FAIL: gfortran.dg/intrinsic_unpack_1.f90   -O1  execution test
FAIL: gfortran.dg/intrinsic_unpack_1.f90   -O2  execution test
FAIL: gfortran.dg/intrinsic_unpack_1.f90   -O3 -fomit-frame-pointer -funroll-loops -fpeel-loops -ftracer -finline-functions  execution test
FAIL: gfortran.dg/intrinsic_unpack_1.f90   -O3 -g  execution test
FAIL: gfortran.dg/intrinsic_unpack_1.f90   -Os  execution test
FAIL: gfortran.dg/intrinsic_unpack_2.f90   -O0  execution test
FAIL: gfortran.dg/intrinsic_unpack_2.f90   -O1  execution test
FAIL: gfortran.dg/intrinsic_unpack_2.f90   -O2  execution test
FAIL: gfortran.dg/intrinsic_unpack_2.f90   -O3 -fomit-frame-pointer -funroll-loops -fpeel-loops -ftracer -finline-functions  execution test
FAIL: gfortran.dg/intrinsic_unpack_2.f90   -O3 -g  execution test
FAIL: gfortran.dg/intrinsic_unpack_2.f90   -Os  execution test
FAIL: gfortran.dg/intrinsic_unpack_3.f90   -O0  execution test
FAIL: gfortran.dg/intrinsic_unpack_3.f90   -O1  execution test
FAIL: gfortran.dg/intrinsic_unpack_3.f90   -O2  execution test
FAIL: gfortran.dg/intrinsic_unpack_3.f90   -O3 -fomit-frame-pointer -funroll-loops -fpeel-loops -ftracer -finline-functions  execution test
FAIL: gfortran.dg/intrinsic_unpack_3.f90   -O3 -g  execution test
FAIL: gfortran.dg/intrinsic_unpack_3.f90   -Os  execution test
FAIL: gfortran.dg/io_err_1.f90   -O0  output pattern test
FAIL: gfortran.dg/io_err_1.f90   -O1  output pattern test
FAIL: gfortran.dg/io_err_1.f90   -O2  output pattern test
FAIL: gfortran.dg/io_err_1.f90   -O3 -fomit-frame-pointer -funroll-loops -fpeel-loops -ftracer -finline-functions  output pattern test
FAIL: gfortran.dg/io_err_1.f90   -O3 -g  output pattern test
FAIL: gfortran.dg/io_err_1.f90   -Os  output pattern test
FAIL: gfortran.dg/io_real_boz.f90   -O0  execution test
FAIL: gfortran.dg/io_real_boz.f90   -O1  execution test
FAIL: gfortran.dg/io_real_boz.f90   -O2  execution test
FAIL: gfortran.dg/io_real_boz.f90   -O3 -fomit-frame-pointer -funroll-loops -fpeel-loops -ftracer -finline-functions  execution test
FAIL: gfortran.dg/io_real_boz.f90   -O3 -g  execution test
FAIL: gfortran.dg/io_real_boz.f90   -Os  execution test
FAIL: gfortran.dg/io_real_boz2.f90   -O0  output pattern test
FAIL: gfortran.dg/io_real_boz2.f90   -O1  output pattern test
FAIL: gfortran.dg/io_real_boz2.f90   -O2  output pattern test
FAIL: gfortran.dg/io_real_boz2.f90   -O3 -fomit-frame-pointer -funroll-loops -fpeel-loops -ftracer -finline-functions  output pattern test
FAIL: gfortran.dg/io_real_boz2.f90   -O3 -g  output pattern test
FAIL: gfortran.dg/io_real_boz2.f90   -Os  output pattern test
FAIL: gfortran.dg/io_real_boz_3.f90   -O0  execution test
FAIL: gfortran.dg/io_real_boz_3.f90   -O1  execution test
FAIL: gfortran.dg/io_real_boz_3.f90   -O2  execution test
FAIL: gfortran.dg/io_real_boz_3.f90   -O3 -fomit-frame-pointer -funroll-loops -fpeel-loops -ftracer -finline-functions  execution test
FAIL: gfortran.dg/io_real_boz_3.f90   -O3 -g  execution test
FAIL: gfortran.dg/io_real_boz_3.f90   -Os  execution test
FAIL: gfortran.dg/io_real_boz_4.f90   -O0  output pattern test
FAIL: gfortran.dg/io_real_boz_4.f90   -O1  output pattern test
FAIL: gfortran.dg/io_real_boz_4.f90   -O2  output pattern test
FAIL: gfortran.dg/io_real_boz_4.f90   -O3 -fomit-frame-pointer -funroll-loops -fpeel-loops -ftracer -finline-functions  output pattern test
FAIL: gfortran.dg/io_real_boz_4.f90   -O3 -g  output pattern test
FAIL: gfortran.dg/io_real_boz_4.f90   -Os  output pattern test
FAIL: gfortran.dg/io_real_boz_5.f90   -O0  output pattern test
FAIL: gfortran.dg/io_real_boz_5.f90   -O1  output pattern test
FAIL: gfortran.dg/io_real_boz_5.f90   -O2  output pattern test
FAIL: gfortran.dg/io_real_boz_5.f90   -O3 -fomit-frame-pointer -funroll-loops -fpeel-loops -ftracer -finline-functions  output pattern test
FAIL: gfortran.dg/io_real_boz_5.f90   -O3 -g  output pattern test
FAIL: gfortran.dg/io_real_boz_5.f90   -Os  output pattern test
FAIL: gfortran.dg/isnan_2.f90   -O0  execution test
FAIL: gfortran.dg/isnan_2.f90   -O1  execution test
FAIL: gfortran.dg/isnan_2.f90   -O2  execution test
FAIL: gfortran.dg/isnan_2.f90   -O3 -fomit-frame-pointer -funroll-loops -fpeel-loops -ftracer -finline-functions  execution test
FAIL: gfortran.dg/isnan_2.f90   -O3 -g  execution test
FAIL: gfortran.dg/isnan_2.f90   -Os  execution test
FAIL: gfortran.dg/large_integer_kind_1.f90   -O0  execution test
FAIL: gfortran.dg/large_integer_kind_1.f90   -O1  execution test
FAIL: gfortran.dg/large_integer_kind_1.f90   -O2  execution test
FAIL: gfortran.dg/large_integer_kind_1.f90   -O3 -fomit-frame-pointer -funroll-loops -fpeel-loops -ftracer -finline-functions  execution test
FAIL: gfortran.dg/large_integer_kind_1.f90   -O3 -g  execution test
FAIL: gfortran.dg/large_integer_kind_1.f90   -Os  execution test
FAIL: gfortran.dg/large_real_kind_1.f90   -O0  execution test
FAIL: gfortran.dg/large_real_kind_1.f90   -O1  execution test
FAIL: gfortran.dg/large_real_kind_1.f90   -O2  execution test
FAIL: gfortran.dg/large_real_kind_1.f90   -O3 -fomit-frame-pointer -funroll-loops -fpeel-loops -ftracer -finline-functions  execution test
FAIL: gfortran.dg/large_real_kind_1.f90   -O3 -g  execution test
FAIL: gfortran.dg/large_real_kind_1.f90   -Os  execution test
FAIL: gfortran.dg/large_real_kind_form_io_1.f90   -O0  execution test
FAIL: gfortran.dg/large_real_kind_form_io_1.f90   -O1  execution test
FAIL: gfortran.dg/large_real_kind_form_io_1.f90   -O2  execution test
FAIL: gfortran.dg/large_real_kind_form_io_1.f90   -O3 -fomit-frame-pointer -funroll-loops -fpeel-loops -ftracer -finline-functions  execution test
FAIL: gfortran.dg/large_real_kind_form_io_1.f90   -O3 -g  execution test
FAIL: gfortran.dg/large_real_kind_form_io_1.f90   -Os  execution test
FAIL: gfortran.dg/large_real_kind_form_io_2.f90   -O0  execution test
FAIL: gfortran.dg/large_real_kind_form_io_2.f90   -O1  execution test
FAIL: gfortran.dg/large_real_kind_form_io_2.f90   -O2  execution test
FAIL: gfortran.dg/large_real_kind_form_io_2.f90   -O3 -fomit-frame-pointer -funroll-loops -fpeel-loops -ftracer -finline-functions  execution test
FAIL: gfortran.dg/large_real_kind_form_io_2.f90   -O3 -g  execution test
FAIL: gfortran.dg/large_real_kind_form_io_2.f90   -Os  execution test
FAIL: gfortran.dg/list_read_13.f   -O0  execution test
FAIL: gfortran.dg/list_read_13.f   -O1  execution test
FAIL: gfortran.dg/list_read_13.f   -O2  execution test
FAIL: gfortran.dg/list_read_13.f   -O3 -fomit-frame-pointer -funroll-loops -fpeel-loops -ftracer -finline-functions  execution test
FAIL: gfortran.dg/list_read_13.f   -O3 -g  execution test
FAIL: gfortran.dg/list_read_13.f   -Os  execution test
FAIL: gfortran.dg/list_read_2.f90   -O0  execution test
FAIL: gfortran.dg/list_read_2.f90   -O1  execution test
FAIL: gfortran.dg/list_read_2.f90   -O2  execution test
FAIL: gfortran.dg/list_read_2.f90   -O3 -fomit-frame-pointer -funroll-loops -fpeel-loops -ftracer -finline-functions  execution test
FAIL: gfortran.dg/list_read_2.f90   -O3 -g  execution test
FAIL: gfortran.dg/list_read_2.f90   -Os  execution test
FAIL: gfortran.dg/list_read_3.f90   -O0  execution test
FAIL: gfortran.dg/list_read_3.f90   -O1  execution test
FAIL: gfortran.dg/list_read_3.f90   -O2  execution test
FAIL: gfortran.dg/list_read_3.f90   -O3 -fomit-frame-pointer -funroll-loops -fpeel-loops -ftracer -finline-functions  execution test
FAIL: gfortran.dg/list_read_3.f90   -O3 -g  execution test
FAIL: gfortran.dg/list_read_3.f90   -Os  execution test
FAIL: gfortran.dg/list_read_5.f90   -O0  execution test
FAIL: gfortran.dg/list_read_5.f90   -O1  execution test
FAIL: gfortran.dg/list_read_5.f90   -O2  execution test
FAIL: gfortran.dg/list_read_5.f90   -O3 -fomit-frame-pointer -funroll-loops -fpeel-loops -ftracer -finline-functions  execution test
FAIL: gfortran.dg/list_read_5.f90   -O3 -g  execution test
FAIL: gfortran.dg/list_read_5.f90   -Os  execution test
FAIL: gfortran.dg/literal_character_constant_1_x.F   -O0  execution test
FAIL: gfortran.dg/literal_character_constant_1_x.F   -O1  execution test
FAIL: gfortran.dg/literal_character_constant_1_x.F   -O2  execution test
FAIL: gfortran.dg/literal_character_constant_1_x.F   -O3 -fomit-frame-pointer -funroll-loops -fpeel-loops -ftracer -finline-functions  execution test
FAIL: gfortran.dg/literal_character_constant_1_x.F   -O3 -g  execution test
FAIL: gfortran.dg/literal_character_constant_1_x.F   -Os  execution test
FAIL: gfortran.dg/literal_character_constant_1_y.F   -O0  execution test
FAIL: gfortran.dg/literal_character_constant_1_y.F   -O1  execution test
FAIL: gfortran.dg/literal_character_constant_1_y.F   -O2  execution test
FAIL: gfortran.dg/literal_character_constant_1_y.F   -O3 -fomit-frame-pointer -funroll-loops -fpeel-loops -ftracer -finline-functions  execution test
FAIL: gfortran.dg/literal_character_constant_1_y.F   -O3 -g  execution test
FAIL: gfortran.dg/literal_character_constant_1_y.F   -Os  execution test
FAIL: gfortran.dg/literal_character_constant_1_z.F   -O0  execution test
FAIL: gfortran.dg/literal_character_constant_1_z.F   -O1  execution test
FAIL: gfortran.dg/literal_character_constant_1_z.F   -O2  execution test
FAIL: gfortran.dg/literal_character_constant_1_z.F   -O3 -fomit-frame-pointer -funroll-loops -fpeel-loops -ftracer -finline-functions  execution test
FAIL: gfortran.dg/literal_character_constant_1_z.F   -O3 -g  execution test
FAIL: gfortran.dg/literal_character_constant_1_z.F   -Os  execution test
FAIL: gfortran.dg/logical_1.f90   -O0  execution test
FAIL: gfortran.dg/logical_1.f90   -O1  execution test
FAIL: gfortran.dg/logical_1.f90   -O2  execution test
FAIL: gfortran.dg/logical_1.f90   -O3 -fomit-frame-pointer -funroll-loops -fpeel-loops -ftracer -finline-functions  execution test
FAIL: gfortran.dg/logical_1.f90   -O3 -g  execution test
FAIL: gfortran.dg/logical_1.f90   -Os  execution test
FAIL: gfortran.dg/mapping_1.f90   -Os  execution test
FAIL: gfortran.dg/module_nan.f90   -O0  execution test
FAIL: gfortran.dg/module_nan.f90   -O1  execution test
FAIL: gfortran.dg/module_nan.f90   -O2  execution test
FAIL: gfortran.dg/module_nan.f90   -O3 -fomit-frame-pointer -funroll-loops -fpeel-loops -ftracer -finline-functions  execution test
FAIL: gfortran.dg/module_nan.f90   -O3 -g  execution test
FAIL: gfortran.dg/module_nan.f90   -Os  execution test
FAIL: gfortran.dg/module_widestring_1.f90   -O0  execution test
FAIL: gfortran.dg/module_widestring_1.f90   -O1  execution test
FAIL: gfortran.dg/module_widestring_1.f90   -O2  execution test
FAIL: gfortran.dg/module_widestring_1.f90   -O3 -fomit-frame-pointer -funroll-loops -fpeel-loops -ftracer -finline-functions  execution test
FAIL: gfortran.dg/module_widestring_1.f90   -O3 -g  execution test
FAIL: gfortran.dg/module_widestring_1.f90   -Os  execution test
FAIL: gfortran.dg/namelist_29.f90   -O0  execution test
FAIL: gfortran.dg/namelist_29.f90   -O1  execution test
FAIL: gfortran.dg/namelist_29.f90   -O2  execution test
FAIL: gfortran.dg/namelist_29.f90   -O3 -fomit-frame-pointer -funroll-loops -fpeel-loops -ftracer -finline-functions  execution test
FAIL: gfortran.dg/namelist_29.f90   -O3 -g  execution test
FAIL: gfortran.dg/namelist_29.f90   -Os  execution test
FAIL: gfortran.dg/namelist_53.f90   -O0  execution test
FAIL: gfortran.dg/namelist_53.f90   -O1  execution test
FAIL: gfortran.dg/namelist_53.f90   -O2  execution test
FAIL: gfortran.dg/namelist_53.f90   -O3 -fomit-frame-pointer -funroll-loops -fpeel-loops -ftracer -finline-functions  execution test
FAIL: gfortran.dg/namelist_53.f90   -O3 -g  execution test
FAIL: gfortran.dg/namelist_53.f90   -Os  execution test
FAIL: gfortran.dg/namelist_54.f90   -O0  execution test
FAIL: gfortran.dg/namelist_54.f90   -O1  execution test
FAIL: gfortran.dg/namelist_54.f90   -O2  execution test
FAIL: gfortran.dg/namelist_54.f90   -O3 -fomit-frame-pointer -funroll-loops -fpeel-loops -ftracer -finline-functions  execution test
FAIL: gfortran.dg/namelist_54.f90   -O3 -g  execution test
FAIL: gfortran.dg/namelist_54.f90   -Os  execution test
FAIL: gfortran.dg/namelist_55.f90   -O0  execution test
FAIL: gfortran.dg/namelist_55.f90   -O1  execution test
FAIL: gfortran.dg/namelist_55.f90   -O2  execution test
FAIL: gfortran.dg/namelist_55.f90   -O3 -fomit-frame-pointer -funroll-loops -fpeel-loops -ftracer -finline-functions  execution test
FAIL: gfortran.dg/namelist_55.f90   -O3 -g  execution test
FAIL: gfortran.dg/namelist_55.f90   -Os  execution test
FAIL: gfortran.dg/namelist_56.f90   -O0  execution test
FAIL: gfortran.dg/namelist_56.f90   -O1  execution test
FAIL: gfortran.dg/namelist_56.f90   -O2  execution test
FAIL: gfortran.dg/namelist_56.f90   -O3 -fomit-frame-pointer -funroll-loops -fpeel-loops -ftracer -finline-functions  execution test
FAIL: gfortran.dg/namelist_56.f90   -O3 -g  execution test
FAIL: gfortran.dg/namelist_56.f90   -Os  execution test
FAIL: gfortran.dg/namelist_57.f90   -O0  execution test
FAIL: gfortran.dg/namelist_57.f90   -O1  execution test
FAIL: gfortran.dg/namelist_57.f90   -O2  execution test
FAIL: gfortran.dg/namelist_57.f90   -O3 -fomit-frame-pointer -funroll-loops -fpeel-loops -ftracer -finline-functions  execution test
FAIL: gfortran.dg/namelist_57.f90   -O3 -g  execution test
FAIL: gfortran.dg/namelist_57.f90   -Os  execution test
FAIL: gfortran.dg/namelist_59.f90   -O0  execution test
FAIL: gfortran.dg/namelist_59.f90   -O1  execution test
FAIL: gfortran.dg/namelist_59.f90   -O2  execution test
FAIL: gfortran.dg/namelist_59.f90   -O3 -fomit-frame-pointer -funroll-loops -fpeel-loops -ftracer -finline-functions  execution test
FAIL: gfortran.dg/namelist_59.f90   -O3 -g  execution test
FAIL: gfortran.dg/namelist_59.f90   -Os  execution test
FAIL: gfortran.dg/namelist_61.f90   -O0  execution test
FAIL: gfortran.dg/namelist_61.f90   -O1  execution test
FAIL: gfortran.dg/namelist_61.f90   -O2  execution test
FAIL: gfortran.dg/namelist_61.f90   -O3 -fomit-frame-pointer -funroll-loops -fpeel-loops -ftracer -finline-functions  execution test
FAIL: gfortran.dg/namelist_61.f90   -O3 -g  execution test
FAIL: gfortran.dg/namelist_61.f90   -Os  execution test
FAIL: gfortran.dg/namelist_65.f90   -O0  execution test
FAIL: gfortran.dg/namelist_65.f90   -O1  execution test
FAIL: gfortran.dg/namelist_65.f90   -O2  execution test
FAIL: gfortran.dg/namelist_65.f90   -O3 -fomit-frame-pointer -funroll-loops -fpeel-loops -ftracer -finline-functions  execution test
FAIL: gfortran.dg/namelist_65.f90   -O3 -g  execution test
FAIL: gfortran.dg/namelist_65.f90   -Os  execution test
FAIL: gfortran.dg/namelist_67.f90   -O0  execution test
FAIL: gfortran.dg/namelist_67.f90   -O1  execution test
FAIL: gfortran.dg/namelist_67.f90   -O2  execution test
FAIL: gfortran.dg/namelist_67.f90   -O3 -fomit-frame-pointer -funroll-loops -fpeel-loops -ftracer -finline-functions  execution test
FAIL: gfortran.dg/namelist_67.f90   -O3 -g  execution test
FAIL: gfortran.dg/namelist_67.f90   -Os  execution test
FAIL: gfortran.dg/namelist_69.f90   -O0  execution test
FAIL: gfortran.dg/namelist_69.f90   -O1  execution test
FAIL: gfortran.dg/namelist_69.f90   -O2  execution test
FAIL: gfortran.dg/namelist_69.f90   -O3 -fomit-frame-pointer -funroll-loops -fpeel-loops -ftracer -finline-functions  execution test
FAIL: gfortran.dg/namelist_69.f90   -O3 -g  execution test
FAIL: gfortran.dg/namelist_69.f90   -Os  execution test
FAIL: gfortran.dg/namelist_70.f90   -O0  execution test
FAIL: gfortran.dg/namelist_70.f90   -O1  execution test
FAIL: gfortran.dg/namelist_70.f90   -O2  execution test
FAIL: gfortran.dg/namelist_70.f90   -O3 -fomit-frame-pointer -funroll-loops -fpeel-loops -ftracer -finline-functions  execution test
FAIL: gfortran.dg/namelist_70.f90   -O3 -g  execution test
FAIL: gfortran.dg/namelist_70.f90   -Os  execution test
FAIL: gfortran.dg/namelist_internal.f90   -O0  execution test
FAIL: gfortran.dg/namelist_internal.f90   -O1  execution test
FAIL: gfortran.dg/namelist_internal.f90   -O2  execution test
FAIL: gfortran.dg/namelist_internal.f90   -O3 -fomit-frame-pointer -funroll-loops -fpeel-loops -ftracer -finline-functions  execution test
FAIL: gfortran.dg/namelist_internal.f90   -O3 -g  execution test
FAIL: gfortran.dg/namelist_internal.f90   -Os  execution test
FAIL: gfortran.dg/nan_3.f90   -O0  execution test
FAIL: gfortran.dg/nan_3.f90   -O1  execution test
FAIL: gfortran.dg/nan_3.f90   -O2  execution test
FAIL: gfortran.dg/nan_3.f90   -O3 -fomit-frame-pointer -funroll-loops -fpeel-loops -ftracer -finline-functions  execution test
FAIL: gfortran.dg/nan_3.f90   -O3 -g  execution test
FAIL: gfortran.dg/nan_3.f90   -Os  execution test
FAIL: gfortran.dg/nan_6.f90   -O0  execution test
FAIL: gfortran.dg/nan_6.f90   -O1  execution test
FAIL: gfortran.dg/nan_6.f90   -O2  execution test
FAIL: gfortran.dg/nan_6.f90   -O3 -fomit-frame-pointer -funroll-loops -fpeel-loops -ftracer -finline-functions  execution test
FAIL: gfortran.dg/nan_6.f90   -O3 -g  execution test
FAIL: gfortran.dg/nan_6.f90   -Os  execution test
FAIL: gfortran.dg/nan_7.f90   -O0  execution test
FAIL: gfortran.dg/nan_7.f90   -O1  execution test
FAIL: gfortran.dg/nan_7.f90   -O2  execution test
FAIL: gfortran.dg/nan_7.f90   -O3 -fomit-frame-pointer -funroll-loops -fpeel-loops -ftracer -finline-functions  execution test
FAIL: gfortran.dg/nan_7.f90   -O3 -g  execution test
FAIL: gfortran.dg/nan_7.f90   -Os  execution test
FAIL: gfortran.dg/negative-z-descriptor.f90   -O0  execution test
FAIL: gfortran.dg/negative-z-descriptor.f90   -O1  execution test
FAIL: gfortran.dg/negative-z-descriptor.f90   -O2  execution test
FAIL: gfortran.dg/negative-z-descriptor.f90   -O3 -fomit-frame-pointer -funroll-loops -fpeel-loops -ftracer -finline-functions  execution test
FAIL: gfortran.dg/negative-z-descriptor.f90   -O3 -g  execution test
FAIL: gfortran.dg/negative-z-descriptor.f90   -Os  execution test
FAIL: gfortran.dg/no_range_check_2.f90   -O0  execution test
FAIL: gfortran.dg/no_range_check_2.f90   -O1  execution test
FAIL: gfortran.dg/no_range_check_2.f90   -O2  execution test
FAIL: gfortran.dg/no_range_check_2.f90   -O3 -fomit-frame-pointer -funroll-loops -fpeel-loops -ftracer -finline-functions  execution test
FAIL: gfortran.dg/no_range_check_2.f90   -O3 -g  execution test
FAIL: gfortran.dg/no_range_check_2.f90   -Os  execution test
FAIL: gfortran.dg/nosigned_zero_3.f90   -O0  execution test
FAIL: gfortran.dg/nosigned_zero_3.f90   -O1  execution test
FAIL: gfortran.dg/nosigned_zero_3.f90   -O2  execution test
FAIL: gfortran.dg/nosigned_zero_3.f90   -O3 -fomit-frame-pointer -funroll-loops -fpeel-loops -ftracer -finline-functions  execution test
FAIL: gfortran.dg/nosigned_zero_3.f90   -O3 -g  execution test
FAIL: gfortran.dg/nosigned_zero_3.f90   -Os  execution test
FAIL: gfortran.dg/optional_dim_2.f90   -O0  execution test
FAIL: gfortran.dg/optional_dim_2.f90   -O1  execution test
FAIL: gfortran.dg/optional_dim_2.f90   -O2  execution test
FAIL: gfortran.dg/optional_dim_2.f90   -O3 -fomit-frame-pointer -funroll-loops -fpeel-loops -ftracer -finline-functions  execution test
FAIL: gfortran.dg/optional_dim_2.f90   -O3 -g  execution test
FAIL: gfortran.dg/optional_dim_2.f90   -Os  execution test
FAIL: gfortran.dg/optional_dim_3.f90   -O0  execution test
FAIL: gfortran.dg/optional_dim_3.f90   -O1  execution test
FAIL: gfortran.dg/optional_dim_3.f90   -O2  execution test
FAIL: gfortran.dg/optional_dim_3.f90   -O3 -fomit-frame-pointer -funroll-loops -fpeel-loops -ftracer -finline-functions  execution test
FAIL: gfortran.dg/optional_dim_3.f90   -O3 -g  execution test
FAIL: gfortran.dg/optional_dim_3.f90   -Os  execution test
FAIL: gfortran.dg/output_exponents_1.f90   -O0  execution test
FAIL: gfortran.dg/output_exponents_1.f90   -O1  execution test
FAIL: gfortran.dg/output_exponents_1.f90   -O2  execution test
FAIL: gfortran.dg/output_exponents_1.f90   -O3 -fomit-frame-pointer -funroll-loops -fpeel-loops -ftracer -finline-functions  execution test
FAIL: gfortran.dg/output_exponents_1.f90   -O3 -g  execution test
FAIL: gfortran.dg/output_exponents_1.f90   -Os  execution test
FAIL: gfortran.dg/parameter_array_init_5.f90   -O0  execution test
FAIL: gfortran.dg/parameter_array_init_5.f90   -O1  execution test
FAIL: gfortran.dg/parameter_array_init_5.f90   -O2  execution test
FAIL: gfortran.dg/parameter_array_init_5.f90   -O3 -fomit-frame-pointer -funroll-loops -fpeel-loops -ftracer -finline-functions  execution test
FAIL: gfortran.dg/parameter_array_init_5.f90   -O3 -g  execution test
FAIL: gfortran.dg/parameter_array_init_5.f90   -Os  execution test
FAIL: gfortran.dg/past_eor.f90   -O0  execution test
FAIL: gfortran.dg/past_eor.f90   -O1  execution test
FAIL: gfortran.dg/past_eor.f90   -O2  execution test
FAIL: gfortran.dg/past_eor.f90   -O3 -fomit-frame-pointer -funroll-loops -fpeel-loops -ftracer -finline-functions  execution test
FAIL: gfortran.dg/past_eor.f90   -O3 -g  execution test
FAIL: gfortran.dg/past_eor.f90   -Os  execution test
FAIL: gfortran.dg/pr15332.f   -O0  execution test
FAIL: gfortran.dg/pr15332.f   -O1  execution test
FAIL: gfortran.dg/pr15332.f   -O2  execution test
FAIL: gfortran.dg/pr15332.f   -O3 -fomit-frame-pointer -funroll-loops -fpeel-loops -ftracer -finline-functions  execution test
FAIL: gfortran.dg/pr15332.f   -O3 -g  execution test
FAIL: gfortran.dg/pr15332.f   -Os  execution test
FAIL: gfortran.dg/pr17143.f90   -O0  execution test
FAIL: gfortran.dg/pr17143.f90   -O1  execution test
FAIL: gfortran.dg/pr17143.f90   -O2  execution test
FAIL: gfortran.dg/pr17143.f90   -O3 -fomit-frame-pointer -funroll-loops -fpeel-loops -ftracer -finline-functions  execution test
FAIL: gfortran.dg/pr17143.f90   -O3 -g  execution test
FAIL: gfortran.dg/pr17143.f90   -Os  execution test
FAIL: gfortran.dg/pr17706.f90   -O0  execution test
FAIL: gfortran.dg/pr17706.f90   -O1  execution test
FAIL: gfortran.dg/pr17706.f90   -O2  execution test
FAIL: gfortran.dg/pr17706.f90   -O3 -fomit-frame-pointer -funroll-loops -fpeel-loops -ftracer -finline-functions  execution test
FAIL: gfortran.dg/pr17706.f90   -O3 -g  execution test
FAIL: gfortran.dg/pr17706.f90   -Os  execution test
FAIL: gfortran.dg/pr18025.f90   -O0  execution test
FAIL: gfortran.dg/pr18025.f90   -O1  execution test
FAIL: gfortran.dg/pr18025.f90   -O2  execution test
FAIL: gfortran.dg/pr18025.f90   -O3 -fomit-frame-pointer -funroll-loops -fpeel-loops -ftracer -finline-functions  execution test
FAIL: gfortran.dg/pr18025.f90   -O3 -g  execution test
FAIL: gfortran.dg/pr18025.f90   -Os  execution test
FAIL: gfortran.dg/pr19155.f   -O0  execution test
FAIL: gfortran.dg/pr19155.f   -O1  execution test
FAIL: gfortran.dg/pr19155.f   -O2  execution test
FAIL: gfortran.dg/pr19155.f   -O3 -fomit-frame-pointer -funroll-loops -fpeel-loops -ftracer -finline-functions  execution test
FAIL: gfortran.dg/pr19155.f   -O3 -g  execution test
FAIL: gfortran.dg/pr19155.f   -Os  execution test
FAIL: gfortran.dg/pr20086.f90   -O0  execution test
FAIL: gfortran.dg/pr20086.f90   -O1  execution test
FAIL: gfortran.dg/pr20086.f90   -O2  execution test
FAIL: gfortran.dg/pr20086.f90   -O3 -fomit-frame-pointer -funroll-loops -fpeel-loops -ftracer -finline-functions  execution test
FAIL: gfortran.dg/pr20086.f90   -O3 -g  execution test
FAIL: gfortran.dg/pr20086.f90   -Os  execution test
FAIL: gfortran.dg/pr20124.f90   -O0  execution test
FAIL: gfortran.dg/pr20124.f90   -O1  execution test
FAIL: gfortran.dg/pr20124.f90   -O2  execution test
FAIL: gfortran.dg/pr20124.f90   -O3 -fomit-frame-pointer -funroll-loops -fpeel-loops -ftracer -finline-functions  execution test
FAIL: gfortran.dg/pr20124.f90   -O3 -g  execution test
FAIL: gfortran.dg/pr20124.f90   -Os  execution test
FAIL: gfortran.dg/pr20480.f90   -O0  execution test
FAIL: gfortran.dg/pr20480.f90   -O1  execution test
FAIL: gfortran.dg/pr20480.f90   -O2  execution test
FAIL: gfortran.dg/pr20480.f90   -O3 -fomit-frame-pointer -funroll-loops -fpeel-loops -ftracer -finline-functions  execution test
FAIL: gfortran.dg/pr20480.f90   -O3 -g  execution test
FAIL: gfortran.dg/pr20480.f90   -Os  execution test
FAIL: gfortran.dg/pr20755.f   -O0  execution test
FAIL: gfortran.dg/pr20755.f   -O1  execution test
FAIL: gfortran.dg/pr20755.f   -O2  execution test
FAIL: gfortran.dg/pr20755.f   -O3 -fomit-frame-pointer -funroll-loops -fpeel-loops -ftracer -finline-functions  execution test
FAIL: gfortran.dg/pr20755.f   -O3 -g  execution test
FAIL: gfortran.dg/pr20755.f   -Os  execution test
FAIL: gfortran.dg/pr20954.f   -O0  execution test
FAIL: gfortran.dg/pr20954.f   -O1  execution test
FAIL: gfortran.dg/pr20954.f   -O2  execution test
FAIL: gfortran.dg/pr20954.f   -O3 -fomit-frame-pointer -funroll-loops -fpeel-loops -ftracer -finline-functions  execution test
FAIL: gfortran.dg/pr20954.f   -O3 -g  execution test
FAIL: gfortran.dg/pr20954.f   -Os  execution test
FAIL: gfortran.dg/pr21730.f   -O0  execution test
FAIL: gfortran.dg/pr21730.f   -O1  execution test
FAIL: gfortran.dg/pr21730.f   -O2  execution test
FAIL: gfortran.dg/pr21730.f   -O3 -fomit-frame-pointer -funroll-loops -fpeel-loops -ftracer -finline-functions  execution test
FAIL: gfortran.dg/pr21730.f   -O3 -g  execution test
FAIL: gfortran.dg/pr21730.f   -Os  execution test
FAIL: gfortran.dg/pr22491.f   -O0  execution test
FAIL: gfortran.dg/pr22491.f   -O1  execution test
FAIL: gfortran.dg/pr22491.f   -O2  execution test
FAIL: gfortran.dg/pr22491.f   -O3 -fomit-frame-pointer -funroll-loops -fpeel-loops -ftracer -finline-functions  execution test
FAIL: gfortran.dg/pr22491.f   -O3 -g  execution test
FAIL: gfortran.dg/pr22491.f   -Os  execution test
FAIL: gfortran.dg/pr39865.f90   -O0  execution test
FAIL: gfortran.dg/pr39865.f90   -O1  execution test
FAIL: gfortran.dg/pr39865.f90   -O2  execution test
FAIL: gfortran.dg/pr39865.f90   -O3 -fomit-frame-pointer -funroll-loops -fpeel-loops -ftracer -finline-functions  execution test
FAIL: gfortran.dg/pr39865.f90   -O3 -g  execution test
FAIL: gfortran.dg/pr39865.f90   -Os  execution test
FAIL: gfortran.dg/pr52608.f90   -O0  execution test
FAIL: gfortran.dg/pr52608.f90   -O1  execution test
FAIL: gfortran.dg/pr52608.f90   -O2  execution test
FAIL: gfortran.dg/pr52608.f90   -O3 -fomit-frame-pointer -funroll-loops -fpeel-loops -ftracer -finline-functions  execution test
FAIL: gfortran.dg/pr52608.f90   -O3 -g  execution test
FAIL: gfortran.dg/pr52608.f90   -Os  execution test
FAIL: gfortran.dg/pr65903.f90   -O0  execution test
FAIL: gfortran.dg/pr65903.f90   -O1  execution test
FAIL: gfortran.dg/pr65903.f90   -O2  execution test
FAIL: gfortran.dg/pr65903.f90   -O3 -fomit-frame-pointer -funroll-loops -fpeel-loops -ftracer -finline-functions  execution test
FAIL: gfortran.dg/pr65903.f90   -O3 -g  execution test
FAIL: gfortran.dg/pr65903.f90   -Os  execution test
FAIL: gfortran.dg/pr66311.f90   -O0  execution test
FAIL: gfortran.dg/pr66311.f90   -O1  execution test
FAIL: gfortran.dg/pr66311.f90   -O2  execution test
FAIL: gfortran.dg/pr66311.f90   -O3 -fomit-frame-pointer -funroll-loops -fpeel-loops -ftracer -finline-functions  execution test
FAIL: gfortran.dg/pr66311.f90   -O3 -g  execution test
FAIL: gfortran.dg/pr66311.f90   -Os  execution test
FAIL: gfortran.dg/pr68566.f90   -O0  execution test
FAIL: gfortran.dg/pr68566.f90   -O1  execution test
FAIL: gfortran.dg/pr68566.f90   -O2  execution test
FAIL: gfortran.dg/pr68566.f90   -O3 -fomit-frame-pointer -funroll-loops -fpeel-loops -ftracer -finline-functions  execution test
FAIL: gfortran.dg/pr68566.f90   -O3 -g  execution test
FAIL: gfortran.dg/pr68566.f90   -Os  execution test
FAIL: gfortran.dg/quad_2.f90   -O0  execution test
FAIL: gfortran.dg/quad_2.f90   -O1  execution test
FAIL: gfortran.dg/quad_2.f90   -O2  execution test
FAIL: gfortran.dg/quad_2.f90   -O3 -fomit-frame-pointer -funroll-loops -fpeel-loops -ftracer -finline-functions  execution test
FAIL: gfortran.dg/quad_2.f90   -O3 -g  execution test
FAIL: gfortran.dg/quad_2.f90   -Os  execution test
FAIL: gfortran.dg/random_seed_3.f90   -Os  execution test
FAIL: gfortran.dg/read_2.f90   -O0  execution test
FAIL: gfortran.dg/read_2.f90   -O1  execution test
FAIL: gfortran.dg/read_2.f90   -O2  execution test
FAIL: gfortran.dg/read_2.f90   -O3 -fomit-frame-pointer -funroll-loops -fpeel-loops -ftracer -finline-functions  execution test
FAIL: gfortran.dg/read_2.f90   -O3 -g  execution test
FAIL: gfortran.dg/read_2.f90   -Os  execution test
FAIL: gfortran.dg/read_eof_5.f90   -O0  execution test
FAIL: gfortran.dg/read_eof_5.f90   -O1  execution test
FAIL: gfortran.dg/read_eof_5.f90   -O2  execution test
FAIL: gfortran.dg/read_eof_5.f90   -O3 -fomit-frame-pointer -funroll-loops -fpeel-loops -ftracer -finline-functions  execution test
FAIL: gfortran.dg/read_eof_5.f90   -O3 -g  execution test
FAIL: gfortran.dg/read_eof_5.f90   -Os  execution test
FAIL: gfortran.dg/read_eof_all.f90   -O0  execution test
FAIL: gfortran.dg/read_eof_all.f90   -O1  execution test
FAIL: gfortran.dg/read_eof_all.f90   -O2  execution test
FAIL: gfortran.dg/read_eof_all.f90   -O3 -fomit-frame-pointer -funroll-loops -fpeel-loops -ftracer -finline-functions  execution test
FAIL: gfortran.dg/read_eof_all.f90   -O3 -g  execution test
FAIL: gfortran.dg/read_eof_all.f90   -Os  execution test
FAIL: gfortran.dg/read_eor.f90   -O0  execution test
FAIL: gfortran.dg/read_eor.f90   -O1  execution test
FAIL: gfortran.dg/read_eor.f90   -O2  execution test
FAIL: gfortran.dg/read_eor.f90   -O3 -fomit-frame-pointer -funroll-loops -fpeel-loops -ftracer -finline-functions  execution test
FAIL: gfortran.dg/read_eor.f90   -O3 -g  execution test
FAIL: gfortran.dg/read_eor.f90   -Os  execution test
FAIL: gfortran.dg/read_float_1.f90   -O0  execution test
FAIL: gfortran.dg/read_float_1.f90   -O1  execution test
FAIL: gfortran.dg/read_float_1.f90   -O2  execution test
FAIL: gfortran.dg/read_float_1.f90   -O3 -fomit-frame-pointer -funroll-loops -fpeel-loops -ftracer -finline-functions  execution test
FAIL: gfortran.dg/read_float_1.f90   -O3 -g  execution test
FAIL: gfortran.dg/read_float_1.f90   -Os  execution test
FAIL: gfortran.dg/read_float_2.f03   -O0  execution test
FAIL: gfortran.dg/read_float_2.f03   -O1  execution test
FAIL: gfortran.dg/read_float_2.f03   -O2  execution test
FAIL: gfortran.dg/read_float_2.f03   -O3 -fomit-frame-pointer -funroll-loops -fpeel-loops -ftracer -finline-functions  execution test
FAIL: gfortran.dg/read_float_2.f03   -O3 -g  execution test
FAIL: gfortran.dg/read_float_2.f03   -Os  execution test
FAIL: gfortran.dg/read_float_3.f90   -O0  execution test
FAIL: gfortran.dg/read_float_3.f90   -O1  execution test
FAIL: gfortran.dg/read_float_3.f90   -O2  execution test
FAIL: gfortran.dg/read_float_3.f90   -O3 -fomit-frame-pointer -funroll-loops -fpeel-loops -ftracer -finline-functions  execution test
FAIL: gfortran.dg/read_float_3.f90   -O3 -g  execution test
FAIL: gfortran.dg/read_float_3.f90   -Os  execution test
FAIL: gfortran.dg/read_float_4.f90   -O0  execution test
FAIL: gfortran.dg/read_float_4.f90   -O1  execution test
FAIL: gfortran.dg/read_float_4.f90   -O2  execution test
FAIL: gfortran.dg/read_float_4.f90   -O3 -fomit-frame-pointer -funroll-loops -fpeel-loops -ftracer -finline-functions  execution test
FAIL: gfortran.dg/read_float_4.f90   -O3 -g  execution test
FAIL: gfortran.dg/read_float_4.f90   -Os  execution test
FAIL: gfortran.dg/read_infnan_1.f90   -O0  execution test
FAIL: gfortran.dg/read_infnan_1.f90   -O1  execution test
FAIL: gfortran.dg/read_infnan_1.f90   -O2  execution test
FAIL: gfortran.dg/read_infnan_1.f90   -O3 -fomit-frame-pointer -funroll-loops -fpeel-loops -ftracer -finline-functions  execution test
FAIL: gfortran.dg/read_infnan_1.f90   -O3 -g  execution test
FAIL: gfortran.dg/read_infnan_1.f90   -Os  execution test
FAIL: gfortran.dg/read_logical.f90   -O0  execution test
FAIL: gfortran.dg/read_logical.f90   -O1  execution test
FAIL: gfortran.dg/read_logical.f90   -O2  execution test
FAIL: gfortran.dg/read_logical.f90   -O3 -fomit-frame-pointer -funroll-loops -fpeel-loops -ftracer -finline-functions  execution test
FAIL: gfortran.dg/read_logical.f90   -O3 -g  execution test
FAIL: gfortran.dg/read_logical.f90   -Os  execution test
FAIL: gfortran.dg/real_const_3.f90   -O0  execution test
FAIL: gfortran.dg/real_const_3.f90   -O1  execution test
FAIL: gfortran.dg/real_const_3.f90   -O2  execution test
FAIL: gfortran.dg/real_const_3.f90   -O3 -fomit-frame-pointer -funroll-loops -fpeel-loops -ftracer -finline-functions  execution test
FAIL: gfortran.dg/real_const_3.f90   -O3 -g  execution test
FAIL: gfortran.dg/real_const_3.f90   -Os  execution test
FAIL: gfortran.dg/repeat_1.f90   -O0  output pattern test
FAIL: gfortran.dg/repeat_1.f90   -O1  output pattern test
FAIL: gfortran.dg/repeat_1.f90   -O2  output pattern test
FAIL: gfortran.dg/repeat_1.f90   -O3 -fomit-frame-pointer -funroll-loops -fpeel-loops -ftracer -finline-functions  output pattern test
FAIL: gfortran.dg/repeat_1.f90   -O3 -g  output pattern test
FAIL: gfortran.dg/repeat_1.f90   -Os  output pattern test
FAIL: gfortran.dg/reshape.f90   -O0  execution test
FAIL: gfortran.dg/reshape.f90   -O1  execution test
FAIL: gfortran.dg/reshape.f90   -O2  execution test
FAIL: gfortran.dg/reshape.f90   -O3 -fomit-frame-pointer -funroll-loops -fpeel-loops -ftracer -finline-functions  execution test
FAIL: gfortran.dg/reshape.f90   -O3 -g  execution test
FAIL: gfortran.dg/reshape.f90   -Os  execution test
FAIL: gfortran.dg/reshape_3.f90   -O0  execution test
FAIL: gfortran.dg/reshape_3.f90   -O1  execution test
FAIL: gfortran.dg/reshape_3.f90   -O2  execution test
FAIL: gfortran.dg/reshape_3.f90   -O3 -fomit-frame-pointer -funroll-loops -fpeel-loops -ftracer -finline-functions  execution test
FAIL: gfortran.dg/reshape_3.f90   -O3 -g  execution test
FAIL: gfortran.dg/reshape_3.f90   -Os  execution test
FAIL: gfortran.dg/reshape_order_1.f90   -O0  output pattern test
FAIL: gfortran.dg/reshape_order_1.f90   -O1  output pattern test
FAIL: gfortran.dg/reshape_order_1.f90   -O2  output pattern test
FAIL: gfortran.dg/reshape_order_1.f90   -O3 -fomit-frame-pointer -funroll-loops -fpeel-loops -ftracer -finline-functions  output pattern test
FAIL: gfortran.dg/reshape_order_1.f90   -O3 -g  output pattern test
FAIL: gfortran.dg/reshape_order_1.f90   -Os  output pattern test
FAIL: gfortran.dg/reshape_order_2.f90   -O0  output pattern test
FAIL: gfortran.dg/reshape_order_2.f90   -O1  output pattern test
FAIL: gfortran.dg/reshape_order_2.f90   -O2  output pattern test
FAIL: gfortran.dg/reshape_order_2.f90   -O3 -fomit-frame-pointer -funroll-loops -fpeel-loops -ftracer -finline-functions  output pattern test
FAIL: gfortran.dg/reshape_order_2.f90   -O3 -g  output pattern test
FAIL: gfortran.dg/reshape_order_2.f90   -Os  output pattern test
FAIL: gfortran.dg/reshape_order_3.f90   -O0  output pattern test
FAIL: gfortran.dg/reshape_order_3.f90   -O1  output pattern test
FAIL: gfortran.dg/reshape_order_3.f90   -O2  output pattern test
FAIL: gfortran.dg/reshape_order_3.f90   -O3 -fomit-frame-pointer -funroll-loops -fpeel-loops -ftracer -finline-functions  output pattern test
FAIL: gfortran.dg/reshape_order_3.f90   -O3 -g  output pattern test
FAIL: gfortran.dg/reshape_order_3.f90   -Os  output pattern test
FAIL: gfortran.dg/reshape_order_4.f90   -O0  output pattern test
FAIL: gfortran.dg/reshape_order_4.f90   -O1  output pattern test
FAIL: gfortran.dg/reshape_order_4.f90   -O2  output pattern test
FAIL: gfortran.dg/reshape_order_4.f90   -O3 -fomit-frame-pointer -funroll-loops -fpeel-loops -ftracer -finline-functions  output pattern test
FAIL: gfortran.dg/reshape_order_4.f90   -O3 -g  output pattern test
FAIL: gfortran.dg/reshape_order_4.f90   -Os  output pattern test
FAIL: gfortran.dg/reshape_pad_1.f90   -O0  execution test
FAIL: gfortran.dg/reshape_pad_1.f90   -O1  execution test
FAIL: gfortran.dg/reshape_pad_1.f90   -O2  execution test
FAIL: gfortran.dg/reshape_pad_1.f90   -O3 -fomit-frame-pointer -funroll-loops -fpeel-loops -ftracer -finline-functions  execution test
FAIL: gfortran.dg/reshape_pad_1.f90   -O3 -g  execution test
FAIL: gfortran.dg/reshape_pad_1.f90   -Os  execution test
FAIL: gfortran.dg/reshape_transpose_1.f90   -O0  execution test
FAIL: gfortran.dg/reshape_transpose_1.f90   -O1  execution test
FAIL: gfortran.dg/reshape_transpose_1.f90   -O2  execution test
FAIL: gfortran.dg/reshape_transpose_1.f90   -O3 -fomit-frame-pointer -funroll-loops -fpeel-loops -ftracer -finline-functions  execution test
FAIL: gfortran.dg/reshape_transpose_1.f90   -O3 -g  execution test
FAIL: gfortran.dg/reshape_transpose_1.f90   -Os  execution test
FAIL: gfortran.dg/reshape_zerosize_3.f90   -O0  execution test
FAIL: gfortran.dg/reshape_zerosize_3.f90   -O1  execution test
FAIL: gfortran.dg/reshape_zerosize_3.f90   -O2  execution test
FAIL: gfortran.dg/reshape_zerosize_3.f90   -O3 -fomit-frame-pointer -funroll-loops -fpeel-loops -ftracer -finline-functions  execution test
FAIL: gfortran.dg/reshape_zerosize_3.f90   -O3 -g  execution test
FAIL: gfortran.dg/reshape_zerosize_3.f90   -Os  execution test
FAIL: gfortran.dg/round_1.f03   -O0  execution test
FAIL: gfortran.dg/round_1.f03   -O1  execution test
FAIL: gfortran.dg/round_1.f03   -O2  execution test
FAIL: gfortran.dg/round_1.f03   -O3 -fomit-frame-pointer -funroll-loops -fpeel-loops -ftracer -finline-functions  execution test
FAIL: gfortran.dg/round_1.f03   -O3 -g  execution test
FAIL: gfortran.dg/round_1.f03   -Os  execution test
FAIL: gfortran.dg/round_2.f03   -O0  execution test
FAIL: gfortran.dg/round_2.f03   -O1  execution test
FAIL: gfortran.dg/round_2.f03   -O2  execution test
FAIL: gfortran.dg/round_2.f03   -O3 -fomit-frame-pointer -funroll-loops -fpeel-loops -ftracer -finline-functions  execution test
FAIL: gfortran.dg/round_2.f03   -O3 -g  execution test
FAIL: gfortran.dg/round_2.f03   -Os  execution test
FAIL: gfortran.dg/round_3.f08   -O0  execution test
FAIL: gfortran.dg/round_3.f08   -O1  execution test
FAIL: gfortran.dg/round_3.f08   -O2  execution test
FAIL: gfortran.dg/round_3.f08   -O3 -fomit-frame-pointer -funroll-loops -fpeel-loops -ftracer -finline-functions  execution test
FAIL: gfortran.dg/round_3.f08   -O3 -g  execution test
FAIL: gfortran.dg/round_3.f08   -Os  execution test
FAIL: gfortran.dg/round_4.f90   -O0  execution test
FAIL: gfortran.dg/round_4.f90   -O1  execution test
FAIL: gfortran.dg/round_4.f90   -O2  execution test
FAIL: gfortran.dg/round_4.f90   -O3 -fomit-frame-pointer -funroll-loops -fpeel-loops -ftracer -finline-functions  execution test
FAIL: gfortran.dg/round_4.f90   -O3 -g  execution test
FAIL: gfortran.dg/round_4.f90   -Os  execution test
FAIL: gfortran.dg/shift-alloc.f90   -O0  execution test
FAIL: gfortran.dg/shift-alloc.f90   -O1  execution test
FAIL: gfortran.dg/shift-alloc.f90   -O2  execution test
FAIL: gfortran.dg/shift-alloc.f90   -O3 -fomit-frame-pointer -funroll-loops -fpeel-loops -ftracer -finline-functions  execution test
FAIL: gfortran.dg/shift-alloc.f90   -O3 -g  execution test
FAIL: gfortran.dg/shift-alloc.f90   -Os  execution test
FAIL: gfortran.dg/spread_scalar_source.f90   -O0  execution test
FAIL: gfortran.dg/spread_scalar_source.f90   -O1  execution test
FAIL: gfortran.dg/spread_scalar_source.f90   -O2  execution test
FAIL: gfortran.dg/spread_scalar_source.f90   -O3 -fomit-frame-pointer -funroll-loops -fpeel-loops -ftracer -finline-functions  execution test
FAIL: gfortran.dg/spread_scalar_source.f90   -O3 -g  execution test
FAIL: gfortran.dg/spread_scalar_source.f90   -Os  execution test
FAIL: gfortran.dg/string_length_2.f90   -O0  execution test
FAIL: gfortran.dg/string_length_2.f90   -O1  execution test
FAIL: gfortran.dg/string_length_2.f90   -O2  execution test
FAIL: gfortran.dg/string_length_2.f90   -O3 -fomit-frame-pointer -funroll-loops -fpeel-loops -ftracer -finline-functions  execution test
FAIL: gfortran.dg/string_length_2.f90   -O3 -g  execution test
FAIL: gfortran.dg/string_length_2.f90   -Os  execution test
FAIL: gfortran.dg/string_pad_trunc.f90   -O0  execution test
FAIL: gfortran.dg/string_pad_trunc.f90   -O1  execution test
FAIL: gfortran.dg/string_pad_trunc.f90   -O2  execution test
FAIL: gfortran.dg/string_pad_trunc.f90   -O3 -fomit-frame-pointer -funroll-loops -fpeel-loops -ftracer -finline-functions  execution test
FAIL: gfortran.dg/string_pad_trunc.f90   -O3 -g  execution test
FAIL: gfortran.dg/string_pad_trunc.f90   -Os  execution test
FAIL: gfortran.dg/substr_4.f   -O0  execution test
FAIL: gfortran.dg/substr_4.f   -O1  execution test
FAIL: gfortran.dg/substr_4.f   -O2  execution test
FAIL: gfortran.dg/substr_4.f   -O3 -fomit-frame-pointer -funroll-loops -fpeel-loops -ftracer -finline-functions  execution test
FAIL: gfortran.dg/substr_4.f   -O3 -g  execution test
FAIL: gfortran.dg/substr_4.f   -Os  execution test
FAIL: gfortran.dg/sum_zero_array_1.f90   -O0  execution test
FAIL: gfortran.dg/sum_zero_array_1.f90   -O1  execution test
FAIL: gfortran.dg/sum_zero_array_1.f90   -O2  execution test
FAIL: gfortran.dg/sum_zero_array_1.f90   -O3 -fomit-frame-pointer -funroll-loops -fpeel-loops -ftracer -finline-functions  execution test
FAIL: gfortran.dg/sum_zero_array_1.f90   -O3 -g  execution test
FAIL: gfortran.dg/sum_zero_array_1.f90   -Os  execution test
FAIL: gfortran.dg/t_editing.f   -O0  execution test
FAIL: gfortran.dg/t_editing.f   -O1  execution test
FAIL: gfortran.dg/t_editing.f   -O2  execution test
FAIL: gfortran.dg/t_editing.f   -O3 -fomit-frame-pointer -funroll-loops -fpeel-loops -ftracer -finline-functions  execution test
FAIL: gfortran.dg/t_editing.f   -O3 -g  execution test
FAIL: gfortran.dg/t_editing.f   -Os  execution test
FAIL: gfortran.dg/tl_editing.f90   -O0  execution test
FAIL: gfortran.dg/tl_editing.f90   -O1  execution test
FAIL: gfortran.dg/tl_editing.f90   -O2  execution test
FAIL: gfortran.dg/tl_editing.f90   -O3 -fomit-frame-pointer -funroll-loops -fpeel-loops -ftracer -finline-functions  execution test
FAIL: gfortran.dg/tl_editing.f90   -O3 -g  execution test
FAIL: gfortran.dg/tl_editing.f90   -Os  execution test
FAIL: gfortran.dg/transfer_simplify_1.f90   -O0  execution test
FAIL: gfortran.dg/transfer_simplify_1.f90   -O1  execution test
FAIL: gfortran.dg/transfer_simplify_1.f90   -O2  execution test
FAIL: gfortran.dg/transfer_simplify_1.f90   -O3 -fomit-frame-pointer -funroll-loops -fpeel-loops -ftracer -finline-functions  execution test
FAIL: gfortran.dg/transfer_simplify_1.f90   -O3 -g  execution test
FAIL: gfortran.dg/transfer_simplify_1.f90   -Os  execution test
FAIL: gfortran.dg/transpose_2.f90   -O0  output pattern test
FAIL: gfortran.dg/transpose_2.f90   -O1  output pattern test
FAIL: gfortran.dg/transpose_2.f90   -O2  output pattern test
FAIL: gfortran.dg/transpose_2.f90   -O3 -fomit-frame-pointer -funroll-loops -fpeel-loops -ftracer -finline-functions  output pattern test
FAIL: gfortran.dg/transpose_2.f90   -O3 -g  output pattern test
FAIL: gfortran.dg/transpose_2.f90   -Os  output pattern test
FAIL: gfortran.dg/transpose_reshape_r10.f90   -O0  execution test
FAIL: gfortran.dg/transpose_reshape_r10.f90   -O1  execution test
FAIL: gfortran.dg/transpose_reshape_r10.f90   -O2  execution test
FAIL: gfortran.dg/transpose_reshape_r10.f90   -O3 -fomit-frame-pointer -funroll-loops -fpeel-loops -ftracer -finline-functions  execution test
FAIL: gfortran.dg/transpose_reshape_r10.f90   -O3 -g  execution test
FAIL: gfortran.dg/transpose_reshape_r10.f90   -Os  execution test
FAIL: gfortran.dg/trim_optimize_5.f90   -O0  execution test
FAIL: gfortran.dg/trim_optimize_5.f90   -O1  execution test
FAIL: gfortran.dg/trim_optimize_5.f90   -O2  execution test
FAIL: gfortran.dg/trim_optimize_5.f90   -O3 -fomit-frame-pointer -funroll-loops -fpeel-loops -ftracer -finline-functions  execution test
FAIL: gfortran.dg/trim_optimize_5.f90   -O3 -g  execution test
FAIL: gfortran.dg/trim_optimize_5.f90   -Os  execution test
FAIL: gfortran.dg/trim_optimize_6.f90   -O0  execution test
FAIL: gfortran.dg/trim_optimize_6.f90   -O1  execution test
FAIL: gfortran.dg/trim_optimize_6.f90   -O2  execution test
FAIL: gfortran.dg/trim_optimize_6.f90   -O3 -fomit-frame-pointer -funroll-loops -fpeel-loops -ftracer -finline-functions  execution test
FAIL: gfortran.dg/trim_optimize_6.f90   -O3 -g  execution test
FAIL: gfortran.dg/trim_optimize_6.f90   -Os  execution test
FAIL: gfortran.dg/unlimited_fmt_1.f08   -O0  execution test
FAIL: gfortran.dg/unlimited_fmt_1.f08   -O1  execution test
FAIL: gfortran.dg/unlimited_fmt_1.f08   -O2  execution test
FAIL: gfortran.dg/unlimited_fmt_1.f08   -O3 -fomit-frame-pointer -funroll-loops -fpeel-loops -ftracer -finline-functions  execution test
FAIL: gfortran.dg/unlimited_fmt_1.f08   -O3 -g  execution test
FAIL: gfortran.dg/unlimited_fmt_1.f08   -Os  execution test
FAIL: gfortran.dg/unlimited_polymorphic_1.f03   -O0  execution test
FAIL: gfortran.dg/unlimited_polymorphic_1.f03   -O1  execution test
FAIL: gfortran.dg/unlimited_polymorphic_1.f03   -O2  execution test
FAIL: gfortran.dg/unlimited_polymorphic_1.f03   -O3 -fomit-frame-pointer -funroll-loops -fpeel-loops -ftracer -finline-functions  execution test
FAIL: gfortran.dg/unlimited_polymorphic_1.f03   -O3 -g  execution test
FAIL: gfortran.dg/unlimited_polymorphic_1.f03   -Os  execution test
FAIL: gfortran.dg/unlimited_polymorphic_20.f90   -O0  execution test
FAIL: gfortran.dg/unlimited_polymorphic_20.f90   -O1  execution test
FAIL: gfortran.dg/unlimited_polymorphic_20.f90   -O2  execution test
FAIL: gfortran.dg/unlimited_polymorphic_20.f90   -O3 -fomit-frame-pointer -funroll-loops -fpeel-loops -ftracer -finline-functions  execution test
FAIL: gfortran.dg/unlimited_polymorphic_20.f90   -O3 -g  execution test
FAIL: gfortran.dg/unlimited_polymorphic_20.f90   -Os  execution test
FAIL: gfortran.dg/unlimited_polymorphic_24.f03   -O0  execution test
FAIL: gfortran.dg/unlimited_polymorphic_24.f03   -O1  execution test
FAIL: gfortran.dg/unlimited_polymorphic_24.f03   -O2  execution test
FAIL: gfortran.dg/unlimited_polymorphic_24.f03   -O3 -fomit-frame-pointer -funroll-loops -fpeel-loops -ftracer -finline-functions  execution test
FAIL: gfortran.dg/unlimited_polymorphic_24.f03   -O3 -g  execution test
FAIL: gfortran.dg/unlimited_polymorphic_24.f03   -Os  execution test
FAIL: gfortran.dg/unpack_mask_1.f90   -O0  execution test
FAIL: gfortran.dg/unpack_mask_1.f90   -O1  execution test
FAIL: gfortran.dg/unpack_mask_1.f90   -O2  execution test
FAIL: gfortran.dg/unpack_mask_1.f90   -O3 -fomit-frame-pointer -funroll-loops -fpeel-loops -ftracer -finline-functions  execution test
FAIL: gfortran.dg/unpack_mask_1.f90   -O3 -g  execution test
FAIL: gfortran.dg/unpack_mask_1.f90   -Os  execution test
FAIL: gfortran.dg/widechar_IO_1.f90   -O0  execution test
FAIL: gfortran.dg/widechar_IO_1.f90   -O1  execution test
FAIL: gfortran.dg/widechar_IO_1.f90   -O2  execution test
FAIL: gfortran.dg/widechar_IO_1.f90   -O3 -fomit-frame-pointer -funroll-loops -fpeel-loops -ftracer -finline-functions  execution test
FAIL: gfortran.dg/widechar_IO_1.f90   -O3 -g  execution test
FAIL: gfortran.dg/widechar_IO_1.f90   -Os  execution test
FAIL: gfortran.dg/widechar_IO_2.f90   -O0  execution test
FAIL: gfortran.dg/widechar_IO_2.f90   -O1  execution test
FAIL: gfortran.dg/widechar_IO_2.f90   -O2  execution test
FAIL: gfortran.dg/widechar_IO_2.f90   -O3 -fomit-frame-pointer -funroll-loops -fpeel-loops -ftracer -finline-functions  execution test
FAIL: gfortran.dg/widechar_IO_2.f90   -O3 -g  execution test
FAIL: gfortran.dg/widechar_IO_2.f90   -Os  execution test
FAIL: gfortran.dg/widechar_IO_4.f90   -O0  execution test
FAIL: gfortran.dg/widechar_IO_4.f90   -O1  execution test
FAIL: gfortran.dg/widechar_IO_4.f90   -O2  execution test
FAIL: gfortran.dg/widechar_IO_4.f90   -O3 -fomit-frame-pointer -funroll-loops -fpeel-loops -ftracer -finline-functions  execution test
FAIL: gfortran.dg/widechar_IO_4.f90   -O3 -g  execution test
FAIL: gfortran.dg/widechar_IO_4.f90   -Os  execution test
FAIL: gfortran.dg/write_0_pe_format.f90   -O0  execution test
FAIL: gfortran.dg/write_0_pe_format.f90   -O1  execution test
FAIL: gfortran.dg/write_0_pe_format.f90   -O2  execution test
FAIL: gfortran.dg/write_0_pe_format.f90   -O3 -fomit-frame-pointer -funroll-loops -fpeel-loops -ftracer -finline-functions  execution test
FAIL: gfortran.dg/write_0_pe_format.f90   -O3 -g  execution test
FAIL: gfortran.dg/write_0_pe_format.f90   -Os  execution test
FAIL: gfortran.dg/write_padding.f90   -O0  execution test
FAIL: gfortran.dg/write_padding.f90   -O1  execution test
FAIL: gfortran.dg/write_padding.f90   -O2  execution test
FAIL: gfortran.dg/write_padding.f90   -O3 -fomit-frame-pointer -funroll-loops -fpeel-loops -ftracer -finline-functions  execution test
FAIL: gfortran.dg/write_padding.f90   -O3 -g  execution test
FAIL: gfortran.dg/write_padding.f90   -Os  execution test
FAIL: gfortran.dg/write_recursive.f90   -O0  execution test
FAIL: gfortran.dg/write_recursive.f90   -O1  execution test
FAIL: gfortran.dg/write_recursive.f90   -O2  execution test
FAIL: gfortran.dg/write_recursive.f90   -O3 -fomit-frame-pointer -funroll-loops -fpeel-loops -ftracer -finline-functions  execution test
FAIL: gfortran.dg/write_recursive.f90   -O3 -g  execution test
FAIL: gfortran.dg/write_recursive.f90   -Os  execution test
FAIL: gfortran.dg/write_zero_array.f90   -O0  execution test
FAIL: gfortran.dg/write_zero_array.f90   -O1  execution test
FAIL: gfortran.dg/write_zero_array.f90   -O2  execution test
FAIL: gfortran.dg/write_zero_array.f90   -O3 -fomit-frame-pointer -funroll-loops -fpeel-loops -ftracer -finline-functions  execution test
FAIL: gfortran.dg/write_zero_array.f90   -O3 -g  execution test
FAIL: gfortran.dg/write_zero_array.f90   -Os  execution test
FAIL: gfortran.dg/zero_length_1.f90   -O0  execution test
FAIL: gfortran.dg/zero_length_1.f90   -O1  execution test
FAIL: gfortran.dg/zero_length_1.f90   -O2  execution test
FAIL: gfortran.dg/zero_length_1.f90   -O3 -fomit-frame-pointer -funroll-loops -fpeel-loops -ftracer -finline-functions  execution test
FAIL: gfortran.dg/zero_length_1.f90   -O3 -g  execution test
FAIL: gfortran.dg/zero_length_1.f90   -Os  execution test
FAIL: gfortran.dg/g77/1832.f   -O0  execution test
FAIL: gfortran.dg/g77/1832.f   -O1  execution test
FAIL: gfortran.dg/g77/1832.f   -O2  execution test
FAIL: gfortran.dg/g77/1832.f   -O3 -fomit-frame-pointer -funroll-loops -fpeel-loops -ftracer -finline-functions  execution test
FAIL: gfortran.dg/g77/1832.f   -O3 -g  execution test
FAIL: gfortran.dg/g77/1832.f   -Os  execution test
FAIL: gfortran.dg/g77/7388.f   -O0  execution test
FAIL: gfortran.dg/g77/7388.f   -O1  execution test
FAIL: gfortran.dg/g77/7388.f   -O2  execution test
FAIL: gfortran.dg/g77/7388.f   -O3 -fomit-frame-pointer -funroll-loops -fpeel-loops -ftracer -finline-functions  execution test
FAIL: gfortran.dg/g77/7388.f   -O3 -g  execution test
FAIL: gfortran.dg/g77/7388.f   -Os  execution test
FAIL: gfortran.dg/g77/cpp4.F   -O0  execution test
FAIL: gfortran.dg/g77/cpp4.F   -O1  execution test
FAIL: gfortran.dg/g77/cpp4.F   -O2  execution test
FAIL: gfortran.dg/g77/cpp4.F   -O3 -fomit-frame-pointer -funroll-loops -fpeel-loops -ftracer -finline-functions  execution test
FAIL: gfortran.dg/g77/cpp4.F   -O3 -g  execution test
FAIL: gfortran.dg/g77/cpp4.F   -Os  execution test
FAIL: gfortran.dg/g77/f77-edit-i-in.f   -O0  execution test
FAIL: gfortran.dg/g77/f77-edit-i-in.f   -O1  execution test
FAIL: gfortran.dg/g77/f77-edit-i-in.f   -O2  execution test
FAIL: gfortran.dg/g77/f77-edit-i-in.f   -O3 -fomit-frame-pointer -funroll-loops -fpeel-loops -ftracer -finline-functions  execution test
FAIL: gfortran.dg/g77/f77-edit-i-in.f   -O3 -g  execution test
FAIL: gfortran.dg/g77/f77-edit-i-in.f   -Os  execution test
FAIL: gfortran.dg/g77/f77-edit-t-in.f   -O0  execution test
FAIL: gfortran.dg/g77/f77-edit-t-in.f   -O1  execution test
FAIL: gfortran.dg/g77/f77-edit-t-in.f   -O2  execution test
FAIL: gfortran.dg/g77/f77-edit-t-in.f   -O3 -fomit-frame-pointer -funroll-loops -fpeel-loops -ftracer -finline-functions  execution test
FAIL: gfortran.dg/g77/f77-edit-t-in.f   -O3 -g  execution test
FAIL: gfortran.dg/g77/f77-edit-t-in.f   -Os  execution test
FAIL: gfortran.dg/ieee/ieee_1.F90   -O0  execution test
FAIL: gfortran.dg/ieee/ieee_1.F90   -O1  execution test
FAIL: gfortran.dg/ieee/ieee_1.F90   -O2  execution test
FAIL: gfortran.dg/ieee/ieee_1.F90   -O3 -fomit-frame-pointer -funroll-loops -fpeel-loops -ftracer -finline-functions  execution test
FAIL: gfortran.dg/ieee/ieee_1.F90   -O3 -g  execution test
FAIL: gfortran.dg/ieee/ieee_1.F90   -Os  execution test
FAIL: gfortran.dg/ieee/ieee_6.f90   -O0  execution test
FAIL: gfortran.dg/ieee/ieee_6.f90   -O1  execution test
FAIL: gfortran.dg/ieee/ieee_6.f90   -O2  execution test
FAIL: gfortran.dg/ieee/ieee_6.f90   -O3 -fomit-frame-pointer -funroll-loops -fpeel-loops -ftracer -finline-functions  execution test
FAIL: gfortran.dg/ieee/ieee_6.f90   -O3 -g  execution test
FAIL: gfortran.dg/ieee/ieee_6.f90   -Os  execution test
FAIL: gfortran.dg/ieee/large_3.F90   -O0  execution test
FAIL: gfortran.dg/ieee/large_3.F90   -O1  execution test
FAIL: gfortran.dg/ieee/large_3.F90   -O2  execution test
FAIL: gfortran.dg/ieee/large_3.F90   -O3 -fomit-frame-pointer -funroll-loops -fpeel-loops -ftracer -finline-functions  execution test
FAIL: gfortran.dg/ieee/large_3.F90   -O3 -g  execution test
FAIL: gfortran.dg/ieee/large_3.F90   -Os  execution test
FAIL: gfortran.dg/vect/fast-math-mgrid-resid.f   -O   scan-tree-dump-times pcom "Executing predictive commoning without unrolling" 1
FAIL: gfortran.dg/vect/pr62283.f   -O   scan-tree-dump-times vect "vectorized 1 loops" 2
FAIL: gfortran.fortran-torture/execute/a_edit_1.f90 execution,  -O0 
FAIL: gfortran.fortran-torture/execute/a_edit_1.f90 execution,  -O1 
FAIL: gfortran.fortran-torture/execute/a_edit_1.f90 execution,  -O2 
FAIL: gfortran.fortran-torture/execute/a_edit_1.f90 execution,  -O2 -fbounds-check 
FAIL: gfortran.fortran-torture/execute/a_edit_1.f90 execution,  -O2 -fomit-frame-pointer -finline-functions 
FAIL: gfortran.fortran-torture/execute/a_edit_1.f90 execution,  -O2 -fomit-frame-pointer -finline-functions -funroll-loops 
FAIL: gfortran.fortran-torture/execute/a_edit_1.f90 execution,  -O3 -g 
FAIL: gfortran.fortran-torture/execute/a_edit_1.f90 execution,  -Os 
FAIL: gfortran.fortran-torture/execute/der_io.f90 execution,  -O0 
FAIL: gfortran.fortran-torture/execute/der_io.f90 execution,  -O1 
FAIL: gfortran.fortran-torture/execute/der_io.f90 execution,  -O2 
FAIL: gfortran.fortran-torture/execute/der_io.f90 execution,  -O2 -fbounds-check 
FAIL: gfortran.fortran-torture/execute/der_io.f90 execution,  -O2 -fomit-frame-pointer -finline-functions 
FAIL: gfortran.fortran-torture/execute/der_io.f90 execution,  -O2 -fomit-frame-pointer -finline-functions -funroll-loops 
FAIL: gfortran.fortran-torture/execute/der_io.f90 execution,  -O3 -g 
FAIL: gfortran.fortran-torture/execute/der_io.f90 execution,  -Os 
FAIL: gfortran.fortran-torture/execute/empty_format.f90 execution,  -O0 
FAIL: gfortran.fortran-torture/execute/empty_format.f90 execution,  -O1 
FAIL: gfortran.fortran-torture/execute/empty_format.f90 execution,  -O2 
FAIL: gfortran.fortran-torture/execute/empty_format.f90 execution,  -O2 -fbounds-check 
FAIL: gfortran.fortran-torture/execute/empty_format.f90 execution,  -O2 -fomit-frame-pointer -finline-functions 
FAIL: gfortran.fortran-torture/execute/empty_format.f90 execution,  -O2 -fomit-frame-pointer -finline-functions -funroll-loops 
FAIL: gfortran.fortran-torture/execute/empty_format.f90 execution,  -O3 -g 
FAIL: gfortran.fortran-torture/execute/empty_format.f90 execution,  -Os 
FAIL: gfortran.fortran-torture/execute/f2_edit_1.f90 execution,  -O0 
FAIL: gfortran.fortran-torture/execute/f2_edit_1.f90 execution,  -O1 
FAIL: gfortran.fortran-torture/execute/f2_edit_1.f90 execution,  -O2 
FAIL: gfortran.fortran-torture/execute/f2_edit_1.f90 execution,  -O2 -fbounds-check 
FAIL: gfortran.fortran-torture/execute/f2_edit_1.f90 execution,  -O2 -fomit-frame-pointer -finline-functions 
FAIL: gfortran.fortran-torture/execute/f2_edit_1.f90 execution,  -O2 -fomit-frame-pointer -finline-functions -funroll-loops 
FAIL: gfortran.fortran-torture/execute/f2_edit_1.f90 execution,  -O3 -g 
FAIL: gfortran.fortran-torture/execute/f2_edit_1.f90 execution,  -Os 
FAIL: gfortran.fortran-torture/execute/hollerith.f90 execution,  -O0 
FAIL: gfortran.fortran-torture/execute/hollerith.f90 execution,  -O1 
FAIL: gfortran.fortran-torture/execute/hollerith.f90 execution,  -O2 
FAIL: gfortran.fortran-torture/execute/hollerith.f90 execution,  -O2 -fbounds-check 
FAIL: gfortran.fortran-torture/execute/hollerith.f90 execution,  -O2 -fomit-frame-pointer -finline-functions 
FAIL: gfortran.fortran-torture/execute/hollerith.f90 execution,  -O2 -fomit-frame-pointer -finline-functions -funroll-loops 
FAIL: gfortran.fortran-torture/execute/hollerith.f90 execution,  -O3 -g 
FAIL: gfortran.fortran-torture/execute/hollerith.f90 execution,  -Os 
FAIL: gfortran.fortran-torture/execute/internal_write.f90 execution,  -O0 
FAIL: gfortran.fortran-torture/execute/internal_write.f90 execution,  -O1 
FAIL: gfortran.fortran-torture/execute/internal_write.f90 execution,  -O2 
FAIL: gfortran.fortran-torture/execute/internal_write.f90 execution,  -O2 -fbounds-check 
FAIL: gfortran.fortran-torture/execute/internal_write.f90 execution,  -O2 -fomit-frame-pointer -finline-functions 
FAIL: gfortran.fortran-torture/execute/internal_write.f90 execution,  -O2 -fomit-frame-pointer -finline-functions -funroll-loops 
FAIL: gfortran.fortran-torture/execute/internal_write.f90 execution,  -O3 -g 
FAIL: gfortran.fortran-torture/execute/internal_write.f90 execution,  -Os 
FAIL: gfortran.fortran-torture/execute/intrinsic_anyall.f90 execution,  -O0 
FAIL: gfortran.fortran-torture/execute/intrinsic_anyall.f90 execution,  -O1 
FAIL: gfortran.fortran-torture/execute/intrinsic_anyall.f90 execution,  -O2 
FAIL: gfortran.fortran-torture/execute/intrinsic_anyall.f90 execution,  -O2 -fbounds-check 
FAIL: gfortran.fortran-torture/execute/intrinsic_anyall.f90 execution,  -O2 -fomit-frame-pointer -finline-functions 
FAIL: gfortran.fortran-torture/execute/intrinsic_anyall.f90 execution,  -O2 -fomit-frame-pointer -finline-functions -funroll-loops 
FAIL: gfortran.fortran-torture/execute/intrinsic_anyall.f90 execution,  -O3 -g 
FAIL: gfortran.fortran-torture/execute/intrinsic_anyall.f90 execution,  -Os 
FAIL: gfortran.fortran-torture/execute/intrinsic_count.f90 execution,  -O0 
FAIL: gfortran.fortran-torture/execute/intrinsic_count.f90 execution,  -O1 
FAIL: gfortran.fortran-torture/execute/intrinsic_count.f90 execution,  -O2 
FAIL: gfortran.fortran-torture/execute/intrinsic_count.f90 execution,  -O2 -fbounds-check 
FAIL: gfortran.fortran-torture/execute/intrinsic_count.f90 execution,  -O2 -fomit-frame-pointer -finline-functions 
FAIL: gfortran.fortran-torture/execute/intrinsic_count.f90 execution,  -O2 -fomit-frame-pointer -finline-functions -funroll-loops 
FAIL: gfortran.fortran-torture/execute/intrinsic_count.f90 execution,  -O3 -g 
FAIL: gfortran.fortran-torture/execute/intrinsic_count.f90 execution,  -Os 
FAIL: gfortran.fortran-torture/execute/intrinsic_mmloc.f90 execution,  -O0 
FAIL: gfortran.fortran-torture/execute/intrinsic_mmloc.f90 execution,  -O1 
FAIL: gfortran.fortran-torture/execute/intrinsic_mmloc.f90 execution,  -O2 
FAIL: gfortran.fortran-torture/execute/intrinsic_mmloc.f90 execution,  -O2 -fbounds-check 
FAIL: gfortran.fortran-torture/execute/intrinsic_mmloc.f90 execution,  -O2 -fomit-frame-pointer -finline-functions 
FAIL: gfortran.fortran-torture/execute/intrinsic_mmloc.f90 execution,  -O2 -fomit-frame-pointer -finline-functions -funroll-loops 
FAIL: gfortran.fortran-torture/execute/intrinsic_mmloc.f90 execution,  -O3 -g 
FAIL: gfortran.fortran-torture/execute/intrinsic_mmloc.f90 execution,  -Os 
FAIL: gfortran.fortran-torture/execute/intrinsic_mmval.f90 execution,  -O0 
FAIL: gfortran.fortran-torture/execute/intrinsic_mmval.f90 execution,  -O1 
FAIL: gfortran.fortran-torture/execute/intrinsic_mmval.f90 execution,  -O2 
FAIL: gfortran.fortran-torture/execute/intrinsic_mmval.f90 execution,  -O2 -fbounds-check 
FAIL: gfortran.fortran-torture/execute/intrinsic_mmval.f90 execution,  -O2 -fomit-frame-pointer -finline-functions 
FAIL: gfortran.fortran-torture/execute/intrinsic_mmval.f90 execution,  -O2 -fomit-frame-pointer -finline-functions -funroll-loops 
FAIL: gfortran.fortran-torture/execute/intrinsic_mmval.f90 execution,  -O3 -g 
FAIL: gfortran.fortran-torture/execute/intrinsic_mmval.f90 execution,  -Os 
FAIL: gfortran.fortran-torture/execute/intrinsic_product.f90 execution,  -O0 
FAIL: gfortran.fortran-torture/execute/intrinsic_product.f90 execution,  -O1 
FAIL: gfortran.fortran-torture/execute/intrinsic_product.f90 execution,  -O2 
FAIL: gfortran.fortran-torture/execute/intrinsic_product.f90 execution,  -O2 -fbounds-check 
FAIL: gfortran.fortran-torture/execute/intrinsic_product.f90 execution,  -O2 -fomit-frame-pointer -finline-functions 
FAIL: gfortran.fortran-torture/execute/intrinsic_product.f90 execution,  -O2 -fomit-frame-pointer -finline-functions -funroll-loops 
FAIL: gfortran.fortran-torture/execute/intrinsic_product.f90 execution,  -O3 -g 
FAIL: gfortran.fortran-torture/execute/intrinsic_product.f90 execution,  -Os 
FAIL: gfortran.fortran-torture/execute/intrinsic_spread.f90 execution,  -O0 
FAIL: gfortran.fortran-torture/execute/intrinsic_spread.f90 execution,  -O1 
FAIL: gfortran.fortran-torture/execute/intrinsic_spread.f90 execution,  -O2 
FAIL: gfortran.fortran-torture/execute/intrinsic_spread.f90 execution,  -O2 -fbounds-check 
FAIL: gfortran.fortran-torture/execute/intrinsic_spread.f90 execution,  -O2 -fomit-frame-pointer -finline-functions 
FAIL: gfortran.fortran-torture/execute/intrinsic_spread.f90 execution,  -O2 -fomit-frame-pointer -finline-functions -funroll-loops 
FAIL: gfortran.fortran-torture/execute/intrinsic_spread.f90 execution,  -O3 -g 
FAIL: gfortran.fortran-torture/execute/intrinsic_spread.f90 execution,  -Os 
FAIL: gfortran.fortran-torture/execute/intrinsic_sum.f90 execution,  -O0 
FAIL: gfortran.fortran-torture/execute/intrinsic_sum.f90 execution,  -O1 
FAIL: gfortran.fortran-torture/execute/intrinsic_sum.f90 execution,  -O2 
FAIL: gfortran.fortran-torture/execute/intrinsic_sum.f90 execution,  -O2 -fbounds-check 
FAIL: gfortran.fortran-torture/execute/intrinsic_sum.f90 execution,  -O2 -fomit-frame-pointer -finline-functions 
FAIL: gfortran.fortran-torture/execute/intrinsic_sum.f90 execution,  -O2 -fomit-frame-pointer -finline-functions -funroll-loops 
FAIL: gfortran.fortran-torture/execute/intrinsic_sum.f90 execution,  -O3 -g 
FAIL: gfortran.fortran-torture/execute/intrinsic_sum.f90 execution,  -Os 
FAIL: gfortran.fortran-torture/execute/intrinsic_unpack.f90 execution,  -O0 
FAIL: gfortran.fortran-torture/execute/intrinsic_unpack.f90 execution,  -O1 
FAIL: gfortran.fortran-torture/execute/intrinsic_unpack.f90 execution,  -O2 
FAIL: gfortran.fortran-torture/execute/intrinsic_unpack.f90 execution,  -O2 -fbounds-check 
FAIL: gfortran.fortran-torture/execute/intrinsic_unpack.f90 execution,  -O2 -fomit-frame-pointer -finline-functions 
FAIL: gfortran.fortran-torture/execute/intrinsic_unpack.f90 execution,  -O2 -fomit-frame-pointer -finline-functions -funroll-loops 
FAIL: gfortran.fortran-torture/execute/intrinsic_unpack.f90 execution,  -O3 -g 
FAIL: gfortran.fortran-torture/execute/intrinsic_unpack.f90 execution,  -Os 
FAIL: gfortran.fortran-torture/execute/nan_inf_fmt.f90 execution,  -O0 
FAIL: gfortran.fortran-torture/execute/nan_inf_fmt.f90 execution,  -O1 
FAIL: gfortran.fortran-torture/execute/nan_inf_fmt.f90 execution,  -O2 
FAIL: gfortran.fortran-torture/execute/nan_inf_fmt.f90 execution,  -O2 -fbounds-check 
FAIL: gfortran.fortran-torture/execute/nan_inf_fmt.f90 execution,  -O2 -fomit-frame-pointer -finline-functions 
FAIL: gfortran.fortran-torture/execute/nan_inf_fmt.f90 execution,  -O2 -fomit-frame-pointer -finline-functions -funroll-loops 
FAIL: gfortran.fortran-torture/execute/nan_inf_fmt.f90 execution,  -O3 -g 
FAIL: gfortran.fortran-torture/execute/nan_inf_fmt.f90 execution,  -Os 
FAIL: gfortran.fortran-torture/execute/pr32140.f90 execution,  -O0 
FAIL: gfortran.fortran-torture/execute/pr32140.f90 execution,  -O1 
FAIL: gfortran.fortran-torture/execute/pr32140.f90 execution,  -O2 
FAIL: gfortran.fortran-torture/execute/pr32140.f90 execution,  -O2 -fbounds-check 
FAIL: gfortran.fortran-torture/execute/pr32140.f90 execution,  -O2 -fomit-frame-pointer -finline-functions 
FAIL: gfortran.fortran-torture/execute/pr32140.f90 execution,  -O2 -fomit-frame-pointer -finline-functions -funroll-loops 
FAIL: gfortran.fortran-torture/execute/pr32140.f90 execution,  -O3 -g 
FAIL: gfortran.fortran-torture/execute/pr32140.f90 execution,  -Os 
FAIL: gfortran.fortran-torture/execute/t_edit.f90 execution,  -O0 
FAIL: gfortran.fortran-torture/execute/t_edit.f90 execution,  -O1 
FAIL: gfortran.fortran-torture/execute/t_edit.f90 execution,  -O2 
FAIL: gfortran.fortran-torture/execute/t_edit.f90 execution,  -O2 -fbounds-check 
FAIL: gfortran.fortran-torture/execute/t_edit.f90 execution,  -O2 -fomit-frame-pointer -finline-functions 
FAIL: gfortran.fortran-torture/execute/t_edit.f90 execution,  -O2 -fomit-frame-pointer -finline-functions -funroll-loops 
FAIL: gfortran.fortran-torture/execute/t_edit.f90 execution,  -O3 -g 
FAIL: gfortran.fortran-torture/execute/t_edit.f90 execution,  -Os 
FAIL: gfortran.fortran-torture/execute/write_a_1.f90 execution,  -O0 
FAIL: gfortran.fortran-torture/execute/write_a_1.f90 execution,  -O1 
FAIL: gfortran.fortran-torture/execute/write_a_1.f90 execution,  -O2 
FAIL: gfortran.fortran-torture/execute/write_a_1.f90 execution,  -O2 -fbounds-check 
FAIL: gfortran.fortran-torture/execute/write_a_1.f90 execution,  -O2 -fomit-frame-pointer -finline-functions 
FAIL: gfortran.fortran-torture/execute/write_a_1.f90 execution,  -O2 -fomit-frame-pointer -finline-functions -funroll-loops 
FAIL: gfortran.fortran-torture/execute/write_a_1.f90 execution,  -O3 -g 
FAIL: gfortran.fortran-torture/execute/write_a_1.f90 execution,  -Os 
FAIL: gfortran.fortran-torture/execute/write_logical.f90 execution,  -O0 
FAIL: gfortran.fortran-torture/execute/write_logical.f90 execution,  -O1 
FAIL: gfortran.fortran-torture/execute/write_logical.f90 execution,  -O2 
FAIL: gfortran.fortran-torture/execute/write_logical.f90 execution,  -O2 -fbounds-check 
FAIL: gfortran.fortran-torture/execute/write_logical.f90 execution,  -O2 -fomit-frame-pointer -finline-functions 
FAIL: gfortran.fortran-torture/execute/write_logical.f90 execution,  -O2 -fomit-frame-pointer -finline-functions -funroll-loops 
FAIL: gfortran.fortran-torture/execute/write_logical.f90 execution,  -O3 -g 
FAIL: gfortran.fortran-torture/execute/write_logical.f90 execution,  -Os 

		=== gfortran Summary ===

# of expected passes		40897
# of unexpected failures	1645
# of expected failures		67
# of unsupported tests		67
/home/jenkins/workspace/BuildThunderX_native_gcc_upstream/objdir/gcc/testsuite/gfortran/../../gfortran  version 7.0.0 20161003 (experimental) [master revision 255beb0:e53987f:fcfa0d6a2c28d6ddf68fa4d74fdca3379b23dd62] (Cavium Inc. (Build 514)) 

		=== g++ tests ===


Running target unix
FAIL: c-c++-common/va-arg-va-list-type.c  -std=c++11  (test for errors, line 8)
FAIL: c-c++-common/va-arg-va-list-type.c  -std=c++14  (test for errors, line 8)
FAIL: c-c++-common/va-arg-va-list-type.c  -std=c++98  (test for errors, line 8)
XPASS: g++.dg/tls/thread_local-order2.C  -std=c++11 execution test
XPASS: g++.dg/tls/thread_local-order2.C  -std=c++14 execution test
FAIL: g++.dg/vect/slp-pr56812.cc  -std=c++11  scan-tree-dump-times slp1 "basic block vectorized" 1
FAIL: g++.dg/vect/slp-pr56812.cc  -std=c++14  scan-tree-dump-times slp1 "basic block vectorized" 1
FAIL: g++.dg/vect/slp-pr56812.cc  -std=c++98  scan-tree-dump-times slp1 "basic block vectorized" 1

		=== g++ Summary ===

# of expected passes		97566
# of unexpected failures	6
# of unexpected successes	2
# of expected failures		327
# of unsupported tests		3988
/home/jenkins/workspace/BuildThunderX_native_gcc_upstream/objdir/gcc/testsuite/g++/../../xg++  version 7.0.0 20161003 (experimental) [master revision 255beb0:e53987f:fcfa0d6a2c28d6ddf68fa4d74fdca3379b23dd62] (Cavium Inc. (Build 514)) 

		=== go tests ===


Running target unix
FAIL: go.test/test/ken/cplx2.go execution,  -O2 -g 

		=== go Summary ===

# of expected passes		7244
# of unexpected failures	1
# of expected failures		1
# of untested testcases		10
# of unsupported tests		3
/home/jenkins/workspace/BuildThunderX_native_gcc_upstream/objdir/gcc/testsuite/go/../../gccgo  version 7.0.0 20161003 (experimental) [master revision 255beb0:e53987f:fcfa0d6a2c28d6ddf68fa4d74fdca3379b23dd62] (Cavium Inc. (Build 514)) 


Compiler version: 7.0.0 20161003 (experimental) [master revision 255beb0:e53987f:fcfa0d6a2c28d6ddf68fa4d74fdca3379b23dd62] (Cavium Inc. (Build 514)) 
Platform: aarch64-unknown-linux-gnu
configure flags: --disable-libsanitizer --prefix=/home/jenkins/workspace/BuildThunderX_native_gcc_upstream/objdir/../tools --with-cpu=thunderx+lse --enable-languages=c,c++,fortran,go --disable-werror --with-sysroot=/ --enable-plugins --enable-gnu-indirect-function --with-pkgversion='Cavium Inc. (Build 514)'


Index Nav: [Date Index] [Subject Index] [Author Index] [Thread Index]
Message Nav: [Date Prev] [Date Next] [Thread Prev] [Thread Next]