This is the mail archive of the gcc-testresults@gcc.gnu.org mailing list for the GCC project.


Index Nav: [Date Index] [Subject Index] [Author Index] [Thread Index]
Message Nav: [Date Prev] [Date Next] [Thread Prev] [Thread Next]
Other format: [Raw text]

Results for 7.0.0 20160930 (experimental) [trunk revision 240649] (GCC) testsuite on sparc-sun-solaris2.12


LAST_UPDATED: Fri Sep 30 08:55:13  2016 (revision 240649)

		=== acats tests ===

		=== acats Summary ===
# of expected passes		2320
# of unexpected failures	0
Native configuration is sparc-sun-solaris2.12

		=== g++ tests ===


Running target unix
FAIL: c-c++-common/cilk-plus/CK/cilk_for_ptr_iter.c  -g -O2 execution test
FAIL: c-c++-common/cilk-plus/CK/spawner_inline.c  -g -O2 execution test
FAIL: g++.dg/gcov/pr16855.C  -std=gnu++11  gcov: 1 failures in line counts, 0 in branch percentages, 0 in return percentages, 0 in intermediate format
FAIL: g++.dg/gcov/pr16855.C  -std=gnu++11  line 21: is #####:should be 1
FAIL: g++.dg/gcov/pr16855.C  -std=gnu++14  gcov: 1 failures in line counts, 0 in branch percentages, 0 in return percentages, 0 in intermediate format
FAIL: g++.dg/gcov/pr16855.C  -std=gnu++14  line 21: is #####:should be 1
FAIL: g++.dg/gcov/pr16855.C  -std=gnu++98  gcov: 1 failures in line counts, 0 in branch percentages, 0 in return percentages, 0 in intermediate format
FAIL: g++.dg/gcov/pr16855.C  -std=gnu++98  line 21: is #####:should be 1

		=== g++ Summary for unix ===

# of expected passes		99063
# of unexpected failures	8
# of expected failures		335
# of unsupported tests		4164

Running target unix/-m64
FAIL: g++.dg/gcov/pr16855.C  -std=gnu++11  gcov: 1 failures in line counts, 0 in branch percentages, 0 in return percentages, 0 in intermediate format
FAIL: g++.dg/gcov/pr16855.C  -std=gnu++11  line 21: is #####:should be 1
FAIL: g++.dg/gcov/pr16855.C  -std=gnu++14  gcov: 1 failures in line counts, 0 in branch percentages, 0 in return percentages, 0 in intermediate format
FAIL: g++.dg/gcov/pr16855.C  -std=gnu++14  line 21: is #####:should be 1
FAIL: g++.dg/gcov/pr16855.C  -std=gnu++98  gcov: 1 failures in line counts, 0 in branch percentages, 0 in return percentages, 0 in intermediate format
FAIL: g++.dg/gcov/pr16855.C  -std=gnu++98  line 21: is #####:should be 1

		=== g++ Summary for unix/-m64 ===

# of expected passes		100953
# of unexpected failures	6
# of expected failures		335
# of unsupported tests		4133

		=== g++ Summary ===

# of expected passes		200016
# of unexpected failures	14
# of expected failures		670
# of unsupported tests		8297
/var/gcc/regression/trunk/12-gcc-gas-gld/build/gcc/testsuite/g++/../../xg++  version 7.0.0 20160930 (experimental) [trunk revision 240649] (GCC) 

		=== gcc tests ===


Running target unix
FAIL: gcc.dg/graphite/scop-dsyr2k.c scan-tree-dump-times graphite "number of SCoPs: 1" 1
FAIL: gcc.dg/graphite/scop-dsyrk.c scan-tree-dump-times graphite "number of SCoPs: 1" 1
FAIL: gcc.dg/plugin/must-tail-call-1.c -fplugin=./must_tail_call_plugin.so (test for excess errors)
FAIL: gcc.dg/simulate-thread/atomic-other-int.c   -O2 -g  thread simulation test
FAIL: gcc.dg/simulate-thread/atomic-other-int.c   -O3 -g  thread simulation test
FAIL: gcc.dg/simulate-thread/speculative-store-4.c   -O0 -g  thread simulation test
FAIL: gcc.dg/simulate-thread/speculative-store.c   -O0 -g  thread simulation test
FAIL: gcc.dg/torture/tls/run-le.c   -O0  -pie -fPIE  (test for excess errors)
WARNING: gcc.dg/torture/tls/run-le.c   -O0  -pie -fPIE  compilation failed to produce executable
FAIL: gcc.dg/torture/tls/run-le.c   -O0  -pie -fpie  (test for excess errors)
WARNING: gcc.dg/torture/tls/run-le.c   -O0  -pie -fpie  compilation failed to produce executable
FAIL: gcc.dg/torture/tls/run-le.c   -O1  -pie -fPIE  (test for excess errors)
WARNING: gcc.dg/torture/tls/run-le.c   -O1  -pie -fPIE  compilation failed to produce executable
FAIL: gcc.dg/torture/tls/run-le.c   -O1  -pie -fpie  (test for excess errors)
WARNING: gcc.dg/torture/tls/run-le.c   -O1  -pie -fpie  compilation failed to produce executable
FAIL: gcc.dg/torture/tls/run-le.c   -O2  -pie -fPIE  (test for excess errors)
WARNING: gcc.dg/torture/tls/run-le.c   -O2  -pie -fPIE  compilation failed to produce executable
FAIL: gcc.dg/torture/tls/run-le.c   -O2  -pie -fpie  (test for excess errors)
WARNING: gcc.dg/torture/tls/run-le.c   -O2  -pie -fpie  compilation failed to produce executable
FAIL: gcc.dg/torture/tls/run-le.c   -O3 -g  -pie -fPIE  (test for excess errors)
WARNING: gcc.dg/torture/tls/run-le.c   -O3 -g  -pie -fPIE  compilation failed to produce executable
FAIL: gcc.dg/torture/tls/run-le.c   -O3 -g  -pie -fpie  (test for excess errors)
WARNING: gcc.dg/torture/tls/run-le.c   -O3 -g  -pie -fpie  compilation failed to produce executable
FAIL: gcc.dg/torture/tls/run-le.c   -Os  -pie -fPIE  (test for excess errors)
WARNING: gcc.dg/torture/tls/run-le.c   -Os  -pie -fPIE  compilation failed to produce executable
FAIL: gcc.dg/torture/tls/run-le.c   -Os  -pie -fpie  (test for excess errors)
WARNING: gcc.dg/torture/tls/run-le.c   -Os  -pie -fpie  compilation failed to produce executable
FAIL: gcc.dg/torture/tls/thr-init-1.c   -O0  -pie -fPIE  (test for excess errors)
WARNING: gcc.dg/torture/tls/thr-init-1.c   -O0  -pie -fPIE  compilation failed to produce executable
FAIL: gcc.dg/torture/tls/thr-init-1.c   -O0  -pie -fpie  (test for excess errors)
WARNING: gcc.dg/torture/tls/thr-init-1.c   -O0  -pie -fpie  compilation failed to produce executable
FAIL: gcc.dg/torture/tls/thr-init-1.c   -O1  -pie -fPIE  (test for excess errors)
WARNING: gcc.dg/torture/tls/thr-init-1.c   -O1  -pie -fPIE  compilation failed to produce executable
FAIL: gcc.dg/torture/tls/thr-init-1.c   -O1  -pie -fpie  (test for excess errors)
WARNING: gcc.dg/torture/tls/thr-init-1.c   -O1  -pie -fpie  compilation failed to produce executable
FAIL: gcc.dg/torture/tls/thr-init-1.c   -O2  -pie -fPIE  (test for excess errors)
WARNING: gcc.dg/torture/tls/thr-init-1.c   -O2  -pie -fPIE  compilation failed to produce executable
FAIL: gcc.dg/torture/tls/thr-init-1.c   -O2  -pie -fpie  (test for excess errors)
WARNING: gcc.dg/torture/tls/thr-init-1.c   -O2  -pie -fpie  compilation failed to produce executable
FAIL: gcc.dg/torture/tls/thr-init-1.c   -O3 -g  -pie -fPIE  (test for excess errors)
WARNING: gcc.dg/torture/tls/thr-init-1.c   -O3 -g  -pie -fPIE  compilation failed to produce executable
FAIL: gcc.dg/torture/tls/thr-init-1.c   -O3 -g  -pie -fpie  (test for excess errors)
WARNING: gcc.dg/torture/tls/thr-init-1.c   -O3 -g  -pie -fpie  compilation failed to produce executable
FAIL: gcc.dg/torture/tls/thr-init-1.c   -Os  -pie -fPIE  (test for excess errors)
WARNING: gcc.dg/torture/tls/thr-init-1.c   -Os  -pie -fPIE  compilation failed to produce executable
FAIL: gcc.dg/torture/tls/thr-init-1.c   -Os  -pie -fpie  (test for excess errors)
WARNING: gcc.dg/torture/tls/thr-init-1.c   -Os  -pie -fpie  compilation failed to produce executable
FAIL: gcc.dg/torture/tls/thr-init-2.c   -O0  -pie -fPIE  (test for excess errors)
WARNING: gcc.dg/torture/tls/thr-init-2.c   -O0  -pie -fPIE  compilation failed to produce executable
FAIL: gcc.dg/torture/tls/thr-init-2.c   -O0  -pie -fpie  (test for excess errors)
WARNING: gcc.dg/torture/tls/thr-init-2.c   -O0  -pie -fpie  compilation failed to produce executable
FAIL: gcc.dg/torture/tls/thr-init-2.c   -O1  -pie -fPIE  (test for excess errors)
WARNING: gcc.dg/torture/tls/thr-init-2.c   -O1  -pie -fPIE  compilation failed to produce executable
FAIL: gcc.dg/torture/tls/thr-init-2.c   -O1  -pie -fpie  (test for excess errors)
WARNING: gcc.dg/torture/tls/thr-init-2.c   -O1  -pie -fpie  compilation failed to produce executable
FAIL: gcc.dg/torture/tls/thr-init-2.c   -O2  -pie -fPIE  (test for excess errors)
WARNING: gcc.dg/torture/tls/thr-init-2.c   -O2  -pie -fPIE  compilation failed to produce executable
FAIL: gcc.dg/torture/tls/thr-init-2.c   -O2  -pie -fpie  (test for excess errors)
WARNING: gcc.dg/torture/tls/thr-init-2.c   -O2  -pie -fpie  compilation failed to produce executable
FAIL: gcc.dg/torture/tls/thr-init-2.c   -O3 -g  -pie -fPIE  (test for excess errors)
WARNING: gcc.dg/torture/tls/thr-init-2.c   -O3 -g  -pie -fPIE  compilation failed to produce executable
FAIL: gcc.dg/torture/tls/thr-init-2.c   -O3 -g  -pie -fpie  (test for excess errors)
WARNING: gcc.dg/torture/tls/thr-init-2.c   -O3 -g  -pie -fpie  compilation failed to produce executable
FAIL: gcc.dg/torture/tls/thr-init-2.c   -Os  -pie -fPIE  (test for excess errors)
WARNING: gcc.dg/torture/tls/thr-init-2.c   -Os  -pie -fPIE  compilation failed to produce executable
FAIL: gcc.dg/torture/tls/thr-init-2.c   -Os  -pie -fpie  (test for excess errors)
WARNING: gcc.dg/torture/tls/thr-init-2.c   -Os  -pie -fpie  compilation failed to produce executable
FAIL: gcc.dg/torture/tls/tls-reload-1.c   -O0  -pie -fPIE  (test for excess errors)
WARNING: gcc.dg/torture/tls/tls-reload-1.c   -O0  -pie -fPIE  compilation failed to produce executable
FAIL: gcc.dg/torture/tls/tls-reload-1.c   -O0  -pie -fpie  (test for excess errors)
WARNING: gcc.dg/torture/tls/tls-reload-1.c   -O0  -pie -fpie  compilation failed to produce executable
FAIL: gcc.dg/torture/tls/tls-reload-1.c   -O1  -pie -fPIE  (test for excess errors)
WARNING: gcc.dg/torture/tls/tls-reload-1.c   -O1  -pie -fPIE  compilation failed to produce executable
FAIL: gcc.dg/torture/tls/tls-reload-1.c   -O1  -pie -fpie  (test for excess errors)
WARNING: gcc.dg/torture/tls/tls-reload-1.c   -O1  -pie -fpie  compilation failed to produce executable
FAIL: gcc.dg/torture/tls/tls-reload-1.c   -O2  -pie -fPIE  (test for excess errors)
WARNING: gcc.dg/torture/tls/tls-reload-1.c   -O2  -pie -fPIE  compilation failed to produce executable
FAIL: gcc.dg/torture/tls/tls-reload-1.c   -O2  -pie -fpie  (test for excess errors)
WARNING: gcc.dg/torture/tls/tls-reload-1.c   -O2  -pie -fpie  compilation failed to produce executable
FAIL: gcc.dg/torture/tls/tls-reload-1.c   -O3 -g  -pie -fPIE  (test for excess errors)
WARNING: gcc.dg/torture/tls/tls-reload-1.c   -O3 -g  -pie -fPIE  compilation failed to produce executable
FAIL: gcc.dg/torture/tls/tls-reload-1.c   -O3 -g  -pie -fpie  (test for excess errors)
WARNING: gcc.dg/torture/tls/tls-reload-1.c   -O3 -g  -pie -fpie  compilation failed to produce executable
FAIL: gcc.dg/torture/tls/tls-reload-1.c   -Os  -pie -fPIE  (test for excess errors)
WARNING: gcc.dg/torture/tls/tls-reload-1.c   -Os  -pie -fPIE  compilation failed to produce executable
FAIL: gcc.dg/torture/tls/tls-reload-1.c   -Os  -pie -fpie  (test for excess errors)
WARNING: gcc.dg/torture/tls/tls-reload-1.c   -Os  -pie -fpie  compilation failed to produce executable
FAIL: gcc.dg/torture/tls/tls-test.c   -O0  -pie -fPIE  (test for excess errors)
WARNING: gcc.dg/torture/tls/tls-test.c   -O0  -pie -fPIE  compilation failed to produce executable
FAIL: gcc.dg/torture/tls/tls-test.c   -O0  -pie -fpie  (test for excess errors)
WARNING: gcc.dg/torture/tls/tls-test.c   -O0  -pie -fpie  compilation failed to produce executable
FAIL: gcc.dg/torture/tls/tls-test.c   -O1  -pie -fPIE  (test for excess errors)
WARNING: gcc.dg/torture/tls/tls-test.c   -O1  -pie -fPIE  compilation failed to produce executable
FAIL: gcc.dg/torture/tls/tls-test.c   -O1  -pie -fpie  (test for excess errors)
WARNING: gcc.dg/torture/tls/tls-test.c   -O1  -pie -fpie  compilation failed to produce executable
FAIL: gcc.dg/torture/tls/tls-test.c   -O2  -pie -fPIE  (test for excess errors)
WARNING: gcc.dg/torture/tls/tls-test.c   -O2  -pie -fPIE  compilation failed to produce executable
FAIL: gcc.dg/torture/tls/tls-test.c   -O2  -pie -fpie  (test for excess errors)
WARNING: gcc.dg/torture/tls/tls-test.c   -O2  -pie -fpie  compilation failed to produce executable
FAIL: gcc.dg/torture/tls/tls-test.c   -O3 -g  -pie -fPIE  (test for excess errors)
WARNING: gcc.dg/torture/tls/tls-test.c   -O3 -g  -pie -fPIE  compilation failed to produce executable
FAIL: gcc.dg/torture/tls/tls-test.c   -O3 -g  -pie -fpie  (test for excess errors)
WARNING: gcc.dg/torture/tls/tls-test.c   -O3 -g  -pie -fpie  compilation failed to produce executable
FAIL: gcc.dg/torture/tls/tls-test.c   -Os  -pie -fPIE  (test for excess errors)
WARNING: gcc.dg/torture/tls/tls-test.c   -Os  -pie -fPIE  compilation failed to produce executable
FAIL: gcc.dg/torture/tls/tls-test.c   -Os  -pie -fpie  (test for excess errors)
WARNING: gcc.dg/torture/tls/tls-test.c   -Os  -pie -fpie  compilation failed to produce executable
FAIL: gcc.dg/tree-ssa/builtin-sprintf-warn-1.c  (test for warnings, line 1229)
FAIL: gcc.dg/tree-ssa/builtin-sprintf-warn-1.c  (test for warnings, line 1279)
FAIL: gcc.dg/tree-ssa/builtin-sprintf-warn-1.c  (test for warnings, line 1390)
FAIL: gcc.dg/tree-ssa/builtin-sprintf-warn-1.c  (test for warnings, line 359)
FAIL: gcc.dg/tree-ssa/builtin-sprintf-warn-1.c (test for excess errors)
FAIL: gcc.dg/tree-ssa/builtin-sprintf-warn-2.c  (test for warnings, line 50)
FAIL: gcc.dg/tree-ssa/builtin-sprintf-warn-4.c (test for excess errors)
XPASS: gcc.dg/tree-ssa/builtin-sprintf-warn-6.c unsigned long long (test for bogus messages, line 91)
FAIL: gcc.dg/tree-ssa/builtin-sprintf.c execution test
FAIL: gcc.dg/tree-ssa/forwprop-35.c (internal compiler error)
FAIL: gcc.dg/tree-ssa/forwprop-35.c (test for excess errors)
FAIL: gcc.dg/tree-ssa/forwprop-35.c scan-tree-dump-times cddce1 "VEC_PERM_EXPR" 1
FAIL: gcc.dg/tree-ssa/forwprop-35.c scan-tree-dump-times cddce1 "\\\\(v4sf\\\\) " 2
FAIL: gcc.dg/tree-ssa/pr69270-3.c scan-tree-dump-times uncprop1 ", 1" 4
XPASS: gcc.dg/tree-ssa/pr71347.c scan-tree-dump-not optimized ".* = MEM.*;"
FAIL: gcc.dg/tree-ssa/scev-3.c scan-tree-dump-times optimized "&a" 1
FAIL: gcc.dg/tree-ssa/scev-4.c scan-tree-dump-times optimized "&a" 1
FAIL: gcc.dg/tree-ssa/scev-5.c scan-tree-dump-times optimized "&a" 1
FAIL: gcc.dg/tree-ssa/slsr-8.c scan-tree-dump-times optimized " w?\\\\* " 7
FAIL: gcc.dg/vect/pr71264.c -flto -ffat-lto-objects  scan-tree-dump vect "vectorized 1 loops in function"
FAIL: gcc.dg/vect/pr71264.c scan-tree-dump vect "vectorized 1 loops in function"
FAIL: gcc.dg/vect/slp-43.c -flto -ffat-lto-objects  scan-tree-dump-times vect "vectorized 1 loops" 13
FAIL: gcc.dg/vect/slp-43.c scan-tree-dump-times vect "vectorized 1 loops" 13
FAIL: gcc.dg/vect/slp-45.c -flto -ffat-lto-objects  scan-tree-dump-times vect "vectorized 1 loops" 13
FAIL: gcc.dg/vect/slp-45.c scan-tree-dump-times vect "vectorized 1 loops" 13

		=== gcc Summary for unix ===

# of expected passes		94930
# of unexpected failures	80
# of unexpected successes	2
# of expected failures		366
# of unsupported tests		2508

Running target unix/-m64
FAIL: gcc.dg/visibility-22.c execution test
FAIL: gcc.dg/plugin/must-tail-call-1.c -fplugin=./must_tail_call_plugin.so (test for excess errors)
FAIL: gcc.dg/torture/tls/run-le.c   -O0  -pie -fPIE  (test for excess errors)
WARNING: gcc.dg/torture/tls/run-le.c   -O0  -pie -fPIE  compilation failed to produce executable
FAIL: gcc.dg/torture/tls/run-le.c   -O0  -pie -fpie  (test for excess errors)
WARNING: gcc.dg/torture/tls/run-le.c   -O0  -pie -fpie  compilation failed to produce executable
FAIL: gcc.dg/torture/tls/run-le.c   -O1  -pie -fPIE  (test for excess errors)
WARNING: gcc.dg/torture/tls/run-le.c   -O1  -pie -fPIE  compilation failed to produce executable
FAIL: gcc.dg/torture/tls/run-le.c   -O1  -pie -fpie  (test for excess errors)
WARNING: gcc.dg/torture/tls/run-le.c   -O1  -pie -fpie  compilation failed to produce executable
FAIL: gcc.dg/torture/tls/run-le.c   -O2  -pie -fPIE  (test for excess errors)
WARNING: gcc.dg/torture/tls/run-le.c   -O2  -pie -fPIE  compilation failed to produce executable
FAIL: gcc.dg/torture/tls/run-le.c   -O2  -pie -fpie  (test for excess errors)
WARNING: gcc.dg/torture/tls/run-le.c   -O2  -pie -fpie  compilation failed to produce executable
FAIL: gcc.dg/torture/tls/run-le.c   -O3 -g  -pie -fPIE  (test for excess errors)
WARNING: gcc.dg/torture/tls/run-le.c   -O3 -g  -pie -fPIE  compilation failed to produce executable
FAIL: gcc.dg/torture/tls/run-le.c   -O3 -g  -pie -fpie  (test for excess errors)
WARNING: gcc.dg/torture/tls/run-le.c   -O3 -g  -pie -fpie  compilation failed to produce executable
FAIL: gcc.dg/torture/tls/run-le.c   -Os  -pie -fPIE  (test for excess errors)
WARNING: gcc.dg/torture/tls/run-le.c   -Os  -pie -fPIE  compilation failed to produce executable
FAIL: gcc.dg/torture/tls/run-le.c   -Os  -pie -fpie  (test for excess errors)
WARNING: gcc.dg/torture/tls/run-le.c   -Os  -pie -fpie  compilation failed to produce executable
FAIL: gcc.dg/torture/tls/thr-init-1.c   -O0  -pie -fPIE  (test for excess errors)
WARNING: gcc.dg/torture/tls/thr-init-1.c   -O0  -pie -fPIE  compilation failed to produce executable
FAIL: gcc.dg/torture/tls/thr-init-1.c   -O0  -pie -fpie  (test for excess errors)
WARNING: gcc.dg/torture/tls/thr-init-1.c   -O0  -pie -fpie  compilation failed to produce executable
FAIL: gcc.dg/torture/tls/thr-init-1.c   -O1  -pie -fPIE  (test for excess errors)
WARNING: gcc.dg/torture/tls/thr-init-1.c   -O1  -pie -fPIE  compilation failed to produce executable
FAIL: gcc.dg/torture/tls/thr-init-1.c   -O1  -pie -fpie  (test for excess errors)
WARNING: gcc.dg/torture/tls/thr-init-1.c   -O1  -pie -fpie  compilation failed to produce executable
FAIL: gcc.dg/torture/tls/thr-init-1.c   -O2  -pie -fPIE  (test for excess errors)
WARNING: gcc.dg/torture/tls/thr-init-1.c   -O2  -pie -fPIE  compilation failed to produce executable
FAIL: gcc.dg/torture/tls/thr-init-1.c   -O2  -pie -fpie  (test for excess errors)
WARNING: gcc.dg/torture/tls/thr-init-1.c   -O2  -pie -fpie  compilation failed to produce executable
FAIL: gcc.dg/torture/tls/thr-init-1.c   -O3 -g  -pie -fPIE  (test for excess errors)
WARNING: gcc.dg/torture/tls/thr-init-1.c   -O3 -g  -pie -fPIE  compilation failed to produce executable
FAIL: gcc.dg/torture/tls/thr-init-1.c   -O3 -g  -pie -fpie  (test for excess errors)
WARNING: gcc.dg/torture/tls/thr-init-1.c   -O3 -g  -pie -fpie  compilation failed to produce executable
FAIL: gcc.dg/torture/tls/thr-init-1.c   -Os  -pie -fPIE  (test for excess errors)
WARNING: gcc.dg/torture/tls/thr-init-1.c   -Os  -pie -fPIE  compilation failed to produce executable
FAIL: gcc.dg/torture/tls/thr-init-1.c   -Os  -pie -fpie  (test for excess errors)
WARNING: gcc.dg/torture/tls/thr-init-1.c   -Os  -pie -fpie  compilation failed to produce executable
FAIL: gcc.dg/torture/tls/thr-init-2.c   -O0  -pie -fPIE  (test for excess errors)
WARNING: gcc.dg/torture/tls/thr-init-2.c   -O0  -pie -fPIE  compilation failed to produce executable
FAIL: gcc.dg/torture/tls/thr-init-2.c   -O0  -pie -fpie  (test for excess errors)
WARNING: gcc.dg/torture/tls/thr-init-2.c   -O0  -pie -fpie  compilation failed to produce executable
FAIL: gcc.dg/torture/tls/thr-init-2.c   -O1  -pie -fPIE  (test for excess errors)
WARNING: gcc.dg/torture/tls/thr-init-2.c   -O1  -pie -fPIE  compilation failed to produce executable
FAIL: gcc.dg/torture/tls/thr-init-2.c   -O1  -pie -fpie  (test for excess errors)
WARNING: gcc.dg/torture/tls/thr-init-2.c   -O1  -pie -fpie  compilation failed to produce executable
FAIL: gcc.dg/torture/tls/thr-init-2.c   -O2  -pie -fPIE  (test for excess errors)
WARNING: gcc.dg/torture/tls/thr-init-2.c   -O2  -pie -fPIE  compilation failed to produce executable
FAIL: gcc.dg/torture/tls/thr-init-2.c   -O2  -pie -fpie  (test for excess errors)
WARNING: gcc.dg/torture/tls/thr-init-2.c   -O2  -pie -fpie  compilation failed to produce executable
FAIL: gcc.dg/torture/tls/thr-init-2.c   -O3 -g  -pie -fPIE  (test for excess errors)
WARNING: gcc.dg/torture/tls/thr-init-2.c   -O3 -g  -pie -fPIE  compilation failed to produce executable
FAIL: gcc.dg/torture/tls/thr-init-2.c   -O3 -g  -pie -fpie  (test for excess errors)
WARNING: gcc.dg/torture/tls/thr-init-2.c   -O3 -g  -pie -fpie  compilation failed to produce executable
FAIL: gcc.dg/torture/tls/thr-init-2.c   -Os  -pie -fPIE  (test for excess errors)
WARNING: gcc.dg/torture/tls/thr-init-2.c   -Os  -pie -fPIE  compilation failed to produce executable
FAIL: gcc.dg/torture/tls/thr-init-2.c   -Os  -pie -fpie  (test for excess errors)
WARNING: gcc.dg/torture/tls/thr-init-2.c   -Os  -pie -fpie  compilation failed to produce executable
FAIL: gcc.dg/torture/tls/tls-reload-1.c   -O0  -pie -fPIE  (test for excess errors)
WARNING: gcc.dg/torture/tls/tls-reload-1.c   -O0  -pie -fPIE  compilation failed to produce executable
FAIL: gcc.dg/torture/tls/tls-reload-1.c   -O0  -pie -fpie  (test for excess errors)
WARNING: gcc.dg/torture/tls/tls-reload-1.c   -O0  -pie -fpie  compilation failed to produce executable
FAIL: gcc.dg/torture/tls/tls-reload-1.c   -O1  -pie -fPIE  (test for excess errors)
WARNING: gcc.dg/torture/tls/tls-reload-1.c   -O1  -pie -fPIE  compilation failed to produce executable
FAIL: gcc.dg/torture/tls/tls-reload-1.c   -O1  -pie -fpie  (test for excess errors)
WARNING: gcc.dg/torture/tls/tls-reload-1.c   -O1  -pie -fpie  compilation failed to produce executable
FAIL: gcc.dg/torture/tls/tls-reload-1.c   -O2  -pie -fPIE  (test for excess errors)
WARNING: gcc.dg/torture/tls/tls-reload-1.c   -O2  -pie -fPIE  compilation failed to produce executable
FAIL: gcc.dg/torture/tls/tls-reload-1.c   -O2  -pie -fpie  (test for excess errors)
WARNING: gcc.dg/torture/tls/tls-reload-1.c   -O2  -pie -fpie  compilation failed to produce executable
FAIL: gcc.dg/torture/tls/tls-reload-1.c   -O3 -g  -pie -fPIE  (test for excess errors)
WARNING: gcc.dg/torture/tls/tls-reload-1.c   -O3 -g  -pie -fPIE  compilation failed to produce executable
FAIL: gcc.dg/torture/tls/tls-reload-1.c   -O3 -g  -pie -fpie  (test for excess errors)
WARNING: gcc.dg/torture/tls/tls-reload-1.c   -O3 -g  -pie -fpie  compilation failed to produce executable
FAIL: gcc.dg/torture/tls/tls-reload-1.c   -Os  -pie -fPIE  (test for excess errors)
WARNING: gcc.dg/torture/tls/tls-reload-1.c   -Os  -pie -fPIE  compilation failed to produce executable
FAIL: gcc.dg/torture/tls/tls-reload-1.c   -Os  -pie -fpie  (test for excess errors)
WARNING: gcc.dg/torture/tls/tls-reload-1.c   -Os  -pie -fpie  compilation failed to produce executable
FAIL: gcc.dg/torture/tls/tls-test.c   -O0  -pie -fPIE  (test for excess errors)
WARNING: gcc.dg/torture/tls/tls-test.c   -O0  -pie -fPIE  compilation failed to produce executable
FAIL: gcc.dg/torture/tls/tls-test.c   -O0  -pie -fpie  (test for excess errors)
WARNING: gcc.dg/torture/tls/tls-test.c   -O0  -pie -fpie  compilation failed to produce executable
FAIL: gcc.dg/torture/tls/tls-test.c   -O1  -pie -fPIE  (test for excess errors)
WARNING: gcc.dg/torture/tls/tls-test.c   -O1  -pie -fPIE  compilation failed to produce executable
FAIL: gcc.dg/torture/tls/tls-test.c   -O1  -pie -fpie  (test for excess errors)
WARNING: gcc.dg/torture/tls/tls-test.c   -O1  -pie -fpie  compilation failed to produce executable
FAIL: gcc.dg/torture/tls/tls-test.c   -O2  -pie -fPIE  (test for excess errors)
WARNING: gcc.dg/torture/tls/tls-test.c   -O2  -pie -fPIE  compilation failed to produce executable
FAIL: gcc.dg/torture/tls/tls-test.c   -O2  -pie -fpie  (test for excess errors)
WARNING: gcc.dg/torture/tls/tls-test.c   -O2  -pie -fpie  compilation failed to produce executable
FAIL: gcc.dg/torture/tls/tls-test.c   -O3 -g  -pie -fPIE  (test for excess errors)
WARNING: gcc.dg/torture/tls/tls-test.c   -O3 -g  -pie -fPIE  compilation failed to produce executable
FAIL: gcc.dg/torture/tls/tls-test.c   -O3 -g  -pie -fpie  (test for excess errors)
WARNING: gcc.dg/torture/tls/tls-test.c   -O3 -g  -pie -fpie  compilation failed to produce executable
FAIL: gcc.dg/torture/tls/tls-test.c   -Os  -pie -fPIE  (test for excess errors)
WARNING: gcc.dg/torture/tls/tls-test.c   -Os  -pie -fPIE  compilation failed to produce executable
FAIL: gcc.dg/torture/tls/tls-test.c   -Os  -pie -fpie  (test for excess errors)
WARNING: gcc.dg/torture/tls/tls-test.c   -Os  -pie -fpie  compilation failed to produce executable
FAIL: gcc.dg/tree-ssa/builtin-sprintf-warn-1.c  (test for warnings, line 359)
FAIL: gcc.dg/tree-ssa/builtin-sprintf-warn-2.c  (test for warnings, line 50)
FAIL: gcc.dg/tree-ssa/builtin-sprintf-warn-4.c (test for excess errors)
FAIL: gcc.dg/tree-ssa/builtin-sprintf.c execution test
FAIL: gcc.dg/tree-ssa/forwprop-35.c (internal compiler error)
FAIL: gcc.dg/tree-ssa/forwprop-35.c (test for excess errors)
FAIL: gcc.dg/tree-ssa/forwprop-35.c scan-tree-dump-times cddce1 "VEC_PERM_EXPR" 1
FAIL: gcc.dg/tree-ssa/forwprop-35.c scan-tree-dump-times cddce1 "\\\\(v4sf\\\\) " 2
FAIL: gcc.dg/tree-ssa/pr69270-3.c scan-tree-dump-times uncprop1 ", 1" 4
XPASS: gcc.dg/tree-ssa/pr71347.c scan-tree-dump-not optimized ".* = MEM.*;"
FAIL: gcc.dg/tree-ssa/scev-3.c scan-tree-dump-times optimized "&a" 1
FAIL: gcc.dg/tree-ssa/scev-4.c scan-tree-dump-times optimized "&a" 1
FAIL: gcc.dg/tree-ssa/scev-5.c scan-tree-dump-times optimized "&a" 1
FAIL: gcc.dg/tree-ssa/slsr-8.c scan-tree-dump-times optimized " w?\\\\* " 7
FAIL: gcc.dg/vect/pr71264.c -flto -ffat-lto-objects  scan-tree-dump vect "vectorized 1 loops in function"
FAIL: gcc.dg/vect/pr71264.c scan-tree-dump vect "vectorized 1 loops in function"
FAIL: gcc.dg/vect/slp-43.c -flto -ffat-lto-objects  scan-tree-dump-times vect "vectorized 1 loops" 13
FAIL: gcc.dg/vect/slp-43.c scan-tree-dump-times vect "vectorized 1 loops" 13
FAIL: gcc.dg/vect/slp-45.c -flto -ffat-lto-objects  scan-tree-dump-times vect "vectorized 1 loops" 13
FAIL: gcc.dg/vect/slp-45.c scan-tree-dump-times vect "vectorized 1 loops" 13

		=== gcc Summary for unix/-m64 ===

# of expected passes		95890
# of unexpected failures	71
# of unexpected successes	1
# of expected failures		355
# of unsupported tests		2349

		=== gcc Summary ===

# of expected passes		190820
# of unexpected failures	151
# of unexpected successes	3
# of expected failures		721
# of unsupported tests		4857
/var/gcc/regression/trunk/12-gcc-gas-gld/build/gcc/xgcc  version 7.0.0 20160930 (experimental) [trunk revision 240649] (GCC) 

		=== gfortran tests ===


Running target unix
FAIL: gfortran.dg/coarray/event_1.f90 -fcoarray=lib  -O2  -lcaf_single -latomic execution test
FAIL: gfortran.dg/coarray/event_2.f90 -fcoarray=lib  -O2  -lcaf_single -latomic execution test

		=== gfortran Summary for unix ===

# of expected passes		42899
# of unexpected failures	2
# of expected failures		78
# of unsupported tests		236

Running target unix/-m64
FAIL: gfortran.dg/coarray/event_1.f90 -fcoarray=lib  -O2  -lcaf_single -latomic execution test
FAIL: gfortran.dg/coarray/event_2.f90 -fcoarray=lib  -O2  -lcaf_single -latomic execution test
FAIL: gfortran.dg/graphite/pr68279.f90   -O  (internal compiler error)
FAIL: gfortran.dg/graphite/pr68279.f90   -O  (test for excess errors)

		=== gfortran Summary for unix/-m64 ===

# of expected passes		43145
# of unexpected failures	4
# of expected failures		78
# of unsupported tests		115

		=== gfortran Summary ===

# of expected passes		86044
# of unexpected failures	6
# of expected failures		156
# of unsupported tests		351
/var/gcc/regression/trunk/12-gcc-gas-gld/build/gcc/testsuite/gfortran/../../gfortran  version 7.0.0 20160930 (experimental) [trunk revision 240649] (GCC) 

		=== gnat tests ===


Running target unix

		=== gnat Summary for unix ===

# of expected passes		2481
# of expected failures		22
# of unsupported tests		21

Running target unix/-m64

		=== gnat Summary for unix/-m64 ===

# of expected passes		2481
# of expected failures		22
# of unsupported tests		21

		=== gnat Summary ===

# of expected passes		4962
# of expected failures		44
# of unsupported tests		42
/var/gcc/regression/trunk/12-gcc-gas-gld/build/gcc/gnatmake version 7.0.0 20160930 (experimental) [trunk revision 240649]

		=== go tests ===


Running target unix

		=== go Summary for unix ===

# of expected passes		7363
# of expected failures		1
# of untested testcases		11
# of unsupported tests		3

Running target unix/-m64

		=== go Summary for unix/-m64 ===

# of expected passes		7243
# of expected failures		1
# of untested testcases		11
# of unsupported tests		3

		=== go Summary ===

# of expected passes		14606
# of expected failures		2
# of untested testcases		22
# of unsupported tests		6
/var/gcc/regression/trunk/12-gcc-gas-gld/build/gcc/testsuite/go/../../gccgo  version 7.0.0 20160930 (experimental) [trunk revision 240649] (GCC) 

		=== obj-c++ tests ===


Running target unix

		=== obj-c++ Summary for unix ===

# of expected passes		1458
# of expected failures		2
# of unsupported tests		77

Running target unix/-m64

		=== obj-c++ Summary for unix/-m64 ===

# of expected passes		1450
# of expected failures		10
# of unsupported tests		77

		=== obj-c++ Summary ===

# of expected passes		2908
# of expected failures		12
# of unsupported tests		154
/var/gcc/regression/trunk/12-gcc-gas-gld/build/gcc/testsuite/obj-c++/../../xg++  version 7.0.0 20160930 (experimental) [trunk revision 240649] (GCC) 

		=== objc tests ===


Running target unix

		=== objc Summary for unix ===

# of expected passes		2803
# of unsupported tests		68

Running target unix/-m64

		=== objc Summary for unix/-m64 ===

# of expected passes		2803
# of unsupported tests		68

		=== objc Summary ===

# of expected passes		5606
# of unsupported tests		136
/var/gcc/regression/trunk/12-gcc-gas-gld/build/gcc/xgcc  version 7.0.0 20160930 (experimental) [trunk revision 240649] (GCC) 

		=== boehm-gc tests ===


Running target unix

		=== boehm-gc Summary for unix ===

# of expected passes		12
# of unsupported tests		1

Running target unix/-m64

		=== boehm-gc Summary for unix/-m64 ===

# of expected passes		12
# of unsupported tests		1

		=== boehm-gc Summary ===

# of expected passes		24
# of unsupported tests		2
		=== libatomic tests ===


Running target unix

		=== libatomic Summary for unix ===

# of expected passes		44
# of unsupported tests		5

Running target unix/-m64

		=== libatomic Summary for unix/-m64 ===

# of expected passes		54

		=== libatomic Summary ===

# of expected passes		98
# of unsupported tests		5
		=== libffi tests ===


Running target unix

		=== libffi Summary for unix ===

# of expected passes		2214

Running target unix/-m64

		=== libffi Summary for unix/-m64 ===

# of expected passes		2214

		=== libffi Summary ===

# of expected passes		4428
		=== libgo tests ===


Running target unix
FAIL: net
FAIL: go/build
FAIL: net/http
FAIL: runtime/internal/atomic

		=== libgo Summary for unix ===

# of expected passes		135
# of unexpected failures	4

Running target unix/-m64
FAIL: go/build

		=== libgo Summary for unix/-m64 ===

# of expected passes		138
# of unexpected failures	1

		=== libgo Summary ===

# of expected passes		273
# of unexpected failures	5
/var/gcc/regression/trunk/12-gcc-gas-gld/build/./gcc/gccgo version 7.0.0 20160930 (experimental) [trunk revision 240649] (GCC)

		=== libgomp tests ===


Running target unix

		=== libgomp Summary for unix ===

# of expected passes		4972
# of unsupported tests		382

Running target unix/-m64

		=== libgomp Summary for unix/-m64 ===

# of expected passes		4972
# of unsupported tests		382

		=== libgomp Summary ===

# of expected passes		9944
# of unsupported tests		764
		=== libitm tests ===


Running target unix

		=== libitm Summary for unix ===

# of expected passes		42
# of expected failures		3
# of unsupported tests		1

Running target unix/-m64

		=== libitm Summary for unix/-m64 ===

# of expected passes		42
# of expected failures		3
# of unsupported tests		1

		=== libitm Summary ===

# of expected passes		84
# of expected failures		6
# of unsupported tests		2
		=== libjava tests ===


Running target unix

		=== libjava Summary for unix ===

# of expected passes		2614
# of expected failures		4

Running target unix/-m64

		=== libjava Summary for unix/-m64 ===

# of expected passes		2614
# of expected failures		4

		=== libjava Summary ===

# of expected passes		5228
# of expected failures		8
		=== libstdc++ tests ===


Running target unix
FAIL: experimental/filesystem/operations/copy.cc execution test
FAIL: experimental/filesystem/operations/copy_file.cc execution test
FAIL: experimental/numeric/gcd.cc (test for excess errors)
FAIL: experimental/numeric/lcm.cc (test for excess errors)

		=== libstdc++ Summary for unix ===

# of expected passes		10296
# of unexpected failures	4
# of expected failures		66
# of unsupported tests		705

Running target unix/-m64
FAIL: experimental/filesystem/operations/copy.cc execution test
FAIL: experimental/filesystem/operations/copy_file.cc execution test
FAIL: experimental/numeric/gcd.cc (test for excess errors)
FAIL: experimental/numeric/lcm.cc (test for excess errors)

		=== libstdc++ Summary for unix/-m64 ===

# of expected passes		10296
# of unexpected failures	4
# of expected failures		66
# of unsupported tests		705

		=== libstdc++ Summary ===

# of expected passes		20592
# of unexpected failures	8
# of expected failures		132
# of unsupported tests		1410

Compiler version: 7.0.0 20160930 (experimental) [trunk revision 240649] (GCC) 
Platform: sparc-sun-solaris2.12
configure flags: --prefix=/vol/gcc --target=sparc-sun-solaris2.12 --enable-objc-gc --with-as=/vol/gcc/bin/gas-2.27 --with-gnu-as --with-ld=/vol/gcc/bin/gld-2.27 --with-gnu-ld --with-gmp-include=/vol/gcc/include --with-gmp-lib=/vol/gcc/lib --with-mpfr-include=/vol/gcc/include --with-mpfr-lib=/vol/gcc/lib --with-mpc-include=/vol/gcc/include --with-mpc-lib=/vol/gcc/lib --enable-languages=all,ada,obj-c++,go --with-isl-include=/vol/gcc/include --with-isl-lib=/vol/gcc/lib
BOOT_CFLAGS=-g -O2


Index Nav: [Date Index] [Subject Index] [Author Index] [Thread Index]
Message Nav: [Date Prev] [Date Next] [Thread Prev] [Thread Next]