This is the mail archive of the
gcc-testresults@gcc.gnu.org
mailing list for the GCC project.
Results for 7.0.0 20160909 (experimental) (GCC) testsuite on x86_64-pc-linux-gnu (Win10)
- From: Tim Prince <tprince818 dot tp at gmail dot com>
- To: gcc-testresults at gcc dot gnu dot org
- Date: Fri, 9 Sep 2016 21:54:02 -0400
- Subject: Results for 7.0.0 20160909 (experimental) (GCC) testsuite on x86_64-pc-linux-gnu (Win10)
- Authentication-results: sourceware.org; auth=none
Native configuration is x86_64-pc-linux-gnu
=== gcc tests ===
Running target unix
FAIL: gcc.c-torture/compile/limits-exprparen.c -O0 (internal compiler
error)
FAIL: gcc.c-torture/compile/limits-exprparen.c -O0 (test for excess
errors)
FAIL: gcc.c-torture/compile/limits-exprparen.c -O1 (internal compiler
error)
FAIL: gcc.c-torture/compile/limits-exprparen.c -O1 (test for excess
errors)
FAIL: gcc.c-torture/compile/limits-exprparen.c -O2 (internal compiler
error)
FAIL: gcc.c-torture/compile/limits-exprparen.c -O2 (test for excess
errors)
FAIL: gcc.c-torture/compile/limits-exprparen.c -O3 -g (internal
compiler error)
FAIL: gcc.c-torture/compile/limits-exprparen.c -O3 -g (test for
excess errors)
FAIL: gcc.c-torture/compile/limits-exprparen.c -Os (internal compiler
error)
FAIL: gcc.c-torture/compile/limits-exprparen.c -Os (test for excess
errors)
FAIL: gcc.c-torture/compile/limits-exprparen.c -O2 -flto
-fno-use-linker-plugin -flto-partition=none (internal compiler error)
FAIL: gcc.c-torture/compile/limits-exprparen.c -O2 -flto
-fno-use-linker-plugin -flto-partition=none (test for excess errors)
FAIL: gcc.c-torture/compile/limits-exprparen.c -O2 -flto
-fuse-linker-plugin -fno-fat-lto-objects (internal compiler error)
FAIL: gcc.c-torture/compile/limits-exprparen.c -O2 -flto
-fuse-linker-plugin -fno-fat-lto-objects (test for excess errors)
FAIL: gcc.c-torture/execute/20000822-1.c -O0 execution test
FAIL: gcc.c-torture/execute/20000822-1.c -O1 execution test
FAIL: gcc.c-torture/execute/20000822-1.c -O2 execution test
FAIL: gcc.c-torture/execute/20000822-1.c -O3 -g execution test
FAIL: gcc.c-torture/execute/20000822-1.c -Os execution test
FAIL: gcc.c-torture/execute/20000822-1.c -O2 -flto
-fno-use-linker-plugin -flto-partition=none execution test
FAIL: gcc.c-torture/execute/20000822-1.c -O2 -flto -fuse-linker-plugin
-fno-fat-lto-objects execution test
FAIL: gcc.c-torture/execute/20101011-1.c -O0 execution test
FAIL: gcc.c-torture/execute/20101011-1.c -O1 execution test
FAIL: gcc.c-torture/execute/20101011-1.c -O2 execution test
FAIL: gcc.c-torture/execute/20101011-1.c -O3 -g execution test
FAIL: gcc.c-torture/execute/20101011-1.c -Os execution test
FAIL: gcc.c-torture/execute/20101011-1.c -O2 -flto
-fno-use-linker-plugin -flto-partition=none execution test
FAIL: gcc.c-torture/execute/20101011-1.c -O2 -flto -fuse-linker-plugin
-fno-fat-lto-objects execution test
FAIL: gcc.c-torture/execute/921215-1.c -O0 execution test
FAIL: gcc.c-torture/execute/931002-1.c -O0 execution test
FAIL: gcc.c-torture/execute/conversion.c -O0 execution test
FAIL: gcc.c-torture/execute/nestfunc-1.c -O0 execution test
FAIL: gcc.c-torture/execute/nestfunc-2.c -O0 execution test
FAIL: gcc.c-torture/execute/nestfunc-3.c -O0 execution test
FAIL: gcc.c-torture/execute/nestfunc-3.c -O1 execution test
FAIL: gcc.c-torture/execute/nestfunc-3.c -O2 execution test
FAIL: gcc.c-torture/execute/nestfunc-3.c -O3 -fomit-frame-pointer
-funroll-loops -fpeel-loops -ftracer -finline-functions execution test
FAIL: gcc.c-torture/execute/nestfunc-3.c -O3 -g execution test
FAIL: gcc.c-torture/execute/nestfunc-3.c -Os execution test
FAIL: gcc.c-torture/execute/nestfunc-3.c -O2 -flto
-fno-use-linker-plugin -flto-partition=none execution test
FAIL: gcc.c-torture/execute/nestfunc-3.c -O2 -flto -fuse-linker-plugin
-fno-fat-lto-objects execution test
FAIL: gcc.c-torture/execute/nestfunc-5.c -O0 execution test
FAIL: gcc.c-torture/execute/nestfunc-5.c -O1 execution test
FAIL: gcc.c-torture/execute/nestfunc-5.c -O2 execution test
FAIL: gcc.c-torture/execute/nestfunc-5.c -O3 -g execution test
FAIL: gcc.c-torture/execute/nestfunc-5.c -Os execution test
FAIL: gcc.c-torture/execute/nestfunc-5.c -O2 -flto
-fno-use-linker-plugin -flto-partition=none execution test
FAIL: gcc.c-torture/execute/nestfunc-5.c -O2 -flto -fuse-linker-plugin
-fno-fat-lto-objects execution test
FAIL: gcc.c-torture/execute/nestfunc-6.c -O0 execution test
FAIL: gcc.c-torture/execute/nestfunc-6.c -O1 execution test
FAIL: gcc.c-torture/execute/nestfunc-6.c -O2 execution test
FAIL: gcc.c-torture/execute/nestfunc-6.c -O3 -g execution test
FAIL: gcc.c-torture/execute/nestfunc-6.c -Os execution test
FAIL: gcc.c-torture/execute/nestfunc-6.c -O2 -flto
-fno-use-linker-plugin -flto-partition=none execution test
FAIL: gcc.c-torture/execute/nestfunc-6.c -O2 -flto -fuse-linker-plugin
-fno-fat-lto-objects execution test
FAIL: c-c++-common/asan/asan-interface-1.c -O0 execution test
FAIL: c-c++-common/asan/asan-interface-1.c -O1 execution test
FAIL: c-c++-common/asan/asan-interface-1.c -O2 execution test
FAIL: c-c++-common/asan/asan-interface-1.c -O3 -g execution test
FAIL: c-c++-common/asan/asan-interface-1.c -Os execution test
FAIL: c-c++-common/asan/asan-interface-1.c -O2 -flto
-fno-use-linker-plugin -flto-partition=none execution test
FAIL: c-c++-common/asan/asan-interface-1.c -O2 -flto
-fuse-linker-plugin -fno-fat-lto-objects execution test
FAIL: c-c++-common/asan/bitfield-1.c -O0 output pattern test, is
==9200==AddressSanitizer CHECK failed:
../../../../libsanitizer/sanitizer_common/sanitizer_procmaps_linux.cc:55
"((IsOneOf(*current_, 's', 'p'))) != (0)" (0x0, 0x0)
FAIL: c-c++-common/asan/bitfield-1.c -O1 output pattern test, is
==9225==AddressSanitizer CHECK failed:
../../../../libsanitizer/sanitizer_common/sanitizer_procmaps_linux.cc:55
"((IsOneOf(*current_, 's', 'p'))) != (0)" (0x0, 0x0)
FAIL: c-c++-common/asan/bitfield-1.c -O2 output pattern test, is
==9255==AddressSanitizer CHECK failed:
../../../../libsanitizer/sanitizer_common/sanitizer_procmaps_linux.cc:55
"((IsOneOf(*current_, 's', 'p'))) != (0)" (0x0, 0x0)
FAIL: c-c++-common/asan/bitfield-1.c -O3 -g output pattern test, is
==9298==AddressSanitizer CHECK failed:
../../../../libsanitizer/sanitizer_common/sanitizer_procmaps_linux.cc:55
"((IsOneOf(*current_, 's', 'p'))) != (0)" (0x0, 0x0)
FAIL: c-c++-common/asan/bitfield-1.c -Os output pattern test, is
==9332==AddressSanitizer CHECK failed:
../../../../libsanitizer/sanitizer_common/sanitizer_procmaps_linux.cc:55
"((IsOneOf(*current_, 's', 'p'))) != (0)" (0x0, 0x0)
FAIL: c-c++-common/asan/bitfield-1.c -O2 -flto -fno-use-linker-plugin
-flto-partition=none output pattern test, is ==9402==AddressSanitizer
CHECK failed:
../../../../libsanitizer/sanitizer_common/sanitizer_procmaps_linux.cc:55
"((IsOneOf(*current_, 's', 'p'))) != (0)" (0x0, 0x0)
FAIL: c-c++-common/asan/bitfield-1.c -O2 -flto -fuse-linker-plugin
-fno-fat-lto-objects output pattern test, is ==9444==AddressSanitizer
CHECK failed:
../../../../libsanitizer/sanitizer_common/sanitizer_procmaps_linux.cc:55
"((IsOneOf(*current_, 's', 'p'))) != (0)" (0x0, 0x0)
FAIL: c-c++-common/asan/bitfield-2.c -O0 output pattern test, is
==9476==AddressSanitizer CHECK failed:
../../../../libsanitizer/sanitizer_common/sanitizer_procmaps_linux.cc:55
"((IsOneOf(*current_, 's', 'p'))) != (0)" (0x0, 0x0)
FAIL: c-c++-common/asan/bitfield-2.c -O1 output pattern test, is
==9492==AddressSanitizer CHECK failed:
../../../../libsanitizer/sanitizer_common/sanitizer_procmaps_linux.cc:55
"((IsOneOf(*current_, 's', 'p'))) != (0)" (0x0, 0x0)
FAIL: c-c++-common/asan/bitfield-2.c -O2 output pattern test, is
==9524==AddressSanitizer CHECK failed:
../../../../libsanitizer/sanitizer_common/sanitizer_procmaps_linux.cc:55
"((IsOneOf(*current_, 's', 'p'))) != (0)" (0x0, 0x0)
FAIL: c-c++-common/asan/bitfield-2.c -O3 -g output pattern test, is
==9562==AddressSanitizer CHECK failed:
../../../../libsanitizer/sanitizer_common/sanitizer_procmaps_linux.cc:55
"((IsOneOf(*current_, 's', 'p'))) != (0)" (0x0, 0x0)
FAIL: c-c++-common/asan/bitfield-2.c -Os output pattern test, is
==9597==AddressSanitizer CHECK failed:
../../../../libsanitizer/sanitizer_common/sanitizer_procmaps_linux.cc:55
"((IsOneOf(*current_, 's', 'p'))) != (0)" (0x0, 0x0)
FAIL: c-c++-common/asan/bitfield-2.c -O2 -flto -fno-use-linker-plugin
-flto-partition=none output pattern test, is ==9669==AddressSanitizer
CHECK failed:
../../../../libsanitizer/sanitizer_common/sanitizer_procmaps_linux.cc:55
"((IsOneOf(*current_, 's', 'p'))) != (0)" (0x0, 0x0)
FAIL: c-c++-common/asan/bitfield-2.c -O2 -flto -fuse-linker-plugin
-fno-fat-lto-objects output pattern test, is ==9708==AddressSanitizer
CHECK failed:
../../../../libsanitizer/sanitizer_common/sanitizer_procmaps_linux.cc:55
"((IsOneOf(*current_, 's', 'p'))) != (0)" (0x0, 0x0)
FAIL: c-c++-common/asan/bitfield-3.c -O0 output pattern test, is
==9743==AddressSanitizer CHECK failed:
../../../../libsanitizer/sanitizer_common/sanitizer_procmaps_linux.cc:55
"((IsOneOf(*current_, 's', 'p'))) != (0)" (0x0, 0x0)
FAIL: c-c++-common/asan/bitfield-3.c -O1 output pattern test, is
==9768==AddressSanitizer CHECK failed:
../../../../libsanitizer/sanitizer_common/sanitizer_procmaps_linux.cc:55
"((IsOneOf(*current_, 's', 'p'))) != (0)" (0x0, 0x0)
FAIL: c-c++-common/asan/bitfield-3.c -O2 output pattern test, is
==9800==AddressSanitizer CHECK failed:
../../../../libsanitizer/sanitizer_common/sanitizer_procmaps_linux.cc:55
"((IsOneOf(*current_, 's', 'p'))) != (0)" (0x0, 0x0)
FAIL: c-c++-common/asan/bitfield-3.c -O3 -g output pattern test, is
==9827==AddressSanitizer CHECK failed:
../../../../libsanitizer/sanitizer_common/sanitizer_procmaps_linux.cc:55
"((IsOneOf(*current_, 's', 'p'))) != (0)" (0x0, 0x0)
FAIL: c-c++-common/asan/bitfield-3.c -Os output pattern test, is
==9853==AddressSanitizer CHECK failed:
../../../../libsanitizer/sanitizer_common/sanitizer_procmaps_linux.cc:55
"((IsOneOf(*current_, 's', 'p'))) != (0)" (0x0, 0x0)
FAIL: c-c++-common/asan/bitfield-3.c -O2 -flto -fno-use-linker-plugin
-flto-partition=none output pattern test, is ==9927==AddressSanitizer
CHECK failed:
../../../../libsanitizer/sanitizer_common/sanitizer_procmaps_linux.cc:55
"((IsOneOf(*current_, 's', 'p'))) != (0)" (0x0, 0x0)
FAIL: c-c++-common/asan/bitfield-3.c -O2 -flto -fuse-linker-plugin
-fno-fat-lto-objects output pattern test, is ==9975==AddressSanitizer
CHECK failed:
../../../../libsanitizer/sanitizer_common/sanitizer_procmaps_linux.cc:55
"((IsOneOf(*current_, 's', 'p'))) != (0)" (0x0, 0x0)
FAIL: c-c++-common/asan/bitfield-4.c -O0 output pattern test, is
==10010==AddressSanitizer CHECK failed:
../../../../libsanitizer/sanitizer_common/sanitizer_procmaps_linux.cc:55
"((IsOneOf(*current_, 's', 'p'))) != (0)" (0x0, 0x0)
FAIL: c-c++-common/asan/bitfield-4.c -O1 output pattern test, is
==10042==AddressSanitizer CHECK failed:
../../../../libsanitizer/sanitizer_common/sanitizer_procmaps_linux.cc:55
"((IsOneOf(*current_, 's', 'p'))) != (0)" (0x0, 0x0)
FAIL: c-c++-common/asan/bitfield-4.c -O2 output pattern test, is
==10076==AddressSanitizer CHECK failed:
../../../../libsanitizer/sanitizer_common/sanitizer_procmaps_linux.cc:55
"((IsOneOf(*current_, 's', 'p'))) != (0)" (0x0, 0x0)
FAIL: c-c++-common/asan/bitfield-4.c -O3 -g output pattern test, is
==10108==AddressSanitizer CHECK failed:
../../../../libsanitizer/sanitizer_common/sanitizer_procmaps_linux.cc:55
"((IsOneOf(*current_, 's', 'p'))) != (0)" (0x0, 0x0)
FAIL: c-c++-common/asan/bitfield-4.c -Os output pattern test, is
==10141==AddressSanitizer CHECK failed:
../../../../libsanitizer/sanitizer_common/sanitizer_procmaps_linux.cc:55
"((IsOneOf(*current_, 's', 'p'))) != (0)" (0x0, 0x0)
FAIL: c-c++-common/asan/bitfield-4.c -O2 -flto -fno-use-linker-plugin
-flto-partition=none output pattern test, is ==10234==AddressSanitizer
CHECK failed:
../../../../libsanitizer/sanitizer_common/sanitizer_procmaps_linux.cc:55
"((IsOneOf(*current_, 's', 'p'))) != (0)" (0x0, 0x0)
FAIL: c-c++-common/asan/bitfield-4.c -O2 -flto -fuse-linker-plugin
-fno-fat-lto-objects output pattern test, is ==10293==AddressSanitizer
CHECK failed:
../../../../libsanitizer/sanitizer_common/sanitizer_procmaps_linux.cc:55
"((IsOneOf(*current_, 's', 'p'))) != (0)" (0x0, 0x0)
FAIL: c-c++-common/asan/bitfield-5.c -O0 output pattern test, is
==10328==AddressSanitizer CHECK failed:
../../../../libsanitizer/sanitizer_common/sanitizer_procmaps_linux.cc:55
"((IsOneOf(*current_, 's', 'p'))) != (0)" (0x0, 0x0)
FAIL: c-c++-common/asan/bitfield-5.c -O1 output pattern test, is
==10362==AddressSanitizer CHECK failed:
../../../../libsanitizer/sanitizer_common/sanitizer_procmaps_linux.cc:55
"((IsOneOf(*current_, 's', 'p'))) != (0)" (0x0, 0x0)
FAIL: c-c++-common/asan/bitfield-5.c -O2 output pattern test, is
==10396==AddressSanitizer CHECK failed:
../../../../libsanitizer/sanitizer_common/sanitizer_procmaps_linux.cc:55
"((IsOneOf(*current_, 's', 'p'))) != (0)" (0x0, 0x0)
FAIL: c-c++-common/asan/bitfield-5.c -O3 -g output pattern test, is
==10430==AddressSanitizer CHECK failed:
../../../../libsanitizer/sanitizer_common/sanitizer_procmaps_linux.cc:55
"((IsOneOf(*current_, 's', 'p'))) != (0)" (0x0, 0x0)
FAIL: c-c++-common/asan/bitfield-5.c -Os output pattern test, is
==10463==AddressSanitizer CHECK failed:
../../../../libsanitizer/sanitizer_common/sanitizer_procmaps_linux.cc:55
"((IsOneOf(*current_, 's', 'p'))) != (0)" (0x0, 0x0)
FAIL: c-c++-common/asan/bitfield-5.c -O2 -flto -fno-use-linker-plugin
-flto-partition=none output pattern test, is ==10550==AddressSanitizer
CHECK failed:
../../../../libsanitizer/sanitizer_common/sanitizer_procmaps_linux.cc:55
"((IsOneOf(*current_, 's', 'p'))) != (0)" (0x0, 0x0)
FAIL: c-c++-common/asan/bitfield-5.c -O2 -flto -fuse-linker-plugin
-fno-fat-lto-objects output pattern test, is ==10621==AddressSanitizer
CHECK failed:
../../../../libsanitizer/sanitizer_common/sanitizer_procmaps_linux.cc:55
"((IsOneOf(*current_, 's', 'p'))) != (0)" (0x0, 0x0)
FAIL: c-c++-common/asan/clone-test-1.c -O0 execution test
FAIL: c-c++-common/asan/clone-test-1.c -O1 execution test
FAIL: c-c++-common/asan/clone-test-1.c -O2 execution test
FAIL: c-c++-common/asan/clone-test-1.c -O3 -fomit-frame-pointer
-funroll-loops -fpeel-loops -ftracer -finline-functions execution test
FAIL: c-c++-common/asan/clone-test-1.c -O3 -g execution test
FAIL: c-c++-common/asan/clone-test-1.c -Os execution test
FAIL: c-c++-common/asan/clone-test-1.c -O2 -flto
-fno-use-linker-plugin -flto-partition=none execution test
FAIL: c-c++-common/asan/clone-test-1.c -O2 -flto -fuse-linker-plugin
-fno-fat-lto-objects execution test
FAIL: c-c++-common/asan/global-overflow-1.c -O0 output pattern test,
is ==11195==AddressSanitizer CHECK failed:
../../../../libsanitizer/sanitizer_common/sanitizer_procmaps_linux.cc:55
"((IsOneOf(*current_, 's', 'p'))) != (0)" (0x0, 0x0)
FAIL: c-c++-common/asan/global-overflow-1.c -O1 output pattern test,
is ==11236==AddressSanitizer CHECK failed:
../../../../libsanitizer/sanitizer_common/sanitizer_procmaps_linux.cc:55
"((IsOneOf(*current_, 's', 'p'))) != (0)" (0x0, 0x0)
FAIL: c-c++-common/asan/global-overflow-1.c -O2 output pattern test,
is ==11273==AddressSanitizer CHECK failed:
../../../../libsanitizer/sanitizer_common/sanitizer_procmaps_linux.cc:55
"((IsOneOf(*current_, 's', 'p'))) != (0)" (0x0, 0x0)
FAIL: c-c++-common/asan/global-overflow-1.c -O3 -g output pattern
test, is ==11306==AddressSanitizer CHECK failed:
../../../../libsanitizer/sanitizer_common/sanitizer_procmaps_linux.cc:55
"((IsOneOf(*current_, 's', 'p'))) != (0)" (0x0, 0x0)
FAIL: c-c++-common/asan/global-overflow-1.c -Os output pattern test,
is ==11341==AddressSanitizer CHECK failed:
../../../../libsanitizer/sanitizer_common/sanitizer_procmaps_linux.cc:55
"((IsOneOf(*current_, 's', 'p'))) != (0)" (0x0, 0x0)
FAIL: c-c++-common/asan/global-overflow-1.c -O2 -flto
-fno-use-linker-plugin -flto-partition=none output pattern test, is
==11423==AddressSanitizer CHECK failed:
../../../../libsanitizer/sanitizer_common/sanitizer_procmaps_linux.cc:55
"((IsOneOf(*current_, 's', 'p'))) != (0)" (0x0, 0x0)
FAIL: c-c++-common/asan/global-overflow-1.c -O2 -flto
-fuse-linker-plugin -fno-fat-lto-objects output pattern test, is
==11474==AddressSanitizer CHECK failed:
../../../../libsanitizer/sanitizer_common/sanitizer_procmaps_linux.cc:55
"((IsOneOf(*current_, 's', 'p'))) != (0)" (0x0, 0x0)
FAIL: c-c++-common/asan/halt_on_error-1.c -O0 execution test
FAIL: c-c++-common/asan/halt_on_error-1.c -O1 execution test
FAIL: c-c++-common/asan/halt_on_error-1.c -O2 execution test
FAIL: c-c++-common/asan/halt_on_error-1.c -O3 -g execution test
FAIL: c-c++-common/asan/halt_on_error-1.c -Os execution test
FAIL: c-c++-common/asan/halt_on_error-1.c -O2 -flto
-fno-use-linker-plugin -flto-partition=none execution test
FAIL: c-c++-common/asan/halt_on_error-1.c -O2 -flto
-fuse-linker-plugin -fno-fat-lto-objects execution test
FAIL: c-c++-common/asan/halt_on_error-2.c -O0 output pattern test, is
==11840==AddressSanitizer CHECK failed:
../../../../libsanitizer/sanitizer_common/sanitizer_procmaps_linux.cc:55
"((IsOneOf(*current_, 's', 'p'))) != (0)" (0x0, 0x0)
FAIL: c-c++-common/asan/halt_on_error-2.c -O1 output pattern test, is
==11884==AddressSanitizer CHECK failed:
../../../../libsanitizer/sanitizer_common/sanitizer_procmaps_linux.cc:55
"((IsOneOf(*current_, 's', 'p'))) != (0)" (0x0, 0x0)
FAIL: c-c++-common/asan/halt_on_error-2.c -O2 output pattern test, is
==11930==AddressSanitizer CHECK failed:
../../../../libsanitizer/sanitizer_common/sanitizer_procmaps_linux.cc:55
"((IsOneOf(*current_, 's', 'p'))) != (0)" (0x0, 0x0)
FAIL: c-c++-common/asan/halt_on_error-2.c -O3 -g output pattern test,
is ==11972==AddressSanitizer CHECK failed:
../../../../libsanitizer/sanitizer_common/sanitizer_procmaps_linux.cc:55
"((IsOneOf(*current_, 's', 'p'))) != (0)" (0x0, 0x0)
FAIL: c-c++-common/asan/halt_on_error-2.c -Os output pattern test, is
==12009==AddressSanitizer CHECK failed:
../../../../libsanitizer/sanitizer_common/sanitizer_procmaps_linux.cc:55
"((IsOneOf(*current_, 's', 'p'))) != (0)" (0x0, 0x0)
FAIL: c-c++-common/asan/halt_on_error-2.c -O2 -flto
-fno-use-linker-plugin -flto-partition=none output pattern test, is
==12090==AddressSanitizer CHECK failed:
../../../../libsanitizer/sanitizer_common/sanitizer_procmaps_linux.cc:55
"((IsOneOf(*current_, 's', 'p'))) != (0)" (0x0, 0x0)
FAIL: c-c++-common/asan/halt_on_error-2.c -O2 -flto
-fuse-linker-plugin -fno-fat-lto-objects output pattern test, is
==12141==AddressSanitizer CHECK failed:
../../../../libsanitizer/sanitizer_common/sanitizer_procmaps_linux.cc:55
"((IsOneOf(*current_, 's', 'p'))) != (0)" (0x0, 0x0)
FAIL: c-c++-common/asan/heap-overflow-1.c -O0 output pattern test, is
==12175==AddressSanitizer CHECK failed:
../../../../libsanitizer/sanitizer_common/sanitizer_procmaps_linux.cc:55
"((IsOneOf(*current_, 's', 'p'))) != (0)" (0x0, 0x0)
FAIL: c-c++-common/asan/heap-overflow-1.c -O1 output pattern test, is
==12210==AddressSanitizer CHECK failed:
../../../../libsanitizer/sanitizer_common/sanitizer_procmaps_linux.cc:55
"((IsOneOf(*current_, 's', 'p'))) != (0)" (0x0, 0x0)
FAIL: c-c++-common/asan/heap-overflow-1.c -O2 output pattern test, is
==12244==AddressSanitizer CHECK failed:
../../../../libsanitizer/sanitizer_common/sanitizer_procmaps_linux.cc:55
"((IsOneOf(*current_, 's', 'p'))) != (0)" (0x0, 0x0)
FAIL: c-c++-common/asan/heap-overflow-1.c -O3 -g output pattern test,
is ==12278==AddressSanitizer CHECK failed:
../../../../libsanitizer/sanitizer_common/sanitizer_procmaps_linux.cc:55
"((IsOneOf(*current_, 's', 'p'))) != (0)" (0x0, 0x0)
FAIL: c-c++-common/asan/heap-overflow-1.c -Os output pattern test, is
==12312==AddressSanitizer CHECK failed:
../../../../libsanitizer/sanitizer_common/sanitizer_procmaps_linux.cc:55
"((IsOneOf(*current_, 's', 'p'))) != (0)" (0x0, 0x0)
FAIL: c-c++-common/asan/heap-overflow-1.c -O2 -flto
-fno-use-linker-plugin -flto-partition=none output pattern test, is
==12408==AddressSanitizer CHECK failed:
../../../../libsanitizer/sanitizer_common/sanitizer_procmaps_linux.cc:55
"((IsOneOf(*current_, 's', 'p'))) != (0)" (0x0, 0x0)
FAIL: c-c++-common/asan/heap-overflow-1.c -O2 -flto
-fuse-linker-plugin -fno-fat-lto-objects output pattern test, is
==12464==AddressSanitizer CHECK failed:
../../../../libsanitizer/sanitizer_common/sanitizer_procmaps_linux.cc:55
"((IsOneOf(*current_, 's', 'p'))) != (0)" (0x0, 0x0)
FAIL: c-c++-common/asan/memcmp-1.c -O0 output pattern test, is
==13014==AddressSanitizer CHECK failed:
../../../../libsanitizer/sanitizer_common/sanitizer_procmaps_linux.cc:55
"((IsOneOf(*current_, 's', 'p'))) != (0)" (0x0, 0x0)
FAIL: c-c++-common/asan/memcmp-1.c -O1 output pattern test, is
==13049==AddressSanitizer CHECK failed:
../../../../libsanitizer/sanitizer_common/sanitizer_procmaps_linux.cc:55
"((IsOneOf(*current_, 's', 'p'))) != (0)" (0x0, 0x0)
FAIL: c-c++-common/asan/memcmp-1.c -O2 output pattern test, is
==13089==AddressSanitizer CHECK failed:
../../../../libsanitizer/sanitizer_common/sanitizer_procmaps_linux.cc:55
"((IsOneOf(*current_, 's', 'p'))) != (0)" (0x0, 0x0)
FAIL: c-c++-common/asan/memcmp-1.c -O3 -g output pattern test, is
==13136==AddressSanitizer CHECK failed:
../../../../libsanitizer/sanitizer_common/sanitizer_procmaps_linux.cc:55
"((IsOneOf(*current_, 's', 'p'))) != (0)" (0x0, 0x0)
FAIL: c-c++-common/asan/memcmp-1.c -Os output pattern test, is
==13178==AddressSanitizer CHECK failed:
../../../../libsanitizer/sanitizer_common/sanitizer_procmaps_linux.cc:55
"((IsOneOf(*current_, 's', 'p'))) != (0)" (0x0, 0x0)
FAIL: c-c++-common/asan/memcmp-1.c -O2 -flto -fno-use-linker-plugin
-flto-partition=none output pattern test, is ==13260==AddressSanitizer
CHECK failed:
../../../../libsanitizer/sanitizer_common/sanitizer_procmaps_linux.cc:55
"((IsOneOf(*current_, 's', 'p'))) != (0)" (0x0, 0x0)
FAIL: c-c++-common/asan/memcmp-1.c -O2 -flto -fuse-linker-plugin
-fno-fat-lto-objects output pattern test, is ==13313==AddressSanitizer
CHECK failed:
../../../../libsanitizer/sanitizer_common/sanitizer_procmaps_linux.cc:55
"((IsOneOf(*current_, 's', 'p'))) != (0)" (0x0, 0x0)
FAIL: c-c++-common/asan/misalign-1.c -O0 output pattern test, is
==13469==AddressSanitizer CHECK failed:
../../../../libsanitizer/sanitizer_common/sanitizer_procmaps_linux.cc:55
"((IsOneOf(*current_, 's', 'p'))) != (0)" (0x0, 0x0)
FAIL: c-c++-common/asan/misalign-1.c -O1 output pattern test, is
==13505==AddressSanitizer CHECK failed:
../../../../libsanitizer/sanitizer_common/sanitizer_procmaps_linux.cc:55
"((IsOneOf(*current_, 's', 'p'))) != (0)" (0x0, 0x0)
FAIL: c-c++-common/asan/misalign-1.c -O2 output pattern test, is
==13540==AddressSanitizer CHECK failed:
../../../../libsanitizer/sanitizer_common/sanitizer_procmaps_linux.cc:55
"((IsOneOf(*current_, 's', 'p'))) != (0)" (0x0, 0x0)
FAIL: c-c++-common/asan/misalign-1.c -O3 -g output pattern test, is
==13574==AddressSanitizer CHECK failed:
../../../../libsanitizer/sanitizer_common/sanitizer_procmaps_linux.cc:55
"((IsOneOf(*current_, 's', 'p'))) != (0)" (0x0, 0x0)
FAIL: c-c++-common/asan/misalign-1.c -Os output pattern test, is
==13609==AddressSanitizer CHECK failed:
../../../../libsanitizer/sanitizer_common/sanitizer_procmaps_linux.cc:55
"((IsOneOf(*current_, 's', 'p'))) != (0)" (0x0, 0x0)
FAIL: c-c++-common/asan/misalign-1.c -O2 -flto -fno-use-linker-plugin
-flto-partition=none output pattern test, is ==13692==AddressSanitizer
CHECK failed:
../../../../libsanitizer/sanitizer_common/sanitizer_procmaps_linux.cc:55
"((IsOneOf(*current_, 's', 'p'))) != (0)" (0x0, 0x0)
FAIL: c-c++-common/asan/misalign-1.c -O2 -flto -fuse-linker-plugin
-fno-fat-lto-objects output pattern test, is ==13756==AddressSanitizer
CHECK failed:
../../../../libsanitizer/sanitizer_common/sanitizer_procmaps_linux.cc:55
"((IsOneOf(*current_, 's', 'p'))) != (0)" (0x0, 0x0)
FAIL: c-c++-common/asan/misalign-2.c -O0 output pattern test, is
==13797==AddressSanitizer CHECK failed:
../../../../libsanitizer/sanitizer_common/sanitizer_procmaps_linux.cc:55
"((IsOneOf(*current_, 's', 'p'))) != (0)" (0x0, 0x0)
FAIL: c-c++-common/asan/misalign-2.c -O1 output pattern test, is
==13834==AddressSanitizer CHECK failed:
../../../../libsanitizer/sanitizer_common/sanitizer_procmaps_linux.cc:55
"((IsOneOf(*current_, 's', 'p'))) != (0)" (0x0, 0x0)
FAIL: c-c++-common/asan/misalign-2.c -O2 output pattern test, is
==13868==AddressSanitizer CHECK failed:
../../../../libsanitizer/sanitizer_common/sanitizer_procmaps_linux.cc:55
"((IsOneOf(*current_, 's', 'p'))) != (0)" (0x0, 0x0)
FAIL: c-c++-common/asan/misalign-2.c -O3 -g output pattern test, is
==13902==AddressSanitizer CHECK failed:
../../../../libsanitizer/sanitizer_common/sanitizer_procmaps_linux.cc:55
"((IsOneOf(*current_, 's', 'p'))) != (0)" (0x0, 0x0)
FAIL: c-c++-common/asan/misalign-2.c -Os output pattern test, is
==13936==AddressSanitizer CHECK failed:
../../../../libsanitizer/sanitizer_common/sanitizer_procmaps_linux.cc:55
"((IsOneOf(*current_, 's', 'p'))) != (0)" (0x0, 0x0)
FAIL: c-c++-common/asan/misalign-2.c -O2 -flto -fno-use-linker-plugin
-flto-partition=none output pattern test, is ==14016==AddressSanitizer
CHECK failed:
../../../../libsanitizer/sanitizer_common/sanitizer_procmaps_linux.cc:55
"((IsOneOf(*current_, 's', 'p'))) != (0)" (0x0, 0x0)
FAIL: c-c++-common/asan/misalign-2.c -O2 -flto -fuse-linker-plugin
-fno-fat-lto-objects output pattern test, is ==14084==AddressSanitizer
CHECK failed:
../../../../libsanitizer/sanitizer_common/sanitizer_procmaps_linux.cc:55
"((IsOneOf(*current_, 's', 'p'))) != (0)" (0x0, 0x0)
FAIL: c-c++-common/asan/null-deref-1.c -O0 output pattern test, is
==15171==AddressSanitizer CHECK failed:
../../../../libsanitizer/sanitizer_common/sanitizer_procmaps_linux.cc:55
"((IsOneOf(*current_, 's', 'p'))) != (0)" (0x0, 0x0)
FAIL: c-c++-common/asan/null-deref-1.c -O1 output pattern test, is
==15205==AddressSanitizer CHECK failed:
../../../../libsanitizer/sanitizer_common/sanitizer_procmaps_linux.cc:55
"((IsOneOf(*current_, 's', 'p'))) != (0)" (0x0, 0x0)
FAIL: c-c++-common/asan/null-deref-1.c -O2 output pattern test, is
==15239==AddressSanitizer CHECK failed:
../../../../libsanitizer/sanitizer_common/sanitizer_procmaps_linux.cc:55
"((IsOneOf(*current_, 's', 'p'))) != (0)" (0x0, 0x0)
FAIL: c-c++-common/asan/null-deref-1.c -O3 -g output pattern test, is
==15273==AddressSanitizer CHECK failed:
../../../../libsanitizer/sanitizer_common/sanitizer_procmaps_linux.cc:55
"((IsOneOf(*current_, 's', 'p'))) != (0)" (0x0, 0x0)
FAIL: c-c++-common/asan/null-deref-1.c -Os output pattern test, is
==15322==AddressSanitizer CHECK failed:
../../../../libsanitizer/sanitizer_common/sanitizer_procmaps_linux.cc:55
"((IsOneOf(*current_, 's', 'p'))) != (0)" (0x0, 0x0)
FAIL: c-c++-common/asan/null-deref-1.c -O2 -flto
-fno-use-linker-plugin -flto-partition=none output pattern test, is
==15404==AddressSanitizer CHECK failed:
../../../../libsanitizer/sanitizer_common/sanitizer_procmaps_linux.cc:55
"((IsOneOf(*current_, 's', 'p'))) != (0)" (0x0, 0x0)
FAIL: c-c++-common/asan/null-deref-1.c -O2 -flto -fuse-linker-plugin
-fno-fat-lto-objects output pattern test, is ==15453==AddressSanitizer
CHECK failed:
../../../../libsanitizer/sanitizer_common/sanitizer_procmaps_linux.cc:55
"((IsOneOf(*current_, 's', 'p'))) != (0)" (0x0, 0x0)
FAIL: c-c++-common/asan/pr59063-1.c -O0 execution test
FAIL: c-c++-common/asan/pr59063-1.c -O1 execution test
FAIL: c-c++-common/asan/pr59063-1.c -O2 execution test
FAIL: c-c++-common/asan/pr59063-1.c -O3 -g execution test
FAIL: c-c++-common/asan/pr59063-1.c -Os execution test
FAIL: c-c++-common/asan/pr59063-1.c -O2 -flto -fno-use-linker-plugin
-flto-partition=none execution test
FAIL: c-c++-common/asan/pr59063-1.c -O2 -flto -fuse-linker-plugin
-fno-fat-lto-objects execution test
FAIL: c-c++-common/asan/pr59063-2.c -O0 execution test
FAIL: c-c++-common/asan/pr59063-2.c -O1 execution test
FAIL: c-c++-common/asan/pr59063-2.c -O2 execution test
FAIL: c-c++-common/asan/pr59063-2.c -O3 -g execution test
FAIL: c-c++-common/asan/pr59063-2.c -Os execution test
FAIL: c-c++-common/asan/pr59063-2.c -O2 -flto -fno-use-linker-plugin
-flto-partition=none execution test
FAIL: c-c++-common/asan/pr59063-2.c -O2 -flto -fuse-linker-plugin
-fno-fat-lto-objects execution test
FAIL: c-c++-common/asan/pr61530.c -O0 output pattern test, is
==16456==AddressSanitizer CHECK failed:
../../../../libsanitizer/sanitizer_common/sanitizer_procmaps_linux.cc:55
"((IsOneOf(*current_, 's', 'p'))) != (0)" (0x0, 0x0)
FAIL: c-c++-common/asan/pr61530.c -O1 output pattern test, is
==16502==AddressSanitizer CHECK failed:
../../../../libsanitizer/sanitizer_common/sanitizer_procmaps_linux.cc:55
"((IsOneOf(*current_, 's', 'p'))) != (0)" (0x0, 0x0)
FAIL: c-c++-common/asan/pr61530.c -O2 output pattern test, is
==16542==AddressSanitizer CHECK failed:
../../../../libsanitizer/sanitizer_common/sanitizer_procmaps_linux.cc:55
"((IsOneOf(*current_, 's', 'p'))) != (0)" (0x0, 0x0)
FAIL: c-c++-common/asan/pr61530.c -O3 -g output pattern test, is
==16578==AddressSanitizer CHECK failed:
../../../../libsanitizer/sanitizer_common/sanitizer_procmaps_linux.cc:55
"((IsOneOf(*current_, 's', 'p'))) != (0)" (0x0, 0x0)
FAIL: c-c++-common/asan/pr61530.c -Os output pattern test, is
==16614==AddressSanitizer CHECK failed:
../../../../libsanitizer/sanitizer_common/sanitizer_procmaps_linux.cc:55
"((IsOneOf(*current_, 's', 'p'))) != (0)" (0x0, 0x0)
FAIL: c-c++-common/asan/pr61530.c -O2 -flto -fno-use-linker-plugin
-flto-partition=none output pattern test, is ==16696==AddressSanitizer
CHECK failed:
../../../../libsanitizer/sanitizer_common/sanitizer_procmaps_linux.cc:55
"((IsOneOf(*current_, 's', 'p'))) != (0)" (0x0, 0x0)
FAIL: c-c++-common/asan/pr61530.c -O2 -flto -fuse-linker-plugin
-fno-fat-lto-objects output pattern test, is ==16746==AddressSanitizer
CHECK failed:
../../../../libsanitizer/sanitizer_common/sanitizer_procmaps_linux.cc:55
"((IsOneOf(*current_, 's', 'p'))) != (0)" (0x0, 0x0)
FAIL: c-c++-common/asan/pr62089.c -O0 output pattern test, is
==16782==AddressSanitizer CHECK failed:
../../../../libsanitizer/sanitizer_common/sanitizer_procmaps_linux.cc:55
"((IsOneOf(*current_, 's', 'p'))) != (0)" (0x0, 0x0)
FAIL: c-c++-common/asan/pr62089.c -O1 output pattern test, is
==16822==AddressSanitizer CHECK failed:
../../../../libsanitizer/sanitizer_common/sanitizer_procmaps_linux.cc:55
"((IsOneOf(*current_, 's', 'p'))) != (0)" (0x0, 0x0)
FAIL: c-c++-common/asan/pr62089.c -O2 output pattern test, is
==16872==AddressSanitizer CHECK failed:
../../../../libsanitizer/sanitizer_common/sanitizer_procmaps_linux.cc:55
"((IsOneOf(*current_, 's', 'p'))) != (0)" (0x0, 0x0)
FAIL: c-c++-common/asan/pr62089.c -O3 -g output pattern test, is
==16911==AddressSanitizer CHECK failed:
../../../../libsanitizer/sanitizer_common/sanitizer_procmaps_linux.cc:55
"((IsOneOf(*current_, 's', 'p'))) != (0)" (0x0, 0x0)
FAIL: c-c++-common/asan/pr62089.c -Os output pattern test, is
==16947==AddressSanitizer CHECK failed:
../../../../libsanitizer/sanitizer_common/sanitizer_procmaps_linux.cc:55
"((IsOneOf(*current_, 's', 'p'))) != (0)" (0x0, 0x0)
FAIL: c-c++-common/asan/pr62089.c -O2 -flto -fno-use-linker-plugin
-flto-partition=none output pattern test, is ==17029==AddressSanitizer
CHECK failed:
../../../../libsanitizer/sanitizer_common/sanitizer_procmaps_linux.cc:55
"((IsOneOf(*current_, 's', 'p'))) != (0)" (0x0, 0x0)
FAIL: c-c++-common/asan/pr62089.c -O2 -flto -fuse-linker-plugin
-fno-fat-lto-objects output pattern test, is ==17082==AddressSanitizer
CHECK failed:
../../../../libsanitizer/sanitizer_common/sanitizer_procmaps_linux.cc:55
"((IsOneOf(*current_, 's', 'p'))) != (0)" (0x0, 0x0)
FAIL: c-c++-common/asan/pr63316.c -O0 execution test
FAIL: c-c++-common/asan/pr63316.c -O1 execution test
FAIL: c-c++-common/asan/pr63316.c -O2 execution test
FAIL: c-c++-common/asan/pr63316.c -O3 -g execution test
FAIL: c-c++-common/asan/pr63316.c -Os execution test
FAIL: c-c++-common/asan/pr63316.c -O2 -flto -fno-use-linker-plugin
-flto-partition=none execution test
FAIL: c-c++-common/asan/pr63316.c -O2 -flto -fuse-linker-plugin
-fno-fat-lto-objects execution test
FAIL: c-c++-common/asan/pr63888.c -O0 execution test
FAIL: c-c++-common/asan/pr63888.c -O1 execution test
FAIL: c-c++-common/asan/pr63888.c -O2 execution test
FAIL: c-c++-common/asan/pr63888.c -O3 -g execution test
FAIL: c-c++-common/asan/pr63888.c -Os execution test
FAIL: c-c++-common/asan/pr63888.c -O2 -flto -fno-use-linker-plugin
-flto-partition=none execution test
FAIL: c-c++-common/asan/pr63888.c -O2 -flto -fuse-linker-plugin
-fno-fat-lto-objects execution test
FAIL: c-c++-common/asan/pr70541.c -O0 output pattern test, is
==18088==AddressSanitizer CHECK failed:
../../../../libsanitizer/sanitizer_common/sanitizer_procmaps_linux.cc:55
"((IsOneOf(*current_, 's', 'p'))) != (0)" (0x0, 0x0)
FAIL: c-c++-common/asan/pr70712.c -O0 execution test
FAIL: c-c++-common/asan/pr70712.c -O1 execution test
FAIL: c-c++-common/asan/pr70712.c -O2 execution test
FAIL: c-c++-common/asan/pr70712.c -O3 -g execution test
FAIL: c-c++-common/asan/pr70712.c -Os execution test
FAIL: c-c++-common/asan/pr70712.c -O2 -flto -fno-use-linker-plugin
-flto-partition=none execution test
FAIL: c-c++-common/asan/pr70712.c -O2 -flto -fuse-linker-plugin
-fno-fat-lto-objects execution test
FAIL: c-c++-common/asan/pr71480.c -O0 execution test
FAIL: c-c++-common/asan/pr71480.c -O1 execution test
FAIL: c-c++-common/asan/pr71480.c -O2 execution test
FAIL: c-c++-common/asan/pr71480.c -O3 -g execution test
FAIL: c-c++-common/asan/pr71480.c -Os execution test
FAIL: c-c++-common/asan/pr71480.c -O2 -flto -fno-use-linker-plugin
-flto-partition=none execution test
FAIL: c-c++-common/asan/pr71480.c -O2 -flto -fuse-linker-plugin
-fno-fat-lto-objects execution test
FAIL: c-c++-common/asan/rlimit-mmap-test-1.c -O0 output pattern test,
is ==18964==AddressSanitizer CHECK failed:
../../../../libsanitizer/sanitizer_common/sanitizer_procmaps_linux.cc:55
"((IsOneOf(*current_, 's', 'p'))) != (0)" (0x0, 0x0)
FAIL: c-c++-common/asan/sanity-check-pure-c-1.c -O0 output pattern
test, is ==19086==AddressSanitizer CHECK failed:
../../../../libsanitizer/sanitizer_common/sanitizer_procmaps_linux.cc:55
"((IsOneOf(*current_, 's', 'p'))) != (0)" (0x0, 0x0)
FAIL: c-c++-common/asan/sanity-check-pure-c-1.c -O1 output pattern
test, is ==19133==AddressSanitizer CHECK failed:
../../../../libsanitizer/sanitizer_common/sanitizer_procmaps_linux.cc:55
"((IsOneOf(*current_, 's', 'p'))) != (0)" (0x0, 0x0)
FAIL: c-c++-common/asan/sanity-check-pure-c-1.c -O2 output pattern
test, is ==19172==AddressSanitizer CHECK failed:
../../../../libsanitizer/sanitizer_common/sanitizer_procmaps_linux.cc:55
"((IsOneOf(*current_, 's', 'p'))) != (0)" (0x0, 0x0)
FAIL: c-c++-common/asan/sanity-check-pure-c-1.c -O3 -g output pattern
test, is ==19197==AddressSanitizer CHECK failed:
../../../../libsanitizer/sanitizer_common/sanitizer_procmaps_linux.cc:55
"((IsOneOf(*current_, 's', 'p'))) != (0)" (0x0, 0x0)
FAIL: c-c++-common/asan/sanity-check-pure-c-1.c -Os output pattern
test, is ==19229==AddressSanitizer CHECK failed:
../../../../libsanitizer/sanitizer_common/sanitizer_procmaps_linux.cc:55
"((IsOneOf(*current_, 's', 'p'))) != (0)" (0x0, 0x0)
FAIL: c-c++-common/asan/sanity-check-pure-c-1.c -O2 -flto
-fno-use-linker-plugin -flto-partition=none output pattern test, is
==19286==AddressSanitizer CHECK failed:
../../../../libsanitizer/sanitizer_common/sanitizer_procmaps_linux.cc:55
"((IsOneOf(*current_, 's', 'p'))) != (0)" (0x0, 0x0)
FAIL: c-c++-common/asan/sanity-check-pure-c-1.c -O2 -flto
-fuse-linker-plugin -fno-fat-lto-objects output pattern test, is
==19327==AddressSanitizer CHECK failed:
../../../../libsanitizer/sanitizer_common/sanitizer_procmaps_linux.cc:55
"((IsOneOf(*current_, 's', 'p'))) != (0)" (0x0, 0x0)
FAIL: c-c++-common/asan/sleep-before-dying-1.c -O2 output pattern
test, is ==19441==AddressSanitizer CHECK failed:
../../../../libsanitizer/sanitizer_common/sanitizer_procmaps_linux.cc:55
"((IsOneOf(*current_, 's', 'p'))) != (0)" (0x0, 0x0)
FAIL: c-c++-common/asan/sleep-before-dying-1.c -O2 -flto
-fno-use-linker-plugin -flto-partition=none output pattern test, is
==19521==AddressSanitizer CHECK failed:
../../../../libsanitizer/sanitizer_common/sanitizer_procmaps_linux.cc:55
"((IsOneOf(*current_, 's', 'p'))) != (0)" (0x0, 0x0)
FAIL: c-c++-common/asan/sleep-before-dying-1.c -O2 -flto
-fuse-linker-plugin -fno-fat-lto-objects output pattern test, is
==19570==AddressSanitizer CHECK failed:
../../../../libsanitizer/sanitizer_common/sanitizer_procmaps_linux.cc:55
"((IsOneOf(*current_, 's', 'p'))) != (0)" (0x0, 0x0)
FAIL: c-c++-common/asan/stack-overflow-1.c -O0 output pattern test,
is ==19617==AddressSanitizer CHECK failed:
../../../../libsanitizer/sanitizer_common/sanitizer_procmaps_linux.cc:55
"((IsOneOf(*current_, 's', 'p'))) != (0)" (0x0, 0x0)
FAIL: c-c++-common/asan/stack-overflow-1.c -O1 output pattern test,
is ==19654==AddressSanitizer CHECK failed:
../../../../libsanitizer/sanitizer_common/sanitizer_procmaps_linux.cc:55
"((IsOneOf(*current_, 's', 'p'))) != (0)" (0x0, 0x0)
FAIL: c-c++-common/asan/stack-overflow-1.c -O2 output pattern test,
is ==19688==AddressSanitizer CHECK failed:
../../../../libsanitizer/sanitizer_common/sanitizer_procmaps_linux.cc:55
"((IsOneOf(*current_, 's', 'p'))) != (0)" (0x0, 0x0)
FAIL: c-c++-common/asan/stack-overflow-1.c -O3 -g output pattern
test, is ==19720==AddressSanitizer CHECK failed:
../../../../libsanitizer/sanitizer_common/sanitizer_procmaps_linux.cc:55
"((IsOneOf(*current_, 's', 'p'))) != (0)" (0x0, 0x0)
FAIL: c-c++-common/asan/stack-overflow-1.c -Os output pattern test,
is ==19750==AddressSanitizer CHECK failed:
../../../../libsanitizer/sanitizer_common/sanitizer_procmaps_linux.cc:55
"((IsOneOf(*current_, 's', 'p'))) != (0)" (0x0, 0x0)
FAIL: c-c++-common/asan/stack-overflow-1.c -O2 -flto
-fno-use-linker-plugin -flto-partition=none output pattern test, is
==19822==AddressSanitizer CHECK failed:
../../../../libsanitizer/sanitizer_common/sanitizer_procmaps_linux.cc:55
"((IsOneOf(*current_, 's', 'p'))) != (0)" (0x0, 0x0)
FAIL: c-c++-common/asan/stack-overflow-1.c -O2 -flto
-fuse-linker-plugin -fno-fat-lto-objects output pattern test, is
==19881==AddressSanitizer CHECK failed:
../../../../libsanitizer/sanitizer_common/sanitizer_procmaps_linux.cc:55
"((IsOneOf(*current_, 's', 'p'))) != (0)" (0x0, 0x0)
FAIL: c-c++-common/asan/strip-path-prefix-1.c -O2 output pattern
test, is ==19920==AddressSanitizer CHECK failed:
../../../../libsanitizer/sanitizer_common/sanitizer_procmaps_linux.cc:55
"((IsOneOf(*current_, 's', 'p'))) != (0)" (0x0, 0x0)
FAIL: c-c++-common/asan/strip-path-prefix-1.c -O2 -flto
-fno-use-linker-plugin -flto-partition=none output pattern test, is
==20003==AddressSanitizer CHECK failed:
../../../../libsanitizer/sanitizer_common/sanitizer_procmaps_linux.cc:55
"((IsOneOf(*current_, 's', 'p'))) != (0)" (0x0, 0x0)
FAIL: c-c++-common/asan/strip-path-prefix-1.c -O2 -flto
-fuse-linker-plugin -fno-fat-lto-objects output pattern test, is
==20051==AddressSanitizer CHECK failed:
../../../../libsanitizer/sanitizer_common/sanitizer_procmaps_linux.cc:55
"((IsOneOf(*current_, 's', 'p'))) != (0)" (0x0, 0x0)
FAIL: c-c++-common/asan/strlen-overflow-1.c -O0 output pattern test,
is ==20086==AddressSanitizer CHECK failed:
../../../../libsanitizer/sanitizer_common/sanitizer_procmaps_linux.cc:55
"((IsOneOf(*current_, 's', 'p'))) != (0)" (0x0, 0x0)
FAIL: c-c++-common/asan/strlen-overflow-1.c -O1 output pattern test,
is ==20122==AddressSanitizer CHECK failed:
../../../../libsanitizer/sanitizer_common/sanitizer_procmaps_linux.cc:55
"((IsOneOf(*current_, 's', 'p'))) != (0)" (0x0, 0x0)
FAIL: c-c++-common/asan/strlen-overflow-1.c -O2 output pattern test,
is ==20167==AddressSanitizer CHECK failed:
../../../../libsanitizer/sanitizer_common/sanitizer_procmaps_linux.cc:55
"((IsOneOf(*current_, 's', 'p'))) != (0)" (0x0, 0x0)
FAIL: c-c++-common/asan/strlen-overflow-1.c -O3 -g output pattern
test, is ==20210==AddressSanitizer CHECK failed:
../../../../libsanitizer/sanitizer_common/sanitizer_procmaps_linux.cc:55
"((IsOneOf(*current_, 's', 'p'))) != (0)" (0x0, 0x0)
FAIL: c-c++-common/asan/strlen-overflow-1.c -Os output pattern test,
is ==20250==AddressSanitizer CHECK failed:
../../../../libsanitizer/sanitizer_common/sanitizer_procmaps_linux.cc:55
"((IsOneOf(*current_, 's', 'p'))) != (0)" (0x0, 0x0)
FAIL: c-c++-common/asan/strncpy-overflow-1.c -O0 output pattern test,
is ==20290==AddressSanitizer CHECK failed:
../../../../libsanitizer/sanitizer_common/sanitizer_procmaps_linux.cc:55
"((IsOneOf(*current_, 's', 'p'))) != (0)" (0x0, 0x0)
FAIL: c-c++-common/asan/strncpy-overflow-1.c -O1 output pattern test,
is ==20325==AddressSanitizer CHECK failed:
../../../../libsanitizer/sanitizer_common/sanitizer_procmaps_linux.cc:55
"((IsOneOf(*current_, 's', 'p'))) != (0)" (0x0, 0x0)
FAIL: c-c++-common/asan/strncpy-overflow-1.c -O2 output pattern test,
is ==20360==AddressSanitizer CHECK failed:
../../../../libsanitizer/sanitizer_common/sanitizer_procmaps_linux.cc:55
"((IsOneOf(*current_, 's', 'p'))) != (0)" (0x0, 0x0)
FAIL: c-c++-common/asan/strncpy-overflow-1.c -O3 -g output pattern
test, is ==20395==AddressSanitizer CHECK failed:
../../../../libsanitizer/sanitizer_common/sanitizer_procmaps_linux.cc:55
"((IsOneOf(*current_, 's', 'p'))) != (0)" (0x0, 0x0)
FAIL: c-c++-common/asan/strncpy-overflow-1.c -Os output pattern test,
is ==20432==AddressSanitizer CHECK failed:
../../../../libsanitizer/sanitizer_common/sanitizer_procmaps_linux.cc:55
"((IsOneOf(*current_, 's', 'p'))) != (0)" (0x0, 0x0)
FAIL: c-c++-common/asan/strncpy-overflow-1.c -O2 -flto
-fno-use-linker-plugin -flto-partition=none output pattern test, is
==20528==AddressSanitizer CHECK failed:
../../../../libsanitizer/sanitizer_common/sanitizer_procmaps_linux.cc:55
"((IsOneOf(*current_, 's', 'p'))) != (0)" (0x0, 0x0)
FAIL: c-c++-common/asan/strncpy-overflow-1.c -O2 -flto
-fuse-linker-plugin -fno-fat-lto-objects output pattern test, is
==20587==AddressSanitizer CHECK failed:
../../../../libsanitizer/sanitizer_common/sanitizer_procmaps_linux.cc:55
"((IsOneOf(*current_, 's', 'p'))) != (0)" (0x0, 0x0)
FAIL: c-c++-common/asan/swapcontext-test-1.c -O0 execution test
FAIL: c-c++-common/asan/swapcontext-test-1.c -O1 execution test
FAIL: c-c++-common/asan/swapcontext-test-1.c -O2 execution test
FAIL: c-c++-common/asan/swapcontext-test-1.c -O3 -fomit-frame-pointer
-funroll-loops -fpeel-loops -ftracer -finline-functions execution test
FAIL: c-c++-common/asan/swapcontext-test-1.c -O3 -g execution test
FAIL: c-c++-common/asan/swapcontext-test-1.c -Os execution test
FAIL: c-c++-common/asan/swapcontext-test-1.c -O2 -flto
-fno-use-linker-plugin -flto-partition=none execution test
FAIL: c-c++-common/asan/swapcontext-test-1.c -O2 -flto
-fuse-linker-plugin -fno-fat-lto-objects execution test
FAIL: c-c++-common/asan/use-after-free-1.c -O0 output pattern test,
is ==21040==AddressSanitizer CHECK failed:
../../../../libsanitizer/sanitizer_common/sanitizer_procmaps_linux.cc:55
"((IsOneOf(*current_, 's', 'p'))) != (0)" (0x0, 0x0)
FAIL: c-c++-common/asan/use-after-free-1.c -O1 output pattern test,
is ==21078==AddressSanitizer CHECK failed:
../../../../libsanitizer/sanitizer_common/sanitizer_procmaps_linux.cc:55
"((IsOneOf(*current_, 's', 'p'))) != (0)" (0x0, 0x0)
FAIL: c-c++-common/asan/use-after-free-1.c -O2 output pattern test,
is ==21113==AddressSanitizer CHECK failed:
../../../../libsanitizer/sanitizer_common/sanitizer_procmaps_linux.cc:55
"((IsOneOf(*current_, 's', 'p'))) != (0)" (0x0, 0x0)
FAIL: c-c++-common/asan/use-after-free-1.c -O3 -g output pattern
test, is ==21151==AddressSanitizer CHECK failed:
../../../../libsanitizer/sanitizer_common/sanitizer_procmaps_linux.cc:55
"((IsOneOf(*current_, 's', 'p'))) != (0)" (0x0, 0x0)
FAIL: c-c++-common/asan/use-after-free-1.c -Os output pattern test,
is ==21200==AddressSanitizer CHECK failed:
../../../../libsanitizer/sanitizer_common/sanitizer_procmaps_linux.cc:55
"((IsOneOf(*current_, 's', 'p'))) != (0)" (0x0, 0x0)
FAIL: c-c++-common/asan/use-after-free-1.c -O2 -flto
-fno-use-linker-plugin -flto-partition=none output pattern test, is
==21287==AddressSanitizer CHECK failed:
../../../../libsanitizer/sanitizer_common/sanitizer_procmaps_linux.cc:55
"((IsOneOf(*current_, 's', 'p'))) != (0)" (0x0, 0x0)
FAIL: c-c++-common/asan/use-after-free-1.c -O2 -flto
-fuse-linker-plugin -fno-fat-lto-objects output pattern test, is
==21340==AddressSanitizer CHECK failed:
../../../../libsanitizer/sanitizer_common/sanitizer_procmaps_linux.cc:55
"((IsOneOf(*current_, 's', 'p'))) != (0)" (0x0, 0x0)
FAIL: c-c++-common/asan/use-after-return-1.c -O0 output pattern test,
is ==21378==AddressSanitizer CHECK failed:
../../../../libsanitizer/sanitizer_common/sanitizer_procmaps_linux.cc:55
"((IsOneOf(*current_, 's', 'p'))) != (0)" (0x0, 0x0)
FAIL: c-c++-common/asan/use-after-return-1.c -O1 output pattern test,
is ==21414==AddressSanitizer CHECK failed:
../../../../libsanitizer/sanitizer_common/sanitizer_procmaps_linux.cc:55
"((IsOneOf(*current_, 's', 'p'))) != (0)" (0x0, 0x0)
FAIL: c-c++-common/asan/use-after-return-1.c -O2 output pattern test,
is ==21451==AddressSanitizer CHECK failed:
../../../../libsanitizer/sanitizer_common/sanitizer_procmaps_linux.cc:55
"((IsOneOf(*current_, 's', 'p'))) != (0)" (0x0, 0x0)
FAIL: c-c++-common/asan/use-after-return-1.c -O3 -g output pattern
test, is ==21504==AddressSanitizer CHECK failed:
../../../../libsanitizer/sanitizer_common/sanitizer_procmaps_linux.cc:55
"((IsOneOf(*current_, 's', 'p'))) != (0)" (0x0, 0x0)
FAIL: c-c++-common/asan/use-after-return-1.c -Os output pattern test,
is ==21544==AddressSanitizer CHECK failed:
../../../../libsanitizer/sanitizer_common/sanitizer_procmaps_linux.cc:55
"((IsOneOf(*current_, 's', 'p'))) != (0)" (0x0, 0x0)
FAIL: c-c++-common/asan/use-after-return-1.c -O2 -flto
-fno-use-linker-plugin -flto-partition=none output pattern test, is
==21626==AddressSanitizer CHECK failed:
../../../../libsanitizer/sanitizer_common/sanitizer_procmaps_linux.cc:55
"((IsOneOf(*current_, 's', 'p'))) != (0)" (0x0, 0x0)
FAIL: c-c++-common/asan/use-after-return-1.c -O2 -flto
-fuse-linker-plugin -fno-fat-lto-objects output pattern test, is
==21677==AddressSanitizer CHECK failed:
../../../../libsanitizer/sanitizer_common/sanitizer_procmaps_linux.cc:55
"((IsOneOf(*current_, 's', 'p'))) != (0)" (0x0, 0x0)
FAIL: gcc.dg/asan/nosanitize-and-inline.c -O0 execution test
FAIL: gcc.dg/asan/nosanitize-and-inline.c -O1 execution test
FAIL: gcc.dg/asan/nosanitize-and-inline.c -O2 execution test
FAIL: gcc.dg/asan/nosanitize-and-inline.c -O3 -fomit-frame-pointer
-funroll-loops -fpeel-loops -ftracer -finline-functions execution test
FAIL: gcc.dg/asan/nosanitize-and-inline.c -O3 -g execution test
FAIL: gcc.dg/asan/nosanitize-and-inline.c -Os execution test
FAIL: gcc.dg/asan/nosanitize-and-inline.c -O2 -flto
-fno-use-linker-plugin -flto-partition=none execution test
FAIL: gcc.dg/asan/nosanitize-and-inline.c -O2 -flto
-fuse-linker-plugin -fno-fat-lto-objects execution test
FAIL: gcc.dg/atomic/c11-atomic-exec-3.c -O0 execution test
FAIL: gcc.dg/atomic/c11-atomic-exec-3.c -O1 execution test
FAIL: gcc.dg/atomic/c11-atomic-exec-3.c -O2 execution test
FAIL: gcc.dg/atomic/c11-atomic-exec-3.c -O3 -fomit-frame-pointer
-funroll-loops -fpeel-loops -ftracer -finline-functions execution test
FAIL: gcc.dg/atomic/c11-atomic-exec-3.c -O3 -g execution test
FAIL: gcc.dg/atomic/c11-atomic-exec-3.c -Os execution test
FAIL: gcc.dg/atomic/c11-atomic-exec-3.c -O2 -flto
-fno-use-linker-plugin -flto-partition=none execution test
FAIL: gcc.dg/atomic/c11-atomic-exec-3.c -O2 -flto -fuse-linker-plugin
-fno-fat-lto-objects execution test
FAIL: c-c++-common/cilk-plus/CK/fib.c -g execution test
FAIL: c-c++-common/cilk-plus/CK/fib_init_expr_xy.c -g execution test
FAIL: c-c++-common/cilk-plus/CK/fib_no_return.c -g execution test
FAIL: c-c++-common/cilk-plus/CK/fib_no_sync.c -g execution test
FAIL: c-c++-common/cilk-plus/CK/spawnee_inline.c -g execution test
FAIL: c-c++-common/cilk-plus/CK/spawner_inline.c -g execution test
FAIL: c-c++-common/cilk-plus/CK/spawning_arg.c -g execution test
FAIL: c-c++-common/cilk-plus/CK/steal_check.c -g execution test
FAIL: c-c++-common/cilk-plus/CK/fib.c -O1 execution test
FAIL: c-c++-common/cilk-plus/CK/fib_init_expr_xy.c -O1 execution test
FAIL: c-c++-common/cilk-plus/CK/fib_no_return.c -O1 execution test
FAIL: c-c++-common/cilk-plus/CK/fib_no_sync.c -O1 execution test
FAIL: c-c++-common/cilk-plus/CK/spawnee_inline.c -O1 execution test
FAIL: c-c++-common/cilk-plus/CK/spawner_inline.c -O1 execution test
FAIL: c-c++-common/cilk-plus/CK/spawning_arg.c -O1 execution test
FAIL: c-c++-common/cilk-plus/CK/steal_check.c -O1 execution test
FAIL: c-c++-common/cilk-plus/CK/fib.c -O2 -std=c99 execution test
FAIL: c-c++-common/cilk-plus/CK/fib_init_expr_xy.c -O2 -std=c99
execution test
FAIL: c-c++-common/cilk-plus/CK/fib_no_return.c -O2 -std=c99 execution test
FAIL: c-c++-common/cilk-plus/CK/fib_no_sync.c -O2 -std=c99 execution test
FAIL: c-c++-common/cilk-plus/CK/spawnee_inline.c -O2 -std=c99 execution
test
FAIL: c-c++-common/cilk-plus/CK/spawner_inline.c -O2 -std=c99 execution
test
FAIL: c-c++-common/cilk-plus/CK/spawning_arg.c -O2 -std=c99 execution test
FAIL: c-c++-common/cilk-plus/CK/steal_check.c -O2 -std=c99 execution test
FAIL: c-c++-common/cilk-plus/CK/fib.c -O2 -ftree-vectorize execution test
FAIL: c-c++-common/cilk-plus/CK/fib_init_expr_xy.c -O2
-ftree-vectorize execution test
FAIL: c-c++-common/cilk-plus/CK/fib_no_return.c -O2 -ftree-vectorize
execution test
FAIL: c-c++-common/cilk-plus/CK/fib_no_sync.c -O2 -ftree-vectorize
execution test
FAIL: c-c++-common/cilk-plus/CK/spawnee_inline.c -O2 -ftree-vectorize
execution test
FAIL: c-c++-common/cilk-plus/CK/spawner_inline.c -O2 -ftree-vectorize
execution test
FAIL: c-c++-common/cilk-plus/CK/spawning_arg.c -O2 -ftree-vectorize
execution test
FAIL: c-c++-common/cilk-plus/CK/steal_check.c -O2 -ftree-vectorize
execution test
FAIL: c-c++-common/cilk-plus/CK/fib.c -O3 -g execution test
FAIL: c-c++-common/cilk-plus/CK/fib_init_expr_xy.c -O3 -g execution test
FAIL: c-c++-common/cilk-plus/CK/fib_no_return.c -O3 -g execution test
FAIL: c-c++-common/cilk-plus/CK/fib_no_sync.c -O3 -g execution test
FAIL: c-c++-common/cilk-plus/CK/spawnee_inline.c -O3 -g execution test
FAIL: c-c++-common/cilk-plus/CK/spawner_inline.c -O3 -g execution test
FAIL: c-c++-common/cilk-plus/CK/spawning_arg.c -O3 -g execution test
FAIL: c-c++-common/cilk-plus/CK/steal_check.c -O3 -g execution test
FAIL: c-c++-common/cilk-plus/CK/fib.c -O3 -flto -g execution test
FAIL: c-c++-common/cilk-plus/CK/fib_init_expr_xy.c -O3 -flto -g
execution test
FAIL: c-c++-common/cilk-plus/CK/fib_no_return.c -O3 -flto -g execution test
FAIL: c-c++-common/cilk-plus/CK/fib_no_sync.c -O3 -flto -g execution test
FAIL: c-c++-common/cilk-plus/CK/spawnee_inline.c -O3 -flto -g execution
test
FAIL: c-c++-common/cilk-plus/CK/spawner_inline.c -O3 -flto -g execution
test
FAIL: c-c++-common/cilk-plus/CK/spawning_arg.c -O3 -flto -g execution test
FAIL: c-c++-common/cilk-plus/CK/steal_check.c -O3 -flto -g execution test
FAIL: gcc.dg/cpp/_Pragma3.c (test for excess errors)
FAIL: gcc.dg/trampoline-1.c execution test
FAIL: gcc.dg/plugin/selfassign.c compilation
FAIL: gcc.dg/plugin/ggcplug.c compilation
FAIL: gcc.dg/plugin/one_time_plugin.c compilation
FAIL: gcc.dg/plugin/start_unit_plugin.c compilation
FAIL: gcc.dg/plugin/finish_unit_plugin.c compilation
FAIL: gcc.dg/plugin/wide-int_plugin.c compilation
FAIL: gcc.dg/plugin/diagnostic_plugin_test_show_locus.c compilation
FAIL: gcc.dg/plugin/diagnostic_plugin_test_tree_expression_range.c
compilation
FAIL: gcc.dg/plugin/diagnostic_plugin_show_trees.c compilation
FAIL: gcc.dg/plugin/diagnostic_plugin_test_string_literals.c compilation
FAIL: gcc.dg/plugin/location_overflow_plugin.c compilation
FAIL: gcc.dg/plugin/must_tail_call_plugin.c compilation
FAIL: gcc.dg/torture/float128-exact-underflow.c -O0 execution test
FAIL: gcc.dg/torture/float128-exact-underflow.c -O1 execution test
FAIL: gcc.dg/torture/float128-exact-underflow.c -O2 execution test
FAIL: gcc.dg/torture/float128-exact-underflow.c -O3 -g execution test
FAIL: gcc.dg/torture/float128-exact-underflow.c -Os execution test
FAIL: gcc.dg/torture/float128-exact-underflow.c -O2 -flto
-fno-use-linker-plugin -flto-partition=none execution test
FAIL: gcc.dg/torture/float128-exact-underflow.c -O2 -flto
-fuse-linker-plugin -fno-fat-lto-objects execution test
FAIL: gcc.dg/torture/float128-extendxf-underflow.c -O0 execution test
FAIL: gcc.dg/torture/float128-extendxf-underflow.c -O1 execution test
FAIL: gcc.dg/torture/float128-extendxf-underflow.c -O2 execution test
FAIL: gcc.dg/torture/float128-extendxf-underflow.c -O3 -g execution test
FAIL: gcc.dg/torture/float128-extendxf-underflow.c -Os execution test
FAIL: gcc.dg/torture/float128-extendxf-underflow.c -O2 -flto
-fno-use-linker-plugin -flto-partition=none execution test
FAIL: gcc.dg/torture/float128-extendxf-underflow.c -O2 -flto
-fuse-linker-plugin -fno-fat-lto-objects execution test
FAIL: gcc.dg/torture/float64x-floath.c -O0 execution test
FAIL: gcc.dg/torture/float64x-floath.c -O1 execution test
FAIL: gcc.dg/torture/float64x-floath.c -O2 execution test
FAIL: gcc.dg/torture/float64x-floath.c -O3 -g execution test
FAIL: gcc.dg/torture/float64x-floath.c -Os execution test
FAIL: gcc.dg/torture/float64x-floath.c -O2 -flto
-fno-use-linker-plugin -flto-partition=none execution test
FAIL: gcc.dg/torture/float64x-floath.c -O2 -flto -fuse-linker-plugin
-fno-fat-lto-objects execution test
FAIL: gcc.dg/torture/fp-int-convert-float64x-timode.c -O0 execution test
FAIL: gcc.dg/torture/fp-int-convert-float64x-timode.c -O1 execution test
FAIL: gcc.dg/torture/fp-int-convert-float64x-timode.c -O2 execution test
FAIL: gcc.dg/torture/fp-int-convert-float64x-timode.c -O3 -g execution
test
FAIL: gcc.dg/torture/fp-int-convert-float64x-timode.c -Os execution test
FAIL: gcc.dg/torture/fp-int-convert-float64x-timode.c -O2 -flto
-fno-use-linker-plugin -flto-partition=none execution test
FAIL: gcc.dg/torture/fp-int-convert-float64x-timode.c -O2 -flto
-fuse-linker-plugin -fno-fat-lto-objects execution test
FAIL: gcc.dg/torture/fp-int-convert-float64x.c -O0 execution test
FAIL: gcc.dg/torture/fp-int-convert-float64x.c -O1 execution test
FAIL: gcc.dg/torture/fp-int-convert-float64x.c -O2 execution test
FAIL: gcc.dg/torture/fp-int-convert-float64x.c -O3 -g execution test
FAIL: gcc.dg/torture/fp-int-convert-float64x.c -Os execution test
FAIL: gcc.dg/torture/fp-int-convert-float64x.c -O2 -flto
-fno-use-linker-plugin -flto-partition=none execution test
FAIL: gcc.dg/torture/fp-int-convert-float64x.c -O2 -flto
-fuse-linker-plugin -fno-fat-lto-objects execution test
FAIL: gcc.dg/torture/fp-int-convert-float80-timode.c -O0 execution test
FAIL: gcc.dg/torture/fp-int-convert-float80-timode.c -O1 execution test
FAIL: gcc.dg/torture/fp-int-convert-float80-timode.c -O2 execution test
FAIL: gcc.dg/torture/fp-int-convert-float80-timode.c -O3 -g execution test
FAIL: gcc.dg/torture/fp-int-convert-float80-timode.c -Os execution test
FAIL: gcc.dg/torture/fp-int-convert-float80-timode.c -O2 -flto
-fno-use-linker-plugin -flto-partition=none execution test
FAIL: gcc.dg/torture/fp-int-convert-float80-timode.c -O2 -flto
-fuse-linker-plugin -fno-fat-lto-objects execution test
FAIL: gcc.dg/torture/fp-int-convert-float80.c -O0 execution test
FAIL: gcc.dg/torture/fp-int-convert-float80.c -O1 execution test
FAIL: gcc.dg/torture/fp-int-convert-float80.c -O2 execution test
FAIL: gcc.dg/torture/fp-int-convert-float80.c -O3 -g execution test
FAIL: gcc.dg/torture/fp-int-convert-float80.c -Os execution test
FAIL: gcc.dg/torture/fp-int-convert-float80.c -O2 -flto
-fno-use-linker-plugin -flto-partition=none execution test
FAIL: gcc.dg/torture/fp-int-convert-float80.c -O2 -flto
-fuse-linker-plugin -fno-fat-lto-objects execution test
FAIL: gcc.dg/torture/fp-int-convert-long-double.c -O0 execution test
FAIL: gcc.dg/torture/fp-int-convert-long-double.c -O1 execution test
FAIL: gcc.dg/torture/fp-int-convert-long-double.c -O2 execution test
FAIL: gcc.dg/torture/fp-int-convert-long-double.c -O3 -g execution test
FAIL: gcc.dg/torture/fp-int-convert-long-double.c -Os execution test
FAIL: gcc.dg/torture/fp-int-convert-long-double.c -O2 -flto
-fno-use-linker-plugin -flto-partition=none execution test
FAIL: gcc.dg/torture/fp-int-convert-long-double.c -O2 -flto
-fuse-linker-plugin -fno-fat-lto-objects execution test
FAIL: gcc.dg/torture/fp-int-convert-timode.c -O0 execution test
FAIL: gcc.dg/torture/fp-int-convert-timode.c -O1 execution test
FAIL: gcc.dg/torture/fp-int-convert-timode.c -O2 execution test
FAIL: gcc.dg/torture/fp-int-convert-timode.c -O3 -g execution test
FAIL: gcc.dg/torture/fp-int-convert-timode.c -Os execution test
FAIL: gcc.dg/torture/fp-int-convert-timode.c -O2 -flto
-fno-use-linker-plugin -flto-partition=none execution test
FAIL: gcc.dg/torture/fp-int-convert-timode.c -O2 -flto
-fuse-linker-plugin -fno-fat-lto-objects execution test
FAIL: gcc.dg/torture/stackalign/nested-5.c -O0 execution test
FAIL: gcc.dg/torture/stackalign/nested-5.c -O0 -fpic execution test
FAIL: gcc.dg/torture/stackalign/nested-5.c -O0 -mforce-drap execution test
FAIL: gcc.dg/torture/stackalign/nested-5.c -O0 -mforce-drap -fpic
execution test
FAIL: gcc.dg/torture/stackalign/nested-5.c -O1 execution test
FAIL: gcc.dg/torture/stackalign/nested-5.c -O1 -fpic execution test
FAIL: gcc.dg/torture/stackalign/nested-5.c -O1 -mforce-drap execution test
FAIL: gcc.dg/torture/stackalign/nested-5.c -O1 -mforce-drap -fpic
execution test
FAIL: gcc.dg/torture/stackalign/nested-5.c -O2 execution test
FAIL: gcc.dg/torture/stackalign/nested-5.c -O2 -fpic execution test
FAIL: gcc.dg/torture/stackalign/nested-5.c -O2 -mforce-drap execution test
FAIL: gcc.dg/torture/stackalign/nested-5.c -O2 -mforce-drap -fpic
execution test
FAIL: gcc.dg/torture/stackalign/nested-5.c -O3 -g execution test
FAIL: gcc.dg/torture/stackalign/nested-5.c -O3 -g -fpic execution test
FAIL: gcc.dg/torture/stackalign/nested-5.c -O3 -g -mforce-drap
execution test
FAIL: gcc.dg/torture/stackalign/nested-5.c -O3 -g -mforce-drap -fpic
execution test
FAIL: gcc.dg/torture/stackalign/nested-5.c -Os execution test
FAIL: gcc.dg/torture/stackalign/nested-5.c -Os -fpic execution test
FAIL: gcc.dg/torture/stackalign/nested-5.c -Os -mforce-drap execution test
FAIL: gcc.dg/torture/stackalign/nested-5.c -Os -mforce-drap -fpic
execution test
FAIL: gcc.dg/torture/stackalign/nested-5.c -O2 -flto
-fno-use-linker-plugin -flto-partition=none execution test
FAIL: gcc.dg/torture/stackalign/nested-5.c -O2 -flto
-fno-use-linker-plugin -flto-partition=none -fpic execution test
FAIL: gcc.dg/torture/stackalign/nested-5.c -O2 -flto
-fno-use-linker-plugin -flto-partition=none -mforce-drap execution test
FAIL: gcc.dg/torture/stackalign/nested-5.c -O2 -flto
-fno-use-linker-plugin -flto-partition=none -mforce-drap -fpic execution
test
FAIL: gcc.dg/torture/stackalign/nested-5.c -O2 -flto
-fuse-linker-plugin -fno-fat-lto-objects execution test
FAIL: gcc.dg/torture/stackalign/nested-5.c -O2 -flto
-fuse-linker-plugin -fno-fat-lto-objects -fpic execution test
FAIL: gcc.dg/torture/stackalign/nested-5.c -O2 -flto
-fuse-linker-plugin -fno-fat-lto-objects -mforce-drap execution test
FAIL: gcc.dg/torture/stackalign/nested-5.c -O2 -flto
-fuse-linker-plugin -fno-fat-lto-objects -mforce-drap -fpic execution test
FAIL: gcc.dg/torture/stackalign/nested-6.c -O0 execution test
FAIL: gcc.dg/torture/stackalign/nested-6.c -O0 -fpic execution test
FAIL: gcc.dg/torture/stackalign/nested-6.c -O0 -mforce-drap execution test
FAIL: gcc.dg/torture/stackalign/nested-6.c -O0 -mforce-drap -fpic
execution test
FAIL: gcc.dg/torture/stackalign/nested-6.c -O1 execution test
FAIL: gcc.dg/torture/stackalign/nested-6.c -O1 -fpic execution test
FAIL: gcc.dg/torture/stackalign/nested-6.c -O1 -mforce-drap execution test
FAIL: gcc.dg/torture/stackalign/nested-6.c -O1 -mforce-drap -fpic
execution test
FAIL: gcc.dg/torture/stackalign/nested-6.c -O2 execution test
FAIL: gcc.dg/torture/stackalign/nested-6.c -O2 -fpic execution test
FAIL: gcc.dg/torture/stackalign/nested-6.c -O2 -mforce-drap execution test
FAIL: gcc.dg/torture/stackalign/nested-6.c -O2 -mforce-drap -fpic
execution test
FAIL: gcc.dg/torture/stackalign/nested-6.c -O3 -g execution test
FAIL: gcc.dg/torture/stackalign/nested-6.c -O3 -g -fpic execution test
FAIL: gcc.dg/torture/stackalign/nested-6.c -O3 -g -mforce-drap
execution test
FAIL: gcc.dg/torture/stackalign/nested-6.c -O3 -g -mforce-drap -fpic
execution test
FAIL: gcc.dg/torture/stackalign/nested-6.c -Os execution test
FAIL: gcc.dg/torture/stackalign/nested-6.c -Os -fpic execution test
FAIL: gcc.dg/torture/stackalign/nested-6.c -Os -mforce-drap execution test
FAIL: gcc.dg/torture/stackalign/nested-6.c -Os -mforce-drap -fpic
execution test
FAIL: gcc.dg/torture/stackalign/nested-6.c -O2 -flto
-fno-use-linker-plugin -flto-partition=none execution test
FAIL: gcc.dg/torture/stackalign/nested-6.c -O2 -flto
-fno-use-linker-plugin -flto-partition=none -fpic execution test
FAIL: gcc.dg/torture/stackalign/nested-6.c -O2 -flto
-fno-use-linker-plugin -flto-partition=none -mforce-drap execution test
FAIL: gcc.dg/torture/stackalign/nested-6.c -O2 -flto
-fno-use-linker-plugin -flto-partition=none -mforce-drap -fpic execution
test
FAIL: gcc.dg/torture/stackalign/nested-6.c -O2 -flto
-fuse-linker-plugin -fno-fat-lto-objects execution test
FAIL: gcc.dg/torture/stackalign/nested-6.c -O2 -flto
-fuse-linker-plugin -fno-fat-lto-objects -fpic execution test
FAIL: gcc.dg/torture/stackalign/nested-6.c -O2 -flto
-fuse-linker-plugin -fno-fat-lto-objects -mforce-drap execution test
FAIL: gcc.dg/torture/stackalign/nested-6.c -O2 -flto
-fuse-linker-plugin -fno-fat-lto-objects -mforce-drap -fpic execution test
FAIL: gcc.dg/tree-ssa/pr69270-3.c scan-tree-dump-times uncprop1 ", 1" 4
FAIL: gcc.dg/tree-ssa/slsr-8.c scan-tree-dump-times optimized " w?\\\\* " 7
WARNING: program timed out.
FAIL: c-c++-common/ubsan/float-cast-overflow-7.c -O2 execution test
FAIL: c-c++-common/ubsan/float-cast-overflow-7.c -O2 -flto
-fno-use-linker-plugin -flto-partition=none execution test
FAIL: c-c++-common/ubsan/float-cast-overflow-7.c -O2 -flto
-fuse-linker-plugin -fno-fat-lto-objects execution test
FAIL: gcc.target/i386/excess-precision-1.c execution test
FAIL: gcc.target/i386/excess-precision-3.c execution test
FAIL: gcc.target/i386/pr36578-1.c execution test
FAIL: gcc.target/i386/pr36578-2.c execution test
=== gcc Summary ===
# of expected passes 115563
# of unexpected failures 479
# of expected failures 322
# of unsupported tests 2497
/mnt/c/Users/tim/gnu/gcc/ubw/gcc/xgcc version 7.0.0 20160909
(experimental) (GCC)
=== gfortran tests ===
Running target unix
FAIL: gfortran.dg/elemental_dependency_4.f90 -O0 execution test
FAIL: gfortran.dg/internal_dummy_2.f08 -O0 execution test
FAIL: gfortran.dg/internal_dummy_2.f08 -O1 execution test
FAIL: gfortran.dg/internal_dummy_2.f08 -O2 execution test
FAIL: gfortran.dg/internal_dummy_2.f08 -O3 -fomit-frame-pointer
-funroll-loops -fpeel-loops -ftracer -finline-functions execution test
FAIL: gfortran.dg/internal_dummy_2.f08 -O3 -g execution test
FAIL: gfortran.dg/internal_dummy_2.f08 -Os execution test
FAIL: gfortran.dg/internal_dummy_3.f08 -O0 execution test
FAIL: gfortran.dg/internal_dummy_3.f08 -O1 execution test
FAIL: gfortran.dg/internal_dummy_3.f08 -O2 execution test
FAIL: gfortran.dg/internal_dummy_3.f08 -O3 -fomit-frame-pointer
-funroll-loops -fpeel-loops -ftracer -finline-functions execution test
FAIL: gfortran.dg/internal_dummy_3.f08 -O3 -g execution test
FAIL: gfortran.dg/internal_dummy_3.f08 -Os execution test
FAIL: gfortran.dg/internal_dummy_4.f08 -O0 execution test
FAIL: gfortran.dg/norm2_3.f90 -O0 execution test
FAIL: gfortran.dg/norm2_3.f90 -O1 execution test
FAIL: gfortran.dg/norm2_3.f90 -O2 execution test
FAIL: gfortran.dg/norm2_3.f90 -O3 -fomit-frame-pointer -funroll-loops
-fpeel-loops -ftracer -finline-functions execution test
FAIL: gfortran.dg/norm2_3.f90 -O3 -g execution test
FAIL: gfortran.dg/norm2_3.f90 -Os execution test
FAIL: gfortran.dg/pointer_check_1.f90 -O0 output pattern test, is
FAIL: gfortran.dg/pointer_check_2.f90 -O0 output pattern test, is
FAIL: gfortran.dg/pointer_check_3.f90 -O0 output pattern test, is
FAIL: gfortran.dg/pointer_check_4.f90 -O0 output pattern test, is
FAIL: gfortran.dg/proc_ptr_18.f90 -O0 execution test
FAIL: gfortran.dg/proc_ptr_19.f90 -O0 execution test
FAIL: gfortran.dg/proc_ptr_20.f90 -O0 execution test
FAIL: gfortran.dg/proc_ptr_21.f90 -O0 execution test
FAIL: gfortran.dg/proc_ptr_23.f90 -O0 execution test
FAIL: gfortran.dg/proc_ptr_25.f90 -O0 execution test
FAIL: gfortran.dg/proc_ptr_47.f90 -O0 execution test
FAIL: gfortran.dg/proc_ptr_48.f90 -O0 execution test
FAIL: gfortran.dg/proc_ptr_5.f90 -O0 execution test
FAIL: gfortran.dg/proc_ptr_7.f90 -O0 execution test
FAIL: gfortran.dg/proc_ptr_comp_1.f90 -O0 execution test
FAIL: gfortran.dg/proc_ptr_comp_11.f90 -O0 execution test
FAIL: gfortran.dg/proc_ptr_comp_13.f90 -O0 execution test
FAIL: gfortran.dg/proc_ptr_comp_14.f90 -O0 execution test
FAIL: gfortran.dg/proc_ptr_comp_18.f90 -O0 execution test
FAIL: gfortran.dg/proc_ptr_comp_19.f90 -O0 execution test
FAIL: gfortran.dg/proc_ptr_comp_2.f90 -O0 execution test
FAIL: gfortran.dg/proc_ptr_comp_29.f90 -O0 execution test
FAIL: gfortran.dg/proc_ptr_comp_34.f90 -O0 execution test
FAIL: gfortran.dg/proc_ptr_comp_5.f90 -O0 execution test
FAIL: gfortran.dg/proc_ptr_comp_8.f90 -O0 execution test
FAIL: gfortran.dg/proc_ptr_comp_9.f90 -O0 execution test
FAIL: gfortran.dg/proc_ptr_comp_pass_3.f90 -O0 execution test
FAIL: gfortran.dg/proc_ptr_result_7.f90 -O0 execution test
FAIL: gfortran.dg/stat_1.f90 -O0 execution test
FAIL: gfortran.dg/stat_1.f90 -O1 execution test
FAIL: gfortran.dg/stat_1.f90 -O2 execution test
FAIL: gfortran.dg/stat_1.f90 -O3 -fomit-frame-pointer -funroll-loops
-fpeel-loops -ftracer -finline-functions execution test
FAIL: gfortran.dg/stat_1.f90 -O3 -g execution test
FAIL: gfortran.dg/stat_1.f90 -Os execution test
FAIL: gfortran.dg/stat_2.f90 -O0 execution test
FAIL: gfortran.dg/stat_2.f90 -O1 execution test
FAIL: gfortran.dg/stat_2.f90 -O2 execution test
FAIL: gfortran.dg/stat_2.f90 -O3 -fomit-frame-pointer -funroll-loops
-fpeel-loops -ftracer -finline-functions execution test
FAIL: gfortran.dg/stat_2.f90 -O3 -g execution test
FAIL: gfortran.dg/stat_2.f90 -Os execution test
FAIL: gfortran.dg/structure_constructor_11.f90 -O0 execution test
FAIL: gfortran.dg/structure_constructor_11.f90 -O1 execution test
FAIL: gfortran.dg/structure_constructor_11.f90 -O2 execution test
FAIL: gfortran.dg/structure_constructor_11.f90 -O3
-fomit-frame-pointer -funroll-loops -fpeel-loops -ftracer
-finline-functions execution test
FAIL: gfortran.dg/structure_constructor_11.f90 -O3 -g execution test
FAIL: gfortran.dg/structure_constructor_11.f90 -Os execution test
FAIL: gfortran.dg/unlimited_polymorphic_19.f90 -O0 execution test
=== gfortran Summary ===
# of expected passes 42686
# of unexpected failures 67
# of expected failures 66
# of unsupported tests 76
/mnt/c/Users/tim/gnu/gcc/ubw/gcc/testsuite/gfortran/../../gfortran
version 7.0.0 20160909 (experimental) (GCC)
=== libatomic tests ===
Running target unix
=== libatomic Summary ===
# of expected passes 54
=== libstdc++ tests ===
Running target unix
FAIL: 27_io/basic_filebuf/close/char/4879.cc execution test
FAIL: 27_io/basic_filebuf/close/char/9964.cc execution test
FAIL: 27_io/basic_filebuf/seekoff/char/26777.cc execution test
FAIL: 27_io/basic_filebuf/showmanyc/char/9533-1.cc execution test
FAIL: 27_io/basic_filebuf/underflow/char/10097.cc execution test
FAIL: 27_io/objects/char/7.cc execution test
FAIL: 27_io/objects/char/9661-1.cc execution test
FAIL: 27_io/objects/wchar_t/7.cc execution test
FAIL: 27_io/objects/wchar_t/9661-1.cc execution test
FAIL: experimental/filesystem/iterators/directory_iterator.cc execution test
FAIL: experimental/filesystem/iterators/recursive_directory_iterator.cc
execution test
FAIL: experimental/filesystem/operations/permissions.cc execution test
=== libstdc++ Summary ===
# of expected passes 10784
# of unexpected failures 12
# of expected failures 65
# of unsupported tests 550
Compiler version: 7.0.0 20160909 (experimental) (GCC)
Platform: x86_64-pc-linux-gnu
configure flags: --prefix=/usr/local/gcc7 --enable-languages='c c++
fortran' --disable-multilib