This is the mail archive of the
gcc-testresults@gcc.gnu.org
mailing list for the GCC project.
Results for 7.0.0 20160909 (experimental) [trunk revision 240042] (GCC) testsuite on sparc-sun-solaris2.12
- From: Rainer Orth <ro at CeBiTec dot Uni-Bielefeld dot DE>
- To: gcc-testresults at gcc dot gnu dot org
- Date: Fri, 9 Sep 2016 12:55:10 +0200 (MEST)
- Subject: Results for 7.0.0 20160909 (experimental) [trunk revision 240042] (GCC) testsuite on sparc-sun-solaris2.12
- Authentication-results: sourceware.org; auth=none
LAST_UPDATED: Fri Sep 9 06:46:31 2016 (revision 240042)
=== acats tests ===
=== acats Summary ===
# of expected passes 2320
# of unexpected failures 0
Native configuration is sparc-sun-solaris2.12
=== g++ tests ===
Running target unix
FAIL: g++.dg/abi/abi-tag23.C -std=gnu++11 scan-assembler _ZThn16_N7Derived7get_fooB3barEv
FAIL: g++.dg/abi/abi-tag23.C -std=gnu++14 scan-assembler _ZThn16_N7Derived7get_fooB3barEv
FAIL: g++.dg/abi/abi-tag23.C -std=gnu++98 scan-assembler _ZThn16_N7Derived7get_fooB3barEv
FAIL: g++.dg/abi/abi-tag23a.C -std=gnu++11 scan-assembler _ZThn16_N7Derived7get_fooEv
FAIL: g++.dg/abi/abi-tag23a.C -std=gnu++14 scan-assembler _ZThn16_N7Derived7get_fooEv
FAIL: g++.dg/abi/abi-tag23a.C -std=gnu++98 scan-assembler _ZThn16_N7Derived7get_fooEv
=== g++ Summary for unix ===
# of expected passes 97935
# of unexpected failures 6
# of expected failures 329
# of unsupported tests 4141
Running target unix/-m64
=== g++ Summary for unix/-m64 ===
# of expected passes 99829
# of expected failures 329
# of unsupported tests 4110
=== g++ Summary ===
# of expected passes 197764
# of unexpected failures 6
# of expected failures 658
# of unsupported tests 8251
/var/gcc/regression/trunk/12-gcc/build/gcc/testsuite/g++/../../xg++ version 7.0.0 20160909 (experimental) [trunk revision 240042] (GCC)
=== gcc tests ===
Running target unix
FAIL: c-c++-common/cilk-plus/CK/spawnee_inline.c -O2 -ftree-vectorize execution test
FAIL: gcc.dg/graphite/scop-dsyr2k.c scan-tree-dump-times graphite "number of SCoPs: 1" 1
FAIL: gcc.dg/graphite/scop-dsyrk.c scan-tree-dump-times graphite "number of SCoPs: 1" 1
FAIL: gcc.dg/plugin/must-tail-call-1.c -fplugin=./must_tail_call_plugin.so (test for excess errors)
FAIL: gcc.dg/simulate-thread/atomic-other-int.c -O2 -g thread simulation test
FAIL: gcc.dg/simulate-thread/atomic-other-int.c -O3 -g thread simulation test
FAIL: gcc.dg/simulate-thread/atomic-other-short.c -O0 -g thread simulation test
FAIL: gcc.dg/simulate-thread/speculative-store-4.c -O0 -g thread simulation test
FAIL: gcc.dg/simulate-thread/speculative-store.c -O0 -g thread simulation test
FAIL: gcc.dg/tree-ssa/pr69270-3.c scan-tree-dump-times uncprop1 ", 1" 4
XPASS: gcc.dg/tree-ssa/pr71347.c scan-tree-dump-not optimized ".* = MEM.*;"
FAIL: gcc.dg/tree-ssa/scev-3.c scan-tree-dump-times optimized "&a" 1
FAIL: gcc.dg/tree-ssa/scev-4.c scan-tree-dump-times optimized "&a" 1
FAIL: gcc.dg/tree-ssa/scev-5.c scan-tree-dump-times optimized "&a" 1
FAIL: gcc.dg/tree-ssa/slsr-8.c scan-tree-dump-times optimized " w?\\\\* " 7
FAIL: gcc.dg/vect/pr71264.c -flto -ffat-lto-objects scan-tree-dump vect "vectorized 1 loops in function"
FAIL: gcc.dg/vect/pr71264.c scan-tree-dump vect "vectorized 1 loops in function"
FAIL: gcc.dg/vect/slp-43.c -flto -ffat-lto-objects scan-tree-dump-times vect "vectorized 1 loops" 13
FAIL: gcc.dg/vect/slp-43.c scan-tree-dump-times vect "vectorized 1 loops" 13
FAIL: gcc.dg/vect/slp-45.c -flto -ffat-lto-objects scan-tree-dump-times vect "vectorized 1 loops" 13
FAIL: gcc.dg/vect/slp-45.c scan-tree-dump-times vect "vectorized 1 loops" 13
=== gcc Summary for unix ===
# of expected passes 93936
# of unexpected failures 20
# of unexpected successes 1
# of expected failures 361
# of unsupported tests 2475
Running target unix/-m64
FAIL: gcc.dg/plugin/must-tail-call-1.c -fplugin=./must_tail_call_plugin.so (test for excess errors)
FAIL: gcc.dg/tree-ssa/pr69270-3.c scan-tree-dump-times uncprop1 ", 1" 4
XPASS: gcc.dg/tree-ssa/pr71347.c scan-tree-dump-not optimized ".* = MEM.*;"
FAIL: gcc.dg/tree-ssa/scev-3.c scan-tree-dump-times optimized "&a" 1
FAIL: gcc.dg/tree-ssa/scev-4.c scan-tree-dump-times optimized "&a" 1
FAIL: gcc.dg/tree-ssa/scev-5.c scan-tree-dump-times optimized "&a" 1
FAIL: gcc.dg/tree-ssa/slsr-8.c scan-tree-dump-times optimized " w?\\\\* " 7
FAIL: gcc.dg/vect/pr57558-1.c -flto -ffat-lto-objects scan-tree-dump vect "vectorized 1 loops"
FAIL: gcc.dg/vect/pr57558-1.c scan-tree-dump vect "vectorized 1 loops"
FAIL: gcc.dg/vect/pr71264.c -flto -ffat-lto-objects scan-tree-dump vect "vectorized 1 loops in function"
FAIL: gcc.dg/vect/pr71264.c scan-tree-dump vect "vectorized 1 loops in function"
FAIL: gcc.dg/vect/slp-43.c -flto -ffat-lto-objects scan-tree-dump-times vect "vectorized 1 loops" 13
FAIL: gcc.dg/vect/slp-43.c scan-tree-dump-times vect "vectorized 1 loops" 13
FAIL: gcc.dg/vect/slp-45.c -flto -ffat-lto-objects scan-tree-dump-times vect "vectorized 1 loops" 13
FAIL: gcc.dg/vect/slp-45.c scan-tree-dump-times vect "vectorized 1 loops" 13
=== gcc Summary for unix/-m64 ===
# of expected passes 94893
# of unexpected failures 14
# of unexpected successes 1
# of expected failures 349
# of unsupported tests 2316
=== gcc Summary ===
# of expected passes 188829
# of unexpected failures 34
# of unexpected successes 2
# of expected failures 710
# of unsupported tests 4791
/var/gcc/regression/trunk/12-gcc/build/gcc/xgcc version 7.0.0 20160909 (experimental) [trunk revision 240042] (GCC)
=== gfortran tests ===
Running target unix
FAIL: gfortran.dg/coarray/event_1.f90 -fcoarray=lib -O2 -lcaf_single -latomic execution test
FAIL: gfortran.dg/coarray/event_2.f90 -fcoarray=lib -O2 -lcaf_single -latomic execution test
=== gfortran Summary for unix ===
# of expected passes 42721
# of unexpected failures 2
# of expected failures 78
# of unsupported tests 229
Running target unix/-m64
FAIL: gfortran.dg/coarray/event_1.f90 -fcoarray=lib -O2 -lcaf_single -latomic execution test
FAIL: gfortran.dg/coarray/event_2.f90 -fcoarray=lib -O2 -lcaf_single -latomic execution test
FAIL: gfortran.dg/graphite/pr68279.f90 -O (internal compiler error)
FAIL: gfortran.dg/graphite/pr68279.f90 -O (test for excess errors)
=== gfortran Summary for unix/-m64 ===
# of expected passes 42967
# of unexpected failures 4
# of expected failures 78
# of unsupported tests 108
=== gfortran Summary ===
# of expected passes 85688
# of unexpected failures 6
# of expected failures 156
# of unsupported tests 337
/var/gcc/regression/trunk/12-gcc/build/gcc/testsuite/gfortran/../../gfortran version 7.0.0 20160909 (experimental) [trunk revision 240042] (GCC)
=== gnat tests ===
Running target unix
=== gnat Summary for unix ===
# of expected passes 2481
# of expected failures 22
# of unsupported tests 21
Running target unix/-m64
=== gnat Summary for unix/-m64 ===
# of expected passes 2481
# of expected failures 22
# of unsupported tests 21
=== gnat Summary ===
# of expected passes 4962
# of expected failures 44
# of unsupported tests 42
/var/gcc/regression/trunk/12-gcc/build/gcc/gnatmake version 7.0.0 20160909 (experimental) [trunk revision 240042]
=== go tests ===
Running target unix
FAIL: go.test/test/fixedbugs/issue4562.go execution, -O2 -g
FAIL: go.test/test/nil.go execution, -O2 -g
=== go Summary for unix ===
# of expected passes 7361
# of unexpected failures 2
# of expected failures 1
# of untested testcases 11
# of unsupported tests 3
Running target unix/-m64
FAIL: go.test/test/fixedbugs/issue4562.go execution, -O2 -g
FAIL: go.test/test/nil.go execution, -O2 -g
=== go Summary for unix/-m64 ===
# of expected passes 7241
# of unexpected failures 2
# of expected failures 1
# of untested testcases 11
# of unsupported tests 3
=== go Summary ===
# of expected passes 14602
# of unexpected failures 4
# of expected failures 2
# of untested testcases 22
# of unsupported tests 6
=== obj-c++ tests ===
Running target unix
=== obj-c++ Summary for unix ===
# of expected passes 1454
# of expected failures 2
# of unsupported tests 77
Running target unix/-m64
=== obj-c++ Summary for unix/-m64 ===
# of expected passes 1446
# of expected failures 10
# of unsupported tests 77
=== obj-c++ Summary ===
# of expected passes 2900
# of expected failures 12
# of unsupported tests 154
/var/gcc/regression/trunk/12-gcc/build/gcc/testsuite/obj-c++/../../xg++ version 7.0.0 20160909 (experimental) [trunk revision 240042] (GCC)
=== objc tests ===
Running target unix
=== objc Summary for unix ===
# of expected passes 2789
# of unsupported tests 68
Running target unix/-m64
=== objc Summary for unix/-m64 ===
# of expected passes 2789
# of unsupported tests 68
=== objc Summary ===
# of expected passes 5578
# of unsupported tests 136
/var/gcc/regression/trunk/12-gcc/build/gcc/xgcc version 7.0.0 20160909 (experimental) [trunk revision 240042] (GCC)
=== boehm-gc tests ===
Running target unix
=== boehm-gc Summary for unix ===
# of expected passes 12
# of unsupported tests 1
Running target unix/-m64
=== boehm-gc Summary for unix/-m64 ===
# of expected passes 12
# of unsupported tests 1
=== boehm-gc Summary ===
# of expected passes 24
# of unsupported tests 2
=== libatomic tests ===
Running target unix
=== libatomic Summary for unix ===
# of expected passes 44
# of unsupported tests 5
Running target unix/-m64
=== libatomic Summary for unix/-m64 ===
# of expected passes 54
=== libatomic Summary ===
# of expected passes 98
# of unsupported tests 5
=== libffi tests ===
Running target unix
=== libffi Summary for unix ===
# of expected passes 2214
Running target unix/-m64
=== libffi Summary for unix/-m64 ===
# of expected passes 2214
=== libffi Summary ===
# of expected passes 4428
=== libgo tests ===
Running target unix
FAIL: syscall
FAIL: go/build
FAIL: net/http
FAIL: runtime/pprof
=== libgo Summary for unix ===
# of expected passes 133
# of unexpected failures 4
Running target unix/-m64
FAIL: net
FAIL: syscall
FAIL: go/build
=== libgo Summary for unix/-m64 ===
# of expected passes 134
# of unexpected failures 3
=== libgo Summary ===
# of expected passes 267
# of unexpected failures 7
/var/gcc/regression/trunk/12-gcc/build/./gcc/gccgo version 7.0.0 20160909 (experimental) [trunk revision 240042] (GCC)
=== libgomp tests ===
Running target unix
=== libgomp Summary for unix ===
# of expected passes 4972
# of unsupported tests 382
Running target unix/-m64
=== libgomp Summary for unix/-m64 ===
# of expected passes 4972
# of unsupported tests 382
=== libgomp Summary ===
# of expected passes 9944
# of unsupported tests 764
=== libitm tests ===
Running target unix
=== libitm Summary for unix ===
# of expected passes 42
# of expected failures 3
# of unsupported tests 1
Running target unix/-m64
=== libitm Summary for unix/-m64 ===
# of expected passes 42
# of expected failures 3
# of unsupported tests 1
=== libitm Summary ===
# of expected passes 84
# of expected failures 6
# of unsupported tests 2
=== libjava tests ===
Running target unix
=== libjava Summary for unix ===
# of expected passes 2614
# of expected failures 4
Running target unix/-m64
=== libjava Summary for unix/-m64 ===
# of expected passes 2614
# of expected failures 4
=== libjava Summary ===
# of expected passes 5228
# of expected failures 8
=== libstdc++ tests ===
Running target unix
FAIL: experimental/filesystem/operations/copy.cc execution test
FAIL: experimental/filesystem/operations/copy_file.cc execution test
FAIL: experimental/numeric/gcd.cc (test for excess errors)
FAIL: experimental/numeric/lcm.cc (test for excess errors)
=== libstdc++ Summary for unix ===
# of expected passes 10263
# of unexpected failures 4
# of expected failures 66
# of unsupported tests 688
Running target unix/-m64
FAIL: experimental/filesystem/operations/copy.cc execution test
FAIL: experimental/filesystem/operations/copy_file.cc execution test
FAIL: experimental/numeric/gcd.cc (test for excess errors)
FAIL: experimental/numeric/lcm.cc (test for excess errors)
=== libstdc++ Summary for unix/-m64 ===
# of expected passes 10263
# of unexpected failures 4
# of expected failures 66
# of unsupported tests 688
=== libstdc++ Summary ===
# of expected passes 20526
# of unexpected failures 8
# of expected failures 132
# of unsupported tests 1376
Compiler version: 7.0.0 20160909 (experimental) [trunk revision 240042] (GCC)
Platform: sparc-sun-solaris2.12
configure flags: --prefix=/vol/gcc --target=sparc-sun-solaris2.12 --enable-objc-gc --with-as=/usr/ccs/bin/as --without-gnu-as --with-gmp-include=/vol/gcc/include --with-gmp-lib=/vol/gcc/lib --with-mpfr-include=/vol/gcc/include --with-mpfr-lib=/vol/gcc/lib --with-mpc-include=/vol/gcc/include --with-mpc-lib=/vol/gcc/lib --enable-languages=all,ada,obj-c++,go --with-isl-include=/vol/gcc/include --with-isl-lib=/vol/gcc/lib
BOOT_CFLAGS=-g -O2