This is the mail archive of the
gcc-testresults@gcc.gnu.org
mailing list for the GCC project.
Results for 7.0.0 20160826 (experimental) [trunk revision 239769] (GCC) testsuite on x86_64-pc-solaris2.12
- From: Rainer Orth <ro at CeBiTec dot Uni-Bielefeld dot DE>
- To: gcc-testresults at gcc dot gnu dot org
- Date: Sat, 27 Aug 2016 23:59:26 +0200 (MEST)
- Subject: Results for 7.0.0 20160826 (experimental) [trunk revision 239769] (GCC) testsuite on x86_64-pc-solaris2.12
- Authentication-results: sourceware.org; auth=none
LAST_UPDATED: Fri Aug 26 09:17:03 2016 (revision 239769)
Native configuration is x86_64-pc-solaris2.12
=== boehm-gc tests ===
Running target unix/-m32
=== boehm-gc Summary for unix/-m32 ===
# of expected passes 12
# of unsupported tests 1
Running target unix
=== boehm-gc Summary for unix ===
# of expected passes 12
# of unsupported tests 1
=== boehm-gc Summary ===
# of expected passes 24
# of unsupported tests 2
=== libatomic tests ===
Running target unix/-m32
=== libatomic Summary for unix/-m32 ===
# of expected passes 44
# of unsupported tests 5
Running target unix
=== libatomic Summary for unix ===
# of expected passes 54
=== libatomic Summary ===
# of expected passes 98
# of unsupported tests 5
=== libffi tests ===
Running target unix/-m32
=== libffi Summary for unix/-m32 ===
# of expected passes 2799
Running target unix
=== libffi Summary for unix ===
# of expected passes 2214
=== libffi Summary ===
# of expected passes 5013
=== libgo tests ===
Running target unix
FAIL: net
FAIL: syscall
FAIL: go/build
=== libgo Summary for unix ===
# of expected passes 134
# of unexpected failures 3
Running target unix/-m32
FAIL: net
FAIL: syscall
FAIL: go/build
=== libgo Summary for unix/-m32 ===
# of expected passes 134
# of unexpected failures 3
=== libgo Summary ===
# of expected passes 268
# of unexpected failures 6
/var/gcc/regression/trunk/12-gcc-64/build/./gcc/gccgo version 7.0.0 20160826 (experimental) [trunk revision 239769] (GCC)
=== libgomp tests ===
Running target unix/-m32
=== libgomp Summary for unix/-m32 ===
# of expected passes 5068
# of unsupported tests 334
Running target unix
=== libgomp Summary for unix ===
# of expected passes 5068
# of unsupported tests 334
=== libgomp Summary ===
# of expected passes 10136
# of unsupported tests 668
=== libitm tests ===
Running target unix/-m32
=== libitm Summary for unix/-m32 ===
# of expected passes 42
# of expected failures 3
# of unsupported tests 1
Running target unix
=== libitm Summary for unix ===
# of expected passes 42
# of expected failures 3
# of unsupported tests 1
=== libitm Summary ===
# of expected passes 84
# of expected failures 6
# of unsupported tests 2
=== libjava tests ===
Running target unix/-m32
=== libjava Summary for unix/-m32 ===
# of expected passes 2614
# of expected failures 4
Running target unix
=== libjava Summary for unix ===
# of expected passes 2614
# of expected failures 4
=== libjava Summary ===
# of expected passes 5228
# of expected failures 8
=== libstdc++ tests ===
Running target unix
FAIL: experimental/filesystem/operations/copy.cc execution test
FAIL: experimental/filesystem/operations/copy_file.cc execution test
=== libstdc++ Summary for unix ===
# of expected passes 10270
# of unexpected failures 2
# of expected failures 66
# of unsupported tests 681
Running target unix/-m32
FAIL: experimental/filesystem/operations/copy.cc execution test
FAIL: experimental/filesystem/operations/copy_file.cc execution test
=== libstdc++ Summary for unix/-m32 ===
# of expected passes 10278
# of unexpected failures 2
# of expected failures 66
# of unsupported tests 677
=== libstdc++ Summary ===
# of expected passes 20548
# of unexpected failures 4
# of expected failures 132
# of unsupported tests 1358
=== acats tests ===
=== acats Summary ===
# of expected passes 2320
# of unexpected failures 0
=== g++ tests ===
Running target unix
FAIL: g++.dg/cilk-plus/AN/array_test_ND_tplt.cc -O3 -ftree-vectorize -fcilkplus -g (test for excess errors)
WARNING: g++.dg/cilk-plus/AN/array_test_ND_tplt.cc -O3 -ftree-vectorize -fcilkplus -g compilation failed to produce executable
FAIL: g++.dg/cilk-plus/AN/array_test_ND_tplt.cc -g -O3 -fcilkplus (test for excess errors)
WARNING: g++.dg/cilk-plus/AN/array_test_ND_tplt.cc -g -O3 -fcilkplus compilation failed to produce executable
WARNING: program timed out.
WARNING: program timed out.
FAIL: c-c++-common/torture/builtin-arith-overflow-17.c -O2 -flto (test for excess errors)
WARNING: program timed out.
=== g++ Summary for unix ===
# of expected passes 100629
# of unexpected failures 3
# of expected failures 329
# of unsupported tests 3866
Running target unix/-m32
FAIL: g++.dg/opt/pr59470.C -std=gnu++11 (test for excess errors)
WARNING: g++.dg/opt/pr59470.C -std=gnu++11 compilation failed to produce executable
FAIL: g++.dg/opt/pr59470.C -std=gnu++14 (test for excess errors)
WARNING: g++.dg/opt/pr59470.C -std=gnu++14 compilation failed to produce executable
FAIL: g++.dg/opt/pr59470.C -std=gnu++98 (test for excess errors)
WARNING: g++.dg/opt/pr59470.C -std=gnu++98 compilation failed to produce executable
=== g++ Summary for unix/-m32 ===
# of expected passes 99267
# of unexpected failures 3
# of expected failures 329
# of unsupported tests 3622
=== g++ Summary ===
# of expected passes 199896
# of unexpected failures 6
# of expected failures 658
# of unsupported tests 7488
/var/gcc/regression/trunk/12-gcc-64/build/gcc/testsuite/g++/../../xg++ version 7.0.0 20160826 (experimental) [trunk revision 239769] (GCC)
=== gcc tests ===
Running target unix
FAIL: gcc.dg/attr-weakref-1.c (test for excess errors)
WARNING: gcc.dg/attr-weakref-1.c compilation failed to produce executable
FAIL: gcc.dg/tree-ssa/pr69270-3.c scan-tree-dump-times uncprop1 ", 1" 4
FAIL: gcc.dg/tree-ssa/slsr-8.c scan-tree-dump-times optimized " w?\\\\* " 7
FAIL: gcc.target/i386/avx512dq-vfpclasspd-2.c (test for excess errors)
WARNING: gcc.target/i386/avx512dq-vfpclasspd-2.c compilation failed to produce executable
FAIL: gcc.target/i386/avx512dq-vfpclassps-2.c (test for excess errors)
WARNING: gcc.target/i386/avx512dq-vfpclassps-2.c compilation failed to produce executable
FAIL: gcc.target/i386/avx512er-vrcp28sd-2.c (test for excess errors)
WARNING: gcc.target/i386/avx512er-vrcp28sd-2.c compilation failed to produce executable
FAIL: gcc.target/i386/avx512er-vrcp28ss-2.c (test for excess errors)
WARNING: gcc.target/i386/avx512er-vrcp28ss-2.c compilation failed to produce executable
FAIL: gcc.target/i386/avx512er-vrsqrt28sd-2.c (test for excess errors)
WARNING: gcc.target/i386/avx512er-vrsqrt28sd-2.c compilation failed to produce executable
FAIL: gcc.target/i386/avx512er-vrsqrt28ss-2.c (test for excess errors)
WARNING: gcc.target/i386/avx512er-vrsqrt28ss-2.c compilation failed to produce executable
FAIL: gcc.target/i386/avx512f-vcompresspd-2.c (test for excess errors)
WARNING: gcc.target/i386/avx512f-vcompresspd-2.c compilation failed to produce executable
FAIL: gcc.target/i386/avx512f-vcompressps-2.c (test for excess errors)
WARNING: gcc.target/i386/avx512f-vcompressps-2.c compilation failed to produce executable
FAIL: gcc.target/i386/avx512f-vcvtps2ph-2.c (test for excess errors)
WARNING: gcc.target/i386/avx512f-vcvtps2ph-2.c compilation failed to produce executable
FAIL: gcc.target/i386/avx512f-vextractf64x4-2.c (test for excess errors)
WARNING: gcc.target/i386/avx512f-vextractf64x4-2.c compilation failed to produce executable
FAIL: gcc.target/i386/avx512f-vextracti64x4-2.c (test for excess errors)
WARNING: gcc.target/i386/avx512f-vextracti64x4-2.c compilation failed to produce executable
FAIL: gcc.target/i386/avx512f-vpcompressd-2.c (test for excess errors)
WARNING: gcc.target/i386/avx512f-vpcompressd-2.c compilation failed to produce executable
FAIL: gcc.target/i386/avx512f-vpcompressq-2.c (test for excess errors)
WARNING: gcc.target/i386/avx512f-vpcompressq-2.c compilation failed to produce executable
FAIL: gcc.target/i386/avx512f-vpmovdb-2.c (test for excess errors)
WARNING: gcc.target/i386/avx512f-vpmovdb-2.c compilation failed to produce executable
FAIL: gcc.target/i386/avx512f-vpmovdw-2.c (test for excess errors)
WARNING: gcc.target/i386/avx512f-vpmovdw-2.c compilation failed to produce executable
FAIL: gcc.target/i386/avx512f-vpmovqb-2.c (test for excess errors)
WARNING: gcc.target/i386/avx512f-vpmovqb-2.c compilation failed to produce executable
FAIL: gcc.target/i386/avx512f-vpmovqw-2.c (test for excess errors)
WARNING: gcc.target/i386/avx512f-vpmovqw-2.c compilation failed to produce executable
FAIL: gcc.target/i386/avx512f-vpmovsdb-2.c (test for excess errors)
WARNING: gcc.target/i386/avx512f-vpmovsdb-2.c compilation failed to produce executable
FAIL: gcc.target/i386/avx512f-vpmovsqb-2.c (test for excess errors)
WARNING: gcc.target/i386/avx512f-vpmovsqb-2.c compilation failed to produce executable
FAIL: gcc.target/i386/avx512f-vpmovsqw-2.c (test for excess errors)
WARNING: gcc.target/i386/avx512f-vpmovsqw-2.c compilation failed to produce executable
FAIL: gcc.target/i386/avx512f-vpmovusdb-2.c (test for excess errors)
WARNING: gcc.target/i386/avx512f-vpmovusdb-2.c compilation failed to produce executable
FAIL: gcc.target/i386/avx512f-vpmovusqb-2.c (test for excess errors)
WARNING: gcc.target/i386/avx512f-vpmovusqb-2.c compilation failed to produce executable
FAIL: gcc.target/i386/avx512f-vpmovusqw-2.c (test for excess errors)
WARNING: gcc.target/i386/avx512f-vpmovusqw-2.c compilation failed to produce executable
FAIL: gcc.target/i386/avx512f-vrndscaleps-2.c (test for excess errors)
WARNING: gcc.target/i386/avx512f-vrndscaleps-2.c compilation failed to produce executable
FAIL: gcc.target/i386/avx512vl-vcompresspd-2.c (test for excess errors)
WARNING: gcc.target/i386/avx512vl-vcompresspd-2.c compilation failed to produce executable
FAIL: gcc.target/i386/avx512vl-vcompressps-2.c (test for excess errors)
WARNING: gcc.target/i386/avx512vl-vcompressps-2.c compilation failed to produce executable
FAIL: gcc.target/i386/avx512vl-vcvtps2ph-2.c (test for excess errors)
WARNING: gcc.target/i386/avx512vl-vcvtps2ph-2.c compilation failed to produce executable
FAIL: gcc.target/i386/avx512vl-vfpclasspd-2.c (test for excess errors)
WARNING: gcc.target/i386/avx512vl-vfpclasspd-2.c compilation failed to produce executable
FAIL: gcc.target/i386/avx512vl-vfpclassps-2.c (test for excess errors)
WARNING: gcc.target/i386/avx512vl-vfpclassps-2.c compilation failed to produce executable
FAIL: gcc.target/i386/avx512vl-vpcompressd-2.c (test for excess errors)
WARNING: gcc.target/i386/avx512vl-vpcompressd-2.c compilation failed to produce executable
FAIL: gcc.target/i386/avx512vl-vpcompressq-2.c (test for excess errors)
WARNING: gcc.target/i386/avx512vl-vpcompressq-2.c compilation failed to produce executable
FAIL: gcc.target/i386/avx512vl-vpmovdb-2.c (test for excess errors)
WARNING: gcc.target/i386/avx512vl-vpmovdb-2.c compilation failed to produce executable
FAIL: gcc.target/i386/avx512vl-vpmovdw-2.c (test for excess errors)
WARNING: gcc.target/i386/avx512vl-vpmovdw-2.c compilation failed to produce executable
FAIL: gcc.target/i386/avx512vl-vrndscaleps-2.c (test for excess errors)
WARNING: gcc.target/i386/avx512vl-vrndscaleps-2.c compilation failed to produce executable
=== gcc Summary for unix ===
# of expected passes 112283
# of unexpected failures 37
# of expected failures 327
# of unsupported tests 1974
Running target unix/-m32
FAIL: gcc.c-torture/execute/pr42833.c -Os (test for excess errors)
WARNING: gcc.c-torture/execute/pr42833.c -Os compilation failed to produce executable
WARNING: program timed out.
FAIL: gcc.dg/attr-weakref-1.c (test for excess errors)
WARNING: gcc.dg/attr-weakref-1.c compilation failed to produce executable
FAIL: gcc.dg/graphite/scop-dsyr2k.c scan-tree-dump-times graphite "number of SCoPs: 1" 1
FAIL: gcc.dg/graphite/scop-dsyrk.c scan-tree-dump-times graphite "number of SCoPs: 1" 1
FAIL: gcc.dg/tree-ssa/pr69270-3.c scan-tree-dump-times uncprop1 ", 1" 4
FAIL: gcc.dg/tree-ssa/scev-5.c scan-tree-dump-times optimized "&a" 1
FAIL: gcc.dg/tree-ssa/slsr-8.c scan-tree-dump-times optimized " w?\\\\* " 7
FAIL: gcc.target/i386/avx512dq-vextractf64x2-2.c (test for excess errors)
WARNING: gcc.target/i386/avx512dq-vextractf64x2-2.c compilation failed to produce executable
FAIL: gcc.target/i386/avx512dq-vextracti64x2-2.c (test for excess errors)
WARNING: gcc.target/i386/avx512dq-vextracti64x2-2.c compilation failed to produce executable
FAIL: gcc.target/i386/avx512dq-vfpclasspd-2.c (test for excess errors)
WARNING: gcc.target/i386/avx512dq-vfpclasspd-2.c compilation failed to produce executable
FAIL: gcc.target/i386/avx512dq-vfpclassps-2.c (test for excess errors)
WARNING: gcc.target/i386/avx512dq-vfpclassps-2.c compilation failed to produce executable
FAIL: gcc.target/i386/avx512er-vrcp28sd-2.c (test for excess errors)
WARNING: gcc.target/i386/avx512er-vrcp28sd-2.c compilation failed to produce executable
FAIL: gcc.target/i386/avx512er-vrcp28ss-2.c (test for excess errors)
WARNING: gcc.target/i386/avx512er-vrcp28ss-2.c compilation failed to produce executable
FAIL: gcc.target/i386/avx512er-vrsqrt28sd-2.c (test for excess errors)
WARNING: gcc.target/i386/avx512er-vrsqrt28sd-2.c compilation failed to produce executable
FAIL: gcc.target/i386/avx512er-vrsqrt28ss-2.c (test for excess errors)
WARNING: gcc.target/i386/avx512er-vrsqrt28ss-2.c compilation failed to produce executable
FAIL: gcc.target/i386/avx512f-vcompresspd-2.c (test for excess errors)
WARNING: gcc.target/i386/avx512f-vcompresspd-2.c compilation failed to produce executable
FAIL: gcc.target/i386/avx512f-vcompressps-2.c (test for excess errors)
WARNING: gcc.target/i386/avx512f-vcompressps-2.c compilation failed to produce executable
FAIL: gcc.target/i386/avx512f-vcvtps2ph-2.c (test for excess errors)
WARNING: gcc.target/i386/avx512f-vcvtps2ph-2.c compilation failed to produce executable
FAIL: gcc.target/i386/avx512f-vcvtusi2sd-2.c (test for excess errors)
WARNING: gcc.target/i386/avx512f-vcvtusi2sd-2.c compilation failed to produce executable
FAIL: gcc.target/i386/avx512f-vcvtusi2ss-2.c (test for excess errors)
WARNING: gcc.target/i386/avx512f-vcvtusi2ss-2.c compilation failed to produce executable
FAIL: gcc.target/i386/avx512f-vextractf32x4-2.c (test for excess errors)
WARNING: gcc.target/i386/avx512f-vextractf32x4-2.c compilation failed to produce executable
FAIL: gcc.target/i386/avx512f-vextractf64x4-2.c (test for excess errors)
WARNING: gcc.target/i386/avx512f-vextractf64x4-2.c compilation failed to produce executable
FAIL: gcc.target/i386/avx512f-vextracti32x4-2.c (test for excess errors)
WARNING: gcc.target/i386/avx512f-vextracti32x4-2.c compilation failed to produce executable
FAIL: gcc.target/i386/avx512f-vextracti64x4-2.c (test for excess errors)
WARNING: gcc.target/i386/avx512f-vextracti64x4-2.c compilation failed to produce executable
FAIL: gcc.target/i386/avx512f-vpcompressd-2.c (test for excess errors)
WARNING: gcc.target/i386/avx512f-vpcompressd-2.c compilation failed to produce executable
FAIL: gcc.target/i386/avx512f-vpcompressq-2.c (test for excess errors)
WARNING: gcc.target/i386/avx512f-vpcompressq-2.c compilation failed to produce executable
FAIL: gcc.target/i386/avx512f-vpmovdb-2.c (test for excess errors)
WARNING: gcc.target/i386/avx512f-vpmovdb-2.c compilation failed to produce executable
FAIL: gcc.target/i386/avx512f-vpmovdw-2.c (test for excess errors)
WARNING: gcc.target/i386/avx512f-vpmovdw-2.c compilation failed to produce executable
FAIL: gcc.target/i386/avx512f-vpmovqb-2.c (test for excess errors)
WARNING: gcc.target/i386/avx512f-vpmovqb-2.c compilation failed to produce executable
FAIL: gcc.target/i386/avx512f-vpmovqw-2.c (test for excess errors)
WARNING: gcc.target/i386/avx512f-vpmovqw-2.c compilation failed to produce executable
FAIL: gcc.target/i386/avx512f-vpmovsdb-2.c (test for excess errors)
WARNING: gcc.target/i386/avx512f-vpmovsdb-2.c compilation failed to produce executable
FAIL: gcc.target/i386/avx512f-vpmovsqb-2.c (test for excess errors)
WARNING: gcc.target/i386/avx512f-vpmovsqb-2.c compilation failed to produce executable
FAIL: gcc.target/i386/avx512f-vpmovsqw-2.c (test for excess errors)
WARNING: gcc.target/i386/avx512f-vpmovsqw-2.c compilation failed to produce executable
FAIL: gcc.target/i386/avx512f-vpmovusdb-2.c (test for excess errors)
WARNING: gcc.target/i386/avx512f-vpmovusdb-2.c compilation failed to produce executable
FAIL: gcc.target/i386/avx512f-vpmovusqb-2.c (test for excess errors)
WARNING: gcc.target/i386/avx512f-vpmovusqb-2.c compilation failed to produce executable
FAIL: gcc.target/i386/avx512f-vpmovusqw-2.c (test for excess errors)
WARNING: gcc.target/i386/avx512f-vpmovusqw-2.c compilation failed to produce executable
FAIL: gcc.target/i386/avx512vl-vcompresspd-2.c (test for excess errors)
WARNING: gcc.target/i386/avx512vl-vcompresspd-2.c compilation failed to produce executable
FAIL: gcc.target/i386/avx512vl-vcompressps-2.c (test for excess errors)
WARNING: gcc.target/i386/avx512vl-vcompressps-2.c compilation failed to produce executable
FAIL: gcc.target/i386/avx512vl-vcvtps2ph-2.c (test for excess errors)
WARNING: gcc.target/i386/avx512vl-vcvtps2ph-2.c compilation failed to produce executable
FAIL: gcc.target/i386/avx512vl-vextractf32x4-2.c (test for excess errors)
WARNING: gcc.target/i386/avx512vl-vextractf32x4-2.c compilation failed to produce executable
FAIL: gcc.target/i386/avx512vl-vextractf64x2-2.c (test for excess errors)
WARNING: gcc.target/i386/avx512vl-vextractf64x2-2.c compilation failed to produce executable
FAIL: gcc.target/i386/avx512vl-vextracti32x4-2.c (test for excess errors)
WARNING: gcc.target/i386/avx512vl-vextracti32x4-2.c compilation failed to produce executable
FAIL: gcc.target/i386/avx512vl-vextracti64x2-2.c (test for excess errors)
WARNING: gcc.target/i386/avx512vl-vextracti64x2-2.c compilation failed to produce executable
FAIL: gcc.target/i386/avx512vl-vfpclasspd-2.c (test for excess errors)
WARNING: gcc.target/i386/avx512vl-vfpclasspd-2.c compilation failed to produce executable
FAIL: gcc.target/i386/avx512vl-vfpclassps-2.c (test for excess errors)
WARNING: gcc.target/i386/avx512vl-vfpclassps-2.c compilation failed to produce executable
FAIL: gcc.target/i386/avx512vl-vpcompressd-2.c (test for excess errors)
WARNING: gcc.target/i386/avx512vl-vpcompressd-2.c compilation failed to produce executable
FAIL: gcc.target/i386/avx512vl-vpcompressq-2.c (test for excess errors)
WARNING: gcc.target/i386/avx512vl-vpcompressq-2.c compilation failed to produce executable
FAIL: gcc.target/i386/avx512vl-vpmovdb-2.c (test for excess errors)
WARNING: gcc.target/i386/avx512vl-vpmovdb-2.c compilation failed to produce executable
FAIL: gcc.target/i386/avx512vl-vpmovdw-2.c (test for excess errors)
WARNING: gcc.target/i386/avx512vl-vpmovdw-2.c compilation failed to produce executable
=== gcc Summary for unix/-m32 ===
# of expected passes 110817
# of unexpected failures 49
# of expected failures 331
# of unsupported tests 1945
=== gcc Summary ===
# of expected passes 223100
# of unexpected failures 86
# of expected failures 658
# of unsupported tests 3919
/var/gcc/regression/trunk/12-gcc-64/build/gcc/xgcc version 7.0.0 20160826 (experimental) [trunk revision 239769] (GCC)
=== gfortran tests ===
Running target unix
FAIL: gfortran.dg/coarray/event_1.f90 -fcoarray=lib -O2 -lcaf_single -latomic execution test
FAIL: gfortran.dg/graphite/pr68279.f90 -O (internal compiler error)
FAIL: gfortran.dg/graphite/pr68279.f90 -O (test for excess errors)
=== gfortran Summary for unix ===
# of expected passes 42864
# of unexpected failures 3
# of expected failures 76
# of unsupported tests 72
Running target unix/-m32
FAIL: gfortran.dg/coarray/event_1.f90 -fcoarray=lib -O2 -lcaf_single -latomic execution test
FAIL: gfortran.dg/coarray/event_2.f90 -fcoarray=lib -O2 -lcaf_single -latomic execution test
FAIL: gfortran.dg/submodule_6.f08 -O3 -g (test for excess errors)
WARNING: gfortran.dg/submodule_6.f08 -O3 -g compilation failed to produce executable
FAIL: gfortran.dg/transfer_assumed_size_1.f90 -Os (test for excess errors)
WARNING: gfortran.dg/transfer_assumed_size_1.f90 -Os compilation failed to produce executable
FAIL: gfortran.dg/transfer_intrinsic_2.f90 -O1 (test for excess errors)
WARNING: gfortran.dg/transfer_intrinsic_2.f90 -O1 compilation failed to produce executable
WARNING: program timed out.
WARNING: program timed out.
WARNING: program timed out.
=== gfortran Summary for unix/-m32 ===
# of expected passes 42641
# of unexpected failures 5
# of expected failures 76
# of unsupported tests 175
=== gfortran Summary ===
# of expected passes 85505
# of unexpected failures 8
# of expected failures 152
# of unsupported tests 247
/var/gcc/regression/trunk/12-gcc-64/build/gcc/testsuite/gfortran/../../gfortran version 7.0.0 20160826 (experimental) [trunk revision 239769] (GCC)
=== gnat tests ===
Running target unix/-m32
FAIL: gnat.dg/vect3.adb scan-tree-dump-times vect "vectorized 1 loops" 15
FAIL: gnat.dg/vect6.adb scan-tree-dump-times vect "vectorized 1 loops" 15
=== gnat Summary for unix/-m32 ===
# of expected passes 2511
# of unexpected failures 2
# of expected failures 22
# of unsupported tests 5
Running target unix
FAIL: gnat.dg/vect3.adb scan-tree-dump-times vect "vectorized 1 loops" 15
FAIL: gnat.dg/vect6.adb scan-tree-dump-times vect "vectorized 1 loops" 15
=== gnat Summary for unix ===
# of expected passes 2511
# of unexpected failures 2
# of expected failures 22
# of unsupported tests 5
=== gnat Summary ===
# of expected passes 5022
# of unexpected failures 4
# of expected failures 44
# of unsupported tests 10
/var/gcc/regression/trunk/12-gcc-64/build/gcc/gnatmake version 7.0.0 20160826 (experimental) [trunk revision 239769]
=== go tests ===
Running target unix
=== go Summary for unix ===
# of expected passes 7247
# of expected failures 1
# of untested testcases 10
# of unsupported tests 1
Running target unix/-m32
=== go Summary for unix/-m32 ===
# of expected passes 7366
# of expected failures 1
# of untested testcases 10
# of unsupported tests 2
=== go Summary ===
# of expected passes 14613
# of expected failures 2
# of untested testcases 20
# of unsupported tests 3
=== obj-c++ tests ===
Running target unix/-m32
=== obj-c++ Summary for unix/-m32 ===
# of expected passes 1454
# of expected failures 2
# of unsupported tests 77
Running target unix
=== obj-c++ Summary for unix ===
# of expected passes 1446
# of expected failures 10
# of unsupported tests 77
=== obj-c++ Summary ===
# of expected passes 2900
# of expected failures 12
# of unsupported tests 154
/var/gcc/regression/trunk/12-gcc-64/build/gcc/testsuite/obj-c++/../../xg++ version 7.0.0 20160826 (experimental) [trunk revision 239769] (GCC)
=== objc tests ===
Running target unix
=== objc Summary for unix ===
# of expected passes 2783
# of expected failures 6
# of unsupported tests 68
Running target unix/-m32
=== objc Summary for unix/-m32 ===
# of expected passes 2783
# of expected failures 6
# of unsupported tests 68
=== objc Summary ===
# of expected passes 5566
# of expected failures 12
# of unsupported tests 136
/var/gcc/regression/trunk/12-gcc-64/build/gcc/xgcc version 7.0.0 20160826 (experimental) [trunk revision 239769] (GCC)
Compiler version: 7.0.0 20160826 (experimental) [trunk revision 239769] (GCC)
Platform: x86_64-pc-solaris2.12
configure flags: --prefix=/vol/gcc --target=amd64-pc-solaris2.12 --enable-objc-gc --with-as=/usr/ccs/bin/as --without-gnu-as --with-gmp-include=/vol/gcc/include --with-gmp-lib=/vol/gcc/lib/amd64 --with-mpfr-include=/vol/gcc/include --with-mpfr-lib=/vol/gcc/lib/amd64 --with-mpc-include=/vol/gcc/include --with-mpc-lib=/vol/gcc/lib/amd64 --enable-languages=all,ada,obj-c++,go --with-isl-include=/vol/gcc/include --with-isl-lib=/vol/gcc/lib/amd64 --build=amd64-pc-solaris2.12 --host=amd64-pc-solaris2.12
BOOT_CFLAGS=-g -O2