This is the mail archive of the
gcc-testresults@gcc.gnu.org
mailing list for the GCC project.
Results for 5.4.1 20160826 [gcc-5-branch revision 239764] (GCC) testsuite on i386-pc-solaris2.12
- From: Rainer Orth <ro at CeBiTec dot Uni-Bielefeld dot DE>
- To: gcc-testresults at gcc dot gnu dot org
- Date: Sat, 27 Aug 2016 15:57:35 +0200 (MEST)
- Subject: Results for 5.4.1 20160826 [gcc-5-branch revision 239764] (GCC) testsuite on i386-pc-solaris2.12
- Authentication-results: sourceware.org; auth=none
LAST_UPDATED: Fri Aug 26 09:24:52 2016 (revision 239764)
=== acats tests ===
=== acats Summary ===
# of expected passes 2320
# of unexpected failures 0
Native configuration is i386-pc-solaris2.12
=== g++ tests ===
Running target unix
FAIL: g++.dg/init/elide5.C -std=c++11 (test for excess errors)
FAIL: g++.dg/init/elide5.C -std=c++14 (test for excess errors)
=== g++ Summary for unix ===
# of expected passes 85652
# of unexpected failures 2
# of expected failures 288
# of unsupported tests 3433
Running target unix/-m64
=== g++ Summary for unix/-m64 ===
# of expected passes 86975
# of expected failures 288
# of unsupported tests 3704
=== g++ Summary ===
# of expected passes 172627
# of unexpected failures 2
# of expected failures 576
# of unsupported tests 7137
/var/gcc/regression/gcc-5-branch/12-gcc-gas/build/gcc/testsuite/g++/../../xg++ version 5.4.1 20160826 [gcc-5-branch revision 239764] (GCC)
=== gcc tests ===
Running target unix
FAIL: gcc.target/i386/avx-1.c (test for excess errors)
FAIL: gcc.target/i386/avx-2.c (test for excess errors)
WARNING: program timed out.
WARNING: program timed out.
=== gcc Summary for unix ===
# of expected passes 109838
# of unexpected failures 2
# of expected failures 282
# of unsupported tests 1554
Running target unix/-m64
=== gcc Summary for unix/-m64 ===
# of expected passes 110894
# of expected failures 281
# of unsupported tests 1708
=== gcc Summary ===
# of expected passes 220732
# of unexpected failures 2
# of expected failures 563
# of unsupported tests 3262
/var/gcc/regression/gcc-5-branch/12-gcc-gas/build/gcc/xgcc version 5.4.1 20160826 [gcc-5-branch revision 239764] (GCC)
=== gfortran tests ===
Running target unix
FAIL: gfortran.dg/coarray/event_1.f90 -fcoarray=lib -O2 -lcaf_single -latomic execution test
FAIL: gfortran.dg/coarray/event_2.f90 -fcoarray=lib -O2 -lcaf_single -latomic execution test
FAIL: gfortran.dg/c_ptr_tests.f03 -Os (test for excess errors)
WARNING: gfortran.dg/c_ptr_tests.f03 -Os compilation failed to produce executable
FAIL: gfortran.dg/c_ptr_tests_9.f03 -O1 (test for excess errors)
WARNING: gfortran.dg/c_ptr_tests_9.f03 -O1 compilation failed to produce executable
FAIL: gfortran.dg/char4_iunit_1.f03 -O1 (test for excess errors)
WARNING: gfortran.dg/char4_iunit_1.f03 -O1 compilation failed to produce executable
FAIL: gfortran.dg/derived_constructor_comps_6.f90 -O0 execution test
FAIL: gfortran.dg/derived_constructor_comps_6.f90 -O1 execution test
WARNING: program timed out.
WARNING: program timed out.
WARNING: program timed out.
=== gfortran Summary for unix ===
# of expected passes 49491
# of unexpected failures 7
# of expected failures 79
# of unsupported tests 217
Running target unix/-m64
FAIL: gfortran.dg/coarray/event_1.f90 -fcoarray=lib -O2 -lcaf_single -latomic execution test
=== gfortran Summary for unix/-m64 ===
# of expected passes 49787
# of unexpected failures 1
# of expected failures 79
# of unsupported tests 79
=== gfortran Summary ===
# of expected passes 99278
# of unexpected failures 8
# of expected failures 158
# of unsupported tests 296
/var/gcc/regression/gcc-5-branch/12-gcc-gas/build/gcc/testsuite/gfortran/../../gfortran version 5.4.1 20160826 [gcc-5-branch revision 239764] (GCC)
=== gnat tests ===
Running target unix
=== gnat Summary for unix ===
# of expected passes 1337
# of expected failures 20
# of unsupported tests 7
Running target unix/-m64
=== gnat Summary for unix/-m64 ===
# of expected passes 1337
# of expected failures 20
# of unsupported tests 7
=== gnat Summary ===
# of expected passes 2674
# of expected failures 40
# of unsupported tests 14
/var/gcc/regression/gcc-5-branch/12-gcc-gas/build/gcc/gnatmake version 5.4.1 20160826 [gcc-5-branch revision 239764]
=== go tests ===
Running target unix
=== go Summary for unix ===
# of expected passes 7363
# of expected failures 1
# of untested testcases 10
# of unsupported tests 2
Running target unix/-m64
=== go Summary for unix/-m64 ===
# of expected passes 7244
# of expected failures 1
# of untested testcases 10
# of unsupported tests 1
=== go Summary ===
# of expected passes 14607
# of expected failures 2
# of untested testcases 20
# of unsupported tests 3
=== obj-c++ tests ===
Running target unix
=== obj-c++ Summary for unix ===
# of expected passes 1453
# of expected failures 2
# of unsupported tests 86
Running target unix/-m64
=== obj-c++ Summary for unix/-m64 ===
# of expected passes 1445
# of expected failures 10
# of unsupported tests 86
=== obj-c++ Summary ===
# of expected passes 2898
# of expected failures 12
# of unsupported tests 172
/var/gcc/regression/gcc-5-branch/12-gcc-gas/build/gcc/testsuite/obj-c++/../../xg++ version 5.4.1 20160826 [gcc-5-branch revision 239764] (GCC)
=== objc tests ===
Running target unix
=== objc Summary for unix ===
# of expected passes 3010
# of expected failures 6
# of unsupported tests 74
Running target unix/-m64
=== objc Summary for unix/-m64 ===
# of expected passes 3010
# of expected failures 6
# of unsupported tests 74
=== objc Summary ===
# of expected passes 6020
# of expected failures 12
# of unsupported tests 148
/var/gcc/regression/gcc-5-branch/12-gcc-gas/build/gcc/xgcc version 5.4.1 20160826 [gcc-5-branch revision 239764] (GCC)
=== boehm-gc tests ===
Running target unix
=== boehm-gc Summary for unix ===
# of expected passes 12
# of unsupported tests 1
Running target unix/-m64
=== boehm-gc Summary for unix/-m64 ===
# of expected passes 12
# of unsupported tests 1
=== boehm-gc Summary ===
# of expected passes 24
# of unsupported tests 2
=== libatomic tests ===
Running target unix
=== libatomic Summary for unix ===
# of expected passes 44
# of unsupported tests 5
Running target unix/-m64
=== libatomic Summary for unix/-m64 ===
# of expected passes 54
=== libatomic Summary ===
# of expected passes 98
# of unsupported tests 5
=== libffi tests ===
Running target unix
=== libffi Summary for unix ===
# of expected passes 2799
Running target unix/-m64
=== libffi Summary for unix/-m64 ===
# of expected passes 2214
=== libffi Summary ===
# of expected passes 5013
=== libgo tests ===
Running target unix
=== libgo Summary for unix ===
# of expected passes 124
Running target unix/-m64
FAIL: runtime
=== libgo Summary for unix/-m64 ===
# of expected passes 123
# of unexpected failures 1
=== libgo Summary ===
# of expected passes 247
# of unexpected failures 1
/var/gcc/regression/gcc-5-branch/12-gcc-gas/build/./gcc/gccgo version 5.4.1 20160826 [gcc-5-branch revision 239764] (GCC)
=== libgomp tests ===
Running target unix
WARNING: program timed out.
FAIL: libgomp.oacc-fortran/abort-1.f90 -DACC_DEVICE_TYPE_host_nonshm=1 -DACC_MEM_SHARED=0 -O (test for excess errors)
WARNING: libgomp.oacc-fortran/abort-1.f90 -DACC_DEVICE_TYPE_host_nonshm=1 -DACC_MEM_SHARED=0 -O compilation failed to produce executable
=== libgomp Summary for unix ===
# of expected passes 5935
# of unexpected failures 1
# of unsupported tests 265
Running target unix/-m64
=== libgomp Summary for unix/-m64 ===
# of expected passes 5937
# of unsupported tests 265
=== libgomp Summary ===
# of expected passes 11872
# of unexpected failures 1
# of unsupported tests 530
=== libitm tests ===
Running target unix
=== libitm Summary for unix ===
# of expected passes 26
# of expected failures 3
# of unsupported tests 1
Running target unix/-m64
=== libitm Summary for unix/-m64 ===
# of expected passes 26
# of expected failures 3
# of unsupported tests 1
=== libitm Summary ===
# of expected passes 52
# of expected failures 6
# of unsupported tests 2
=== libjava tests ===
Running target unix
=== libjava Summary for unix ===
# of expected passes 2582
# of expected failures 4
Running target unix/-m64
=== libjava Summary for unix/-m64 ===
# of expected passes 2582
# of expected failures 4
=== libjava Summary ===
# of expected passes 5164
# of expected failures 8
=== libstdc++ tests ===
Running target unix
FAIL: 26_numerics/random/binomial_distribution/operators/values.cc (test for excess errors)
WARNING: 26_numerics/random/binomial_distribution/operators/values.cc compilation failed to produce executable
FAIL: 26_numerics/random/binomial_distribution/operators/values2.cc (test for excess errors)
WARNING: 26_numerics/random/binomial_distribution/operators/values2.cc compilation failed to produce executable
FAIL: 26_numerics/random/binomial_distribution/operators/values3.cc (test for excess errors)
WARNING: 26_numerics/random/binomial_distribution/operators/values3.cc compilation failed to produce executable
FAIL: 26_numerics/random/binomial_distribution/operators/values4.cc (test for excess errors)
WARNING: 26_numerics/random/binomial_distribution/operators/values4.cc compilation failed to produce executable
FAIL: 26_numerics/random/binomial_distribution/operators/values5.cc (test for excess errors)
WARNING: 26_numerics/random/binomial_distribution/operators/values5.cc compilation failed to produce executable
FAIL: 26_numerics/random/negative_binomial_distribution/operators/values.cc (test for excess errors)
WARNING: 26_numerics/random/negative_binomial_distribution/operators/values.cc compilation failed to produce executable
FAIL: 26_numerics/random/poisson_distribution/operators/values.cc (test for excess errors)
WARNING: 26_numerics/random/poisson_distribution/operators/values.cc compilation failed to produce executable
FAIL: experimental/filesystem/operations/copy.cc execution test
FAIL: experimental/filesystem/operations/copy_file.cc execution test
FAIL: ext/random/hypergeometric_distribution/operators/values.cc (test for excess errors)
WARNING: ext/random/hypergeometric_distribution/operators/values.cc compilation failed to produce executable
=== libstdc++ Summary for unix ===
# of expected passes 9567
# of unexpected failures 10
# of expected failures 66
# of unsupported tests 605
Running target unix/-m64
FAIL: 26_numerics/random/binomial_distribution/operators/values.cc (test for excess errors)
WARNING: 26_numerics/random/binomial_distribution/operators/values.cc compilation failed to produce executable
FAIL: 26_numerics/random/binomial_distribution/operators/values2.cc (test for excess errors)
WARNING: 26_numerics/random/binomial_distribution/operators/values2.cc compilation failed to produce executable
FAIL: 26_numerics/random/binomial_distribution/operators/values3.cc (test for excess errors)
WARNING: 26_numerics/random/binomial_distribution/operators/values3.cc compilation failed to produce executable
FAIL: 26_numerics/random/binomial_distribution/operators/values4.cc (test for excess errors)
WARNING: 26_numerics/random/binomial_distribution/operators/values4.cc compilation failed to produce executable
FAIL: 26_numerics/random/binomial_distribution/operators/values5.cc (test for excess errors)
WARNING: 26_numerics/random/binomial_distribution/operators/values5.cc compilation failed to produce executable
FAIL: 26_numerics/random/negative_binomial_distribution/operators/values.cc (test for excess errors)
WARNING: 26_numerics/random/negative_binomial_distribution/operators/values.cc compilation failed to produce executable
FAIL: 26_numerics/random/poisson_distribution/operators/values.cc (test for excess errors)
WARNING: 26_numerics/random/poisson_distribution/operators/values.cc compilation failed to produce executable
FAIL: experimental/filesystem/operations/copy.cc execution test
FAIL: experimental/filesystem/operations/copy_file.cc execution test
FAIL: ext/random/hypergeometric_distribution/operators/values.cc (test for excess errors)
WARNING: ext/random/hypergeometric_distribution/operators/values.cc compilation failed to produce executable
=== libstdc++ Summary for unix/-m64 ===
# of expected passes 9567
# of unexpected failures 10
# of expected failures 66
# of unsupported tests 605
=== libstdc++ Summary ===
# of expected passes 19134
# of unexpected failures 20
# of expected failures 132
# of unsupported tests 1210
Compiler version: 5.4.1 20160826 [gcc-5-branch revision 239764] (GCC)
Platform: i386-pc-solaris2.12
configure flags: --prefix=/vol/gcc --target=i386-pc-solaris2.12 --enable-objc-gc --with-as=/vol/gcc/bin/gas-2.27 --with-gnu-as --with-gmp-include=/vol/gcc/include --with-gmp-lib=/vol/gcc/lib --with-mpfr-include=/vol/gcc/include --with-mpfr-lib=/vol/gcc/lib --with-mpc-include=/vol/gcc/include --with-mpc-lib=/vol/gcc/lib --enable-languages=all,ada,obj-c++,go --with-isl-include=/vol/gcc/include --with-isl-lib=/vol/gcc/lib
BOOT_CFLAGS=-g -O2