This is the mail archive of the
gcc-testresults@gcc.gnu.org
mailing list for the GCC project.
Results for 7.0.0 20160822 (experimental) (GCC) testsuite on x86_64-pc-linux-gnu
- From: ataignu at gmail dot com
- To: gcc-testresults at gcc dot gnu dot org
- Date: Mon, 22 Aug 2016 03:57:09 -0700
- Subject: Results for 7.0.0 20160822 (experimental) (GCC) testsuite on x86_64-pc-linux-gnu
- Authentication-results: sourceware.org; auth=none
Native configuration is x86_64-pc-linux-gnu
=== gcc tests ===
Running target unix
UNRESOLVED: gcc.dg/tree-prof/20041218-1.c compilation, -fauto-profile
UNRESOLVED: gcc.dg/tree-prof/20041218-1.c execution, -fauto-profile
FAIL: gcc.dg/tree-prof/20041218-1.c execution, -g
UNRESOLVED: gcc.dg/tree-prof/bb-reorg.c compilation, -fauto-profile
UNRESOLVED: gcc.dg/tree-prof/bb-reorg.c execution, -fauto-profile
FAIL: gcc.dg/tree-prof/bb-reorg.c execution, -g
UNRESOLVED: gcc.dg/tree-prof/inliner-1.c compilation, -fauto-profile
UNRESOLVED: gcc.dg/tree-prof/inliner-1.c execution, -fauto-profile
FAIL: gcc.dg/tree-prof/inliner-1.c execution, -g
UNRESOLVED: gcc.dg/tree-prof/pr44777.c compilation, -fauto-profile
UNRESOLVED: gcc.dg/tree-prof/pr44777.c execution, -fauto-profile
FAIL: gcc.dg/tree-prof/pr44777.c execution, -g
UNRESOLVED: gcc.dg/tree-prof/cold_partition_label.c scan-tree-dump fab1 "vi0.*fwrite.*"hello".*1, 5, fp.*vi1"
UNRESOLVED: gcc.dg/tree-prof/cold_partition_label.c scan-tree-dump fab1 "vi1.*fwrite.*"hello\\\\\\\\n".*1, 6, fp.*vi2"
UNRESOLVED: gcc.dg/tree-prof/cold_partition_label.c scan-tree-dump fab1 "vi2.*fputc.*fp.*vi3"
UNRESOLVED: gcc.dg/tree-prof/cold_partition_label.c scan-tree-dump fab1 "vi3 ={v} 0[^()]*vi4 ={v} 0"
UNRESOLVED: gcc.dg/tree-prof/cold_partition_label.c scan-tree-dump fab1 "vi4.*__vfprintf_chk.*fp.*1.*"%s".*vi5"
UNRESOLVED: gcc.dg/tree-prof/cold_partition_label.c scan-tree-dump fab1 "vi5.*__vfprintf_chk.*fp.*1.*"%c".*vi6"
UNRESOLVED: gcc.dg/tree-prof/cold_partition_label.c scan-tree-dump fab1 "vi6.*__vfprintf_chk.*fp.*1.*"%s\\\\\\\\n".*vi7"
FAIL: gcc.dg/tree-ssa/pr69270-3.c scan-tree-dump-times uncprop1 ", 1" 4
FAIL: gcc.dg/tree-ssa/slsr-8.c scan-tree-dump-times optimized " w?\\\\* " 7
FAIL: c-c++-common/ubsan/float-cast-overflow-10.c -O2 output pattern test
FAIL: c-c++-common/ubsan/float-cast-overflow-10.c -O2 -flto -fno-use-linker-plugin -flto-partition=none output pattern test
FAIL: c-c++-common/ubsan/float-cast-overflow-10.c -O2 -flto -fuse-linker-plugin -fno-fat-lto-objects output pattern test
FAIL: c-c++-common/ubsan/float-cast-overflow-2.c -O0 output pattern test
FAIL: c-c++-common/ubsan/float-cast-overflow-2.c -O1 output pattern test
FAIL: c-c++-common/ubsan/float-cast-overflow-2.c -O2 output pattern test
FAIL: c-c++-common/ubsan/float-cast-overflow-2.c -O2 -flto -fno-use-linker-plugin -flto-partition=none output pattern test
FAIL: c-c++-common/ubsan/float-cast-overflow-2.c -O2 -flto -fuse-linker-plugin -fno-fat-lto-objects output pattern test
FAIL: c-c++-common/ubsan/float-cast-overflow-2.c -O3 -g output pattern test
FAIL: c-c++-common/ubsan/float-cast-overflow-2.c -Os output pattern test
FAIL: c-c++-common/ubsan/float-cast-overflow-8.c -O2 output pattern test
FAIL: c-c++-common/ubsan/float-cast-overflow-8.c -O2 -flto -fno-use-linker-plugin -flto-partition=none output pattern test
FAIL: c-c++-common/ubsan/float-cast-overflow-8.c -O2 -flto -fuse-linker-plugin -fno-fat-lto-objects output pattern test
FAIL: c-c++-common/ubsan/overflow-mul-4.c -O0 output pattern test
FAIL: c-c++-common/ubsan/overflow-mul-4.c -O1 output pattern test
FAIL: c-c++-common/ubsan/overflow-mul-4.c -O2 output pattern test
FAIL: c-c++-common/ubsan/overflow-mul-4.c -O2 -flto -fno-use-linker-plugin -flto-partition=none output pattern test
FAIL: c-c++-common/ubsan/overflow-mul-4.c -O2 -flto -fuse-linker-plugin -fno-fat-lto-objects output pattern test
FAIL: c-c++-common/ubsan/overflow-mul-4.c -O3 -fomit-frame-pointer -funroll-loops -fpeel-loops -ftracer -finline-functions output pattern test
FAIL: c-c++-common/ubsan/overflow-mul-4.c -O3 -g output pattern test
=== gcc Summary ===
# of expected passes 121135
# of unexpected failures 26
# of expected failures 323
# of unresolved testcases 15
# of unsupported tests 1923
/hdd/share/software/gcc/build/gcc/xgcc version 7.0.0 20160822 (experimental) (GCC)
=== g++ tests ===
Running target unix
UNRESOLVED: g++.dg/bprob/g++-bprob-2.C scan-assembler .ascii bar
UNRESOLVED: g++.dg/bprob/g++-bprob-2.C scan-assembler .ascii foo
XPASS: g++.dg/tls/thread_local-order2.C -std=c++11 execution test
XPASS: g++.dg/tls/thread_local-order2.C -std=c++14 execution test
FAIL: c-c++-common/ubsan/float-cast-overflow-10.c -O2 output pattern test
FAIL: c-c++-common/ubsan/float-cast-overflow-10.c -O2 -flto -fno-use-linker-plugin -flto-partition=none output pattern test
FAIL: c-c++-common/ubsan/float-cast-overflow-10.c -O2 -flto -fuse-linker-plugin -fno-fat-lto-objects output pattern test
FAIL: c-c++-common/ubsan/float-cast-overflow-2.c -O0 output pattern test
FAIL: c-c++-common/ubsan/float-cast-overflow-2.c -O1 output pattern test
FAIL: c-c++-common/ubsan/float-cast-overflow-2.c -O2 output pattern test
FAIL: c-c++-common/ubsan/float-cast-overflow-2.c -O2 -flto -fno-use-linker-plugin -flto-partition=none output pattern test
FAIL: c-c++-common/ubsan/float-cast-overflow-2.c -O2 -flto -fuse-linker-plugin -fno-fat-lto-objects output pattern test
FAIL: c-c++-common/ubsan/float-cast-overflow-2.c -O3 -g output pattern test
FAIL: c-c++-common/ubsan/float-cast-overflow-2.c -Os output pattern test
FAIL: c-c++-common/ubsan/float-cast-overflow-8.c -O2 output pattern test
FAIL: c-c++-common/ubsan/float-cast-overflow-8.c -O2 -flto -fuse-linker-plugin -fno-fat-lto-objects output pattern test
FAIL: c-c++-common/ubsan/overflow-mul-4.c -O0 output pattern test
FAIL: c-c++-common/ubsan/overflow-mul-4.c -O1 output pattern test
FAIL: c-c++-common/ubsan/overflow-mul-4.c -O2 output pattern test
FAIL: c-c++-common/ubsan/overflow-mul-4.c -O2 -flto -fno-use-linker-plugin -flto-partition=none output pattern test
FAIL: c-c++-common/ubsan/overflow-mul-4.c -O2 -flto -fuse-linker-plugin -fno-fat-lto-objects output pattern test
FAIL: c-c++-common/ubsan/overflow-mul-4.c -O3 -fomit-frame-pointer -funroll-loops -fpeel-loops -ftracer -finline-functions output pattern test
FAIL: c-c++-common/ubsan/overflow-mul-4.c -O3 -g output pattern test
FAIL: c-c++-common/ubsan/overflow-mul-4.c -Os output pattern test
=== g++ Summary ===
# of expected passes 107878
# of unexpected failures 20
# of unexpected successes 2
# of expected failures 324
# of unresolved testcases 2
# of unsupported tests 3915
/hdd/share/software/gcc/build/gcc/testsuite/g++/../../xg++ version 7.0.0 20160822 (experimental) (GCC)
=== libatomic tests ===
Running target unix
=== libatomic Summary ===
# of expected passes 54
=== libgomp tests ===
Running target unix
=== libgomp Summary ===
# of expected passes 1704
# of unsupported tests 203
=== libitm tests ===
Running target unix
=== libitm Summary ===
# of expected passes 42
# of expected failures 3
# of unsupported tests 1
=== libstdc++ tests ===
Running target unix
FAIL: 22_locale/time_get/get_date/wchar_t/4.cc execution test
=== libstdc++ Summary ===
# of expected passes 11009
# of unexpected failures 1
# of expected failures 65
# of unsupported tests 550
Compiler version: 7.0.0 20160822 (experimental) (GCC)
Platform: x86_64-pc-linux-gnu
configure flags: --prefix=/share/software/gcc/build/../installed --enable-languages=c,c++ --disable-multilib