This is the mail archive of the
gcc-testresults@gcc.gnu.org
mailing list for the GCC project.
Results for 7.0.0 20160808 (experimental) [trunk revision 239239] (GCC) testsuite on powerpc64le-unknown-linux-gnu
- From: "Bill Seurer (POWER8)" <seurer at linux dot vnet dot ibm dot com>
- To: gcc-testresults at gcc dot gnu dot org
- Date: Mon, 8 Aug 2016 08:29:34 -0500
- Subject: Results for 7.0.0 20160808 (experimental) [trunk revision 239239] (GCC) testsuite on powerpc64le-unknown-linux-gnu
- Authentication-results: sourceware.org; auth=none
Linux 3.13.0-35-generic ppc64le
GNU C Library (Ubuntu EGLIBC 2.19-0ubuntu6.6) stable release version 2.19
GNU ld (GNU Binutils) 2.26.20160125
GNU assembler (GNU Binutils) 2.26.20160125
GNU Make 3.81
DejaGnu:
Expect version is 5.45
Tcl version is 8.6
Framework version is 1.5
64-bit
LAST_UPDATED: Mon Aug 8 11:30:38 UTC 2016 (revision 239239)
Native configuration is powerpc64le-unknown-linux-gnu
=== gcc tests ===
Running target unix
FAIL: gcc.dg/loop-8.c scan-rtl-dump-times loop2_invariant "Decided" 1
FAIL: gcc.dg/pr59833.c execution test
FAIL: gcc.dg/sms-4.c scan-rtl-dump-times sms "SMS succeeded" 1
FAIL: gcc.dg/ipa/iinline-attr.c scan-ipa-dump inline "hooray[^\\\\n]*inline copy in test"
FAIL: gcc.dg/simulate-thread/atomic-other-short.c -O0 -g thread simulation test
FAIL: gcc.dg/simulate-thread/atomic-other-short.c -O2 -g thread simulation test
FAIL: gcc.dg/simulate-thread/atomic-other-short.c -O3 -g thread simulation test
FAIL: gcc.dg/tree-ssa/ivopts-lt-2.c scan-tree-dump-times ivopts "PHI <p_" 1
FAIL: gcc.dg/tree-ssa/ivopts-lt-2.c scan-tree-dump-times ivopts "PHI" 1
FAIL: gcc.dg/tree-ssa/ivopts-lt-2.c scan-tree-dump-times ivopts "p_[0-9]* <" 1
FAIL: gcc.dg/tree-ssa/pr69270-3.c scan-tree-dump-times uncprop1 ", 1" 4
FAIL: gcc.dg/tree-ssa/scev-3.c scan-tree-dump-times optimized "&a" 1
FAIL: gcc.dg/tree-ssa/scev-4.c scan-tree-dump-times optimized "&a" 1
FAIL: gcc.dg/tree-ssa/scev-5.c scan-tree-dump-times optimized "&a" 1
FAIL: gcc.dg/tree-ssa/slsr-8.c scan-tree-dump-times optimized " w?\\\\* " 7
XPASS: gcc.dg/tree-ssa/ssa-dom-cse-2.c scan-tree-dump optimized "return 28;"
FAIL: gcc.dg/vect/costmodel/ppc/costmodel-vect-33.c scan-tree-dump-times vect "vectorization not profitable" 1
XPASS: gcc.dg/vect/vect-24.c -flto -ffat-lto-objects scan-tree-dump-times vect "vectorized 3 loops" 1
XPASS: gcc.dg/vect/vect-24.c scan-tree-dump-times vect "vectorized 3 loops" 1
FAIL: gcc.target/powerpc/bool3-p7.c scan-assembler-not [ \\t]xxlnor
FAIL: gcc.target/powerpc/bool3-p8.c scan-assembler-not [ \\t]xxlnor
FAIL: gcc.target/powerpc/p9-dimode1.c scan-assembler-not ld
FAIL: gcc.target/powerpc/p9-dimode2.c scan-assembler-not ld
=== gcc Summary ===
# of expected passes 97942
# of unexpected failures 20
# of unexpected successes 3
# of expected failures 320
# of unsupported tests 1696
/home/gccbuild/build/nightly/build-gcc-trunk/gcc/xgcc version 7.0.0 20160808 (experimental) [trunk revision 239239] (GCC)
=== gfortran tests ===
Running target unix
FAIL: gfortran.dg/ieee/large_2.f90 -O0 execution test
FAIL: gfortran.dg/ieee/large_2.f90 -O1 execution test
FAIL: gfortran.dg/ieee/large_2.f90 -O2 execution test
FAIL: gfortran.dg/ieee/large_2.f90 -O3 -fomit-frame-pointer -funroll-loops -fpeel-loops -ftracer -finline-functions execution test
FAIL: gfortran.dg/ieee/large_2.f90 -O3 -g execution test
FAIL: gfortran.dg/ieee/large_2.f90 -Os execution test
=== gfortran Summary ===
# of expected passes 42627
# of unexpected failures 6
# of expected failures 86
# of unsupported tests 82
/home/gccbuild/build/nightly/build-gcc-trunk/gcc/testsuite/gfortran/../../gfortran version 7.0.0 20160808 (experimental) [trunk revision 239239] (GCC)
=== g++ tests ===
Running target unix
FAIL: g++.dg/cpp1y/vla-initlist1.C -std=gnu++11 execution test
FAIL: g++.dg/cpp1y/vla-initlist1.C -std=gnu++14 execution test
XPASS: g++.dg/tls/thread_local-order2.C -std=c++11 execution test
XPASS: g++.dg/tls/thread_local-order2.C -std=c++14 execution test
=== g++ Summary ===
# of expected passes 98097
# of unexpected failures 2
# of unexpected successes 2
# of expected failures 315
# of unsupported tests 3841
/home/gccbuild/build/nightly/build-gcc-trunk/gcc/testsuite/g++/../../xg++ version 7.0.0 20160808 (experimental) [trunk revision 239239] (GCC)
=== go tests ===
Running target unix
FAIL: go.test/test/ken/cplx2.go execution, -O2 -g
=== go Summary ===
# of expected passes 7250
# of unexpected failures 1
# of expected failures 1
# of untested testcases 7
# of unsupported tests 3
/home/gccbuild/build/nightly/build-gcc-trunk/gcc/testsuite/go/../../gccgo version 7.0.0 20160808 (experimental) [trunk revision 239239] (GCC)
=== obj-c++ tests ===
Running target unix
=== obj-c++ Summary ===
# of expected passes 1446
# of expected failures 10
# of unsupported tests 77
/home/gccbuild/build/nightly/build-gcc-trunk/gcc/testsuite/obj-c++/../../xg++ version 7.0.0 20160808 (experimental) [trunk revision 239239] (GCC)
=== objc tests ===
Running target unix
=== objc Summary ===
# of expected passes 2789
# of unsupported tests 68
/home/gccbuild/build/nightly/build-gcc-trunk/gcc/xgcc version 7.0.0 20160808 (experimental) [trunk revision 239239] (GCC)
=== boehm-gc tests ===
Running target unix
=== boehm-gc Summary ===
# of expected passes 12
# of unsupported tests 1
=== libatomic tests ===
Running target unix
=== libatomic Summary ===
# of expected passes 54
=== libffi tests ===
Running target unix
=== libffi Summary ===
# of expected passes 1934
# of unsupported tests 28
=== libgo tests ===
Running target unix
FAIL: bufio
FAIL: bytes
FAIL: context
FAIL: errors
FAIL: expvar
FAIL: flag
FAIL: fmt
FAIL: html
FAIL: image
FAIL: io
FAIL: log
FAIL: math
FAIL: mime
FAIL: net
FAIL: os
FAIL: path
FAIL: reflect
FAIL: regexp
FAIL: runtime
FAIL: sort
FAIL: strconv
FAIL: strings
FAIL: sync
FAIL: syscall
FAIL: time
FAIL: unicode
FAIL: archive/tar
FAIL: archive/zip
FAIL: compress/bzip2
FAIL: compress/flate
FAIL: compress/gzip
FAIL: compress/lzw
FAIL: compress/zlib
FAIL: container/heap
FAIL: container/list
FAIL: container/ring
FAIL: crypto/aes
FAIL: crypto/cipher
FAIL: crypto/des
FAIL: crypto/dsa
FAIL: crypto/ecdsa
FAIL: crypto/elliptic
FAIL: crypto/hmac
FAIL: crypto/md5
FAIL: crypto/rand
FAIL: crypto/rc4
FAIL: crypto/rsa
FAIL: crypto/sha1
FAIL: crypto/sha256
FAIL: crypto/sha512
FAIL: crypto/subtle
FAIL: crypto/tls
FAIL: crypto/x509
FAIL: database/sql
FAIL: database/sql/driver
FAIL: debug/dwarf
FAIL: debug/elf
FAIL: debug/macho
FAIL: debug/pe
FAIL: debug/plan9obj
FAIL: encoding/ascii85
FAIL: encoding/asn1
FAIL: encoding/base32
FAIL: encoding/base64
FAIL: encoding/binary
FAIL: encoding/csv
FAIL: encoding/gob
FAIL: encoding/hex
FAIL: encoding/json
FAIL: encoding/pem
FAIL: encoding/xml
FAIL: exp/proxy
FAIL: exp/terminal
FAIL: html/template
FAIL: go/ast
FAIL: go/build
FAIL: go/constant
FAIL: go/doc
FAIL: go/format
FAIL: go/internal/gcimporter
FAIL: go/internal/gccgoimporter
FAIL: go/parser
FAIL: go/printer
FAIL: go/scanner
FAIL: go/token
FAIL: go/types
FAIL: golang_org/x/net/http2/hpack
FAIL: golang_org/x/net/lex/httplex
FAIL: hash/adler32
FAIL: hash/crc32
FAIL: hash/crc64
FAIL: hash/fnv
FAIL: image/color
FAIL: image/draw
FAIL: image/jpeg
FAIL: image/png
FAIL: index/suffixarray
FAIL: internal/singleflight
FAIL: internal/trace
FAIL: io/ioutil
FAIL: log/syslog
FAIL: math/big
FAIL: math/cmplx
FAIL: math/rand
FAIL: mime/multipart
FAIL: mime/quotedprintable
FAIL: net/http
FAIL: net/http/cgi
FAIL: net/http/cookiejar
FAIL: net/http/fcgi
FAIL: net/http/httptest
FAIL: net/http/httptrace
FAIL: net/http/httputil
FAIL: net/http/internal
FAIL: net/internal/socktest
FAIL: net/mail
FAIL: net/rpc
FAIL: net/smtp
FAIL: net/textproto
FAIL: net/url
FAIL: net/rpc/jsonrpc
FAIL: old/regexp
FAIL: old/template
FAIL: os/exec
FAIL: os/signal
FAIL: os/user
FAIL: path/filepath
FAIL: regexp/syntax
FAIL: runtime/pprof
FAIL: sync/atomic
FAIL: text/scanner
FAIL: text/tabwriter
FAIL: text/template
FAIL: text/template/parse
FAIL: testing/quick
FAIL: unicode/utf16
FAIL: unicode/utf8
=== libgo Summary ===
# of unexpected failures 137
/home/gccbuild/build/nightly/build-gcc-trunk/./gcc/gccgo version 7.0.0 20160808 (experimental) [trunk revision 239239] (GCC)
=== libgomp tests ===
Running target unix
FAIL: libgomp.fortran/simd3.f90 -O3 -fomit-frame-pointer -funroll-loops -fpeel-loops -ftracer -finline-functions execution test
FAIL: libgomp.fortran/simd3.f90 -O3 -g execution test
FAIL: libgomp.fortran/simd4.f90 -O3 -fomit-frame-pointer -funroll-loops -fpeel-loops -ftracer -finline-functions execution test
FAIL: libgomp.fortran/simd4.f90 -O3 -g execution test
=== libgomp Summary ===
# of expected passes 4900
# of unexpected failures 4
# of unsupported tests 380
=== libitm tests ===
Running target unix
=== libitm Summary ===
# of expected passes 42
# of expected failures 3
# of unsupported tests 1
=== libjava tests ===
Running target unix
=== libjava Summary ===
# of expected passes 2614
# of expected failures 4
=== libstdc++ tests ===
Running target unix
=== libstdc++ Summary ===
# of expected passes 11245
# of expected failures 66
# of unsupported tests 382
Compiler version: 7.0.0 20160808 (experimental) [trunk revision 239239] (GCC)
Platform: powerpc64le-unknown-linux-gnu
configure flags: --prefix=/opt/gcc-nightly/trunk --with-as=/home/gccbuild/binutils/install/binutils-2.26/bin/as --with-ld=/home/gccbuild/binutils/install/binutils-2.26/bin/ld --enable-languages=c,c++,fortran,objc,obj-c++,java,go --disable-multilib --disable-libsanitizer --with-cpu=power8 --enable-lto --enable-decimal-float --with-long-double-128
fail XPASS: gcc.test-framework/dg-bogus-exp-XF.c (test for excess errors)
fail FAIL: gcc.test-framework/dg-do-assemble-exp-P.c (test for excess errors) (PRMS 42)
fail FAIL: gcc.test-framework/dg-do-compile-exp-P.c (test for excess errors) (PRMS 42)
fail FAIL: gcc.test-framework/dg-do-link-exp-P.c (test for excess errors) (PRMS 42)
fail FAIL: gcc.test-framework/dg-do-run-exp-P.c (test for excess errors) (PRMS 42)
fail FAIL: gcc.test-framework/dg-dot-run-exp-P.c (test for excess errors) (PRMS 42)
fail FAIL: gcc.test-framework/dg-dox-run-exp-XF.c (test for excess errors) (PRMS 42)
fail FAIL: gcc.test-framework/dg-output-exp-P.c (test for excess errors) (PRMS 42)
fail FAIL: gcc.test-framework/dg-output-exp-XF.c (test for excess errors) (PRMS 42)
fail FAIL: gcc.test-framework/dg-warning-exp-P.c warning test (test for warnings, line 9) (PRMS 42)
=== Test Framework Summary ===
# of expected passes 2524
# of unexpected failures 10