This is the mail archive of the
gcc-testresults@gcc.gnu.org
mailing list for the GCC project.
Results for 7.0.0 20160726 (experimental) (GCC) testsuite on x86_64-pc-linux-gnu
- From: ataignu at gmail dot com
- To: gcc-testresults at gcc dot gnu dot org
- Date: Tue, 26 Jul 2016 03:56:25 -0700
- Subject: Results for 7.0.0 20160726 (experimental) (GCC) testsuite on x86_64-pc-linux-gnu
- Authentication-results: sourceware.org; auth=none
Native configuration is x86_64-pc-linux-gnu
=== gcc tests ===
Running target unix
ERROR: gcc.dg/atomic/pr71675.c -O0 : syntax error in target selector "target c11" for " dg-do 3 compile { target c11 } "
UNRESOLVED: gcc.dg/atomic/pr71675.c -O0 : syntax error in target selector "target c11" for " dg-do 3 compile { target c11 } "
ERROR: gcc.dg/atomic/pr71675.c -O1 : syntax error in target selector "target c11" for " dg-do 3 compile { target c11 } "
UNRESOLVED: gcc.dg/atomic/pr71675.c -O1 : syntax error in target selector "target c11" for " dg-do 3 compile { target c11 } "
ERROR: gcc.dg/atomic/pr71675.c -O2 -flto -fno-use-linker-plugin -flto-partition=none : syntax error in target selector "target c11" for " dg-do 3 compile { target c11 } "
UNRESOLVED: gcc.dg/atomic/pr71675.c -O2 -flto -fno-use-linker-plugin -flto-partition=none : syntax error in target selector "target c11" for " dg-do 3 compile { target c11 } "
ERROR: gcc.dg/atomic/pr71675.c -O2 -flto -fuse-linker-plugin -fno-fat-lto-objects : syntax error in target selector "target c11" for " dg-do 3 compile { target c11 } "
UNRESOLVED: gcc.dg/atomic/pr71675.c -O2 -flto -fuse-linker-plugin -fno-fat-lto-objects : syntax error in target selector "target c11" for " dg-do 3 compile { target c11 } "
ERROR: gcc.dg/atomic/pr71675.c -O2 : syntax error in target selector "target c11" for " dg-do 3 compile { target c11 } "
UNRESOLVED: gcc.dg/atomic/pr71675.c -O2 : syntax error in target selector "target c11" for " dg-do 3 compile { target c11 } "
ERROR: gcc.dg/atomic/pr71675.c -O3 -fomit-frame-pointer -funroll-loops -fpeel-loops -ftracer -finline-functions : syntax error in target selector "target c11" for " dg-do 3 compile { target c11 } "
UNRESOLVED: gcc.dg/atomic/pr71675.c -O3 -fomit-frame-pointer -funroll-loops -fpeel-loops -ftracer -finline-functions : syntax error in target selector "target c11" for " dg-do 3 compile { target c11 } "
ERROR: gcc.dg/atomic/pr71675.c -O3 -g : syntax error in target selector "target c11" for " dg-do 3 compile { target c11 } "
UNRESOLVED: gcc.dg/atomic/pr71675.c -O3 -g : syntax error in target selector "target c11" for " dg-do 3 compile { target c11 } "
ERROR: gcc.dg/atomic/pr71675.c -Os : syntax error in target selector "target c11" for " dg-do 3 compile { target c11 } "
UNRESOLVED: gcc.dg/atomic/pr71675.c -Os : syntax error in target selector "target c11" for " dg-do 3 compile { target c11 } "
UNRESOLVED: gcc.dg/tree-prof/20050826-2.c compilation, -fauto-profile
UNRESOLVED: gcc.dg/tree-prof/20050826-2.c execution, -fauto-profile
FAIL: gcc.dg/tree-prof/20050826-2.c execution, -g
UNRESOLVED: gcc.dg/tree-prof/pr44777.c compilation, -fauto-profile
UNRESOLVED: gcc.dg/tree-prof/pr44777.c execution, -fauto-profile
FAIL: gcc.dg/tree-prof/pr44777.c execution, -g
UNRESOLVED: gcc.dg/tree-prof/ic-misattribution-1.c scan-tree-dump-times ifcvt "Use predicate of bb" 4
FAIL: gcc.dg/tree-ssa/ivopt_mult_4.c scan-tree-dump-times ivopts "Replacing" 0
FAIL: gcc.dg/tree-ssa/slsr-8.c scan-tree-dump-times optimized " w?\\\\* " 7
FAIL: c-c++-common/ubsan/float-cast-overflow-10.c -O2 output pattern test
FAIL: c-c++-common/ubsan/float-cast-overflow-10.c -O2 -flto -fno-use-linker-plugin -flto-partition=none output pattern test
FAIL: c-c++-common/ubsan/float-cast-overflow-10.c -O2 -flto -fuse-linker-plugin -fno-fat-lto-objects output pattern test
FAIL: c-c++-common/ubsan/float-cast-overflow-2.c -O0 output pattern test
FAIL: c-c++-common/ubsan/float-cast-overflow-2.c -O1 output pattern test
FAIL: c-c++-common/ubsan/float-cast-overflow-2.c -O2 output pattern test
FAIL: c-c++-common/ubsan/float-cast-overflow-2.c -O2 -flto -fno-use-linker-plugin -flto-partition=none output pattern test
FAIL: c-c++-common/ubsan/float-cast-overflow-2.c -O2 -flto -fuse-linker-plugin -fno-fat-lto-objects output pattern test
FAIL: c-c++-common/ubsan/float-cast-overflow-2.c -O3 -g output pattern test
FAIL: c-c++-common/ubsan/float-cast-overflow-2.c -Os output pattern test
FAIL: c-c++-common/ubsan/float-cast-overflow-8.c -O2 output pattern test
FAIL: c-c++-common/ubsan/float-cast-overflow-8.c -O2 -flto -fno-use-linker-plugin -flto-partition=none output pattern test
FAIL: c-c++-common/ubsan/float-cast-overflow-8.c -O2 -flto -fuse-linker-plugin -fno-fat-lto-objects output pattern test
FAIL: c-c++-common/ubsan/overflow-mul-4.c -O0 output pattern test
FAIL: c-c++-common/ubsan/overflow-mul-4.c -O1 output pattern test
FAIL: c-c++-common/ubsan/overflow-mul-4.c -O2 output pattern test
FAIL: c-c++-common/ubsan/overflow-mul-4.c -O2 -flto -fno-use-linker-plugin -flto-partition=none output pattern test
FAIL: c-c++-common/ubsan/overflow-mul-4.c -O2 -flto -fuse-linker-plugin -fno-fat-lto-objects output pattern test
FAIL: c-c++-common/ubsan/overflow-mul-4.c -O3 -fomit-frame-pointer -funroll-loops -fpeel-loops -ftracer -finline-functions output pattern test
FAIL: c-c++-common/ubsan/overflow-mul-4.c -O3 -g output pattern test
FAIL: c-c++-common/ubsan/overflow-mul-4.c -Os output pattern test
FAIL: gcc.dg/vect/costmodel/x86_64/costmodel-pr68961.c scan-tree-dump-times slp2 "vectorization is not profitable" 1
FAIL: gcc.target/i386/avx512f-vprord-1.c scan-assembler-times vprord[ \\\\t]+[^{\\n]*%zmm[0-9]+(?:\\n|[ \\\\t]+#) 1
FAIL: gcc.target/i386/avx512f-vprord-1.c scan-assembler-times vprord[ \\\\t]+[^{\\n]*%zmm[0-9]+{%k[1-7]}(?:\\n|[ \\\\t]+#) 1
FAIL: gcc.target/i386/avx512f-vprord-1.c scan-assembler-times vprord[ \\\\t]+[^{\\n]*%zmm[0-9]+{%k[1-7]}{z}(?:\\n|[ \\\\t]+#) 1
FAIL: gcc.target/i386/mpx/va-arg-pack-2-lbv.c -O2 -flto -fno-use-linker-plugin -flto-partition=none execution test
FAIL: gcc.target/i386/mpx/va-arg-pack-2-lbv.c -O2 -flto -fuse-linker-plugin -fno-fat-lto-objects execution test
FAIL: gcc.target/i386/mpx/va-arg-pack-2-ubv.c -O2 -flto -fno-use-linker-plugin -flto-partition=none execution test
FAIL: gcc.target/i386/mpx/va-arg-pack-2-ubv.c -O2 -flto -fuse-linker-plugin -fno-fat-lto-objects execution test
FAIL: gcc.target/i386/mpx/vararg-1-lbv.c -O2 -flto -fno-use-linker-plugin -flto-partition=none execution test
FAIL: gcc.target/i386/mpx/vararg-1-lbv.c -O2 -flto -fuse-linker-plugin -fno-fat-lto-objects execution test
FAIL: gcc.target/i386/mpx/vararg-1-ubv.c -O2 -flto -fno-use-linker-plugin -flto-partition=none execution test
FAIL: gcc.target/i386/mpx/vararg-1-ubv.c -O2 -flto -fuse-linker-plugin -fno-fat-lto-objects execution test
FAIL: gcc.target/i386/mpx/vararg-2-lbv.c -O2 -flto -fno-use-linker-plugin -flto-partition=none execution test
FAIL: gcc.target/i386/mpx/vararg-2-lbv.c -O2 -flto -fuse-linker-plugin -fno-fat-lto-objects execution test
FAIL: gcc.target/i386/mpx/vararg-2-ubv.c -O2 -flto -fno-use-linker-plugin -flto-partition=none execution test
FAIL: gcc.target/i386/mpx/vararg-2-ubv.c -O2 -flto -fuse-linker-plugin -fno-fat-lto-objects execution test
FAIL: gcc.target/i386/mpx/vararg-3-lbv.c -O2 -flto -fno-use-linker-plugin -flto-partition=none execution test
FAIL: gcc.target/i386/mpx/vararg-3-lbv.c -O2 -flto -fuse-linker-plugin -fno-fat-lto-objects execution test
FAIL: gcc.target/i386/mpx/vararg-3-ubv.c -O2 -flto -fno-use-linker-plugin -flto-partition=none execution test
FAIL: gcc.target/i386/mpx/vararg-3-ubv.c -O2 -flto -fuse-linker-plugin -fno-fat-lto-objects execution test
FAIL: gcc.target/i386/mpx/vararg-4-lbv.c -O2 -flto -fno-use-linker-plugin -flto-partition=none execution test
FAIL: gcc.target/i386/mpx/vararg-4-lbv.c -O2 -flto -fuse-linker-plugin -fno-fat-lto-objects execution test
FAIL: gcc.target/i386/mpx/vararg-4-ubv.c -O2 -flto -fno-use-linker-plugin -flto-partition=none execution test
FAIL: gcc.target/i386/mpx/vararg-4-ubv.c -O2 -flto -fuse-linker-plugin -fno-fat-lto-objects execution test
FAIL: gcc.target/i386/mpx/vararg-5-lbv.c -O2 -flto -fno-use-linker-plugin -flto-partition=none execution test
FAIL: gcc.target/i386/mpx/vararg-5-lbv.c -O2 -flto -fuse-linker-plugin -fno-fat-lto-objects execution test
FAIL: gcc.target/i386/mpx/vararg-5-ubv.c -O2 -flto -fno-use-linker-plugin -flto-partition=none execution test
FAIL: gcc.target/i386/mpx/vararg-5-ubv.c -O2 -flto -fuse-linker-plugin -fno-fat-lto-objects execution test
FAIL: gcc.target/i386/mpx/vararg-6-lbv.c -O2 -flto -fno-use-linker-plugin -flto-partition=none execution test
FAIL: gcc.target/i386/mpx/vararg-6-lbv.c -O2 -flto -fuse-linker-plugin -fno-fat-lto-objects execution test
FAIL: gcc.target/i386/mpx/vararg-6-ubv.c -O2 -flto -fno-use-linker-plugin -flto-partition=none execution test
FAIL: gcc.target/i386/mpx/vararg-6-ubv.c -O2 -flto -fuse-linker-plugin -fno-fat-lto-objects execution test
FAIL: gcc.target/i386/mpx/vararg-7-lbv.c -O2 -flto -fno-use-linker-plugin -flto-partition=none execution test
FAIL: gcc.target/i386/mpx/vararg-7-lbv.c -O2 -flto -fuse-linker-plugin -fno-fat-lto-objects execution test
FAIL: gcc.target/i386/mpx/vararg-7-ubv.c -O2 -flto -fno-use-linker-plugin -flto-partition=none execution test
FAIL: gcc.target/i386/mpx/vararg-7-ubv.c -O2 -flto -fuse-linker-plugin -fno-fat-lto-objects execution test
FAIL: gcc.target/i386/mpx/vararg-8-lbv.c -O2 -flto -fno-use-linker-plugin -flto-partition=none execution test
FAIL: gcc.target/i386/mpx/vararg-8-lbv.c -O2 -flto -fuse-linker-plugin -fno-fat-lto-objects execution test
FAIL: gcc.target/i386/mpx/vararg-8-ubv.c -O2 -flto -fno-use-linker-plugin -flto-partition=none execution test
FAIL: gcc.target/i386/mpx/vararg-8-ubv.c -O2 -flto -fuse-linker-plugin -fno-fat-lto-objects execution test
=== gcc Summary ===
# of expected passes 119945
# of unexpected failures 65
# of expected failures 317
# of unresolved testcases 13
# of unsupported tests 1835
/hdd/share/software/gcc/build/gcc/xgcc version 7.0.0 20160726 (experimental) (GCC)
=== g++ tests ===
Running target unix
UNRESOLVED: g++.dg/bprob/g++-bprob-2.C scan-assembler .ascii bar
UNRESOLVED: g++.dg/bprob/g++-bprob-2.C scan-assembler .ascii foo
XPASS: g++.dg/tls/thread_local-order2.C -std=c++11 execution test
XPASS: g++.dg/tls/thread_local-order2.C -std=c++14 execution test
FAIL: c-c++-common/ubsan/float-cast-overflow-10.c -O2 output pattern test
FAIL: c-c++-common/ubsan/float-cast-overflow-10.c -O2 -flto -fno-use-linker-plugin -flto-partition=none output pattern test
FAIL: c-c++-common/ubsan/float-cast-overflow-10.c -O2 -flto -fuse-linker-plugin -fno-fat-lto-objects output pattern test
FAIL: c-c++-common/ubsan/float-cast-overflow-2.c -O0 output pattern test
FAIL: c-c++-common/ubsan/float-cast-overflow-2.c -O1 output pattern test
FAIL: c-c++-common/ubsan/float-cast-overflow-2.c -O2 output pattern test
FAIL: c-c++-common/ubsan/float-cast-overflow-2.c -O2 -flto -fno-use-linker-plugin -flto-partition=none output pattern test
FAIL: c-c++-common/ubsan/float-cast-overflow-2.c -O2 -flto -fuse-linker-plugin -fno-fat-lto-objects output pattern test
FAIL: c-c++-common/ubsan/float-cast-overflow-2.c -O3 -g output pattern test
FAIL: c-c++-common/ubsan/float-cast-overflow-2.c -Os output pattern test
FAIL: c-c++-common/ubsan/float-cast-overflow-8.c -O2 output pattern test
FAIL: c-c++-common/ubsan/float-cast-overflow-8.c -O2 -flto -fno-use-linker-plugin -flto-partition=none output pattern test
FAIL: c-c++-common/ubsan/float-cast-overflow-8.c -O2 -flto -fuse-linker-plugin -fno-fat-lto-objects output pattern test
FAIL: c-c++-common/ubsan/overflow-mul-4.c -O0 output pattern test
FAIL: c-c++-common/ubsan/overflow-mul-4.c -O1 output pattern test
FAIL: c-c++-common/ubsan/overflow-mul-4.c -O2 output pattern test
FAIL: c-c++-common/ubsan/overflow-mul-4.c -O2 -flto -fno-use-linker-plugin -flto-partition=none output pattern test
FAIL: c-c++-common/ubsan/overflow-mul-4.c -O2 -flto -fuse-linker-plugin -fno-fat-lto-objects output pattern test
FAIL: c-c++-common/ubsan/overflow-mul-4.c -O3 -fomit-frame-pointer -funroll-loops -fpeel-loops -ftracer -finline-functions output pattern test
FAIL: c-c++-common/ubsan/overflow-mul-4.c -O3 -g output pattern test
FAIL: c-c++-common/ubsan/overflow-mul-4.c -Os output pattern test
=== g++ Summary ===
# of expected passes 107191
# of unexpected failures 21
# of unexpected successes 2
# of expected failures 311
# of unresolved testcases 2
# of unsupported tests 3884
/hdd/share/software/gcc/build/gcc/testsuite/g++/../../xg++ version 7.0.0 20160726 (experimental) (GCC)
=== libatomic tests ===
Running target unix
=== libatomic Summary ===
# of expected passes 54
=== libgomp tests ===
Running target unix
=== libgomp Summary ===
# of expected passes 1690
# of unsupported tests 203
=== libitm tests ===
Running target unix
=== libitm Summary ===
# of expected passes 42
# of expected failures 3
# of unsupported tests 1
=== libstdc++ tests ===
Running target unix
FAIL: libstdc++-abi/abi_check
FAIL: 22_locale/time_get/get_date/wchar_t/4.cc execution test
=== libstdc++ Summary ===
# of expected passes 10803
# of unexpected failures 2
# of expected failures 66
# of unsupported tests 548
Compiler version: 7.0.0 20160726 (experimental) (GCC)
Platform: x86_64-pc-linux-gnu
configure flags: --prefix=/share/software/gcc/build/../installed --enable-languages=c,c++ --disable-multilib